403Webshell
Server IP : 172.67.193.39  /  Your IP : 216.73.216.217
Web Server : Apache
System : Linux sr32.hostlife.net 6.12.0-124.52.3.el10_1.x86_64 #1 SMP PREEMPT_DYNAMIC Sat May 2 09:06:54 EDT 2026 x86_64
User : golfb689 ( 1071)
PHP Version : 7.4.33
Disable Function : NONE
MySQL : OFF  |  cURL : ON  |  WGET : ON  |  Perl : ON  |  Python : OFF  |  Sudo : OFF  |  Pkexec : OFF
Directory :  /home/golfb689/access-logs/

Upload File :
current_dir [ Writeable ] document_root [ Writeable ]

 

Command :


[ Back ]     

Current File : /home/golfb689/access-logs/10bukmekers.com.livebookmakers.net-ssl_log
185.43.220.19 - - [09/Sep/2026:14:07:27 +0200] "POST /wp-cron.php?doing_wp_cron=1788955647.3253779411315917968750 HTTP/1.1" 200 - "-" "WordPress/7.1; https://10bukmekers.com"
80.187.115.131 - - [09/Sep/2026:14:07:22 +0200] "POST /xmlrpc.php HTTP/1.1" 200 441 "-" "WordPress.com; https://wordpress.com"
80.187.115.131 - - [09/Sep/2026:14:07:43 +0200] "POST /xmlrpc.php HTTP/1.1" 200 441 "-" "Jetpack by WordPress.com"
51.81.110.57 - - [09/Sep/2026:14:11:38 +0200] "GET /idealities/stateliest/a1c3h0r3o2m7a1t2i9n6ic HTTP/1.1" 200 20728 "-" "Mozilla/5.0 (compatible; AhrefsBot/7.0; +http://ahrefs.com/robot/)"
185.40.20.103 - - [09/Sep/2026:14:14:05 +0200] "GET / HTTP/1.1" 302 - "-" "Mozilla/5.0 (Windows NT 10.0; Win64; x64) AppleWebKit/537.36 (KHTML, like Gecko) Chrome/128.0.0.0 Safari/537.36"
72.255.19.95 - - [09/Sep/2026:14:15:08 +0200] "POST /xmlrpc.php HTTP/1.1" 200 441 "-" "Jetpack/12.1; WordPress/6.1; http://site60592891.com"
185.43.220.19 - - [09/Sep/2026:14:15:23 +0200] "POST /wp-cron.php?doing_wp_cron=1788956122.9248690605163574218750 HTTP/1.1" 200 - "-" "WordPress/7.1; https://10bukmekers.com"
72.255.19.95 - - [09/Sep/2026:14:15:19 +0200] "POST /xmlrpc.php HTTP/1.1" 200 441 "-" "WordPress.com; https://wordpress.com"
72.255.19.95 - - [09/Sep/2026:14:15:29 +0200] "POST /xmlrpc.php HTTP/1.1" 200 441 "-" "Jetpack by WordPress.com"
72.255.19.95 - - [09/Sep/2026:14:15:40 +0200] "POST /xmlrpc.php HTTP/1.1" 200 441 "-" "Jetpack/12.5; WordPress/6.1; http://site12534764.com"
72.255.19.95 - - [09/Sep/2026:14:15:51 +0200] "POST /xmlrpc.php HTTP/1.1" 200 441 "-" "WordPress.com; https://wordpress.com"
72.255.19.95 - - [09/Sep/2026:14:16:01 +0200] "POST /xmlrpc.php HTTP/1.1" 200 441 "-" "Jetpack/12.1; WordPress/6.2; http://site45061388.com"
72.255.19.95 - - [09/Sep/2026:14:16:12 +0200] "POST /xmlrpc.php HTTP/1.1" 200 441 "-" "Jetpack by WordPress.com (Jetpack 12.0; WordPress 6.1)"
185.43.220.19 - - [09/Sep/2026:14:16:26 +0200] "POST /wp-cron.php?doing_wp_cron=1788956185.5586559772491455078125 HTTP/1.1" 200 - "-" "WordPress/7.1; https://10bukmekers.com"
72.255.19.95 - - [09/Sep/2026:14:16:23 +0200] "POST /xmlrpc.php HTTP/1.1" 200 441 "-" "Jetpack/12.1; WordPress/6.1; http://site61483506.com"
72.255.19.95 - - [09/Sep/2026:14:16:34 +0200] "POST /xmlrpc.php HTTP/1.1" 200 441 "-" "Jetpack/12.1; WordPress/6.4; http://site90143802.com"
72.255.19.95 - - [09/Sep/2026:14:16:44 +0200] "POST /xmlrpc.php HTTP/1.1" 200 441 "-" "WordPress.com; https://wordpress.com"
185.43.220.19 - - [09/Sep/2026:14:16:57 +0200] "POST /wp-cron.php?doing_wp_cron=1788956216.8440370559692382812500 HTTP/1.1" 200 - "-" "WordPress/7.1; https://10bukmekers.com"
72.255.19.95 - - [09/Sep/2026:14:16:55 +0200] "POST /xmlrpc.php HTTP/1.1" 200 441 "-" "Jetpack/12.1; WordPress/6.2; http://site54523874.com"
72.255.19.95 - - [09/Sep/2026:14:17:06 +0200] "POST /xmlrpc.php HTTP/1.1" 200 441 "-" "Jetpack by WordPress.com (Jetpack 12.1; WordPress 6.4)"
185.43.220.19 - - [09/Sep/2026:14:17:20 +0200] "POST /wp-cron.php?doing_wp_cron=1788956240.2283968925476074218750 HTTP/1.1" 200 - "-" "WordPress/7.1; https://10bukmekers.com"
72.255.19.95 - - [09/Sep/2026:14:17:16 +0200] "POST /xmlrpc.php HTTP/1.1" 200 441 "-" "Jetpack by WordPress.com"
72.255.19.95 - - [09/Sep/2026:14:17:27 +0200] "POST /xmlrpc.php HTTP/1.1" 200 441 "-" "WordPress.com; https://wordpress.com"
72.255.19.95 - - [09/Sep/2026:14:17:38 +0200] "POST /xmlrpc.php HTTP/1.1" 200 441 "-" "Jetpack by WordPress.com (Jetpack 12.5; WordPress 6.3)"
72.255.19.95 - - [09/Sep/2026:14:17:48 +0200] "POST /xmlrpc.php HTTP/1.1" 200 441 "-" "WordPress.com; https://wordpress.com"
185.43.220.19 - - [09/Sep/2026:14:18:02 +0200] "POST /wp-cron.php?doing_wp_cron=1788956282.1455760002136230468750 HTTP/1.1" 200 - "-" "WordPress/7.1; https://10bukmekers.com"
72.255.19.95 - - [09/Sep/2026:14:17:59 +0200] "POST /xmlrpc.php HTTP/1.1" 200 441 "-" "Jetpack by WordPress.com (Jetpack 13.0; WordPress 6.2)"
72.255.19.95 - - [09/Sep/2026:14:18:10 +0200] "POST /xmlrpc.php HTTP/1.1" 200 441 "-" "WordPress.com; https://wordpress.com"
185.43.220.19 - - [09/Sep/2026:14:18:25 +0200] "POST /wp-cron.php?doing_wp_cron=1788956304.9356861114501953125000 HTTP/1.1" 200 - "-" "WordPress/7.1; https://10bukmekers.com"
72.255.19.95 - - [09/Sep/2026:14:18:20 +0200] "POST /xmlrpc.php HTTP/1.1" 200 441 "-" "Jetpack by WordPress.com"
72.255.19.95 - - [09/Sep/2026:14:18:31 +0200] "POST /xmlrpc.php HTTP/1.1" 200 441 "-" "WordPress.com; https://wordpress.com"
72.255.19.95 - - [09/Sep/2026:14:18:42 +0200] "POST /xmlrpc.php HTTP/1.1" 200 441 "-" "Jetpack by WordPress.com"
72.255.19.95 - - [09/Sep/2026:14:18:52 +0200] "POST /xmlrpc.php HTTP/1.1" 200 441 "-" "WordPress.com; https://wordpress.com"
72.255.19.95 - - [09/Sep/2026:14:19:03 +0200] "POST /xmlrpc.php HTTP/1.1" 200 441 "-" "Jetpack/12.0; WordPress/6.2; http://site16005853.com"
185.43.220.19 - - [09/Sep/2026:14:19:19 +0200] "POST /wp-cron.php?doing_wp_cron=1788956359.4383161067962646484375 HTTP/1.1" 200 - "-" "WordPress/7.1; https://10bukmekers.com"
72.255.19.95 - - [09/Sep/2026:14:19:14 +0200] "POST /xmlrpc.php HTTP/1.1" 200 441 "-" "Jetpack by WordPress.com"
72.255.19.95 - - [09/Sep/2026:14:19:24 +0200] "POST /xmlrpc.php HTTP/1.1" 200 441 "-" "WordPress.com; https://wordpress.com"
72.255.19.95 - - [09/Sep/2026:14:19:35 +0200] "POST /xmlrpc.php HTTP/1.1" 200 441 "-" "WordPress.com; https://wordpress.com"
72.255.19.95 - - [09/Sep/2026:14:19:46 +0200] "POST /xmlrpc.php HTTP/1.1" 200 441 "-" "Jetpack by WordPress.com"
72.255.19.95 - - [09/Sep/2026:14:19:56 +0200] "POST /xmlrpc.php HTTP/1.1" 200 441 "-" "Jetpack by WordPress.com (Jetpack 12.5; WordPress 6.3)"
72.255.19.95 - - [09/Sep/2026:14:20:07 +0200] "POST /xmlrpc.php HTTP/1.1" 200 441 "-" "Jetpack by WordPress.com (Jetpack 12.1; WordPress 6.3)"
185.43.220.19 - - [09/Sep/2026:14:20:33 +0200] "POST /wp-cron.php?doing_wp_cron=1788956432.9329180717468261718750 HTTP/1.1" 200 - "-" "WordPress/7.1; https://10bukmekers.com"
72.255.19.95 - - [09/Sep/2026:14:20:29 +0200] "POST /xmlrpc.php HTTP/1.1" 200 441 "-" "WordPress.com; https://wordpress.com"
72.255.19.95 - - [09/Sep/2026:14:20:39 +0200] "POST /xmlrpc.php HTTP/1.1" 200 441 "-" "Jetpack by WordPress.com (Jetpack 12.5; WordPress 6.2)"
72.255.19.95 - - [09/Sep/2026:14:20:50 +0200] "POST /xmlrpc.php HTTP/1.1" 200 441 "-" "WordPress.com; https://wordpress.com"
72.255.19.95 - - [09/Sep/2026:14:21:00 +0200] "POST /xmlrpc.php HTTP/1.1" 200 441 "-" "Jetpack by WordPress.com"
72.255.19.95 - - [09/Sep/2026:14:21:11 +0200] "POST /xmlrpc.php HTTP/1.1" 200 441 "-" "WordPress.com; https://wordpress.com"
72.255.19.95 - - [09/Sep/2026:14:21:21 +0200] "POST /xmlrpc.php HTTP/1.1" 503 - "-" "Jetpack/12.1; WordPress/6.3; http://site31049252.com"
51.81.111.126 - - [09/Sep/2026:14:21:29 +0200] "GET /courtier/a1n2g9a3r5i7a4t5i7o9n HTTP/1.1" 200 20728 "-" "Mozilla/5.0 (compatible; AhrefsBot/7.0; +http://ahrefs.com/robot/)"
72.255.19.95 - - [09/Sep/2026:14:21:32 +0200] "POST /xmlrpc.php HTTP/1.1" 302 - "-" "WordPress.com; https://wordpress.com"
72.255.19.95 - - [09/Sep/2026:14:21:43 +0200] "POST /xmlrpc.php HTTP/1.1" 200 441 "-" "WordPress.com; https://wordpress.com"
72.255.19.95 - - [09/Sep/2026:14:21:53 +0200] "POST /xmlrpc.php HTTP/1.1" 503 - "-" "Jetpack/13.0; WordPress/6.4; http://site52019970.com"
116.179.32.99 - - [09/Sep/2026:14:22:01 +0200] "GET /2017/03/17/fk-saut-melburn-fk-istern-lions-prog/ HTTP/1.1" 503 468 "-" "Mozilla/5.0 (compatible; Baiduspider/2.0; +http://www.baidu.com/search/spider.html)"
72.255.19.95 - - [09/Sep/2026:14:22:04 +0200] "POST /xmlrpc.php HTTP/1.1" 302 - "-" "Jetpack/12.5; WordPress/6.4; http://site12189911.com"
72.255.19.95 - - [09/Sep/2026:14:22:15 +0200] "POST /xmlrpc.php HTTP/1.1" 200 441 "-" "WordPress.com; https://wordpress.com"
185.43.220.19 - - [09/Sep/2026:14:22:30 +0200] "POST /wp-cron.php?doing_wp_cron=1788956550.7269520759582519531250 HTTP/1.1" 200 - "-" "WordPress/7.1; https://10bukmekers.com"
72.255.19.95 - - [09/Sep/2026:14:22:26 +0200] "POST /xmlrpc.php HTTP/1.1" 200 441 "-" "Jetpack/12.0; WordPress/6.3; http://site27041781.com"
51.81.104.40 - - [09/Sep/2026:14:26:28 +0200] "GET /shops/buckbasket/p1e8o6n9a6g5e9130 HTTP/1.1" 200 20728 "-" "Mozilla/5.0 (compatible; AhrefsBot/7.0; +http://ahrefs.com/robot/)"
185.43.220.19 - - [09/Sep/2026:14:29:30 +0200] "POST /wp-cron.php?doing_wp_cron=1788956970.4288520812988281250000 HTTP/1.1" 200 - "-" "WordPress/7.1; https://10bukmekers.com"
51.81.111.5 - - [09/Sep/2026:14:29:27 +0200] "GET /shops/auditive/p1r2o8t9e4r0a3n3d2r8y8 HTTP/1.1" 200 20728 "-" "Mozilla/5.0 (compatible; AhrefsBot/7.0; +http://ahrefs.com/robot/)"
51.81.110.56 - - [09/Sep/2026:14:30:47 +0200] "GET /sitemap.xml HTTP/1.1" 200 1067 "-" "Mozilla/5.0 (compatible; AhrefsBot/7.0; +http://ahrefs.com/robot/)"
51.81.110.81 - - [09/Sep/2026:14:30:56 +0200] "GET /addl-sitemap.xml HTTP/1.1" 200 775 "-" "Mozilla/5.0 (compatible; AhrefsBot/7.0; +http://ahrefs.com/robot/)"
51.81.103.242 - - [09/Sep/2026:14:31:06 +0200] "GET /post-sitemap.xml HTTP/1.1" 200 781 "-" "Mozilla/5.0 (compatible; AhrefsBot/7.0; +http://ahrefs.com/robot/)"
51.81.111.135 - - [09/Sep/2026:14:31:12 +0200] "GET /page-sitemap.xml HTTP/1.1" 200 787 "-" "Mozilla/5.0 (compatible; AhrefsBot/7.0; +http://ahrefs.com/robot/)"
51.81.111.118 - - [09/Sep/2026:14:31:21 +0200] "GET /category-sitemap.xml HTTP/1.1" 503 468 "-" "Mozilla/5.0 (compatible; AhrefsBot/7.0; +http://ahrefs.com/robot/)"
79.127.184.101 - - [09/Sep/2026:14:32:04 +0200] "GET / HTTP/1.1" 302 - "https://www.google.com/" "Mozilla/5.0 (iPhone; CPU iPhone OS 18_7 like Mac OS X) AppleWebKit/605.1.15 (KHTML, like Gecko) Version/26.6.1 Mobile/15E148 Safari/604.1"
185.43.220.19 - - [09/Sep/2026:14:33:35 +0200] "POST /wp-cron.php?doing_wp_cron=1788957215.0389280319213867187500 HTTP/1.1" 200 - "-" "WordPress/7.1; https://10bukmekers.com"
51.81.111.123 - - [09/Sep/2026:14:33:29 +0200] "GET /shops/calandra/i1n4t1e7r6s5e4r6t2e7d2 HTTP/1.1" 200 20728 "-" "Mozilla/5.0 (compatible; AhrefsBot/7.0; +http://ahrefs.com/robot/)"
51.81.104.36 - - [09/Sep/2026:14:34:52 +0200] "GET /plasmid/hideaway/1600642027 HTTP/1.1" 503 468 "-" "Mozilla/5.0 (compatible; AhrefsBot/7.0; +http://ahrefs.com/robot/)"
185.43.220.19 - - [09/Sep/2026:14:35:52 +0200] "POST /wp-cron.php?doing_wp_cron=1788957351.9331779479980468750000 HTTP/1.1" 200 - "-" "WordPress/7.1; https://10bukmekers.com"
51.81.103.245 - - [09/Sep/2026:14:35:42 +0200] "GET /shops/flannelbush/p1o6r3p5h3y0r1a458 HTTP/1.1" 200 20728 "-" "Mozilla/5.0 (compatible; AhrefsBot/7.0; +http://ahrefs.com/robot/)"
185.43.220.19 - - [09/Sep/2026:14:36:37 +0200] "POST /wp-cron.php?doing_wp_cron=1788957397.2437200546264648437500 HTTP/1.1" 200 - "-" "WordPress/7.1; https://10bukmekers.com"
51.81.110.23 - - [09/Sep/2026:14:36:35 +0200] "GET /vinose/s1c2r9e3e9n8i0n5g459 HTTP/1.1" 200 20728 "-" "Mozilla/5.0 (compatible; AhrefsBot/7.0; +http://ahrefs.com/robot/)"
185.43.220.19 - - [09/Sep/2026:14:36:56 +0200] "POST /wp-cron.php?doing_wp_cron=1788957416.6674818992614746093750 HTTP/1.1" 200 - "-" "WordPress/7.1; https://10bukmekers.com"
51.81.111.76 - - [09/Sep/2026:14:36:55 +0200] "GET /shops/connutritious/f1e1b4r2i6f1u3g5e910 HTTP/1.1" 200 20728 "-" "Mozilla/5.0 (compatible; AhrefsBot/7.0; +http://ahrefs.com/robot/)"
51.81.110.17 - - [09/Sep/2026:14:37:05 +0200] "GET /shops/sceneman/g1a3n1g0e284266 HTTP/1.1" 200 20728 "-" "Mozilla/5.0 (compatible; AhrefsBot/7.0; +http://ahrefs.com/robot/)"
51.81.104.38 - - [09/Sep/2026:14:37:14 +0200] "GET /shops/lustiness/r1e1b1u4k0i4n3g1l2y25 HTTP/1.1" 200 20728 "-" "Mozilla/5.0 (compatible; AhrefsBot/7.0; +http://ahrefs.com/robot/)"
185.43.220.19 - - [09/Sep/2026:14:37:27 +0200] "POST /wp-cron.php?doing_wp_cron=1788957447.3481519222259521484375 HTTP/1.1" 200 - "-" "WordPress/7.1; https://10bukmekers.com"
51.81.103.243 - - [09/Sep/2026:14:37:25 +0200] "GET /shops/braziliensis/i1n3a7u2s7p0i9c9a7t1e5 HTTP/1.1" 200 20728 "-" "Mozilla/5.0 (compatible; AhrefsBot/7.0; +http://ahrefs.com/robot/)"
51.81.110.26 - - [09/Sep/2026:14:37:34 +0200] "GET /shops/conventionality/t1r2e2m5a1t7o5d1e963 HTTP/1.1" 200 20728 "-" "Mozilla/5.0 (compatible; AhrefsBot/7.0; +http://ahrefs.com/robot/)"
51.81.103.242 - - [09/Sep/2026:14:37:44 +0200] "GET /shops/usucaption/c1o1n7v4e4r2s5a8t3i2o2ned HTTP/1.1" 200 20728 "-" "Mozilla/5.0 (compatible; AhrefsBot/7.0; +http://ahrefs.com/robot/)"
185.43.220.19 - - [09/Sep/2026:14:37:58 +0200] "POST /wp-cron.php?doing_wp_cron=1788957478.1381309032440185546875 HTTP/1.1" 200 - "-" "WordPress/7.1; https://10bukmekers.com"
51.81.103.253 - - [09/Sep/2026:14:37:54 +0200] "GET /shops/tinnitus/i1n3t9e9r9t7e5x7t0a64 HTTP/1.1" 200 20728 "-" "Mozilla/5.0 (compatible; AhrefsBot/7.0; +http://ahrefs.com/robot/)"
51.81.105.28 - - [09/Sep/2026:14:38:03 +0200] "GET /shops/respiring/b1r2i8o6n4y126168 HTTP/1.1" 200 20728 "-" "Mozilla/5.0 (compatible; AhrefsBot/7.0; +http://ahrefs.com/robot/)"
51.81.110.19 - - [09/Sep/2026:14:38:11 +0200] "GET /shops/inquisitorious/l1a3m8a5r4c7k7i1s9m54 HTTP/1.1" 200 20728 "-" "Mozilla/5.0 (compatible; AhrefsBot/7.0; +http://ahrefs.com/robot/)"
185.43.220.19 - - [09/Sep/2026:14:38:17 +0200] "POST /wp-cron.php?doing_wp_cron=1788957497.8248019218444824218750 HTTP/1.1" 200 - "-" "WordPress/7.1; https://10bukmekers.com"
51.81.110.21 - - [09/Sep/2026:14:38:16 +0200] "GET /shops/sarcophile/p1a3p2e6r7h6a5n4g5i6n0g HTTP/1.1" 200 20728 "-" "Mozilla/5.0 (compatible; AhrefsBot/7.0; +http://ahrefs.com/robot/)"
51.81.111.126 - - [09/Sep/2026:14:38:21 +0200] "GET /shops/metif/s1i5g8m4o7d0o2n9t96 HTTP/1.1" 200 20728 "-" "Mozilla/5.0 (compatible; AhrefsBot/7.0; +http://ahrefs.com/robot/)"
51.81.105.28 - - [09/Sep/2026:14:38:26 +0200] "GET /shops/extenuated/u1l2t5r7a9m3o0n2t7a6nist HTTP/1.1" 200 20728 "-" "Mozilla/5.0 (compatible; AhrefsBot/7.0; +http://ahrefs.com/robot/)"
51.81.111.139 - - [09/Sep/2026:14:38:31 +0200] "GET /galbanum/c1u1m7b7r6o1u0s2l7y89 HTTP/1.1" 200 20728 "-" "Mozilla/5.0 (compatible; AhrefsBot/7.0; +http://ahrefs.com/robot/)"
51.81.110.81 - - [09/Sep/2026:14:38:36 +0200] "GET /meloplasty/p1i2f9f8e4r2o12284 HTTP/1.1" 200 20728 "-" "Mozilla/5.0 (compatible; AhrefsBot/7.0; +http://ahrefs.com/robot/)"
51.81.111.131 - - [09/Sep/2026:14:38:41 +0200] "GET /crosscut/monophysitical/13708772248 HTTP/1.1" 200 20728 "-" "Mozilla/5.0 (compatible; AhrefsBot/7.0; +http://ahrefs.com/robot/)"
51.81.104.33 - - [09/Sep/2026:14:38:46 +0200] "GET /rogatory/s1u1b2d0u7r3a3l6149 HTTP/1.1" 200 20728 "-" "Mozilla/5.0 (compatible; AhrefsBot/7.0; +http://ahrefs.com/robot/)"
185.43.220.19 - - [09/Sep/2026:14:38:58 +0200] "POST /wp-cron.php?doing_wp_cron=1788957537.9366040229797363281250 HTTP/1.1" 200 - "-" "WordPress/7.1; https://10bukmekers.com"
51.81.111.140 - - [09/Sep/2026:14:38:52 +0200] "GET /shops/eriococcidae/p1a2r3a9d1e7d63388 HTTP/1.1" 200 20728 "-" "Mozilla/5.0 (compatible; AhrefsBot/7.0; +http://ahrefs.com/robot/)"
51.81.111.124 - - [09/Sep/2026:14:38:58 +0200] "GET /shops/seagate/c1o3l4l5e6c4t6a7n2e8a8 HTTP/1.1" 200 20728 "-" "Mozilla/5.0 (compatible; AhrefsBot/7.0; +http://ahrefs.com/robot/)"
116.179.32.238 - - [09/Sep/2026:14:38:58 +0200] "GET /xmlrpc.php HTTP/1.1" 405 42 "-" "Mozilla/5.0 (compatible; Baiduspider/2.0; +http://www.baidu.com/search/spider.html)"
51.81.110.92 - - [09/Sep/2026:14:39:04 +0200] "GET /shops/congresses/d1e2f9e2n8d4i4n3g387 HTTP/1.1" 200 20728 "-" "Mozilla/5.0 (compatible; AhrefsBot/7.0; +http://ahrefs.com/robot/)"
111.225.214.135 - - [09/Sep/2026:14:39:08 +0200] "GET /xmlrpc.php HTTP/1.1" 405 42 "-" "Mozilla/5.0 (Windows NT 10.0; WOW64) AppleWebKit/537.36 (KHTML, like Gecko) Chrome/48.0.2564.116 Safari/537.36"
51.81.111.123 - - [09/Sep/2026:14:39:10 +0200] "GET /masting/o1v3e1r2p8e1o4p8l8e34 HTTP/1.1" 200 20728 "-" "Mozilla/5.0 (compatible; AhrefsBot/7.0; +http://ahrefs.com/robot/)"
51.81.104.38 - - [09/Sep/2026:14:39:15 +0200] "GET /shops/virginianum/d1e9s1p7o0i8n4a843 HTTP/1.1" 200 20728 "-" "Mozilla/5.0 (compatible; AhrefsBot/7.0; +http://ahrefs.com/robot/)"
111.225.214.217 - - [09/Sep/2026:14:39:15 +0200] "GET /xmlrpc.php HTTP/1.1" 405 42 "-" "Mozilla/5.0 (Windows NT 10.0; WOW64) AppleWebKit/537.36 (KHTML, like Gecko) Chrome/48.0.2564.116 Safari/537.36"
51.81.110.49 - - [09/Sep/2026:14:39:19 +0200] "GET /spice/c1r1e2o3s6o6t1e2d849 HTTP/1.1" 503 468 "-" "Mozilla/5.0 (compatible; AhrefsBot/7.0; +http://ahrefs.com/robot/)"
51.81.111.10 - - [09/Sep/2026:14:39:24 +0200] "GET /shops/neurocity/r1e3m5a1k6e179606 HTTP/1.1" 503 468 "-" "Mozilla/5.0 (compatible; AhrefsBot/7.0; +http://ahrefs.com/robot/)"
51.81.111.64 - - [09/Sep/2026:14:39:29 +0200] "GET /shops/narrowly/s1h1r0i6l6l1e9s5t193 HTTP/1.1" 503 468 "-" "Mozilla/5.0 (compatible; AhrefsBot/7.0; +http://ahrefs.com/robot/)"
51.81.111.14 - - [09/Sep/2026:14:39:33 +0200] "GET /shops/bluntness/p1r3e4o6r4d5a9i6n304 HTTP/1.1" 503 468 "-" "Mozilla/5.0 (compatible; AhrefsBot/7.0; +http://ahrefs.com/robot/)"
116.179.33.212 - - [09/Sep/2026:14:39:23 +0200] "GET /xmlrpc.php HTTP/1.1" 503 - "-" "Mozilla/5.0 (Windows NT 10.0; Win64; x64) AppleWebKit/537.36 (KHTML, like Gecko) Chrome/99.0.4844.51 Safari/537.36"
116.179.33.85 - - [09/Sep/2026:14:39:31 +0200] "GET /xmlrpc.php HTTP/1.1" 503 - "-" "Mozilla/5.0 (Windows NT 10.0; Win64; x64) AppleWebKit/537.36 (KHTML, like Gecko) Chrome/99.0.4844.51 Safari/537.36"
51.81.103.242 - - [09/Sep/2026:14:39:44 +0200] "GET /shops/aurelia/l1i1g6h3t1m3a3n9069 HTTP/1.1" 503 468 "-" "Mozilla/5.0 (compatible; AhrefsBot/7.0; +http://ahrefs.com/robot/)"
116.179.33.209 - - [09/Sep/2026:14:39:39 +0200] "GET /xmlrpc.php HTTP/1.1" 503 - "-" "Mozilla/5.0 (Windows NT 10.0; Win64; x64) AppleWebKit/537.36 (KHTML, like Gecko) Chrome/99.0.4844.51 Safari/537.36"
185.43.220.19 - - [09/Sep/2026:14:40:27 +0200] "POST /wp-cron.php?doing_wp_cron=1788957627.6577930450439453125000 HTTP/1.1" 200 - "-" "WordPress/7.1; https://10bukmekers.com"
51.81.111.135 - - [09/Sep/2026:14:40:23 +0200] "GET /ungulata/embryogeny/13391341211 HTTP/1.1" 200 20728 "-" "Mozilla/5.0 (compatible; AhrefsBot/7.0; +http://ahrefs.com/robot/)"
5.46.239.118 - - [09/Sep/2026:14:41:45 +0200] "GET / HTTP/1.1" 302 - "https://www.google.com/" "Mozilla/5.0 (Linux; Android 10; K) AppleWebKit/537.36 (KHTML, like Gecko) Chrome/152.0.0.0 Mobile Safari/537.36"
3.84.215.177 - - [09/Sep/2026:14:43:05 +0200] "GET /robots.txt HTTP/1.1" 200 81 "-" "Mozilla/5.0 AppleWebKit (KHTML, like Gecko) Chrome Safari"
51.81.111.11 - - [09/Sep/2026:14:43:04 +0200] "GET /shops/papyraceous/c1h3o7k2e6b2e9r0r8y25 HTTP/1.1" 200 20728 "-" "Mozilla/5.0 (compatible; AhrefsBot/7.0; +http://ahrefs.com/robot/)"
185.43.220.19 - - [09/Sep/2026:14:44:02 +0200] "POST /wp-cron.php?doing_wp_cron=1788957842.6315329074859619140625 HTTP/1.1" 200 - "-" "WordPress/7.1; https://10bukmekers.com"
104.28.222.47 - - [09/Sep/2026:14:43:56 +0200] "GET /_rNd9xZ7kL3 HTTP/1.1" 302 - "-" "Mozilla/5.0 AppleWebKit/537.36 (KHTML, like Gecko; compatible; ChatGPT-User/1.0; +https://openai.com/bot)"
104.28.222.47 - - [09/Sep/2026:14:43:58 +0200] "GET /_rNd9xZ7kL3 HTTP/1.1" 302 - "-" "Mozilla/5.0 (Windows NT 10.0; Win64; x64) AppleWebKit/537.36 (KHTML, like Gecko) Chrome/135.0.0.0 Safari/537.36"
104.28.222.47 - - [09/Sep/2026:14:44:02 +0200] "GET /_rNd9xZ7kL3 HTTP/1.1" 503 468 "https://www.google.com/search?q=www.10bukmekers.com" "Mozilla/5.0 (Windows NT 10.0; Win64; x64; rv:137.0) Gecko/20100101 Firefox/137.0"
104.28.254.47 - - [09/Sep/2026:14:44:04 +0200] "GET /_rNd9xZ7kL3 HTTP/1.1" 200 20728 "https://www.google.com/search?q=www.10bukmekers.com.livebookmakers.net" "Mozilla/5.0 (compatible; Googlebot/2.1; +http://www.google.com/bot.html)"
104.28.222.47 - - [09/Sep/2026:14:44:14 +0200] "GET / HTTP/1.1" 302 - "https://www.google.com/search?q=www.10bukmekers.com" "Mozilla/5.0 (Windows NT 10.0; Win64; x64) AppleWebKit/537.36 (KHTML, like Gecko) Chrome/135.0.0.0 Safari/537.36"
104.28.222.47 - - [09/Sep/2026:14:44:15 +0200] "GET /robots.txt HTTP/1.1" 200 81 "-" "Mozilla/5.0 AppleWebKit/537.36 (KHTML, like Gecko; compatible; ChatGPT-User/1.0; +https://openai.com/bot)"
104.28.222.47 - - [09/Sep/2026:14:44:16 +0200] "GET / HTTP/1.1" 302 - "-" "Mozilla/5.0 (Windows NT 10.0; Win64; x64) AppleWebKit/537.36 (KHTML, like Gecko) Chrome/135.0.0.0 Safari/537.36"
104.28.222.47 - - [09/Sep/2026:14:44:08 +0200] "GET /_rNd9xZ7kL3 HTTP/1.1" 302 - "-" "Mozilla/5.0 (Windows NT 10.0; Win64; x64; rv:137.0) Gecko/20100101 Firefox/137.0"
104.28.222.47 - - [09/Sep/2026:14:44:17 +0200] "GET /robots.txt HTTP/1.1" 200 81 "https://www.google.com/search?q=www.10bukmekers.com.livebookmakers.net" "Mozilla/5.0 (Windows NT 10.0; Win64; x64; rv:137.0) Gecko/20100101 Firefox/137.0"
104.28.222.47 - - [09/Sep/2026:14:44:10 +0200] "GET /_rNd9xZ7kL3 HTTP/1.1" 302 - "-" "Mozilla/5.0 (Linux; Android 14; Pixel 8) AppleWebKit/537.36 (KHTML, like Gecko) Chrome/135.0.6422.113 Mobile Safari/537.36"
185.43.220.19 - - [09/Sep/2026:14:44:22 +0200] "POST /wp-cron.php?doing_wp_cron=1788957862.5317709445953369140625 HTTP/1.1" 200 - "-" "WordPress/7.1; https://10bukmekers.com"
104.28.222.47 - - [09/Sep/2026:14:44:16 +0200] "GET /sitemap.xml HTTP/1.1" 200 1067 "https://www.google.com/search?q=www.10bukmekers.com" "Mozilla/5.0 (Macintosh; Intel Mac OS X 10_15_7) AppleWebKit/537.36 (KHTML, like Gecko) Chrome/135.0.0.0 Safari/537.36"
104.28.222.47 - - [09/Sep/2026:14:44:17 +0200] "GET /sitemap.xml HTTP/1.1" 200 1067 "https://www.google.com/search?q=www.10bukmekers.com.livebookmakers.net" "Mozilla/5.0 AppleWebKit/537.36 (KHTML, like Gecko; compatible; ChatGPT-User/1.0; +https://openai.com/bot)"
104.28.254.47 - - [09/Sep/2026:14:44:22 +0200] "GET /sitemap.xml HTTP/1.1" 200 1067 "-" "Mozilla/5.0 (Macintosh; Intel Mac OS X 10_15_7) AppleWebKit/537.36 (KHTML, like Gecko) Chrome/135.0.0.0 Safari/537.36"
104.28.222.46 - - [09/Sep/2026:14:44:23 +0200] "GET /sitemap.xml HTTP/1.1" 503 468 "https://www.google.com/search?q=www.10bukmekers.com.livebookmakers.net" "Mozilla/5.0 (Macintosh; Intel Mac OS X 10_15_7) AppleWebKit/537.36 (KHTML, like Gecko) Chrome/135.0.0.0 Safari/537.36"
104.28.222.47 - - [09/Sep/2026:14:44:28 +0200] "GET /sitemap.xml HTTP/1.1" 503 468 "-" "Mozilla/5.0 (Macintosh; Intel Mac OS X 14_5) AppleWebKit/605.1.15 (KHTML, like Gecko) Version/18.4 Safari/605.1.15"
104.28.222.47 - - [09/Sep/2026:14:44:30 +0200] "GET /sitemap.xml HTTP/1.1" 503 468 "https://www.google.com/search?q=www.10bukmekers.com.livebookmakers.net" "Mozilla/5.0 (Windows NT 10.0; Win64; x64; rv:137.0) Gecko/20100101 Firefox/137.0"
104.28.222.47 - - [09/Sep/2026:14:44:35 +0200] "GET /sitemap_index.xml HTTP/1.1" 503 468 "-" "Mozilla/5.0 (Windows NT 10.0; Win64; x64; rv:137.0) Gecko/20100101 Firefox/137.0"
104.28.222.47 - - [09/Sep/2026:14:44:36 +0200] "GET /sitemap_index.xml HTTP/1.1" 302 - "-" "Mozilla/5.0 (Linux; Android 14; Pixel 8) AppleWebKit/537.36 (KHTML, like Gecko) Chrome/135.0.6422.113 Mobile Safari/537.36"
104.28.222.47 - - [09/Sep/2026:14:44:42 +0200] "GET /sitemap_index.xml HTTP/1.1" 302 - "https://www.google.com/search?q=www.10bukmekers.com.livebookmakers.net" "Mozilla/5.0 (Linux; Android 14; Pixel 8) AppleWebKit/537.36 (KHTML, like Gecko) Chrome/135.0.6422.113 Mobile Safari/537.36"
104.28.222.47 - - [09/Sep/2026:14:44:44 +0200] "GET /sitemap_index.xml HTTP/1.1" 302 - "-" "Mozilla/5.0 (Macintosh; Intel Mac OS X 14_5) AppleWebKit/605.1.15 (KHTML, like Gecko) Version/18.4 Safari/605.1.15"
104.28.222.47 - - [09/Sep/2026:14:44:48 +0200] "GET /sitemap_index.xml HTTP/1.1" 302 - "-" "Mozilla/5.0 AppleWebKit/537.36 (KHTML, like Gecko; compatible; ChatGPT-User/1.0; +https://openai.com/bot)"
104.28.222.47 - - [09/Sep/2026:14:44:50 +0200] "GET /sitemap-index.xml HTTP/1.1" 302 - "-" "Mozilla/5.0 (Macintosh; Intel Mac OS X 14_5) AppleWebKit/605.1.15 (KHTML, like Gecko) Version/18.4 Safari/605.1.15"
104.28.222.47 - - [09/Sep/2026:14:44:54 +0200] "GET /sitemap-index.xml HTTP/1.1" 302 - "https://www.google.com/search?q=www.10bukmekers.com.livebookmakers.net" "Mozilla/5.0 AppleWebKit/537.36 (KHTML, like Gecko; compatible; ChatGPT-User/1.0; +https://openai.com/bot)"
104.28.222.47 - - [09/Sep/2026:14:44:56 +0200] "GET /sitemap-index.xml HTTP/1.1" 302 - "-" "Mozilla/5.0 (Macintosh; Intel Mac OS X 10_15_7) AppleWebKit/537.36 (KHTML, like Gecko) Chrome/135.0.0.0 Safari/537.36"
104.28.222.46 - - [09/Sep/2026:14:45:00 +0200] "GET /sitemap.xml HTTP/1.1" 200 1067 "https://www.10bukmekers.com/sitemap-index.xml" "Mozilla/5.0 (Macintosh; Intel Mac OS X 10_15_7) AppleWebKit/537.36 (KHTML, like Gecko) Chrome/135.0.0.0 Safari/537.36"
104.28.222.46 - - [09/Sep/2026:14:45:00 +0200] "GET /sitemap-index.xml HTTP/1.1" 302 - "https://www.google.com/search?q=www.10bukmekers.com.livebookmakers.net" "Mozilla/5.0 (Macintosh; Intel Mac OS X 14_5) AppleWebKit/605.1.15 (KHTML, like Gecko) Version/18.4 Safari/605.1.15"
104.28.222.47 - - [09/Sep/2026:14:45:02 +0200] "GET /sitemap-index.xml HTTP/1.1" 302 - "https://www.google.com/search?q=www.10bukmekers.com" "Mozilla/5.0 (compatible; Googlebot/2.1; +http://www.google.com/bot.html)"
104.28.222.47 - - [09/Sep/2026:14:45:06 +0200] "GET /sitemap-index.xml HTTP/1.1" 503 468 "https://www.google.com/search?q=www.10bukmekers.com.livebookmakers.net" "Mozilla/5.0 (Macintosh; Intel Mac OS X 10_15_7) AppleWebKit/537.36 (KHTML, like Gecko) Chrome/135.0.0.0 Safari/537.36"
104.28.222.47 - - [09/Sep/2026:14:45:06 +0200] "GET /sitemap.xml HTTP/1.1" 200 1067 "https://www.10bukmekers.com/sitemap-index.xml" "Mozilla/5.0 (compatible; Googlebot/2.1; +http://www.google.com/bot.html)"
104.28.222.47 - - [09/Sep/2026:14:45:05 +0200] "GET /sitemap.xml HTTP/1.1" 200 1067 "https://www.10bukmekers.com.livebookmakers.net/sitemap-index.xml" "Mozilla/5.0 (Macintosh; Intel Mac OS X 14_5) AppleWebKit/605.1.15 (KHTML, like Gecko) Version/18.4 Safari/605.1.15"
104.28.222.47 - - [09/Sep/2026:14:45:13 +0200] "HEAD /.env.local HTTP/1.1" 508 - "https://www.google.com/search?q=www.10bukmekers.com.livebookmakers.net" "Mozilla/5.0 (Linux; Android 14; Pixel 8) AppleWebKit/537.36 (KHTML, like Gecko) Chrome/135.0.6422.113 Mobile Safari/537.36"
104.28.222.47 - - [09/Sep/2026:14:45:13 +0200] "HEAD /.env.production HTTP/1.1" 508 - "-" "Mozilla/5.0 (Macintosh; Intel Mac OS X 10_15_7) AppleWebKit/537.36 (KHTML, like Gecko) Chrome/135.0.0.0 Safari/537.36"
104.28.222.47 - - [09/Sep/2026:14:45:13 +0200] "HEAD /.env.backup HTTP/1.1" 508 - "-" "Mozilla/5.0 (Windows NT 10.0; Win64; x64; rv:137.0) Gecko/20100101 Firefox/137.0"
104.28.222.47 - - [09/Sep/2026:14:45:13 +0200] "HEAD /.git/config HTTP/1.1" 508 - "https://www.google.com/search?q=www.10bukmekers.com.livebookmakers.net" "Mozilla/5.0 (Macintosh; Intel Mac OS X 14_5) AppleWebKit/605.1.15 (KHTML, like Gecko) Version/18.4 Safari/605.1.15"
104.28.222.47 - - [09/Sep/2026:14:45:13 +0200] "HEAD /.git/HEAD HTTP/1.1" 508 - "https://www.google.com/search?q=www.10bukmekers.com.livebookmakers.net" "Mozilla/5.0 (Macintosh; Intel Mac OS X 14_5) AppleWebKit/605.1.15 (KHTML, like Gecko) Version/18.4 Safari/605.1.15"
104.28.222.47 - - [09/Sep/2026:14:45:14 +0200] "HEAD /.dev.vars HTTP/1.1" 508 - "https://www.google.com/search?q=www.10bukmekers.com.livebookmakers.net" "Mozilla/5.0 (Macintosh; Intel Mac OS X 14_5) AppleWebKit/605.1.15 (KHTML, like Gecko) Version/18.4 Safari/605.1.15"
104.28.222.47 - - [09/Sep/2026:14:45:14 +0200] "HEAD /.aws/credentials HTTP/1.1" 508 - "-" "Mozilla/5.0 (Macintosh; Intel Mac OS X 14_5) AppleWebKit/605.1.15 (KHTML, like Gecko) Version/18.4 Safari/605.1.15"
104.28.222.47 - - [09/Sep/2026:14:45:14 +0200] "HEAD /wp-config.php.bak HTTP/1.1" 508 - "-" "Mozilla/5.0 AppleWebKit/537.36 (KHTML, like Gecko; compatible; ChatGPT-User/1.0; +https://openai.com/bot)"
104.28.222.47 - - [09/Sep/2026:14:45:09 +0200] "HEAD /.env.production HTTP/1.1" 503 - "https://www.google.com/search?q=www.10bukmekers.com" "Mozilla/5.0 (Macintosh; Intel Mac OS X 14_5) AppleWebKit/605.1.15 (KHTML, like Gecko) Version/18.4 Safari/605.1.15"
104.28.222.46 - - [09/Sep/2026:14:45:15 +0200] "GET /.aws/credentials HTTP/1.1" 508 288 "-" "Mozilla/5.0 (Linux; Android 14; Pixel 8) AppleWebKit/537.36 (KHTML, like Gecko) Chrome/135.0.6422.113 Mobile Safari/537.36"
104.28.222.47 - - [09/Sep/2026:14:45:15 +0200] "GET /.env.production HTTP/1.1" 508 288 "https://www.google.com/search?q=www.10bukmekers.com.livebookmakers.net" "Mozilla/5.0 (Macintosh; Intel Mac OS X 10_15_7) AppleWebKit/537.36 (KHTML, like Gecko) Chrome/135.0.0.0 Safari/537.36"
104.28.222.47 - - [09/Sep/2026:14:45:15 +0200] "GET /.env.backup HTTP/1.1" 508 288 "https://www.google.com/search?q=www.10bukmekers.com.livebookmakers.net" "Mozilla/5.0 (Windows NT 10.0; Win64; x64; rv:137.0) Gecko/20100101 Firefox/137.0"
104.28.222.47 - - [09/Sep/2026:14:45:15 +0200] "GET /.git/config HTTP/1.1" 508 288 "https://www.google.com/search?q=www.10bukmekers.com.livebookmakers.net" "Mozilla/5.0 (compatible; Googlebot/2.1; +http://www.google.com/bot.html)"
104.28.222.46 - - [09/Sep/2026:14:45:15 +0200] "GET /.git/HEAD HTTP/1.1" 508 288 "https://www.google.com/search?q=www.10bukmekers.com.livebookmakers.net" "Mozilla/5.0 (Windows NT 10.0; Win64; x64; rv:137.0) Gecko/20100101 Firefox/137.0"
104.28.222.47 - - [09/Sep/2026:14:45:15 +0200] "GET /.dev.vars HTTP/1.1" 508 288 "-" "Mozilla/5.0 (Macintosh; Intel Mac OS X 14_5) AppleWebKit/605.1.15 (KHTML, like Gecko) Version/18.4 Safari/605.1.15"
104.28.254.46 - - [09/Sep/2026:14:45:15 +0200] "GET /wp-config.php.bak HTTP/1.1" 508 288 "https://www.google.com/search?q=www.10bukmekers.com.livebookmakers.net" "Mozilla/5.0 (Windows NT 10.0; Win64; x64; rv:137.0) Gecko/20100101 Firefox/137.0"
104.28.222.47 - - [09/Sep/2026:14:45:09 +0200] "HEAD /.env.local HTTP/1.1" 503 - "-" "Mozilla/5.0 (compatible; Googlebot/2.1; +http://www.google.com/bot.html)"
104.28.254.47 - - [09/Sep/2026:14:45:16 +0200] "GET /.git/HEAD HTTP/1.1" 508 288 "https://www.google.com/search?q=www.10bukmekers.com" "Mozilla/5.0 (compatible; Googlebot/2.1; +http://www.google.com/bot.html)"
104.28.254.47 - - [09/Sep/2026:14:45:16 +0200] "GET /wp-config.php HTTP/1.1" 508 288 "-" "Mozilla/5.0 (Macintosh; Intel Mac OS X 14_5) AppleWebKit/605.1.15 (KHTML, like Gecko) Version/18.4 Safari/605.1.15"
104.28.222.47 - - [09/Sep/2026:14:45:17 +0200] "GET /.env HTTP/1.1" 508 288 "https://www.google.com/search?q=www.10bukmekers.com" "Mozilla/5.0 (Windows NT 10.0; Win64; x64; rv:137.0) Gecko/20100101 Firefox/137.0"
104.28.222.47 - - [09/Sep/2026:14:45:17 +0200] "GET /.env.backup HTTP/1.1" 508 288 "-" "Mozilla/5.0 (Windows NT 10.0; Win64; x64) AppleWebKit/537.36 (KHTML, like Gecko) Chrome/135.0.0.0 Safari/537.36"
104.28.222.47 - - [09/Sep/2026:14:45:17 +0200] "GET /.git/config HTTP/1.1" 508 288 "https://www.google.com/search?q=www.10bukmekers.com" "Mozilla/5.0 (Windows NT 10.0; Win64; x64; rv:137.0) Gecko/20100101 Firefox/137.0"
104.28.254.47 - - [09/Sep/2026:14:45:17 +0200] "HEAD /.env.sample HTTP/1.1" 508 - "-" "Mozilla/5.0 (Macintosh; Intel Mac OS X 14_5) AppleWebKit/605.1.15 (KHTML, like Gecko) Version/18.4 Safari/605.1.15"
104.28.222.47 - - [09/Sep/2026:14:45:17 +0200] "HEAD /.env.bak HTTP/1.1" 508 - "-" "Mozilla/5.0 AppleWebKit/537.36 (KHTML, like Gecko; compatible; ChatGPT-User/1.0; +https://openai.com/bot)"
104.28.222.47 - - [09/Sep/2026:14:45:17 +0200] "GET /.aws/credentials HTTP/1.1" 508 288 "-" "Mozilla/5.0 (Macintosh; Intel Mac OS X 10_15_7) AppleWebKit/537.36 (KHTML, like Gecko) Chrome/135.0.0.0 Safari/537.36"
104.28.254.47 - - [09/Sep/2026:14:45:17 +0200] "GET /secrets.json HTTP/1.1" 508 288 "https://www.google.com/search?q=www.10bukmekers.com" "Mozilla/5.0 (Macintosh; Intel Mac OS X 10_15_7) AppleWebKit/537.36 (KHTML, like Gecko) Chrome/135.0.0.0 Safari/537.36"
104.28.222.47 - - [09/Sep/2026:14:45:17 +0200] "GET /.dev.vars HTTP/1.1" 508 288 "-" "Mozilla/5.0 (compatible; Googlebot/2.1; +http://www.google.com/bot.html)"
104.28.254.47 - - [09/Sep/2026:14:45:17 +0200] "HEAD /.env.dist HTTP/1.1" 508 - "-" "Mozilla/5.0 (compatible; Googlebot/2.1; +http://www.google.com/bot.html)"
104.28.222.46 - - [09/Sep/2026:14:45:17 +0200] "GET /config.json HTTP/1.1" 508 288 "-" "Mozilla/5.0 (Macintosh; Intel Mac OS X 14_5) AppleWebKit/605.1.15 (KHTML, like Gecko) Version/18.4 Safari/605.1.15"
104.28.222.46 - - [09/Sep/2026:14:45:17 +0200] "GET /wp-config.php.bak HTTP/1.1" 508 288 "https://www.google.com/search?q=www.10bukmekers.com" "Mozilla/5.0 (Macintosh; Intel Mac OS X 14_5) AppleWebKit/605.1.15 (KHTML, like Gecko) Version/18.4 Safari/605.1.15"
104.28.222.46 - - [09/Sep/2026:14:45:17 +0200] "HEAD /.env.old HTTP/1.1" 508 - "https://www.google.com/search?q=www.10bukmekers.com.livebookmakers.net" "Mozilla/5.0 (Macintosh; Intel Mac OS X 10_15_7) AppleWebKit/537.36 (KHTML, like Gecko) Chrome/135.0.0.0 Safari/537.36"
104.28.222.47 - - [09/Sep/2026:14:45:17 +0200] "HEAD /.env.save HTTP/1.1" 508 - "-" "Mozilla/5.0 (Windows NT 10.0; Win64; x64; rv:137.0) Gecko/20100101 Firefox/137.0"
104.28.222.46 - - [09/Sep/2026:14:45:17 +0200] "HEAD /.env.test HTTP/1.1" 508 - "https://www.google.com/search?q=www.10bukmekers.com.livebookmakers.net" "Mozilla/5.0 (Macintosh; Intel Mac OS X 14_5) AppleWebKit/605.1.15 (KHTML, like Gecko) Version/18.4 Safari/605.1.15"
104.28.222.47 - - [09/Sep/2026:14:45:10 +0200] "HEAD /.git/HEAD HTTP/1.1" 503 - "https://www.google.com/search?q=www.10bukmekers.com" "Mozilla/5.0 (Macintosh; Intel Mac OS X 10_15_7) AppleWebKit/537.36 (KHTML, like Gecko) Chrome/135.0.0.0 Safari/537.36"
104.28.222.47 - - [09/Sep/2026:14:45:10 +0200] "HEAD /config.json HTTP/1.1" 503 - "-" "Mozilla/5.0 (Windows NT 10.0; Win64; x64) AppleWebKit/537.36 (KHTML, like Gecko) Chrome/135.0.0.0 Safari/537.36"
104.28.222.47 - - [09/Sep/2026:14:45:10 +0200] "HEAD /wp-config.php.bak HTTP/1.1" 503 - "-" "Mozilla/5.0 (compatible; Googlebot/2.1; +http://www.google.com/bot.html)"
104.28.222.47 - - [09/Sep/2026:14:45:10 +0200] "HEAD /.aws/credentials HTTP/1.1" 503 - "https://www.google.com/search?q=www.10bukmekers.com" "Mozilla/5.0 AppleWebKit/537.36 (KHTML, like Gecko; compatible; ChatGPT-User/1.0; +https://openai.com/bot)"
104.28.254.47 - - [09/Sep/2026:14:45:19 +0200] "HEAD /.env.test HTTP/1.1" 508 - "https://www.google.com/search?q=www.10bukmekers.com" "Mozilla/5.0 (Macintosh; Intel Mac OS X 14_5) AppleWebKit/605.1.15 (KHTML, like Gecko) Version/18.4 Safari/605.1.15"
104.28.254.47 - - [09/Sep/2026:14:45:19 +0200] "HEAD /.env.bak HTTP/1.1" 508 - "https://www.google.com/search?q=www.10bukmekers.com" "Mozilla/5.0 (Windows NT 10.0; Win64; x64) AppleWebKit/537.36 (KHTML, like Gecko) Chrome/135.0.0.0 Safari/537.36"
104.28.254.46 - - [09/Sep/2026:14:45:19 +0200] "HEAD /.docker/config.json HTTP/1.1" 508 - "-" "Mozilla/5.0 AppleWebKit/537.36 (KHTML, like Gecko; compatible; ChatGPT-User/1.0; +https://openai.com/bot)"
104.28.254.47 - - [09/Sep/2026:14:45:19 +0200] "GET /.env.old HTTP/1.1" 508 288 "-" "Mozilla/5.0 (Linux; Android 14; Pixel 8) AppleWebKit/537.36 (KHTML, like Gecko) Chrome/135.0.6422.113 Mobile Safari/537.36"
104.28.222.47 - - [09/Sep/2026:14:45:19 +0200] "HEAD /.env.production.local HTTP/1.1" 508 - "-" "Mozilla/5.0 (Windows NT 10.0; Win64; x64; rv:137.0) Gecko/20100101 Firefox/137.0"
104.28.222.47 - - [09/Sep/2026:14:45:19 +0200] "HEAD /.pypirc HTTP/1.1" 508 - "https://www.google.com/search?q=www.10bukmekers.com" "Mozilla/5.0 AppleWebKit/537.36 (KHTML, like Gecko; compatible; ChatGPT-User/1.0; +https://openai.com/bot)"
104.28.254.47 - - [09/Sep/2026:14:45:19 +0200] "HEAD /.env.sample HTTP/1.1" 508 - "-" "Mozilla/5.0 (Macintosh; Intel Mac OS X 10_15_7) AppleWebKit/537.36 (KHTML, like Gecko) Chrome/135.0.0.0 Safari/537.36"
104.28.222.46 - - [09/Sep/2026:14:45:19 +0200] "GET /.env.bak HTTP/1.1" 508 288 "https://www.google.com/search?q=www.10bukmekers.com.livebookmakers.net" "Mozilla/5.0 (Windows NT 10.0; Win64; x64; rv:137.0) Gecko/20100101 Firefox/137.0"
104.28.254.46 - - [09/Sep/2026:14:45:19 +0200] "GET /.env.sample HTTP/1.1" 508 288 "https://www.google.com/search?q=www.10bukmekers.com.livebookmakers.net" "Mozilla/5.0 (Linux; Android 14; Pixel 8) AppleWebKit/537.36 (KHTML, like Gecko) Chrome/135.0.6422.113 Mobile Safari/537.36"
104.28.222.47 - - [09/Sep/2026:14:45:19 +0200] "GET /.env.save HTTP/1.1" 508 288 "https://www.google.com/search?q=www.10bukmekers.com.livebookmakers.net" "Mozilla/5.0 (Macintosh; Intel Mac OS X 14_5) AppleWebKit/605.1.15 (KHTML, like Gecko) Version/18.4 Safari/605.1.15"
104.28.222.47 - - [09/Sep/2026:14:45:09 +0200] "HEAD /.git/config HTTP/1.1" 503 - "https://www.google.com/search?q=www.10bukmekers.com" "Mozilla/5.0 (Linux; Android 14; Pixel 8) AppleWebKit/537.36 (KHTML, like Gecko) Chrome/135.0.6422.113 Mobile Safari/537.36"
104.28.222.47 - - [09/Sep/2026:14:45:19 +0200] "GET /.env.dist HTTP/1.1" 508 288 "https://www.google.com/search?q=www.10bukmekers.com.livebookmakers.net" "Mozilla/5.0 (Macintosh; Intel Mac OS X 10_15_7) AppleWebKit/537.36 (KHTML, like Gecko) Chrome/135.0.0.0 Safari/537.36"
104.28.222.47 - - [09/Sep/2026:14:45:19 +0200] "GET /.env.test HTTP/1.1" 508 288 "-" "Mozilla/5.0 (Macintosh; Intel Mac OS X 14_5) AppleWebKit/605.1.15 (KHTML, like Gecko) Version/18.4 Safari/605.1.15"
104.28.222.47 - - [09/Sep/2026:14:45:10 +0200] "HEAD /secrets.json HTTP/1.1" 503 - "https://www.google.com/search?q=www.10bukmekers.com" "Mozilla/5.0 (Macintosh; Intel Mac OS X 14_5) AppleWebKit/605.1.15 (KHTML, like Gecko) Version/18.4 Safari/605.1.15"
104.28.254.46 - - [09/Sep/2026:14:45:20 +0200] "GET /.env.production.local HTTP/1.1" 508 288 "https://www.google.com/search?q=www.10bukmekers.com" "Mozilla/5.0 (Windows NT 10.0; Win64; x64) AppleWebKit/537.36 (KHTML, like Gecko) Chrome/135.0.0.0 Safari/537.36"
104.28.222.47 - - [09/Sep/2026:14:45:20 +0200] "HEAD /.docker/config.json HTTP/1.1" 508 - "-" "Mozilla/5.0 (Windows NT 10.0; Win64; x64) AppleWebKit/537.36 (KHTML, like Gecko) Chrome/135.0.0.0 Safari/537.36"
104.28.222.46 - - [09/Sep/2026:14:45:20 +0200] "GET /.docker/config.json HTTP/1.1" 508 288 "https://www.google.com/search?q=www.10bukmekers.com" "Mozilla/5.0 AppleWebKit/537.36 (KHTML, like Gecko; compatible; ChatGPT-User/1.0; +https://openai.com/bot)"
104.28.222.46 - - [09/Sep/2026:14:45:20 +0200] "GET /.pypirc HTTP/1.1" 508 288 "https://www.google.com/search?q=www.10bukmekers.com" "Mozilla/5.0 (Linux; Android 14; Pixel 8) AppleWebKit/537.36 (KHTML, like Gecko) Chrome/135.0.6422.113 Mobile Safari/537.36"
104.28.222.47 - - [09/Sep/2026:14:45:20 +0200] "HEAD /.pypirc HTTP/1.1" 508 - "-" "Mozilla/5.0 AppleWebKit/537.36 (KHTML, like Gecko; compatible; ChatGPT-User/1.0; +https://openai.com/bot)"
104.28.222.46 - - [09/Sep/2026:14:45:20 +0200] "HEAD /.env.production.local HTTP/1.1" 508 - "-" "Mozilla/5.0 (Macintosh; Intel Mac OS X 14_5) AppleWebKit/605.1.15 (KHTML, like Gecko) Version/18.4 Safari/605.1.15"
104.28.222.46 - - [09/Sep/2026:14:45:20 +0200] "GET /.env.sample HTTP/1.1" 508 288 "-" "Mozilla/5.0 (Linux; Android 14; Pixel 8) AppleWebKit/537.36 (KHTML, like Gecko) Chrome/135.0.6422.113 Mobile Safari/537.36"
104.28.222.46 - - [09/Sep/2026:14:45:20 +0200] "GET /wp-config.php HTTP/1.1" 508 288 "-" "Mozilla/5.0 (Macintosh; Intel Mac OS X 10_15_7) AppleWebKit/537.36 (KHTML, like Gecko) Chrome/135.0.0.0 Safari/537.36"
104.28.222.47 - - [09/Sep/2026:14:45:20 +0200] "GET /config.json HTTP/1.1" 508 288 "https://www.google.com/search?q=www.10bukmekers.com.livebookmakers.net" "Mozilla/5.0 AppleWebKit/537.36 (KHTML, like Gecko; compatible; ChatGPT-User/1.0; +https://openai.com/bot)"
104.28.222.47 - - [09/Sep/2026:14:45:20 +0200] "GET /.env HTTP/1.1" 508 288 "https://www.google.com/search?q=www.10bukmekers.com.livebookmakers.net" "Mozilla/5.0 (Windows NT 10.0; Win64; x64) AppleWebKit/537.36 (KHTML, like Gecko) Chrome/135.0.0.0 Safari/537.36"
104.28.222.46 - - [09/Sep/2026:14:45:20 +0200] "HEAD /config.yaml HTTP/1.1" 508 - "-" "Mozilla/5.0 (Windows NT 10.0; Win64; x64) AppleWebKit/537.36 (KHTML, like Gecko) Chrome/135.0.0.0 Safari/537.36"
104.28.254.47 - - [09/Sep/2026:14:45:20 +0200] "GET /.env.bak HTTP/1.1" 508 288 "-" "Mozilla/5.0 (compatible; Googlebot/2.1; +http://www.google.com/bot.html)"
104.28.222.46 - - [09/Sep/2026:14:45:20 +0200] "GET /.env.test HTTP/1.1" 508 288 "https://www.google.com/search?q=www.10bukmekers.com" "Mozilla/5.0 (Macintosh; Intel Mac OS X 14_5) AppleWebKit/605.1.15 (KHTML, like Gecko) Version/18.4 Safari/605.1.15"
104.28.254.46 - - [09/Sep/2026:14:45:20 +0200] "HEAD /.env.development.local HTTP/1.1" 508 - "https://www.google.com/search?q=www.10bukmekers.com.livebookmakers.net" "Mozilla/5.0 (Macintosh; Intel Mac OS X 10_15_7) AppleWebKit/537.36 (KHTML, like Gecko) Chrome/135.0.0.0 Safari/537.36"
104.28.222.47 - - [09/Sep/2026:14:45:20 +0200] "HEAD /.netrc HTTP/1.1" 508 - "-" "Mozilla/5.0 (compatible; Googlebot/2.1; +http://www.google.com/bot.html)"
104.28.222.47 - - [09/Sep/2026:14:45:10 +0200] "HEAD /.env.backup HTTP/1.1" 503 - "https://www.google.com/search?q=www.10bukmekers.com" "Mozilla/5.0 (Windows NT 10.0; Win64; x64; rv:137.0) Gecko/20100101 Firefox/137.0"
104.28.222.47 - - [09/Sep/2026:14:45:21 +0200] "HEAD /.vscode/settings.json HTTP/1.1" 508 - "-" "Mozilla/5.0 (Windows NT 10.0; Win64; x64; rv:137.0) Gecko/20100101 Firefox/137.0"
104.28.222.47 - - [09/Sep/2026:14:45:21 +0200] "HEAD /.cursor/mcp.json HTTP/1.1" 508 - "https://www.google.com/search?q=www.10bukmekers.com.livebookmakers.net" "Mozilla/5.0 (Macintosh; Intel Mac OS X 14_5) AppleWebKit/605.1.15 (KHTML, like Gecko) Version/18.4 Safari/605.1.15"
104.28.222.47 - - [09/Sep/2026:14:45:21 +0200] "HEAD /config.yaml HTTP/1.1" 508 - "-" "Mozilla/5.0 (compatible; Googlebot/2.1; +http://www.google.com/bot.html)"
104.28.222.47 - - [09/Sep/2026:14:45:21 +0200] "GET /.docker/config.json HTTP/1.1" 508 288 "https://www.google.com/search?q=www.10bukmekers.com.livebookmakers.net" "Mozilla/5.0 (compatible; Googlebot/2.1; +http://www.google.com/bot.html)"
104.28.222.47 - - [09/Sep/2026:14:45:21 +0200] "HEAD /.env.development.local HTTP/1.1" 508 - "-" "Mozilla/5.0 (compatible; Googlebot/2.1; +http://www.google.com/bot.html)"
104.28.222.47 - - [09/Sep/2026:14:45:21 +0200] "HEAD /.netrc HTTP/1.1" 508 - "-" "Mozilla/5.0 (Windows NT 10.0; Win64; x64) AppleWebKit/537.36 (KHTML, like Gecko) Chrome/135.0.0.0 Safari/537.36"
104.28.222.47 - - [09/Sep/2026:14:45:21 +0200] "GET /.pypirc HTTP/1.1" 508 288 "-" "Mozilla/5.0 (Macintosh; Intel Mac OS X 14_5) AppleWebKit/605.1.15 (KHTML, like Gecko) Version/18.4 Safari/605.1.15"
104.28.222.47 - - [09/Sep/2026:14:45:21 +0200] "GET /.env.production.local HTTP/1.1" 508 288 "-" "Mozilla/5.0 (Macintosh; Intel Mac OS X 10_15_7) AppleWebKit/537.36 (KHTML, like Gecko) Chrome/135.0.0.0 Safari/537.36"
104.28.222.47 - - [09/Sep/2026:14:45:21 +0200] "HEAD /.vscode/settings.json HTTP/1.1" 508 - "https://www.google.com/search?q=www.10bukmekers.com.livebookmakers.net" "Mozilla/5.0 (Windows NT 10.0; Win64; x64; rv:137.0) Gecko/20100101 Firefox/137.0"
104.28.222.47 - - [09/Sep/2026:14:45:21 +0200] "GET /.env.local HTTP/1.1" 508 288 "https://www.google.com/search?q=www.10bukmekers.com.livebookmakers.net" "Mozilla/5.0 (Macintosh; Intel Mac OS X 14_5) AppleWebKit/605.1.15 (KHTML, like Gecko) Version/18.4 Safari/605.1.15"
104.28.222.47 - - [09/Sep/2026:14:45:21 +0200] "HEAD /.cursor/mcp.json HTTP/1.1" 508 - "https://www.google.com/search?q=www.10bukmekers.com" "Mozilla/5.0 (Windows NT 10.0; Win64; x64; rv:137.0) Gecko/20100101 Firefox/137.0"
104.28.222.47 - - [09/Sep/2026:14:45:21 +0200] "HEAD /.continue/config.json HTTP/1.1" 508 - "https://www.google.com/search?q=www.10bukmekers.com.livebookmakers.net" "Mozilla/5.0 (Macintosh; Intel Mac OS X 14_5) AppleWebKit/605.1.15 (KHTML, like Gecko) Version/18.4 Safari/605.1.15"
104.28.222.47 - - [09/Sep/2026:14:45:21 +0200] "HEAD /.continue/config.json HTTP/1.1" 508 - "-" "Mozilla/5.0 (Macintosh; Intel Mac OS X 14_5) AppleWebKit/605.1.15 (KHTML, like Gecko) Version/18.4 Safari/605.1.15"
104.28.222.47 - - [09/Sep/2026:14:45:21 +0200] "GET /config.yaml HTTP/1.1" 508 288 "https://www.google.com/search?q=www.10bukmekers.com.livebookmakers.net" "Mozilla/5.0 (Macintosh; Intel Mac OS X 10_15_7) AppleWebKit/537.36 (KHTML, like Gecko) Chrome/135.0.0.0 Safari/537.36"
104.28.222.47 - - [09/Sep/2026:14:45:22 +0200] "GET /.netrc HTTP/1.1" 508 288 "-" "Mozilla/5.0 (Linux; Android 14; Pixel 8) AppleWebKit/537.36 (KHTML, like Gecko) Chrome/135.0.6422.113 Mobile Safari/537.36"
104.28.222.47 - - [09/Sep/2026:14:45:10 +0200] "HEAD /.env HTTP/1.1" 503 - "-" "Mozilla/5.0 (Macintosh; Intel Mac OS X 14_5) AppleWebKit/605.1.15 (KHTML, like Gecko) Version/18.4 Safari/605.1.15"
104.28.222.47 - - [09/Sep/2026:14:45:22 +0200] "GET /.env.production HTTP/1.1" 508 288 "-" "Mozilla/5.0 (Windows NT 10.0; Win64; x64) AppleWebKit/537.36 (KHTML, like Gecko) Chrome/135.0.0.0 Safari/537.36"
104.28.222.47 - - [09/Sep/2026:14:45:09 +0200] "HEAD /wp-config.php HTTP/1.1" 503 - "-" "Mozilla/5.0 (Windows NT 10.0; Win64; x64) AppleWebKit/537.36 (KHTML, like Gecko) Chrome/135.0.0.0 Safari/537.36"
104.28.222.47 - - [09/Sep/2026:14:45:09 +0200] "HEAD /.dev.vars HTTP/1.1" 503 - "https://www.google.com/search?q=www.10bukmekers.com" "Mozilla/5.0 (Macintosh; Intel Mac OS X 14_5) AppleWebKit/605.1.15 (KHTML, like Gecko) Version/18.4 Safari/605.1.15"
104.28.222.47 - - [09/Sep/2026:14:45:13 +0200] "HEAD /secrets.json HTTP/1.1" 503 - "https://www.google.com/search?q=www.10bukmekers.com.livebookmakers.net" "Mozilla/5.0 (Linux; Android 14; Pixel 8) AppleWebKit/537.36 (KHTML, like Gecko) Chrome/135.0.6422.113 Mobile Safari/537.36"
104.28.222.47 - - [09/Sep/2026:14:45:24 +0200] "GET /.cursor/mcp.json HTTP/1.1" 508 288 "-" "Mozilla/5.0 AppleWebKit/537.36 (KHTML, like Gecko; compatible; ChatGPT-User/1.0; +https://openai.com/bot)"
104.28.222.46 - - [09/Sep/2026:14:45:16 +0200] "GET /.env.local HTTP/1.1" 503 468 "-" "Mozilla/5.0 (Macintosh; Intel Mac OS X 14_5) AppleWebKit/605.1.15 (KHTML, like Gecko) Version/18.4 Safari/605.1.15"
104.28.222.47 - - [09/Sep/2026:14:45:24 +0200] "GET /.netrc HTTP/1.1" 508 288 "https://www.google.com/search?q=www.10bukmekers.com" "Mozilla/5.0 (Windows NT 10.0; Win64; x64) AppleWebKit/537.36 (KHTML, like Gecko) Chrome/135.0.0.0 Safari/537.36"
104.28.222.47 - - [09/Sep/2026:14:45:25 +0200] "GET /.cursor/mcp.json HTTP/1.1" 508 288 "https://www.google.com/search?q=www.10bukmekers.com" "Mozilla/5.0 (compatible; Googlebot/2.1; +http://www.google.com/bot.html)"
104.28.222.47 - - [09/Sep/2026:14:45:25 +0200] "GET /.continue/config.json HTTP/1.1" 508 288 "https://www.google.com/search?q=www.10bukmekers.com" "Mozilla/5.0 (Windows NT 10.0; Win64; x64) AppleWebKit/537.36 (KHTML, like Gecko) Chrome/135.0.0.0 Safari/537.36"
104.28.222.47 - - [09/Sep/2026:14:45:25 +0200] "GET /.vscode/settings.json HTTP/1.1" 508 288 "-" "Mozilla/5.0 (compatible; Googlebot/2.1; +http://www.google.com/bot.html)"
104.28.222.47 - - [09/Sep/2026:14:45:25 +0200] "GET /.continue/config.json HTTP/1.1" 508 288 "https://www.google.com/search?q=www.10bukmekers.com.livebookmakers.net" "Mozilla/5.0 AppleWebKit/537.36 (KHTML, like Gecko; compatible; ChatGPT-User/1.0; +https://openai.com/bot)"
104.28.222.47 - - [09/Sep/2026:14:45:13 +0200] "HEAD /wp-config.php HTTP/1.1" 503 - "https://www.google.com/search?q=www.10bukmekers.com.livebookmakers.net" "Mozilla/5.0 (Windows NT 10.0; Win64; x64; rv:137.0) Gecko/20100101 Firefox/137.0"
104.28.222.47 - - [09/Sep/2026:14:45:13 +0200] "HEAD /.env HTTP/1.1" 503 - "-" "Mozilla/5.0 (compatible; Googlebot/2.1; +http://www.google.com/bot.html)"
104.28.222.47 - - [09/Sep/2026:14:45:13 +0200] "HEAD /config.json HTTP/1.1" 503 - "-" "Mozilla/5.0 AppleWebKit/537.36 (KHTML, like Gecko; compatible; ChatGPT-User/1.0; +https://openai.com/bot)"
104.28.222.47 - - [09/Sep/2026:14:45:27 +0200] "HEAD /bootstrap/cache/config.php HTTP/1.1" 508 - "-" "Mozilla/5.0 (Windows NT 10.0; Win64; x64) AppleWebKit/537.36 (KHTML, like Gecko) Chrome/135.0.0.0 Safari/537.36"
104.28.222.47 - - [09/Sep/2026:14:45:17 +0200] "HEAD /config.yml HTTP/1.1" 503 - "https://www.google.com/search?q=www.10bukmekers.com.livebookmakers.net" "Mozilla/5.0 (compatible; Googlebot/2.1; +http://www.google.com/bot.html)"
104.28.222.47 - - [09/Sep/2026:14:45:20 +0200] "GET /secrets.json HTTP/1.1" 503 468 "https://www.google.com/search?q=www.10bukmekers.com.livebookmakers.net" "Mozilla/5.0 AppleWebKit/537.36 (KHTML, like Gecko; compatible; ChatGPT-User/1.0; +https://openai.com/bot)"
104.28.254.46 - - [09/Sep/2026:14:45:15 +0200] "GET /.env.local HTTP/1.1" 503 468 "https://www.google.com/search?q=www.10bukmekers.com.livebookmakers.net" "Mozilla/5.0 (compatible; Googlebot/2.1; +http://www.google.com/bot.html)"
104.28.222.47 - - [09/Sep/2026:14:45:16 +0200] "GET /.env.production HTTP/1.1" 503 468 "https://www.google.com/search?q=www.10bukmekers.com" "Mozilla/5.0 AppleWebKit/537.36 (KHTML, like Gecko; compatible; ChatGPT-User/1.0; +https://openai.com/bot)"
104.28.222.47 - - [09/Sep/2026:14:45:29 +0200] "GET /config.yml HTTP/1.1" 508 288 "https://www.google.com/search?q=www.10bukmekers.com" "Mozilla/5.0 AppleWebKit/537.36 (KHTML, like Gecko; compatible; ChatGPT-User/1.0; +https://openai.com/bot)"
104.28.222.47 - - [09/Sep/2026:14:45:30 +0200] "GET /config.yaml HTTP/1.1" 508 288 "https://www.google.com/search?q=www.10bukmekers.com" "Mozilla/5.0 (Windows NT 10.0; Win64; x64) AppleWebKit/537.36 (KHTML, like Gecko) Chrome/135.0.0.0 Safari/537.36"
