104.28.222.47 - - [09/Sep/2026:14:45:30 +0200] "GET /.vscode/settings.json HTTP/1.1" 508 288 "https://www.google.com/search?q=www.10bukmekers.com" "Mozilla/5.0 (Macintosh; Intel Mac OS X 10_15_7) AppleWebKit/537.36 (KHTML, like Gecko) Chrome/135.0.0.0 Safari/537.36"
104.28.222.47 - - [09/Sep/2026:14:45:21 +0200] "GET /.env.development.local HTTP/1.1" 503 468 "-" "Mozilla/5.0 AppleWebKit/537.36 (KHTML, like Gecko; compatible; ChatGPT-User/1.0; +https://openai.com/bot)"
104.28.222.47 - - [09/Sep/2026:14:45:19 +0200] "HEAD /.env.dist HTTP/1.1" 503 - "-" "Mozilla/5.0 (Windows NT 10.0; Win64; x64) AppleWebKit/537.36 (KHTML, like Gecko) Chrome/135.0.0.0 Safari/537.36"
104.28.222.47 - - [09/Sep/2026:14:45:22 +0200] "GET /.env.local HTTP/1.1" 503 468 "https://www.google.com/search?q=www.10bukmekers.com" "Mozilla/5.0 (Windows NT 10.0; Win64; x64; rv:137.0) Gecko/20100101 Firefox/137.0"
104.28.222.46 - - [09/Sep/2026:14:45:19 +0200] "HEAD /.env.save HTTP/1.1" 503 - "https://www.google.com/search?q=www.10bukmekers.com" "Mozilla/5.0 (Macintosh; Intel Mac OS X 14_5) AppleWebKit/605.1.15 (KHTML, like Gecko) Version/18.4 Safari/605.1.15"
104.28.222.46 - - [09/Sep/2026:14:45:19 +0200] "HEAD /config.yml HTTP/1.1" 503 - "https://www.google.com/search?q=www.10bukmekers.com" "Mozilla/5.0 (compatible; Googlebot/2.1; +http://www.google.com/bot.html)"
104.28.254.46 - - [09/Sep/2026:14:45:19 +0200] "HEAD /.env.old HTTP/1.1" 503 - "https://www.google.com/search?q=www.10bukmekers.com" "Mozilla/5.0 (Windows NT 10.0; Win64; x64; rv:137.0) Gecko/20100101 Firefox/137.0"
104.28.222.47 - - [09/Sep/2026:14:45:24 +0200] "GET /config.yaml HTTP/1.1" 503 468 "-" "Mozilla/5.0 (Macintosh; Intel Mac OS X 10_15_7) AppleWebKit/537.36 (KHTML, like Gecko) Chrome/135.0.0.0 Safari/537.36"
104.28.222.47 - - [09/Sep/2026:14:45:26 +0200] "GET /secrets.json HTTP/1.1" 503 468 "https://www.google.com/search?q=www.10bukmekers.com.livebookmakers.net" "Mozilla/5.0 (Windows NT 10.0; Win64; x64) AppleWebKit/537.36 (KHTML, like Gecko) Chrome/135.0.0.0 Safari/537.36"
104.28.222.47 - - [09/Sep/2026:14:45:35 +0200] "GET /.env.save HTTP/1.1" 508 288 "https://www.google.com/search?q=www.10bukmekers.com" "Mozilla/5.0 (Linux; Android 14; Pixel 8) AppleWebKit/537.36 (KHTML, like Gecko) Chrome/135.0.6422.113 Mobile Safari/537.36"
104.28.222.47 - - [09/Sep/2026:14:45:35 +0200] "GET /.env.old HTTP/1.1" 508 288 "-" "Mozilla/5.0 (Windows NT 10.0; Win64; x64; rv:137.0) Gecko/20100101 Firefox/137.0"
104.28.222.47 - - [09/Sep/2026:14:45:24 +0200] "HEAD /bootstrap/cache/config.php HTTP/1.1" 503 - "https://www.google.com/search?q=www.10bukmekers.com.livebookmakers.net" "Mozilla/5.0 (Windows NT 10.0; Win64; x64; rv:137.0) Gecko/20100101 Firefox/137.0"
104.28.222.47 - - [09/Sep/2026:14:45:24 +0200] "GET /.env.development.local HTTP/1.1" 503 468 "https://www.google.com/search?q=www.10bukmekers.com" "Mozilla/5.0 (Macintosh; Intel Mac OS X 14_5) AppleWebKit/605.1.15 (KHTML, like Gecko) Version/18.4 Safari/605.1.15"
104.28.222.47 - - [09/Sep/2026:14:45:28 +0200] "GET /.env.development.local HTTP/1.1" 503 468 "https://www.google.com/search?q=www.10bukmekers.com.livebookmakers.net" "Mozilla/5.0 (compatible; Googlebot/2.1; +http://www.google.com/bot.html)"
104.28.222.47 - - [09/Sep/2026:14:45:23 +0200] "GET /.vscode/settings.json HTTP/1.1" 503 468 "-" "Mozilla/5.0 (Linux; Android 14; Pixel 8) AppleWebKit/537.36 (KHTML, like Gecko) Chrome/135.0.6422.113 Mobile Safari/537.36"
104.28.222.47 - - [09/Sep/2026:14:45:26 +0200] "GET /config.yml HTTP/1.1" 503 468 "-" "Mozilla/5.0 (Windows NT 10.0; Win64; x64; rv:137.0) Gecko/20100101 Firefox/137.0"
104.28.222.47 - - [09/Sep/2026:14:45:28 +0200] "GET /.env.local HTTP/1.1" 503 468 "-" "Mozilla/5.0 (Macintosh; Intel Mac OS X 14_5) AppleWebKit/605.1.15 (KHTML, like Gecko) Version/18.4 Safari/605.1.15"
104.28.222.47 - - [09/Sep/2026:14:45:29 +0200] "GET /.env.save HTTP/1.1" 503 468 "-" "Mozilla/5.0 (Macintosh; Intel Mac OS X 10_15_7) AppleWebKit/537.36 (KHTML, like Gecko) Chrome/135.0.0.0 Safari/537.36"
104.28.222.47 - - [09/Sep/2026:14:45:32 +0200] "GET /secrets.json HTTP/1.1" 503 468 "https://www.google.com/search?q=www.10bukmekers.com.livebookmakers.net" "Mozilla/5.0 (compatible; Googlebot/2.1; +http://www.google.com/bot.html)"
104.28.222.47 - - [09/Sep/2026:14:45:30 +0200] "GET /.env.development.local HTTP/1.1" 503 468 "https://www.google.com/search?q=www.10bukmekers.com" "Mozilla/5.0 (Windows NT 10.0; Win64; x64) AppleWebKit/537.36 (KHTML, like Gecko) Chrome/135.0.0.0 Safari/537.36"
104.28.222.47 - - [09/Sep/2026:14:45:29 +0200] "GET /.env.old HTTP/1.1" 503 468 "-" "Mozilla/5.0 (Windows NT 10.0; Win64; x64; rv:137.0) Gecko/20100101 Firefox/137.0"
104.28.222.47 - - [09/Sep/2026:14:45:29 +0200] "GET /.env.dist HTTP/1.1" 503 468 "https://www.google.com/search?q=www.10bukmekers.com" "Mozilla/5.0 (Windows NT 10.0; Win64; x64; rv:137.0) Gecko/20100101 Firefox/137.0"
104.28.222.47 - - [09/Sep/2026:14:45:32 +0200] "GET /config.yml HTTP/1.1" 503 468 "-" "Mozilla/5.0 (Macintosh; Intel Mac OS X 10_15_7) AppleWebKit/537.36 (KHTML, like Gecko) Chrome/135.0.0.0 Safari/537.36"
104.28.222.47 - - [09/Sep/2026:14:45:32 +0200] "GET /bootstrap/cache/config.php HTTP/1.1" 503 - "-" "Mozilla/5.0 (Macintosh; Intel Mac OS X 14_5) AppleWebKit/605.1.15 (KHTML, like Gecko) Version/18.4 Safari/605.1.15"
104.28.222.47 - - [09/Sep/2026:14:45:33 +0200] "GET /.env.development.local HTTP/1.1" 503 468 "https://www.google.com/search?q=www.10bukmekers.com.livebookmakers.net" "Mozilla/5.0 (Windows NT 10.0; Win64; x64) AppleWebKit/537.36 (KHTML, like Gecko) Chrome/135.0.0.0 Safari/537.36"
104.28.222.47 - - [09/Sep/2026:14:45:35 +0200] "GET /.env.dist HTTP/1.1" 503 468 "https://www.google.com/search?q=www.10bukmekers.com" "Mozilla/5.0 (Macintosh; Intel Mac OS X 14_5) AppleWebKit/605.1.15 (KHTML, like Gecko) Version/18.4 Safari/605.1.15"
104.28.222.47 - - [09/Sep/2026:14:45:36 +0200] "GET /.env.development.local HTTP/1.1" 503 468 "https://www.google.com/search?q=www.10bukmekers.com" "Mozilla/5.0 (compatible; Googlebot/2.1; +http://www.google.com/bot.html)"
104.28.222.47 - - [09/Sep/2026:14:45:38 +0200] "GET /config.yml HTTP/1.1" 503 468 "-" "Mozilla/5.0 (Windows NT 10.0; Win64; x64) AppleWebKit/537.36 (KHTML, like Gecko) Chrome/135.0.0.0 Safari/537.36"
104.28.222.47 - - [09/Sep/2026:14:45:39 +0200] "GET /bootstrap/cache/config.php HTTP/1.1" 503 - "https://www.google.com/search?q=www.10bukmekers.com" "Mozilla/5.0 (Macintosh; Intel Mac OS X 10_15_7) AppleWebKit/537.36 (KHTML, like Gecko) Chrome/135.0.0.0 Safari/537.36"
104.28.222.47 - - [09/Sep/2026:14:45:38 +0200] "GET /bootstrap/cache/config.php HTTP/1.1" 503 - "https://www.google.com/search?q=www.10bukmekers.com.livebookmakers.net" "Mozilla/5.0 AppleWebKit/537.36 (KHTML, like Gecko; compatible; ChatGPT-User/1.0; +https://openai.com/bot)"
104.28.222.47 - - [09/Sep/2026:14:45:41 +0200] "GET /.env.dist HTTP/1.1" 503 468 "https://www.google.com/search?q=www.10bukmekers.com" "Mozilla/5.0 (Macintosh; Intel Mac OS X 10_15_7) AppleWebKit/537.36 (KHTML, like Gecko) Chrome/135.0.0.0 Safari/537.36"
104.28.254.47 - - [09/Sep/2026:14:45:44 +0200] "GET /bootstrap/cache/config.php HTTP/1.1" 503 - "-" "Mozilla/5.0 (Macintosh; Intel Mac OS X 14_5) AppleWebKit/605.1.15 (KHTML, like Gecko) Version/18.4 Safari/605.1.15"
104.28.222.47 - - [09/Sep/2026:14:45:45 +0200] "GET /bootstrap/cache/config.php HTTP/1.1" 503 - "https://www.google.com/search?q=www.10bukmekers.com" "Mozilla/5.0 (compatible; Googlebot/2.1; +http://www.google.com/bot.html)"
104.28.222.47 - - [09/Sep/2026:14:45:50 +0200] "GET /bootstrap/cache/config.php HTTP/1.1" 503 - "-" "Mozilla/5.0 AppleWebKit/537.36 (KHTML, like Gecko; compatible; ChatGPT-User/1.0; +https://openai.com/bot)"
104.28.254.46 - - [09/Sep/2026:14:46:47 +0200] "GET /_rNd9xZ7kL3 HTTP/1.1" 200 20728 "https://www.google.com/search?q=www.10bukmekers.com" "Mozilla/5.0 (compatible; Googlebot/2.1; +http://www.google.com/bot.html)"
104.28.222.47 - - [09/Sep/2026:14:46:47 +0200] "GET /_rNd9xZ7kL3 HTTP/1.1" 302 - "-" "Mozilla/5.0 (Macintosh; Intel Mac OS X 14_5) AppleWebKit/605.1.15 (KHTML, like Gecko) Version/18.4 Safari/605.1.15"
104.28.222.46 - - [09/Sep/2026:14:46:53 +0200] "GET / HTTP/1.1" 200 20728 "https://www.google.com/search?q=www.10bukmekers.com" "Mozilla/5.0 AppleWebKit/537.36 (KHTML, like Gecko; compatible; ChatGPT-User/1.0; +https://openai.com/bot)"
104.28.222.46 - - [09/Sep/2026:14:46:55 +0200] "GET /robots.txt HTTP/1.1" 200 81 "-" "Mozilla/5.0 AppleWebKit/537.36 (KHTML, like Gecko; compatible; ChatGPT-User/1.0; +https://openai.com/bot)"
185.43.220.19 - - [09/Sep/2026:14:46:56 +0200] "POST /wp-cron.php?doing_wp_cron=1788958016.0241570472717285156250 HTTP/1.1" 200 - "-" "WordPress/7.1; https://10bukmekers.com"
104.28.222.47 - - [09/Sep/2026:14:46:52 +0200] "GET /_rNd9xZ7kL3 HTTP/1.1" 302 - "-" "Mozilla/5.0 (Linux; Android 14; Pixel 8) AppleWebKit/537.36 (KHTML, like Gecko) Chrome/135.0.6422.113 Mobile Safari/537.36"
104.28.254.47 - - [09/Sep/2026:14:46:57 +0200] "GET /sitemap.xml HTTP/1.1" 503 468 "https://www.google.com/search?q=www.10bukmekers.com" "Mozilla/5.0 (compatible; Googlebot/2.1; +http://www.google.com/bot.html)"
51.81.111.2 - - [09/Sep/2026:14:46:57 +0200] "GET /shops/miscible/j1e8r9r9y566250 HTTP/1.1" 200 20728 "-" "Mozilla/5.0 (compatible; AhrefsBot/7.0; +http://ahrefs.com/robot/)"
104.28.254.47 - - [09/Sep/2026:14:47:05 +0200] "GET / HTTP/1.1" 200 20728 "https://www.google.com/search?q=www.10bukmekers.com.livebookmakers.net" "Mozilla/5.0 AppleWebKit/537.36 (KHTML, like Gecko; compatible; ChatGPT-User/1.0; +https://openai.com/bot)"
104.28.222.47 - - [09/Sep/2026:14:46:58 +0200] "GET /_rNd9xZ7kL3 HTTP/1.1" 302 - "https://www.google.com/search?q=www.10bukmekers.com.livebookmakers.net" "Mozilla/5.0 (Linux; Android 14; Pixel 8) AppleWebKit/537.36 (KHTML, like Gecko) Chrome/135.0.6422.113 Mobile Safari/537.36"
104.28.222.47 - - [09/Sep/2026:14:47:07 +0200] "GET /robots.txt HTTP/1.1" 200 81 "-" "Mozilla/5.0 (Macintosh; Intel Mac OS X 10_15_7) AppleWebKit/537.36 (KHTML, like Gecko) Chrome/135.0.0.0 Safari/537.36"
104.28.222.46 - - [09/Sep/2026:14:47:03 +0200] "GET /sitemap.xml HTTP/1.1" 200 1067 "https://www.google.com/search?q=www.10bukmekers.com" "Mozilla/5.0 (Windows NT 10.0; Win64; x64; rv:137.0) Gecko/20100101 Firefox/137.0"
104.28.222.46 - - [09/Sep/2026:14:47:08 +0200] "GET /sitemap.xml HTTP/1.1" 200 1067 "-" "Mozilla/5.0 (Linux; Android 14; Pixel 8) AppleWebKit/537.36 (KHTML, like Gecko) Chrome/135.0.6422.113 Mobile Safari/537.36"
104.28.222.47 - - [09/Sep/2026:14:47:09 +0200] "GET /sitemap_index.xml HTTP/1.1" 302 - "-" "Mozilla/5.0 (compatible; Googlebot/2.1; +http://www.google.com/bot.html)"
104.28.254.46 - - [09/Sep/2026:14:47:11 +0200] "GET /sitemap_index.xml HTTP/1.1" 302 - "https://www.google.com/search?q=www.10bukmekers.com.livebookmakers.net" "Mozilla/5.0 (Linux; Android 14; Pixel 8) AppleWebKit/537.36 (KHTML, like Gecko) Chrome/135.0.6422.113 Mobile Safari/537.36"
185.43.220.19 - - [09/Sep/2026:14:47:18 +0200] "POST /wp-cron.php?doing_wp_cron=1788958038.4281170368194580078125 HTTP/1.1" 200 - "-" "WordPress/7.1; https://10bukmekers.com"
104.28.222.46 - - [09/Sep/2026:14:47:14 +0200] "GET /sitemap.xml HTTP/1.1" 200 1067 "https://www.10bukmekers.com/sitemap_index.xml" "Mozilla/5.0 (compatible; Googlebot/2.1; +http://www.google.com/bot.html)"
104.28.222.47 - - [09/Sep/2026:14:47:15 +0200] "GET /sitemap_index.xml HTTP/1.1" 302 - "-" "Mozilla/5.0 (Macintosh; Intel Mac OS X 14_5) AppleWebKit/605.1.15 (KHTML, like Gecko) Version/18.4 Safari/605.1.15"
104.28.254.47 - - [09/Sep/2026:14:47:15 +0200] "GET /sitemap.xml HTTP/1.1" 200 1067 "https://www.10bukmekers.com.livebookmakers.net/sitemap_index.xml" "Mozilla/5.0 (Linux; Android 14; Pixel 8) AppleWebKit/537.36 (KHTML, like Gecko) Chrome/135.0.6422.113 Mobile Safari/537.36"
104.28.222.47 - - [09/Sep/2026:14:47:17 +0200] "GET /sitemap_index.xml HTTP/1.1" 302 - "-" "Mozilla/5.0 (Windows NT 10.0; Win64; x64; rv:137.0) Gecko/20100101 Firefox/137.0"
104.28.222.47 - - [09/Sep/2026:14:47:20 +0200] "GET /sitemap.xml HTTP/1.1" 200 1067 "https://www.10bukmekers.com/sitemap_index.xml" "Mozilla/5.0 (Macintosh; Intel Mac OS X 14_5) AppleWebKit/605.1.15 (KHTML, like Gecko) Version/18.4 Safari/605.1.15"
104.28.222.46 - - [09/Sep/2026:14:47:21 +0200] "GET /sitemap_index.xml HTTP/1.1" 302 - "-" "Mozilla/5.0 (Macintosh; Intel Mac OS X 14_5) AppleWebKit/605.1.15 (KHTML, like Gecko) Version/18.4 Safari/605.1.15"
104.28.254.46 - - [09/Sep/2026:14:47:23 +0200] "GET /sitemap_index.xml HTTP/1.1" 302 - "https://www.google.com/search?q=www.10bukmekers.com.livebookmakers.net" "Mozilla/5.0 (compatible; Googlebot/2.1; +http://www.google.com/bot.html)"
104.28.222.46 - - [09/Sep/2026:14:47:27 +0200] "GET /sitemap-index.xml HTTP/1.1" 302 - "-" "Mozilla/5.0 (compatible; Googlebot/2.1; +http://www.google.com/bot.html)"
104.28.254.47 - - [09/Sep/2026:14:47:28 +0200] "GET /sitemap.xml HTTP/1.1" 200 1067 "https://www.10bukmekers.com.livebookmakers.net/sitemap_index.xml" "Mozilla/5.0 (compatible; Googlebot/2.1; +http://www.google.com/bot.html)"
104.28.222.46 - - [09/Sep/2026:14:47:29 +0200] "GET /sitemap-index.xml HTTP/1.1" 302 - "-" "Mozilla/5.0 (Macintosh; Intel Mac OS X 10_15_7) AppleWebKit/537.36 (KHTML, like Gecko) Chrome/135.0.0.0 Safari/537.36"
104.28.222.47 - - [09/Sep/2026:14:47:33 +0200] "GET /sitemap-index.xml HTTP/1.1" 302 - "https://www.google.com/search?q=www.10bukmekers.com" "Mozilla/5.0 (compatible; Googlebot/2.1; +http://www.google.com/bot.html)"
104.28.222.47 - - [09/Sep/2026:14:47:39 +0200] "GET /sitemap-index.xml HTTP/1.1" 302 - "-" "Mozilla/5.0 (Windows NT 10.0; Win64; x64; rv:137.0) Gecko/20100101 Firefox/137.0"
104.28.222.47 - - [09/Sep/2026:14:47:35 +0200] "GET /sitemap-index.xml HTTP/1.1" 302 - "https://www.google.com/search?q=www.10bukmekers.com.livebookmakers.net" "Mozilla/5.0 (Macintosh; Intel Mac OS X 10_15_7) AppleWebKit/537.36 (KHTML, like Gecko) Chrome/135.0.0.0 Safari/537.36"
104.28.254.46 - - [09/Sep/2026:14:47:47 +0200] "HEAD /.git/HEAD HTTP/1.1" 508 - "-" "Mozilla/5.0 (Macintosh; Intel Mac OS X 10_15_7) AppleWebKit/537.36 (KHTML, like Gecko) Chrome/135.0.0.0 Safari/537.36"
104.28.222.47 - - [09/Sep/2026:14:47:47 +0200] "HEAD /.git/config HTTP/1.1" 508 - "-" "Mozilla/5.0 (Windows NT 10.0; Win64; x64) AppleWebKit/537.36 (KHTML, like Gecko) Chrome/135.0.0.0 Safari/537.36"
104.28.222.47 - - [09/Sep/2026:14:47:47 +0200] "HEAD /secrets.json HTTP/1.1" 508 - "https://www.google.com/search?q=www.10bukmekers.com.livebookmakers.net" "Mozilla/5.0 (Linux; Android 14; Pixel 8) AppleWebKit/537.36 (KHTML, like Gecko) Chrome/135.0.6422.113 Mobile Safari/537.36"
104.28.222.47 - - [09/Sep/2026:14:47:47 +0200] "HEAD /.env.production HTTP/1.1" 508 - "-" "Mozilla/5.0 (compatible; Googlebot/2.1; +http://www.google.com/bot.html)"
104.28.222.47 - - [09/Sep/2026:14:47:47 +0200] "HEAD /wp-config.php.bak HTTP/1.1" 508 - "-" "Mozilla/5.0 (Linux; Android 14; Pixel 8) AppleWebKit/537.36 (KHTML, like Gecko) Chrome/135.0.6422.113 Mobile Safari/537.36"
104.28.222.47 - - [09/Sep/2026:14:47:47 +0200] "HEAD /.env.local HTTP/1.1" 508 - "-" "Mozilla/5.0 (Linux; Android 14; Pixel 8) AppleWebKit/537.36 (KHTML, like Gecko) Chrome/135.0.6422.113 Mobile Safari/537.36"
104.28.222.47 - - [09/Sep/2026:14:47:47 +0200] "HEAD /wp-config.php HTTP/1.1" 508 - "https://www.google.com/search?q=www.10bukmekers.com.livebookmakers.net" "Mozilla/5.0 (Macintosh; Intel Mac OS X 10_15_7) AppleWebKit/537.36 (KHTML, like Gecko) Chrome/135.0.0.0 Safari/537.36"
104.28.254.47 - - [09/Sep/2026:14:47:47 +0200] "HEAD /.dev.vars HTTP/1.1" 508 - "https://www.google.com/search?q=www.10bukmekers.com.livebookmakers.net" "Mozilla/5.0 (compatible; Googlebot/2.1; +http://www.google.com/bot.html)"
104.28.222.47 - - [09/Sep/2026:14:47:47 +0200] "HEAD /.aws/credentials HTTP/1.1" 508 - "-" "Mozilla/5.0 (Windows NT 10.0; Win64; x64) AppleWebKit/537.36 (KHTML, like Gecko) Chrome/135.0.0.0 Safari/537.36"
104.28.222.46 - - [09/Sep/2026:14:47:47 +0200] "HEAD /config.json HTTP/1.1" 508 - "https://www.google.com/search?q=www.10bukmekers.com.livebookmakers.net" "Mozilla/5.0 (Windows NT 10.0; Win64; x64) AppleWebKit/537.36 (KHTML, like Gecko) Chrome/135.0.0.0 Safari/537.36"
104.28.222.46 - - [09/Sep/2026:14:47:47 +0200] "HEAD /.env HTTP/1.1" 508 - "-" "Mozilla/5.0 AppleWebKit/537.36 (KHTML, like Gecko; compatible; ChatGPT-User/1.0; +https://openai.com/bot)"
104.28.222.47 - - [09/Sep/2026:14:47:48 +0200] "GET /secrets.json HTTP/1.1" 508 288 "https://www.google.com/search?q=www.10bukmekers.com.livebookmakers.net" "Mozilla/5.0 (Macintosh; Intel Mac OS X 14_5) AppleWebKit/605.1.15 (KHTML, like Gecko) Version/18.4 Safari/605.1.15"
104.28.222.46 - - [09/Sep/2026:14:47:48 +0200] "GET /.git/HEAD HTTP/1.1" 508 288 "https://www.google.com/search?q=www.10bukmekers.com.livebookmakers.net" "Mozilla/5.0 (compatible; Googlebot/2.1; +http://www.google.com/bot.html)"
104.28.254.47 - - [09/Sep/2026:14:47:48 +0200] "GET /wp-config.php HTTP/1.1" 508 288 "-" "Mozilla/5.0 (Windows NT 10.0; Win64; x64) AppleWebKit/537.36 (KHTML, like Gecko) Chrome/135.0.0.0 Safari/537.36"
104.28.222.46 - - [09/Sep/2026:14:47:48 +0200] "GET /.env.production HTTP/1.1" 508 288 "-" "Mozilla/5.0 AppleWebKit/537.36 (KHTML, like Gecko; compatible; ChatGPT-User/1.0; +https://openai.com/bot)"
104.28.222.47 - - [09/Sep/2026:14:47:48 +0200] "GET /.env HTTP/1.1" 508 288 "https://www.google.com/search?q=www.10bukmekers.com.livebookmakers.net" "Mozilla/5.0 (Linux; Android 14; Pixel 8) AppleWebKit/537.36 (KHTML, like Gecko) Chrome/135.0.6422.113 Mobile Safari/537.36"
104.28.254.46 - - [09/Sep/2026:14:47:48 +0200] "GET /wp-config.php.bak HTTP/1.1" 508 288 "https://www.google.com/search?q=www.10bukmekers.com.livebookmakers.net" "Mozilla/5.0 AppleWebKit/537.36 (KHTML, like Gecko; compatible; ChatGPT-User/1.0; +https://openai.com/bot)"
104.28.222.47 - - [09/Sep/2026:14:47:48 +0200] "GET /.env.local HTTP/1.1" 508 288 "-" "Mozilla/5.0 (compatible; Googlebot/2.1; +http://www.google.com/bot.html)"
104.28.222.47 - - [09/Sep/2026:14:47:48 +0200] "GET /.dev.vars HTTP/1.1" 508 288 "https://www.google.com/search?q=www.10bukmekers.com.livebookmakers.net" "Mozilla/5.0 (Macintosh; Intel Mac OS X 10_15_7) AppleWebKit/537.36 (KHTML, like Gecko) Chrome/135.0.0.0 Safari/537.36"
104.28.222.46 - - [09/Sep/2026:14:47:48 +0200] "GET /config.json HTTP/1.1" 508 288 "https://www.google.com/search?q=www.10bukmekers.com.livebookmakers.net" "Mozilla/5.0 (Windows NT 10.0; Win64; x64; rv:137.0) Gecko/20100101 Firefox/137.0"
104.28.222.47 - - [09/Sep/2026:14:47:48 +0200] "GET /.aws/credentials HTTP/1.1" 508 288 "https://www.google.com/search?q=www.10bukmekers.com.livebookmakers.net" "Mozilla/5.0 (Macintosh; Intel Mac OS X 10_15_7) AppleWebKit/537.36 (KHTML, like Gecko) Chrome/135.0.0.0 Safari/537.36"
104.28.222.47 - - [09/Sep/2026:14:47:48 +0200] "HEAD /.env.old HTTP/1.1" 508 - "https://www.google.com/search?q=www.10bukmekers.com.livebookmakers.net" "Mozilla/5.0 (Macintosh; Intel Mac OS X 10_15_7) AppleWebKit/537.36 (KHTML, like Gecko) Chrome/135.0.0.0 Safari/537.36"
104.28.222.46 - - [09/Sep/2026:14:47:48 +0200] "HEAD /.env.save HTTP/1.1" 508 - "https://www.google.com/search?q=www.10bukmekers.com.livebookmakers.net" "Mozilla/5.0 (Linux; Android 14; Pixel 8) AppleWebKit/537.36 (KHTML, like Gecko) Chrome/135.0.6422.113 Mobile Safari/537.36"
104.28.222.47 - - [09/Sep/2026:14:47:48 +0200] "HEAD /.env.dist HTTP/1.1" 508 - "-" "Mozilla/5.0 (Macintosh; Intel Mac OS X 10_15_7) AppleWebKit/537.36 (KHTML, like Gecko) Chrome/135.0.0.0 Safari/537.36"
104.28.222.47 - - [09/Sep/2026:14:47:48 +0200] "HEAD /.env.test HTTP/1.1" 508 - "https://www.google.com/search?q=www.10bukmekers.com.livebookmakers.net" "Mozilla/5.0 (Macintosh; Intel Mac OS X 10_15_7) AppleWebKit/537.36 (KHTML, like Gecko) Chrome/135.0.0.0 Safari/537.36"
104.28.222.47 - - [09/Sep/2026:14:47:43 +0200] "GET /sitemap.xml HTTP/1.1" 503 468 "https://www.10bukmekers.com/sitemap-index.xml" "Mozilla/5.0 (Windows NT 10.0; Win64; x64; rv:137.0) Gecko/20100101 Firefox/137.0"
104.28.222.46 - - [09/Sep/2026:14:47:49 +0200] "HEAD /.env.production.local HTTP/1.1" 508 - "-" "Mozilla/5.0 (Windows NT 10.0; Win64; x64; rv:137.0) Gecko/20100101 Firefox/137.0"
104.28.254.46 - - [09/Sep/2026:14:47:49 +0200] "HEAD /.env.bak HTTP/1.1" 508 - "https://www.google.com/search?q=www.10bukmekers.com.livebookmakers.net" "Mozilla/5.0 (compatible; Googlebot/2.1; +http://www.google.com/bot.html)"
104.28.222.47 - - [09/Sep/2026:14:47:49 +0200] "HEAD /config.yml HTTP/1.1" 508 - "-" "Mozilla/5.0 (Macintosh; Intel Mac OS X 14_5) AppleWebKit/605.1.15 (KHTML, like Gecko) Version/18.4 Safari/605.1.15"
104.28.222.46 - - [09/Sep/2026:14:47:49 +0200] "HEAD /.docker/config.json HTTP/1.1" 508 - "-" "Mozilla/5.0 (compatible; Googlebot/2.1; +http://www.google.com/bot.html)"
104.28.222.47 - - [09/Sep/2026:14:47:49 +0200] "HEAD /.pypirc HTTP/1.1" 508 - "https://www.google.com/search?q=www.10bukmekers.com.livebookmakers.net" "Mozilla/5.0 (Windows NT 10.0; Win64; x64; rv:137.0) Gecko/20100101 Firefox/137.0"
104.28.254.46 - - [09/Sep/2026:14:47:49 +0200] "GET /.env.old HTTP/1.1" 508 288 "-" "Mozilla/5.0 (Windows NT 10.0; Win64; x64) AppleWebKit/537.36 (KHTML, like Gecko) Chrome/135.0.0.0 Safari/537.36"
104.28.222.47 - - [09/Sep/2026:14:47:49 +0200] "GET /.env.dist HTTP/1.1" 508 288 "https://www.google.com/search?q=www.10bukmekers.com.livebookmakers.net" "Mozilla/5.0 (Windows NT 10.0; Win64; x64) AppleWebKit/537.36 (KHTML, like Gecko) Chrome/135.0.0.0 Safari/537.36"
104.28.254.46 - - [09/Sep/2026:14:47:49 +0200] "GET /.env.test HTTP/1.1" 508 288 "-" "Mozilla/5.0 (Windows NT 10.0; Win64; x64) AppleWebKit/537.36 (KHTML, like Gecko) Chrome/135.0.0.0 Safari/537.36"
104.28.222.46 - - [09/Sep/2026:14:47:41 +0200] "GET /sitemap-index.xml HTTP/1.1" 503 468 "-" "Mozilla/5.0 (Windows NT 10.0; Win64; x64; rv:137.0) Gecko/20100101 Firefox/137.0"
104.28.222.47 - - [09/Sep/2026:14:47:49 +0200] "GET /.pypirc HTTP/1.1" 508 288 "https://www.google.com/search?q=www.10bukmekers.com.livebookmakers.net" "Mozilla/5.0 AppleWebKit/537.36 (KHTML, like Gecko; compatible; ChatGPT-User/1.0; +https://openai.com/bot)"
104.28.254.46 - - [09/Sep/2026:14:47:49 +0200] "GET /.env.production.local HTTP/1.1" 508 288 "https://www.google.com/search?q=www.10bukmekers.com.livebookmakers.net" "Mozilla/5.0 (Linux; Android 14; Pixel 8) AppleWebKit/537.36 (KHTML, like Gecko) Chrome/135.0.6422.113 Mobile Safari/537.36"
104.28.222.47 - - [09/Sep/2026:14:47:49 +0200] "HEAD /config.yaml HTTP/1.1" 508 - "-" "Mozilla/5.0 (Macintosh; Intel Mac OS X 14_5) AppleWebKit/605.1.15 (KHTML, like Gecko) Version/18.4 Safari/605.1.15"
104.28.222.47 - - [09/Sep/2026:14:47:49 +0200] "GET /.env.bak HTTP/1.1" 508 288 "https://www.google.com/search?q=www.10bukmekers.com.livebookmakers.net" "Mozilla/5.0 (Linux; Android 14; Pixel 8) AppleWebKit/537.36 (KHTML, like Gecko) Chrome/135.0.6422.113 Mobile Safari/537.36"
104.28.254.46 - - [09/Sep/2026:14:47:50 +0200] "GET /.docker/config.json HTTP/1.1" 508 288 "https://www.google.com/search?q=www.10bukmekers.com.livebookmakers.net" "Mozilla/5.0 (Macintosh; Intel Mac OS X 10_15_7) AppleWebKit/537.36 (KHTML, like Gecko) Chrome/135.0.0.0 Safari/537.36"
104.28.222.47 - - [09/Sep/2026:14:47:50 +0200] "HEAD /.env.development.local HTTP/1.1" 508 - "-" "Mozilla/5.0 (compatible; Googlebot/2.1; +http://www.google.com/bot.html)"
104.28.222.47 - - [09/Sep/2026:14:47:50 +0200] "HEAD /.netrc HTTP/1.1" 508 - "https://www.google.com/search?q=www.10bukmekers.com.livebookmakers.net" "Mozilla/5.0 (Macintosh; Intel Mac OS X 14_5) AppleWebKit/605.1.15 (KHTML, like Gecko) Version/18.4 Safari/605.1.15"
104.28.222.46 - - [09/Sep/2026:14:47:45 +0200] "HEAD /.env.production HTTP/1.1" 503 - "-" "Mozilla/5.0 (Linux; Android 14; Pixel 8) AppleWebKit/537.36 (KHTML, like Gecko) Chrome/135.0.6422.113 Mobile Safari/537.36"
104.28.254.47 - - [09/Sep/2026:14:47:50 +0200] "HEAD /.cursor/mcp.json HTTP/1.1" 508 - "https://www.google.com/search?q=www.10bukmekers.com.livebookmakers.net" "Mozilla/5.0 (Linux; Android 14; Pixel 8) AppleWebKit/537.36 (KHTML, like Gecko) Chrome/135.0.6422.113 Mobile Safari/537.36"
104.28.254.46 - - [09/Sep/2026:14:47:50 +0200] "GET /config.yaml HTTP/1.1" 508 288 "https://www.google.com/search?q=www.10bukmekers.com.livebookmakers.net" "Mozilla/5.0 (Macintosh; Intel Mac OS X 10_15_7) AppleWebKit/537.36 (KHTML, like Gecko) Chrome/135.0.0.0 Safari/537.36"
104.28.222.46 - - [09/Sep/2026:14:47:50 +0200] "GET /.env.development.local HTTP/1.1" 508 288 "https://www.google.com/search?q=www.10bukmekers.com.livebookmakers.net" "Mozilla/5.0 (Macintosh; Intel Mac OS X 14_5) AppleWebKit/605.1.15 (KHTML, like Gecko) Version/18.4 Safari/605.1.15"
104.28.254.47 - - [09/Sep/2026:14:47:50 +0200] "HEAD /.continue/config.json HTTP/1.1" 508 - "https://www.google.com/search?q=www.10bukmekers.com.livebookmakers.net" "Mozilla/5.0 (Windows NT 10.0; Win64; x64) AppleWebKit/537.36 (KHTML, like Gecko) Chrome/135.0.0.0 Safari/537.36"
104.28.222.46 - - [09/Sep/2026:14:47:50 +0200] "HEAD /bootstrap/cache/config.php HTTP/1.1" 508 - "https://www.google.com/search?q=www.10bukmekers.com.livebookmakers.net" "Mozilla/5.0 (Macintosh; Intel Mac OS X 10_15_7) AppleWebKit/537.36 (KHTML, like Gecko) Chrome/135.0.0.0 Safari/537.36"
104.28.222.47 - - [09/Sep/2026:14:47:45 +0200] "HEAD /wp-config.php HTTP/1.1" 503 - "https://www.google.com/search?q=www.10bukmekers.com" "Mozilla/5.0 (Windows NT 10.0; Win64; x64) AppleWebKit/537.36 (KHTML, like Gecko) Chrome/135.0.0.0 Safari/537.36"
104.28.222.47 - - [09/Sep/2026:14:47:50 +0200] "GET /.netrc HTTP/1.1" 508 288 "https://www.google.com/search?q=www.10bukmekers.com.livebookmakers.net" "Mozilla/5.0 (Linux; Android 14; Pixel 8) AppleWebKit/537.36 (KHTML, like Gecko) Chrome/135.0.6422.113 Mobile Safari/537.36"
104.28.254.46 - - [09/Sep/2026:14:47:51 +0200] "GET /.env.production HTTP/1.1" 508 288 "https://www.google.com/search?q=www.10bukmekers.com" "Mozilla/5.0 (Windows NT 10.0; Win64; x64; rv:137.0) Gecko/20100101 Firefox/137.0"
104.28.254.46 - - [09/Sep/2026:14:47:51 +0200] "GET /.cursor/mcp.json HTTP/1.1" 508 288 "-" "Mozilla/5.0 (Linux; Android 14; Pixel 8) AppleWebKit/537.36 (KHTML, like Gecko) Chrome/135.0.6422.113 Mobile Safari/537.36"
104.28.254.46 - - [09/Sep/2026:14:47:51 +0200] "GET /bootstrap/cache/config.php HTTP/1.1" 508 288 "https://www.google.com/search?q=www.10bukmekers.com.livebookmakers.net" "Mozilla/5.0 (Linux; Android 14; Pixel 8) AppleWebKit/537.36 (KHTML, like Gecko) Chrome/135.0.6422.113 Mobile Safari/537.36"
104.28.222.47 - - [09/Sep/2026:14:47:51 +0200] "GET /.env HTTP/1.1" 508 288 "https://www.google.com/search?q=www.10bukmekers.com" "Mozilla/5.0 (Windows NT 10.0; Win64; x64; rv:137.0) Gecko/20100101 Firefox/137.0"
104.28.222.47 - - [09/Sep/2026:14:47:51 +0200] "GET /.aws/credentials HTTP/1.1" 508 288 "https://www.google.com/search?q=www.10bukmekers.com" "Mozilla/5.0 (compatible; Googlebot/2.1; +http://www.google.com/bot.html)"
104.28.222.46 - - [09/Sep/2026:14:47:51 +0200] "GET /config.json HTTP/1.1" 508 288 "-" "Mozilla/5.0 (compatible; Googlebot/2.1; +http://www.google.com/bot.html)"
104.28.222.47 - - [09/Sep/2026:14:47:51 +0200] "GET /.git/config HTTP/1.1" 508 288 "-" "Mozilla/5.0 (Windows NT 10.0; Win64; x64; rv:137.0) Gecko/20100101 Firefox/137.0"
104.28.222.47 - - [09/Sep/2026:14:47:51 +0200] "GET /.env.backup HTTP/1.1" 508 288 "https://www.google.com/search?q=www.10bukmekers.com" "Mozilla/5.0 (Linux; Android 14; Pixel 8) AppleWebKit/537.36 (KHTML, like Gecko) Chrome/135.0.6422.113 Mobile Safari/537.36"
104.28.222.47 - - [09/Sep/2026:14:47:51 +0200] "GET /secrets.json HTTP/1.1" 508 288 "https://www.google.com/search?q=www.10bukmekers.com" "Mozilla/5.0 (Windows NT 10.0; Win64; x64; rv:137.0) Gecko/20100101 Firefox/137.0"
104.28.222.47 - - [09/Sep/2026:14:47:51 +0200] "GET /wp-config.php.bak HTTP/1.1" 508 288 "-" "Mozilla/5.0 (compatible; Googlebot/2.1; +http://www.google.com/bot.html)"
104.28.254.47 - - [09/Sep/2026:14:47:51 +0200] "GET /.dev.vars HTTP/1.1" 508 288 "-" "Mozilla/5.0 (Linux; Android 14; Pixel 8) AppleWebKit/537.36 (KHTML, like Gecko) Chrome/135.0.6422.113 Mobile Safari/537.36"
104.28.222.46 - - [09/Sep/2026:14:47:51 +0200] "GET /.env.local HTTP/1.1" 508 288 "https://www.google.com/search?q=www.10bukmekers.com" "Mozilla/5.0 AppleWebKit/537.36 (KHTML, like Gecko; compatible; ChatGPT-User/1.0; +https://openai.com/bot)"
104.28.222.47 - - [09/Sep/2026:14:47:51 +0200] "GET /.git/HEAD HTTP/1.1" 508 288 "https://www.google.com/search?q=www.10bukmekers.com" "Mozilla/5.0 (Windows NT 10.0; Win64; x64) AppleWebKit/537.36 (KHTML, like Gecko) Chrome/135.0.0.0 Safari/537.36"
104.28.254.47 - - [09/Sep/2026:14:47:51 +0200] "HEAD /.env.dist HTTP/1.1" 508 - "-" "Mozilla/5.0 (Windows NT 10.0; Win64; x64) AppleWebKit/537.36 (KHTML, like Gecko) Chrome/135.0.0.0 Safari/537.36"
104.28.254.47 - - [09/Sep/2026:14:47:51 +0200] "HEAD /.env.old HTTP/1.1" 508 - "-" "Mozilla/5.0 (Macintosh; Intel Mac OS X 10_15_7) AppleWebKit/537.36 (KHTML, like Gecko) Chrome/135.0.0.0 Safari/537.36"
104.28.222.47 - - [09/Sep/2026:14:47:45 +0200] "HEAD /.env.backup HTTP/1.1" 503 - "https://www.google.com/search?q=www.10bukmekers.com" "Mozilla/5.0 (Linux; Android 14; Pixel 8) AppleWebKit/537.36 (KHTML, like Gecko) Chrome/135.0.6422.113 Mobile Safari/537.36"
104.28.222.47 - - [09/Sep/2026:14:47:51 +0200] "HEAD /.env.save HTTP/1.1" 508 - "https://www.google.com/search?q=www.10bukmekers.com" "Mozilla/5.0 (Windows NT 10.0; Win64; x64; rv:137.0) Gecko/20100101 Firefox/137.0"
104.28.222.46 - - [09/Sep/2026:14:47:52 +0200] "HEAD /.env.bak HTTP/1.1" 508 - "-" "Mozilla/5.0 (compatible; Googlebot/2.1; +http://www.google.com/bot.html)"
104.28.222.47 - - [09/Sep/2026:14:47:52 +0200] "HEAD /config.yml HTTP/1.1" 508 - "-" "Mozilla/5.0 AppleWebKit/537.36 (KHTML, like Gecko; compatible; ChatGPT-User/1.0; +https://openai.com/bot)"
104.28.222.46 - - [09/Sep/2026:14:47:52 +0200] "HEAD /.docker/config.json HTTP/1.1" 508 - "-" "Mozilla/5.0 (compatible; Googlebot/2.1; +http://www.google.com/bot.html)"
104.28.222.47 - - [09/Sep/2026:14:47:52 +0200] "HEAD /.env.sample HTTP/1.1" 508 - "-" "Mozilla/5.0 (Windows NT 10.0; Win64; x64) AppleWebKit/537.36 (KHTML, like Gecko) Chrome/135.0.0.0 Safari/537.36"
104.28.254.46 - - [09/Sep/2026:14:47:52 +0200] "HEAD /.pypirc HTTP/1.1" 508 - "-" "Mozilla/5.0 (Macintosh; Intel Mac OS X 14_5) AppleWebKit/605.1.15 (KHTML, like Gecko) Version/18.4 Safari/605.1.15"
104.28.254.47 - - [09/Sep/2026:14:47:52 +0200] "HEAD /.env.production.local HTTP/1.1" 508 - "-" "Mozilla/5.0 (Macintosh; Intel Mac OS X 14_5) AppleWebKit/605.1.15 (KHTML, like Gecko) Version/18.4 Safari/605.1.15"
104.28.222.46 - - [09/Sep/2026:14:47:52 +0200] "HEAD /config.yaml HTTP/1.1" 508 - "-" "Mozilla/5.0 AppleWebKit/537.36 (KHTML, like Gecko; compatible; ChatGPT-User/1.0; +https://openai.com/bot)"
104.28.222.46 - - [09/Sep/2026:14:47:52 +0200] "GET /.env.dist HTTP/1.1" 508 288 "https://www.google.com/search?q=www.10bukmekers.com" "Mozilla/5.0 (Macintosh; Intel Mac OS X 14_5) AppleWebKit/605.1.15 (KHTML, like Gecko) Version/18.4 Safari/605.1.15"
104.28.222.46 - - [09/Sep/2026:14:47:52 +0200] "GET /.env.old HTTP/1.1" 508 288 "https://www.google.com/search?q=www.10bukmekers.com" "Mozilla/5.0 (Macintosh; Intel Mac OS X 10_15_7) AppleWebKit/537.36 (KHTML, like Gecko) Chrome/135.0.0.0 Safari/537.36"
104.28.222.46 - - [09/Sep/2026:14:47:45 +0200] "HEAD /.dev.vars HTTP/1.1" 503 - "https://www.google.com/search?q=www.10bukmekers.com" "Mozilla/5.0 (Linux; Android 14; Pixel 8) AppleWebKit/537.36 (KHTML, like Gecko) Chrome/135.0.6422.113 Mobile Safari/537.36"
104.28.222.46 - - [09/Sep/2026:14:47:52 +0200] "GET /.env.save HTTP/1.1" 508 288 "https://www.google.com/search?q=www.10bukmekers.com.livebookmakers.net" "Mozilla/5.0 (Macintosh; Intel Mac OS X 14_5) AppleWebKit/605.1.15 (KHTML, like Gecko) Version/18.4 Safari/605.1.15"
104.28.222.47 - - [09/Sep/2026:14:47:52 +0200] "GET /.env.sample HTTP/1.1" 508 288 "-" "Mozilla/5.0 (Linux; Android 14; Pixel 8) AppleWebKit/537.36 (KHTML, like Gecko) Chrome/135.0.6422.113 Mobile Safari/537.36"
104.28.222.47 - - [09/Sep/2026:14:47:52 +0200] "GET /.docker/config.json HTTP/1.1" 508 288 "https://www.google.com/search?q=www.10bukmekers.com" "Mozilla/5.0 (Linux; Android 14; Pixel 8) AppleWebKit/537.36 (KHTML, like Gecko) Chrome/135.0.6422.113 Mobile Safari/537.36"
104.28.222.47 - - [09/Sep/2026:14:47:52 +0200] "GET /.env.bak HTTP/1.1" 508 288 "-" "Mozilla/5.0 (Macintosh; Intel Mac OS X 14_5) AppleWebKit/605.1.15 (KHTML, like Gecko) Version/18.4 Safari/605.1.15"
104.28.222.47 - - [09/Sep/2026:14:47:52 +0200] "GET /config.yaml HTTP/1.1" 508 288 "https://www.google.com/search?q=www.10bukmekers.com" "Mozilla/5.0 (Macintosh; Intel Mac OS X 10_15_7) AppleWebKit/537.36 (KHTML, like Gecko) Chrome/135.0.0.0 Safari/537.36"
104.28.222.46 - - [09/Sep/2026:14:47:52 +0200] "HEAD /.env.development.local HTTP/1.1" 508 - "-" "Mozilla/5.0 (compatible; Googlebot/2.1; +http://www.google.com/bot.html)"
104.28.222.47 - - [09/Sep/2026:14:47:52 +0200] "GET /.env.production.local HTTP/1.1" 508 288 "https://www.google.com/search?q=www.10bukmekers.com" "Mozilla/5.0 (Macintosh; Intel Mac OS X 14_5) AppleWebKit/605.1.15 (KHTML, like Gecko) Version/18.4 Safari/605.1.15"
104.28.222.47 - - [09/Sep/2026:14:47:52 +0200] "GET /.pypirc HTTP/1.1" 508 288 "-" "Mozilla/5.0 (Linux; Android 14; Pixel 8) AppleWebKit/537.36 (KHTML, like Gecko) Chrome/135.0.6422.113 Mobile Safari/537.36"
104.28.222.46 - - [09/Sep/2026:14:47:45 +0200] "HEAD /.aws/credentials HTTP/1.1" 503 - "-" "Mozilla/5.0 AppleWebKit/537.36 (KHTML, like Gecko; compatible; ChatGPT-User/1.0; +https://openai.com/bot)"
104.28.222.47 - - [09/Sep/2026:14:47:53 +0200] "HEAD /.vscode/settings.json HTTP/1.1" 508 - "-" "Mozilla/5.0 (Windows NT 10.0; Win64; x64) AppleWebKit/537.36 (KHTML, like Gecko) Chrome/135.0.0.0 Safari/537.36"
104.28.222.47 - - [09/Sep/2026:14:47:53 +0200] "HEAD /.continue/config.json HTTP/1.1" 508 - "https://www.google.com/search?q=www.10bukmekers.com" "Mozilla/5.0 (Windows NT 10.0; Win64; x64) AppleWebKit/537.36 (KHTML, like Gecko) Chrome/135.0.0.0 Safari/537.36"
104.28.254.47 - - [09/Sep/2026:14:47:53 +0200] "HEAD /.cursor/mcp.json HTTP/1.1" 508 - "https://www.google.com/search?q=www.10bukmekers.com" "Mozilla/5.0 (compatible; Googlebot/2.1; +http://www.google.com/bot.html)"
104.28.254.47 - - [09/Sep/2026:14:47:53 +0200] "HEAD /bootstrap/cache/config.php HTTP/1.1" 508 - "-" "Mozilla/5.0 (Windows NT 10.0; Win64; x64; rv:137.0) Gecko/20100101 Firefox/137.0"
104.28.222.47 - - [09/Sep/2026:14:47:45 +0200] "HEAD /config.json HTTP/1.1" 503 - "-" "Mozilla/5.0 (Macintosh; Intel Mac OS X 10_15_7) AppleWebKit/537.36 (KHTML, like Gecko) Chrome/135.0.0.0 Safari/537.36"
104.28.254.47 - - [09/Sep/2026:14:47:53 +0200] "GET /.env.backup HTTP/1.1" 508 288 "https://www.google.com/search?q=www.10bukmekers.com.livebookmakers.net" "Mozilla/5.0 (Macintosh; Intel Mac OS X 10_15_7) AppleWebKit/537.36 (KHTML, like Gecko) Chrome/135.0.0.0 Safari/537.36"
104.28.222.47 - - [09/Sep/2026:14:47:53 +0200] "GET /.continue/config.json HTTP/1.1" 508 288 "-" "Mozilla/5.0 (Windows NT 10.0; Win64; x64) AppleWebKit/537.36 (KHTML, like Gecko) Chrome/135.0.0.0 Safari/537.36"
104.28.222.47 - - [09/Sep/2026:14:47:53 +0200] "GET /.cursor/mcp.json HTTP/1.1" 508 288 "https://www.google.com/search?q=www.10bukmekers.com" "Mozilla/5.0 (Macintosh; Intel Mac OS X 14_5) AppleWebKit/605.1.15 (KHTML, like Gecko) Version/18.4 Safari/605.1.15"
104.28.254.47 - - [09/Sep/2026:14:47:53 +0200] "GET /.vscode/settings.json HTTP/1.1" 508 288 "https://www.google.com/search?q=www.10bukmekers.com" "Mozilla/5.0 (Macintosh; Intel Mac OS X 14_5) AppleWebKit/605.1.15 (KHTML, like Gecko) Version/18.4 Safari/605.1.15"
104.28.254.47 - - [09/Sep/2026:14:47:45 +0200] "HEAD /.git/config HTTP/1.1" 503 - "https://www.google.com/search?q=www.10bukmekers.com" "Mozilla/5.0 (Macintosh; Intel Mac OS X 10_15_7) AppleWebKit/537.36 (KHTML, like Gecko) Chrome/135.0.0.0 Safari/537.36"
104.28.222.47 - - [09/Sep/2026:14:47:54 +0200] "GET /wp-config.php HTTP/1.1" 508 288 "https://www.google.com/search?q=www.10bukmekers.com" "Mozilla/5.0 (Macintosh; Intel Mac OS X 10_15_7) AppleWebKit/537.36 (KHTML, like Gecko) Chrome/135.0.0.0 Safari/537.36"
104.28.222.47 - - [09/Sep/2026:14:47:54 +0200] "GET /.git/config HTTP/1.1" 508 288 "https://www.google.com/search?q=www.10bukmekers.com.livebookmakers.net" "Mozilla/5.0 (Macintosh; Intel Mac OS X 10_15_7) AppleWebKit/537.36 (KHTML, like Gecko) Chrome/135.0.0.0 Safari/537.36"
104.28.254.47 - - [09/Sep/2026:14:47:45 +0200] "HEAD /.git/HEAD HTTP/1.1" 503 - "-" "Mozilla/5.0 (Windows NT 10.0; Win64; x64) AppleWebKit/537.36 (KHTML, like Gecko) Chrome/135.0.0.0 Safari/537.36"
104.28.222.46 - - [09/Sep/2026:14:47:45 +0200] "HEAD /wp-config.php.bak HTTP/1.1" 503 - "-" "Mozilla/5.0 (Macintosh; Intel Mac OS X 10_15_7) AppleWebKit/537.36 (KHTML, like Gecko) Chrome/135.0.0.0 Safari/537.36"
104.28.254.47 - - [09/Sep/2026:14:47:47 +0200] "HEAD /.env.backup HTTP/1.1" 503 - "https://www.google.com/search?q=www.10bukmekers.com.livebookmakers.net" "Mozilla/5.0 (Macintosh; Intel Mac OS X 14_5) AppleWebKit/605.1.15 (KHTML, like Gecko) Version/18.4 Safari/605.1.15"
104.28.222.47 - - [09/Sep/2026:14:47:45 +0200] "HEAD /.env HTTP/1.1" 503 - "-" "Mozilla/5.0 (Macintosh; Intel Mac OS X 10_15_7) AppleWebKit/537.36 (KHTML, like Gecko) Chrome/135.0.0.0 Safari/537.36"
104.28.254.47 - - [09/Sep/2026:14:47:57 +0200] "GET /.continue/config.json HTTP/1.1" 508 288 "-" "Mozilla/5.0 (Windows NT 10.0; Win64; x64; rv:137.0) Gecko/20100101 Firefox/137.0"
104.28.254.46 - - [09/Sep/2026:14:47:45 +0200] "HEAD /.env.local HTTP/1.1" 503 - "-" "Mozilla/5.0 (Windows NT 10.0; Win64; x64; rv:137.0) Gecko/20100101 Firefox/137.0"
104.28.222.46 - - [09/Sep/2026:14:47:45 +0200] "HEAD /secrets.json HTTP/1.1" 503 - "-" "Mozilla/5.0 (Windows NT 10.0; Win64; x64; rv:137.0) Gecko/20100101 Firefox/137.0"
104.28.222.47 - - [09/Sep/2026:14:47:52 +0200] "GET /.env.save HTTP/1.1" 503 468 "https://www.google.com/search?q=www.10bukmekers.com" "Mozilla/5.0 (Macintosh; Intel Mac OS X 10_15_7) AppleWebKit/537.36 (KHTML, like Gecko) Chrome/135.0.0.0 Safari/537.36"
104.28.222.46 - - [09/Sep/2026:14:47:50 +0200] "GET /.git/config HTTP/1.1" 503 468 "https://www.google.com/search?q=www.10bukmekers.com.livebookmakers.net" "Mozilla/5.0 AppleWebKit/537.36 (KHTML, like Gecko; compatible; ChatGPT-User/1.0; +https://openai.com/bot)"
104.28.254.47 - - [09/Sep/2026:14:47:48 +0200] "HEAD /.env.sample HTTP/1.1" 503 - "-" "Mozilla/5.0 (Windows NT 10.0; Win64; x64) AppleWebKit/537.36 (KHTML, like Gecko) Chrome/135.0.0.0 Safari/537.36"
104.28.254.47 - - [09/Sep/2026:14:47:50 +0200] "HEAD /.vscode/settings.json HTTP/1.1" 503 - "https://www.google.com/search?q=www.10bukmekers.com.livebookmakers.net" "Mozilla/5.0 AppleWebKit/537.36 (KHTML, like Gecko; compatible; ChatGPT-User/1.0; +https://openai.com/bot)"
104.28.222.47 - - [09/Sep/2026:14:47:49 +0200] "GET /config.yml HTTP/1.1" 503 468 "https://www.google.com/search?q=www.10bukmekers.com.livebookmakers.net" "Mozilla/5.0 (Macintosh; Intel Mac OS X 14_5) AppleWebKit/605.1.15 (KHTML, like Gecko) Version/18.4 Safari/605.1.15"
104.28.254.47 - - [09/Sep/2026:14:48:01 +0200] "GET /config.yml HTTP/1.1" 508 288 "https://www.google.com/search?q=www.10bukmekers.com.livebookmakers.net" "Mozilla/5.0 (Windows NT 10.0; Win64; x64; rv:137.0) Gecko/20100101 Firefox/137.0"
104.28.222.47 - - [09/Sep/2026:14:48:02 +0200] "GET /.vscode/settings.json HTTP/1.1" 508 288 "-" "Mozilla/5.0 AppleWebKit/537.36 (KHTML, like Gecko; compatible; ChatGPT-User/1.0; +https://openai.com/bot)"
104.28.222.46 - - [09/Sep/2026:14:47:54 +0200] "GET /bootstrap/cache/config.php HTTP/1.1" 503 - "https://www.google.com/search?q=www.10bukmekers.com" "Mozilla/5.0 (Windows NT 10.0; Win64; x64; rv:137.0) Gecko/20100101 Firefox/137.0"
104.28.222.47 - - [09/Sep/2026:14:47:53 +0200] "GET /.env.development.local HTTP/1.1" 503 468 "https://www.google.com/search?q=www.10bukmekers.com" "Mozilla/5.0 (Linux; Android 14; Pixel 8) AppleWebKit/537.36 (KHTML, like Gecko) Chrome/135.0.6422.113 Mobile Safari/537.36"
104.28.222.47 - - [09/Sep/2026:14:47:51 +0200] "GET /.continue/config.json HTTP/1.1" 503 468 "https://www.google.com/search?q=www.10bukmekers.com.livebookmakers.net" "Mozilla/5.0 (Windows NT 10.0; Win64; x64; rv:137.0) Gecko/20100101 Firefox/137.0"
104.28.222.47 - - [09/Sep/2026:14:47:53 +0200] "HEAD /.netrc HTTP/1.1" 503 - "-" "Mozilla/5.0 (Macintosh; Intel Mac OS X 14_5) AppleWebKit/605.1.15 (KHTML, like Gecko) Version/18.4 Safari/605.1.15"
104.28.222.46 - - [09/Sep/2026:14:47:51 +0200] "HEAD /.env.test HTTP/1.1" 503 - "https://www.google.com/search?q=www.10bukmekers.com" "Mozilla/5.0 AppleWebKit/537.36 (KHTML, like Gecko; compatible; ChatGPT-User/1.0; +https://openai.com/bot)"
104.28.254.46 - - [09/Sep/2026:14:48:05 +0200] "GET /.netrc HTTP/1.1" 508 288 "-" "Mozilla/5.0 AppleWebKit/537.36 (KHTML, like Gecko; compatible; ChatGPT-User/1.0; +https://openai.com/bot)"
104.28.254.46 - - [09/Sep/2026:14:47:56 +0200] "GET /.vscode/settings.json HTTP/1.1" 503 468 "https://www.google.com/search?q=www.10bukmekers.com.livebookmakers.net" "Mozilla/5.0 (compatible; Googlebot/2.1; +http://www.google.com/bot.html)"
104.28.222.46 - - [09/Sep/2026:14:47:55 +0200] "GET /config.yml HTTP/1.1" 503 468 "-" "Mozilla/5.0 (compatible; Googlebot/2.1; +http://www.google.com/bot.html)"
104.28.222.47 - - [09/Sep/2026:14:47:59 +0200] "GET /.env.development.local HTTP/1.1" 503 468 "https://www.google.com/search?q=www.10bukmekers.com" "Mozilla/5.0 AppleWebKit/537.36 (KHTML, like Gecko; compatible; ChatGPT-User/1.0; +https://openai.com/bot)"
104.28.254.47 - - [09/Sep/2026:14:47:54 +0200] "GET /.env.sample HTTP/1.1" 503 468 "-" "Mozilla/5.0 AppleWebKit/537.36 (KHTML, like Gecko; compatible; ChatGPT-User/1.0; +https://openai.com/bot)"
104.28.222.46 - - [09/Sep/2026:14:47:55 +0200] "GET /config.yml HTTP/1.1" 503 468 "https://www.google.com/search?q=www.10bukmekers.com.livebookmakers.net" "Mozilla/5.0 (compatible; Googlebot/2.1; +http://www.google.com/bot.html)"
104.28.254.47 - - [09/Sep/2026:14:47:58 +0200] "GET /.env.save HTTP/1.1" 503 468 "-" "Mozilla/5.0 (Macintosh; Intel Mac OS X 14_5) AppleWebKit/605.1.15 (KHTML, like Gecko) Version/18.4 Safari/605.1.15"
104.28.222.47 - - [09/Sep/2026:14:48:01 +0200] "GET /.env.sample HTTP/1.1" 503 468 "-" "Mozilla/5.0 (Macintosh; Intel Mac OS X 10_15_7) AppleWebKit/537.36 (KHTML, like Gecko) Chrome/135.0.0.0 Safari/537.36"
104.28.222.47 - - [09/Sep/2026:14:48:00 +0200] "GET /bootstrap/cache/config.php HTTP/1.1" 503 - "-" "Mozilla/5.0 (Windows NT 10.0; Win64; x64) AppleWebKit/537.36 (KHTML, like Gecko) Chrome/135.0.0.0 Safari/537.36"
104.28.254.47 - - [09/Sep/2026:14:47:58 +0200] "GET /.env.test HTTP/1.1" 503 468 "https://www.google.com/search?q=www.10bukmekers.com" "Mozilla/5.0 (Windows NT 10.0; Win64; x64; rv:137.0) Gecko/20100101 Firefox/137.0"
104.28.222.47 - - [09/Sep/2026:14:47:58 +0200] "GET /.netrc HTTP/1.1" 503 468 "-" "Mozilla/5.0 (compatible; Googlebot/2.1; +http://www.google.com/bot.html)"
104.28.254.47 - - [09/Sep/2026:14:48:01 +0200] "GET /config.yml HTTP/1.1" 503 468 "-" "Mozilla/5.0 (compatible; Googlebot/2.1; +http://www.google.com/bot.html)"
104.28.254.47 - - [09/Sep/2026:14:48:05 +0200] "GET /.env.development.local HTTP/1.1" 503 468 "https://www.google.com/search?q=www.10bukmekers.com" "Mozilla/5.0 (Windows NT 10.0; Win64; x64; rv:137.0) Gecko/20100101 Firefox/137.0"
104.28.254.46 - - [09/Sep/2026:14:48:06 +0200] "GET /bootstrap/cache/config.php HTTP/1.1" 503 - "-" "Mozilla/5.0 (Windows NT 10.0; Win64; x64; rv:137.0) Gecko/20100101 Firefox/137.0"
104.28.222.47 - - [09/Sep/2026:14:48:04 +0200] "GET /.env.test HTTP/1.1" 503 468 "https://www.google.com/search?q=www.10bukmekers.com" "Mozilla/5.0 (Windows NT 10.0; Win64; x64) AppleWebKit/537.36 (KHTML, like Gecko) Chrome/135.0.0.0 Safari/537.36"
94.55.234.9 - - [09/Sep/2026:14:48:16 +0200] "GET / HTTP/1.1" 302 - "https://www.google.com/" "Mozilla/5.0 (Linux; Android 10; K) AppleWebKit/537.36 (KHTML, like Gecko) Chrome/118.0.0.0 Mobile Safari/537.36"
104.28.222.47 - - [09/Sep/2026:14:48:04 +0200] "GET /.env.save HTTP/1.1" 503 468 "https://www.google.com/search?q=www.10bukmekers.com" "Mozilla/5.0 (Macintosh; Intel Mac OS X 10_15_7) AppleWebKit/537.36 (KHTML, like Gecko) Chrome/135.0.0.0 Safari/537.36"
104.28.222.47 - - [09/Sep/2026:14:48:09 +0200] "GET /.env.test HTTP/1.1" 503 468 "-" "Mozilla/5.0 (Macintosh; Intel Mac OS X 10_15_7) AppleWebKit/537.36 (KHTML, like Gecko) Chrome/135.0.0.0 Safari/537.36"
104.28.254.46 - - [09/Sep/2026:14:48:07 +0200] "GET /.env.sample HTTP/1.1" 503 468 "-" "Mozilla/5.0 (Windows NT 10.0; Win64; x64; rv:137.0) Gecko/20100101 Firefox/137.0"
185.43.220.19 - - [09/Sep/2026:14:51:01 +0200] "POST /wp-cron.php?doing_wp_cron=1788958261.1300320625305175781250 HTTP/1.1" 200 - "-" "WordPress/7.1; https://10bukmekers.com"
45.92.87.45 - - [09/Sep/2026:14:50:59 +0200] "GET /2015/ HTTP/1.1" 302 - "-" "Mozilla/5.0 (Windows NT 10.0; Win64; x64) AppleWebKit/537.36 (KHTML, like Gecko) Chrome/151.0.0.0 Safari/537.36"
51.81.111.72 - - [09/Sep/2026:14:50:59 +0200] "GET /sonorousness/p1l1e4i7o7p5h1y9l9l5o9us HTTP/1.1" 200 20728 "-" "Mozilla/5.0 (compatible; AhrefsBot/7.0; +http://ahrefs.com/robot/)"
51.81.105.16 - - [09/Sep/2026:14:53:47 +0200] "GET /shops/epsom/s1u7c0c4u0l0a0144 HTTP/1.1" 200 20728 "-" "Mozilla/5.0 (compatible; AhrefsBot/7.0; +http://ahrefs.com/robot/)"
185.43.220.19 - - [09/Sep/2026:14:55:59 +0200] "POST /wp-cron.php?doing_wp_cron=1788958559.4280209541320800781250 HTTP/1.1" 200 - "-" "WordPress/7.1; https://10bukmekers.com"
220.181.108.93 - - [09/Sep/2026:14:55:56 +0200] "GET /2016/07/10/kruzeyru-belu-orizonti-atletiko-para/ HTTP/1.1" 200 20728 "-" "Mozilla/5.0 (compatible; Baiduspider/2.0; +http://www.baidu.com/search/spider.html)"
185.43.220.19 - - [09/Sep/2026:14:56:23 +0200] "POST /wp-cron.php?doing_wp_cron=1788958582.6347088813781738281250 HTTP/1.1" 200 - "-" "WordPress/7.1; https://10bukmekers.com"
51.81.104.40 - - [09/Sep/2026:14:56:17 +0200] "GET /sickish/d1w1a1l0e339149 HTTP/1.1" 200 20728 "-" "Mozilla/5.0 (compatible; AhrefsBot/7.0; +http://ahrefs.com/robot/)"
51.81.110.22 - - [09/Sep/2026:14:58:38 +0200] "GET /shops/maill/s1e2s8a9m2o8i2d1189 HTTP/1.1" 503 21196 "-" "Mozilla/5.0 (compatible; AhrefsBot/7.0; +http://ahrefs.com/robot/)"
23.23.103.31 - - [09/Sep/2026:14:58:52 +0200] "GET /?page_id=2 HTTP/1.1" 503 468 "-" "Mozilla/5.0 AppleWebKit/537.36 (KHTML, like Gecko; compatible; Amazonbot/0.1; +https://developer.amazon.com/support/amazonbot) Chrome/119.0.6045.214 Safari/537.36"
79.127.141.99 - - [09/Sep/2026:14:59:47 +0200] "GET / HTTP/1.1" 302 - "https://www.google.com/" "Mozilla/5.0 (iPhone; CPU iPhone OS 18_7 like Mac OS X) AppleWebKit/605.1.15 (KHTML, like Gecko) Version/26.6.1 Mobile/15E148 Safari/604.1"
51.81.104.33 - - [09/Sep/2026:14:59:47 +0200] "GET /shops/methanometer/e1x3a3u0c5t7o2r3a9t9e HTTP/1.1" 503 468 "-" "Mozilla/5.0 (compatible; AhrefsBot/7.0; +http://ahrefs.com/robot/)"
51.81.110.25 - - [09/Sep/2026:15:00:23 +0200] "GET /shops/cyatholith/s1e1n4t3i4n3e6l0l9e9d5 HTTP/1.1" 503 468 "-" "Mozilla/5.0 (compatible; AhrefsBot/7.0; +http://ahrefs.com/robot/)"
51.81.103.248 - - [09/Sep/2026:15:00:58 +0200] "GET /shops/jakwood/o1u3t1f5a5c2e28531 HTTP/1.1" 503 468 "-" "Mozilla/5.0 (compatible; AhrefsBot/7.0; +http://ahrefs.com/robot/)"
51.81.111.75 - - [09/Sep/2026:15:01:33 +0200] "GET /shops/flamethrower/d1e4f2l7e3c1t2i0o8n29 HTTP/1.1" 503 468 "-" "Mozilla/5.0 (compatible; AhrefsBot/7.0; +http://ahrefs.com/robot/)"
51.81.111.138 - - [09/Sep/2026:15:03:08 +0200] "GET /shops/disquieted/m1y2s1t5e5r1i7e7s406 HTTP/1.1" 200 20728 "-" "Mozilla/5.0 (compatible; AhrefsBot/7.0; +http://ahrefs.com/robot/)"
51.81.111.131 - - [09/Sep/2026:15:04:18 +0200] "GET /shops/bellerophon/g1o3n9a3k2i0e43266 HTTP/1.1" 200 20728 "-" "Mozilla/5.0 (compatible; AhrefsBot/7.0; +http://ahrefs.com/robot/)"
185.43.220.19 - - [09/Sep/2026:15:05:41 +0200] "POST /wp-cron.php?doing_wp_cron=1788959141.4335699081420898437500 HTTP/1.1" 200 - "-" "WordPress/7.1; https://10bukmekers.com"
51.81.103.244 - - [09/Sep/2026:15:05:29 +0200] "GET /quaich/b1l1o8s7s5o6m5e8d9 HTTP/1.1" 200 20728 "-" "Mozilla/5.0 (compatible; AhrefsBot/7.0; +http://ahrefs.com/robot/)"
185.43.220.19 - - [09/Sep/2026:15:06:44 +0200] "POST /wp-cron.php?doing_wp_cron=1788959203.9244329929351806640625 HTTP/1.1" 200 - "-" "WordPress/7.1; https://10bukmekers.com"
51.81.110.49 - - [09/Sep/2026:15:06:40 +0200] "GET /shops/fouter/l1a3d6l7e6f1u3l3822 HTTP/1.1" 200 20728 "-" "Mozilla/5.0 (compatible; AhrefsBot/7.0; +http://ahrefs.com/robot/)"
51.81.110.83 - - [09/Sep/2026:15:07:50 +0200] "GET /shops/almsman/p1h1a7l8l7u0s11589 HTTP/1.1" 200 20728 "-" "Mozilla/5.0 (compatible; AhrefsBot/7.0; +http://ahrefs.com/robot/)"
185.43.220.19 - - [09/Sep/2026:15:09:03 +0200] "POST /wp-cron.php?doing_wp_cron=1788959343.6403720378875732421875 HTTP/1.1" 200 - "-" "WordPress/7.1; https://10bukmekers.com"
51.81.103.245 - - [09/Sep/2026:15:09:01 +0200] "GET /shops/inlet/c1l6i0n9o2d1i2a4g3o8nal HTTP/1.1" 200 20728 "-" "Mozilla/5.0 (compatible; AhrefsBot/7.0; +http://ahrefs.com/robot/)"
185.43.220.19 - - [09/Sep/2026:15:10:14 +0200] "POST /wp-cron.php?doing_wp_cron=1788959414.0525100231170654296875 HTTP/1.1" 200 - "-" "WordPress/7.1; https://10bukmekers.com"
51.81.110.87 - - [09/Sep/2026:15:10:11 +0200] "GET /shops/ironmonger/t1o1u1r9n6e8y0232 HTTP/1.1" 200 20728 "-" "Mozilla/5.0 (compatible; AhrefsBot/7.0; +http://ahrefs.com/robot/)"
185.43.220.19 - - [09/Sep/2026:15:11:24 +0200] "POST /wp-cron.php?doing_wp_cron=1788959484.0395720005035400390625 HTTP/1.1" 200 - "-" "WordPress/7.1; https://10bukmekers.com"
51.81.103.240 - - [09/Sep/2026:15:11:21 +0200] "GET /sepulcher/t1e9a2r1l8e3s7s154 HTTP/1.1" 200 20728 "-" "Mozilla/5.0 (compatible; AhrefsBot/7.0; +http://ahrefs.com/robot/)"
