| Server IP : 172.67.193.39 / Your IP : 216.73.216.217 Web Server : Apache System : Linux sr32.hostlife.net 6.12.0-124.52.3.el10_1.x86_64 #1 SMP PREEMPT_DYNAMIC Sat May 2 09:06:54 EDT 2026 x86_64 User : golfb689 ( 1071) PHP Version : 7.4.33 Disable Function : NONE MySQL : OFF | cURL : ON | WGET : ON | Perl : ON | Python : OFF | Sudo : OFF | Pkexec : OFF Directory : /home/golfb689/access-logs/ |
Upload File : |
66.249.68.194 - - [08/Sep/2026:14:13:06 +0200] "GET /?r=fwe0n32b30ustgb HTTP/1.1" 404 75096 "-" "Mozilla/5.0 (Linux; Android 6.0.1; Nexus 5X Build/MMB29P) AppleWebKit/537.36 (KHTML, like Gecko) Chrome/151.0.7922.173 Mobile Safari/537.36 (compatible; GoogleOther)"
185.43.220.19 - - [08/Sep/2026:14:13:29 +0200] "POST /wp-cron.php?doing_wp_cron=1788869609.8731698989868164062500 HTTP/1.1" 200 - "-" "WordPress/7.1; http://bookmakery.ru"
66.249.68.194 - - [08/Sep/2026:14:13:26 +0200] "GET /?r=fo1sy2pbeitf2ra HTTP/1.1" 404 75096 "-" "Mozilla/5.0 (Linux; Android 6.0.1; Nexus 5X Build/MMB29P) AppleWebKit/537.36 (KHTML, like Gecko) Chrome/151.0.7922.173 Mobile Safari/537.36 (compatible; GoogleOther)"
185.43.220.19 - - [08/Sep/2026:14:20:21 +0200] "POST /wp-cron.php?doing_wp_cron=1788870020.5584840774536132812500 HTTP/1.1" 200 - "-" "WordPress/7.1; http://bookmakery.ru"
66.249.68.194 - - [08/Sep/2026:14:20:18 +0200] "GET /?r=fqit3v6bj6mwfw3 HTTP/1.1" 404 75096 "-" "Mozilla/5.0 (Linux; Android 6.0.1; Nexus 5X Build/MMB29P) AppleWebKit/537.36 (KHTML, like Gecko) Chrome/151.0.7922.173 Mobile Safari/537.36 (compatible; GoogleOther)"
185.43.220.19 - - [08/Sep/2026:14:37:23 +0200] "POST /wp-cron.php?doing_wp_cron=1788871043.4733810424804687500000 HTTP/1.1" 200 - "-" "WordPress/7.1; http://bookmakery.ru"
66.249.68.194 - - [08/Sep/2026:14:37:21 +0200] "GET /?r=fx6mrjub70akvkr HTTP/1.1" 404 75096 "-" "Mozilla/5.0 (Linux; Android 6.0.1; Nexus 5X Build/MMB29P) AppleWebKit/537.36 (KHTML, like Gecko) Chrome/151.0.7922.173 Mobile Safari/537.36 (compatible; GoogleOther)"
185.43.220.19 - - [08/Sep/2026:14:42:38 +0200] "POST /wp-cron.php?doing_wp_cron=1788871358.0854709148406982421875 HTTP/1.1" 200 - "-" "WordPress/7.1; http://bookmakery.ru"
66.249.68.193 - - [08/Sep/2026:14:42:36 +0200] "GET /?r=f1ir3v6bjcmwnw3 HTTP/1.1" 404 75096 "-" "Mozilla/5.0 (Linux; Android 6.0.1; Nexus 5X Build/MMB29P) AppleWebKit/537.36 (KHTML, like Gecko) Chrome/151.0.7922.173 Mobile Safari/537.36 (compatible; GoogleOther)"
168.81.74.73 - - [08/Sep/2026:14:43:20 +0200] "GET /bukmekerskaya-kontora-gg-bet/ HTTP/1.0" 503 468 "http://bookmakery.ru/bukmekerskaya-kontora-gg-bet/#comment-8269/" "Mozilla/5.0 (Windows NT 10.0; Win64; x64) AppleWebKit/537.36 (KHTML, like Gecko) Chrome/130.0.0.0 Safari/537.36 CCleaner/130.0.0.0"
213.139.222.103 - - [08/Sep/2026:14:43:27 +0200] "GET /bukmekerskaya-kontora-gg-bet/ HTTP/1.0" 503 468 "http://bookmakery.ru/bukmekerskaya-kontora-gg-bet/#comment-8269/" "Mozilla/5.0 (Windows NT 10.0; Win64; x64) AppleWebKit/537.36 (KHTML, like Gecko) Chrome/130.0.0.0 Safari/537.36 CCleaner/130.0.0.0"
176.124.47.253 - - [08/Sep/2026:14:43:35 +0200] "GET /bukmekerskaya-kontora-gg-bet/ HTTP/1.0" 503 468 "http://bookmakery.ru/bukmekerskaya-kontora-gg-bet/#comment-8269/" "Mozilla/5.0 (Windows NT 10.0; Win64; x64) AppleWebKit/537.36 (KHTML, like Gecko) Chrome/130.0.0.0 Safari/537.36 CCleaner/130.0.0.0"
213.139.221.67 - - [08/Sep/2026:14:43:41 +0200] "GET /bukmekerskaya-kontora-gg-bet/ HTTP/1.0" 503 468 "http://bookmakery.ru/bukmekerskaya-kontora-gg-bet/#comment-8269/" "Mozilla/5.0 (Windows NT 10.0; Win64; x64) AppleWebKit/537.36 (KHTML, like Gecko) Chrome/130.0.0.0 Safari/537.36 CCleaner/130.0.0.0"
213.139.221.67 - - [08/Sep/2026:14:43:50 +0200] "GET / HTTP/1.0" 503 - "http://bookmakery.ru/" "Mozilla/5.0 (Windows NT 10.0; Win64; x64) AppleWebKit/537.36 (KHTML, like Gecko) Chrome/130.0.0.0 Safari/537.36 CCleaner/130.0.0.0"
195.2.84.198 - - [08/Sep/2026:14:45:05 +0200] "GET /author/admin/ HTTP/1.0" 503 468 "http://bookmakery.ru/author/admin/" "Mozilla/5.0 (Windows NT 10.0; Win64; x64) AppleWebKit/537.36 (KHTML, like Gecko) Chrome/130.0.0.0 Safari/537.36 CCleaner/130.0.0.0"
66.249.68.195 - - [08/Sep/2026:14:49:42 +0200] "GET /?r=fnfm0s3bg4jtot0 HTTP/1.1" 503 - "-" "Mozilla/5.0 (Linux; Android 6.0.1; Nexus 5X Build/MMB29P) AppleWebKit/537.36 (KHTML, like Gecko) Chrome/151.0.7922.173 Mobile Safari/537.36 (compatible; GoogleOther)"
43.134.78.217 - - [08/Sep/2026:14:56:00 +0200] "GET / HTTP/1.1" 503 - "-" "Mozilla/5.0 (iPhone; CPU iPhone OS 13_2_3 like Mac OS X) AppleWebKit/605.1.15 (KHTML, like Gecko) Version/13.0.3 Mobile/15E148 Safari/604.1"
66.249.68.193 - - [08/Sep/2026:14:57:24 +0200] "GET /?r=f5epn32b35uswgb HTTP/1.1" 503 - "-" "Mozilla/5.0 (Linux; Android 6.0.1; Nexus 5X Build/MMB29P) AppleWebKit/537.36 (KHTML, like Gecko) Chrome/151.0.7922.173 Mobile Safari/537.36 (compatible; GoogleOther)"
66.249.68.193 - - [08/Sep/2026:15:00:15 +0200] "GET /?r=fy5ieutbuelja72 HTTP/1.1" 503 - "-" "Mozilla/5.0 (Linux; Android 6.0.1; Nexus 5X Build/MMB29P) AppleWebKit/537.36 (KHTML, like Gecko) Chrome/151.0.7922.173 Mobile Safari/537.36 (compatible; GoogleOther)"
212.83.174.154 - - [08/Sep/2026:15:00:33 +0200] "HEAD / HTTP/1.1" 503 - "-" "Mozilla/5.0 (compatible; PingAdmin.Ru/1.1; +http://pingadmin.ru/)"
80.211.246.39 - - [08/Sep/2026:15:00:39 +0200] "HEAD / HTTP/1.1" 503 - "-" "Mozilla/5.0 (compatible; PingAdmin.Ru/1.11; +http://pingadmin.ru/)"
66.249.68.194 - - [08/Sep/2026:15:01:42 +0200] "GET /?r=fqbqk0zb0lrpnd8 HTTP/1.1" 503 - "-" "Mozilla/5.0 (Linux; Android 6.0.1; Nexus 5X Build/MMB29P) AppleWebKit/537.36 (KHTML, like Gecko) Chrome/151.0.7922.173 Mobile Safari/537.36 (compatible; GoogleOther)"
185.43.220.19 - - [08/Sep/2026:15:07:10 +0200] "POST /wp-cron.php?doing_wp_cron=1788872829.5808689594268798828125 HTTP/1.1" 200 - "-" "WordPress/7.1; http://bookmakery.ru"
66.249.68.195 - - [08/Sep/2026:15:07:05 +0200] "GET /?r=fr11y2pbeftf5ra HTTP/1.1" 404 75096 "-" "Mozilla/5.0 (Linux; Android 6.0.1; Nexus 5X Build/MMB29P) AppleWebKit/537.36 (KHTML, like Gecko) Chrome/151.0.7922.173 Mobile Safari/537.36 (compatible; GoogleOther)"
185.43.220.19 - - [08/Sep/2026:15:09:08 +0200] "POST /wp-cron.php?doing_wp_cron=1788872948.3907110691070556640625 HTTP/1.1" 200 - "-" "WordPress/7.1; http://bookmakery.ru"
66.249.68.194 - - [08/Sep/2026:15:09:06 +0200] "GET /?r=fiuvf7ibviy8v8f HTTP/1.1" 404 75096 "-" "Mozilla/5.0 (Linux; Android 6.0.1; Nexus 5X Build/MMB29P) AppleWebKit/537.36 (KHTML, like Gecko) Chrome/151.0.7922.173 Mobile Safari/537.36 (compatible; GoogleOther)"
35.184.139.33 - - [08/Sep/2026:15:09:21 +0200] "GET /.git/config HTTP/1.1" 301 - "-" "Mozilla/5.0 (Windows NT 10.0; Win64; x64) AppleWebKit/537.36 (KHTML, like Gecko) Chrome/128.0.0.0 Safari/537.36"
66.249.68.193 - - [08/Sep/2026:15:10:10 +0200] "GET /?r=fxxtialby11bvbi HTTP/1.1" 404 75096 "-" "Mozilla/5.0 (Linux; Android 6.0.1; Nexus 5X Build/MMB29P) AppleWebKit/537.36 (KHTML, like Gecko) Chrome/151.0.7922.173 Mobile Safari/537.36 (compatible; GoogleOther)"
114.119.135.196 - - [08/Sep/2026:15:13:07 +0200] "GET /robots.txt HTTP/1.1" 200 93 "http://bookmakery.ru/robots.txt" "Mozilla/5.0 (compatible;PetalBot;+https://webmaster.petalsearch.com/site/petalbot)"
185.43.220.19 - - [08/Sep/2026:15:14:18 +0200] "POST /wp-cron.php?doing_wp_cron=1788873258.1566820144653320312500 HTTP/1.1" 200 - "-" "WordPress/7.1; http://bookmakery.ru"
66.249.68.193 - - [08/Sep/2026:15:14:15 +0200] "GET /?r=fq9xumxba6dnunu HTTP/1.1" 404 75096 "-" "Mozilla/5.0 (Linux; Android 6.0.1; Nexus 5X Build/MMB29P) AppleWebKit/537.36 (KHTML, like Gecko) Chrome/151.0.7922.173 Mobile Safari/537.36 (compatible; GoogleOther)"
66.249.68.193 - - [08/Sep/2026:15:16:59 +0200] "GET /?r=f120brqbrrigm4z HTTP/1.1" 503 - "-" "Mozilla/5.0 (Linux; Android 6.0.1; Nexus 5X Build/MMB29P) AppleWebKit/537.36 (KHTML, like Gecko) Chrome/151.0.7922.173 Mobile Safari/537.36 (compatible; GoogleOther)"
66.249.68.194 - - [08/Sep/2026:15:19:43 +0200] "GET /?r=f7ezn32b3mus1gb HTTP/1.1" 404 75096 "-" "Mozilla/5.0 (Linux; Android 6.0.1; Nexus 5X Build/MMB29P) AppleWebKit/537.36 (KHTML, like Gecko) Chrome/151.0.7922.173 Mobile Safari/537.36 (compatible; GoogleOther)"
185.43.220.19 - - [08/Sep/2026:15:22:27 +0200] "POST /wp-cron.php?doing_wp_cron=1788873747.7858779430389404296875 HTTP/1.1" 200 - "-" "WordPress/7.1; http://bookmakery.ru"
66.249.68.193 - - [08/Sep/2026:15:22:26 +0200] "GET /?r=f9i23v6bjgmwjw3 HTTP/1.1" 404 75096 "-" "Mozilla/5.0 (Linux; Android 6.0.1; Nexus 5X Build/MMB29P) AppleWebKit/537.36 (KHTML, like Gecko) Chrome/151.0.7922.173 Mobile Safari/537.36 (compatible; GoogleOther)"
185.43.220.19 - - [08/Sep/2026:15:25:17 +0200] "POST /wp-cron.php?doing_wp_cron=1788873916.8916399478912353515625 HTTP/1.1" 200 - "-" "WordPress/7.1; http://bookmakery.ru"
66.249.68.195 - - [08/Sep/2026:15:25:13 +0200] "GET /?r=fihnq65b6nxvrje HTTP/1.1" 404 75096 "-" "Mozilla/5.0 (Linux; Android 6.0.1; Nexus 5X Build/MMB29P) AppleWebKit/537.36 (KHTML, like Gecko) Chrome/151.0.7922.173 Mobile Safari/537.36 (compatible; GoogleOther)"
185.43.220.19 - - [08/Sep/2026:15:27:29 +0200] "POST /wp-cron.php?doing_wp_cron=1788874049.6792318820953369140625 HTTP/1.1" 200 - "-" "WordPress/7.1; http://bookmakery.ru"
66.249.68.193 - - [08/Sep/2026:15:27:28 +0200] "GET /?r=fw6jrjub7gakxkr HTTP/1.1" 404 75096 "-" "Mozilla/5.0 (Linux; Android 6.0.1; Nexus 5X Build/MMB29P) AppleWebKit/537.36 (KHTML, like Gecko) Chrome/151.0.7922.173 Mobile Safari/537.36 (compatible; GoogleOther)"
66.249.68.193 - - [08/Sep/2026:15:27:42 +0200] "GET /?r=f36prjub72akpkr HTTP/1.1" 404 75096 "-" "Mozilla/5.0 (Linux; Android 6.0.1; Nexus 5X Build/MMB29P) AppleWebKit/537.36 (KHTML, like Gecko) Chrome/151.0.7922.173 Mobile Safari/537.36 (compatible; GoogleOther)"
185.43.220.19 - - [08/Sep/2026:15:27:54 +0200] "POST /wp-cron.php?doing_wp_cron=1788874074.5734269618988037109375 HTTP/1.1" 200 - "-" "WordPress/7.1; http://bookmakery.ru"
66.249.68.193 - - [08/Sep/2026:15:27:53 +0200] "GET /?r=feit3v6bjamwfw3 HTTP/1.1" 404 75096 "-" "Mozilla/5.0 (Linux; Android 6.0.1; Nexus 5X Build/MMB29P) AppleWebKit/537.36 (KHTML, like Gecko) Chrome/151.0.7922.173 Mobile Safari/537.36 (compatible; GoogleOther)"
66.249.68.194 - - [08/Sep/2026:15:28:03 +0200] "GET /?r=fhrpc4fbssv5c5c HTTP/1.1" 404 74978 "-" "Mozilla/5.0 (Linux; Android 6.0.1; Nexus 5X Build/MMB29P) AppleWebKit/537.36 (KHTML, like Gecko) Chrome/151.0.7922.173 Mobile Safari/537.36 (compatible; GoogleOther)"
185.43.220.19 - - [08/Sep/2026:15:28:21 +0200] "POST /wp-cron.php?doing_wp_cron=1788874101.8580849170684814453125 HTTP/1.1" 200 - "-" "WordPress/7.1; http://bookmakery.ru"
66.249.68.194 - - [08/Sep/2026:15:28:20 +0200] "GET /?r=fsjtgk7bwdbxf9s HTTP/1.1" 404 75096 "-" "Mozilla/5.0 (Linux; Android 6.0.1; Nexus 5X Build/MMB29P) AppleWebKit/537.36 (KHTML, like Gecko) Chrome/151.0.7922.173 Mobile Safari/537.36 (compatible; GoogleOther)"
185.43.220.19 - - [08/Sep/2026:15:30:39 +0200] "POST /wp-cron.php?doing_wp_cron=1788874239.5730290412902832031250 HTTP/1.1" 200 - "-" "WordPress/7.1; http://bookmakery.ru"
66.249.68.194 - - [08/Sep/2026:15:30:37 +0200] "GET /?r=fbtu2ihbie97kvq HTTP/1.1" 404 75096 "-" "Mozilla/5.0 (Linux; Android 6.0.1; Nexus 5X Build/MMB29P) AppleWebKit/537.36 (KHTML, like Gecko) Chrome/151.0.7922.173 Mobile Safari/537.36 (compatible; GoogleOther)"
185.43.220.19 - - [08/Sep/2026:15:33:25 +0200] "POST /wp-cron.php?doing_wp_cron=1788874404.9893701076507568359375 HTTP/1.1" 200 - "-" "WordPress/7.1; http://bookmakery.ru"
66.249.68.193 - - [08/Sep/2026:15:33:23 +0200] "GET /?r=f9vxswjb81n95l4 HTTP/1.1" 404 75096 "-" "Mozilla/5.0 (Linux; Android 6.0.1; Nexus 5X Build/MMB29P) AppleWebKit/537.36 (KHTML, like Gecko) Chrome/151.0.7922.173 Mobile Safari/537.36 (compatible; GoogleOther)"
185.43.220.19 - - [08/Sep/2026:15:34:31 +0200] "POST /wp-cron.php?doing_wp_cron=1788874471.1883881092071533203125 HTTP/1.1" 200 - "-" "WordPress/7.1; http://bookmakery.ru"
66.249.68.195 - - [08/Sep/2026:15:34:28 +0200] "GET /?r=fvdpae1bq45r63m HTTP/1.1" 404 75096 "-" "Mozilla/5.0 (Linux; Android 6.0.1; Nexus 5X Build/MMB29P) AppleWebKit/537.36 (KHTML, like Gecko) Chrome/151.0.7922.173 Mobile Safari/537.36 (compatible; GoogleOther)"
66.249.68.194 - - [08/Sep/2026:15:34:40 +0200] "GET /?r=fgll6y9bmopzwz6 HTTP/1.1" 404 75096 "-" "Mozilla/5.0 (Linux; Android 6.0.1; Nexus 5X Build/MMB29P) AppleWebKit/537.36 (KHTML, like Gecko) Chrome/151.0.7922.173 Mobile Safari/537.36 (compatible; GoogleOther)"
185.43.220.19 - - [08/Sep/2026:15:34:55 +0200] "POST /wp-cron.php?doing_wp_cron=1788874495.6822628974914550781250 HTTP/1.1" 200 - "-" "WordPress/7.1; http://bookmakery.ru"
66.249.68.193 - - [08/Sep/2026:15:34:52 +0200] "GET /?r=fmxjialbyj1bnbi HTTP/1.1" 404 75096 "-" "Mozilla/5.0 (Linux; Android 6.0.1; Nexus 5X Build/MMB29P) AppleWebKit/537.36 (KHTML, like Gecko) Chrome/151.0.7922.173 Mobile Safari/537.36 (compatible; GoogleOther)"
66.249.68.194 - - [08/Sep/2026:15:35:05 +0200] "GET /?r=foaw7bybnl2oq0j HTTP/1.1" 404 75096 "-" "Mozilla/5.0 (Linux; Android 6.0.1; Nexus 5X Build/MMB29P) AppleWebKit/537.36 (KHTML, like Gecko) Chrome/151.0.7922.173 Mobile Safari/537.36 (compatible; GoogleOther)"
185.43.220.19 - - [08/Sep/2026:15:36:06 +0200] "POST /wp-cron.php?doing_wp_cron=1788874566.9857840538024902343750 HTTP/1.1" 200 - "-" "WordPress/7.1; http://bookmakery.ru"
66.249.68.194 - - [08/Sep/2026:15:36:04 +0200] "GET /?r=fxujf7ibv2y8p8f HTTP/1.1" 404 75096 "-" "Mozilla/5.0 (Linux; Android 6.0.1; Nexus 5X Build/MMB29P) AppleWebKit/537.36 (KHTML, like Gecko) Chrome/151.0.7922.173 Mobile Safari/537.36 (compatible; GoogleOther)"
185.43.220.19 - - [08/Sep/2026:15:38:56 +0200] "POST /wp-cron.php?doing_wp_cron=1788874736.7861950397491455078125 HTTP/1.1" 200 - "-" "WordPress/7.1; http://bookmakery.ru"
66.249.68.193 - - [08/Sep/2026:15:38:51 +0200] "GET /?r=f8cixp0bdegqlqx HTTP/1.1" 404 75096 "-" "Mozilla/5.0 (Linux; Android 6.0.1; Nexus 5X Build/MMB29P) AppleWebKit/537.36 (KHTML, like Gecko) Chrome/151.0.7922.173 Mobile Safari/537.36 (compatible; GoogleOther)"
185.43.220.19 - - [08/Sep/2026:15:41:33 +0200] "POST /wp-cron.php?doing_wp_cron=1788874893.2584218978881835937500 HTTP/1.1" 200 - "-" "WordPress/7.1; http://bookmakery.ru"
66.249.68.194 - - [08/Sep/2026:15:41:31 +0200] "GET /?r=ffnxwcbbcy316pk HTTP/1.1" 404 75096 "-" "Mozilla/5.0 (Linux; Android 6.0.1; Nexus 5X Build/MMB29P) AppleWebKit/537.36 (KHTML, like Gecko) Chrome/151.0.7922.173 Mobile Safari/537.36 (compatible; GoogleOther)"
185.43.220.19 - - [08/Sep/2026:15:42:07 +0200] "POST /wp-cron.php?doing_wp_cron=1788874927.9301149845123291015625 HTTP/1.1" 200 - "-" "WordPress/7.1; http://bookmakery.ru"
147.224.161.222 - - [08/Sep/2026:15:42:05 +0200] "GET / HTTP/1.1" 200 74978 "-" "Mozilla/5.0 (X11; Linux x86_64) AppleWebKit/537.36 (KHTML, like Gecko) Chrome/125.0.0.0 Safari/537.36"
147.224.161.222 - - [08/Sep/2026:15:42:08 +0200] "POST /wp-json/batch/v1 HTTP/1.1" 200 74978 "-" "Mozilla/5.0 (X11; Linux x86_64) AppleWebKit/537.36 (KHTML, like Gecko) Chrome/125.0.0.0 Safari/537.36"
147.224.161.222 - - [08/Sep/2026:15:42:09 +0200] "POST /?rest_route=/batch/v1 HTTP/1.1" 207 1532 "-" "Mozilla/5.0 (Windows NT 10.0; Win64; x64; rv:126.0) Gecko/20100101 Firefox/126.0"
185.43.220.19 - - [08/Sep/2026:15:44:21 +0200] "POST /wp-cron.php?doing_wp_cron=1788875061.3867330551147460937500 HTTP/1.1" 200 - "-" "WordPress/7.1; http://bookmakery.ru"
66.249.68.195 - - [08/Sep/2026:15:44:19 +0200] "GET /?r=ee9pumxqa6xvqje HTTP/1.1" 404 75096 "-" "Mozilla/5.0 (Linux; Android 6.0.1; Nexus 5X Build/MMB29P) AppleWebKit/537.36 (KHTML, like Gecko) Chrome/151.0.7922.173 Mobile Safari/537.36 (compatible; GoogleOther)"
185.43.220.19 - - [08/Sep/2026:15:46:32 +0200] "POST /wp-cron.php?doing_wp_cron=1788875192.6951880455017089843750 HTTP/1.1" 200 - "-" "WordPress/7.1; http://bookmakery.ru"
66.249.68.193 - - [08/Sep/2026:15:46:31 +0200] "GET /?r=f8s0ptgb5ik6pi1 HTTP/1.1" 404 75096 "-" "Mozilla/5.0 (Linux; Android 6.0.1; Nexus 5X Build/MMB29P) AppleWebKit/537.36 (KHTML, like Gecko) Chrome/151.0.7922.173 Mobile Safari/537.36 (compatible; GoogleOther)"
185.43.220.19 - - [08/Sep/2026:15:48:50 +0200] "POST /wp-cron.php?doing_wp_cron=1788875330.3714001178741455078125 HTTP/1.1" 200 - "-" "WordPress/7.1; http://bookmakery.ru"
66.249.68.193 - - [08/Sep/2026:15:48:48 +0200] "GET /?r=f8ix3v6bj4mwxw3 HTTP/1.1" 404 75096 "-" "Mozilla/5.0 (Linux; Android 6.0.1; Nexus 5X Build/MMB29P) AppleWebKit/537.36 (KHTML, like Gecko) Chrome/151.0.7922.173 Mobile Safari/537.36 (compatible; GoogleOther)"
198.11.177.243 - - [08/Sep/2026:15:49:31 +0200] "GET / HTTP/1.1" 301 - "-" "Mozilla/5.0 (iPhone; CPU iPhone OS 13_2_3 like Mac OS X) AppleWebKit/605.1.15 (KHTML, like Gecko) Version/13.0.3 Mobile/15E148 Safari/604.1"
198.11.177.243 - - [08/Sep/2026:15:49:35 +0200] "GET / HTTP/1.1" 200 74978 "http://www.bookmakery.ru" "Mozilla/5.0 (iPhone; CPU iPhone OS 13_2_3 like Mac OS X) AppleWebKit/605.1.15 (KHTML, like Gecko) Version/13.0.3 Mobile/15E148 Safari/604.1"
66.249.68.193 - - [08/Sep/2026:15:51:15 +0200] "GET /?r=fe2mbrqbrfigw4z HTTP/1.1" 404 75096 "-" "Mozilla/5.0 (Linux; Android 6.0.1; Nexus 5X Build/MMB29P) AppleWebKit/537.36 (KHTML, like Gecko) Chrome/151.0.7922.173 Mobile Safari/537.36 (compatible; GoogleOther)"
94.154.35.236 - - [08/Sep/2026:15:52:14 +0200] "HEAD /bitrix.zip HTTP/1.1" 301 - "-" "Mozilla/5.0 (Windows NT 10.0; Win64; x64) AppleWebKit/537.36 (KHTML, like Gecko) Chrome/101.0.4951.67 Safari/537.36"
94.154.35.236 - - [08/Sep/2026:15:52:15 +0200] "HEAD /bitrix.zip/ HTTP/1.1" 200 - "-" "Mozilla/5.0 (Windows NT 10.0; Win64; x64) AppleWebKit/537.36 (KHTML, like Gecko) Chrome/101.0.4951.67 Safari/537.36"
185.43.220.19 - - [08/Sep/2026:15:52:55 +0200] "POST /wp-cron.php?doing_wp_cron=1788875575.2595078945159912109375 HTTP/1.1" 200 - "-" "WordPress/7.1; http://bookmakery.ru"
46.8.212.212 - - [08/Sep/2026:15:52:53 +0200] "GET / HTTP/1.0" 200 74978 "http://bookmakery.ru/" "Mozilla/5.0 (Windows NT 10.0; Win64; x64) AppleWebKit/537.36 (KHTML, like Gecko) Chrome/131.0.0.0 Safari/537.36"
46.8.212.212 - - [08/Sep/2026:15:52:55 +0200] "GET /?page_id=2 HTTP/1.0" 200 76175 "http://bookmakery.ru/?page_id=2" "Mozilla/5.0 (Windows NT 10.0; Win64; x64) AppleWebKit/537.36 (KHTML, like Gecko) Chrome/131.0.0.0 Safari/537.36"
185.43.220.19 - - [08/Sep/2026:15:53:27 +0200] "POST /wp-cron.php?doing_wp_cron=1788875607.2889170646667480468750 HTTP/1.1" 200 - "-" "WordPress/7.1; http://bookmakery.ru"
66.249.68.193 - - [08/Sep/2026:15:53:25 +0200] "GET /?r=fcak7bybni2on0j HTTP/1.1" 404 75096 "-" "Mozilla/5.0 (Linux; Android 6.0.1; Nexus 5X Build/MMB29P) AppleWebKit/537.36 (KHTML, like Gecko) Chrome/151.0.7922.173 Mobile Safari/537.36 (compatible; GoogleOther)"
185.43.220.19 - - [08/Sep/2026:15:55:42 +0200] "POST /wp-cron.php?doing_wp_cron=1788875742.2824039459228515625000 HTTP/1.1" 200 - "-" "WordPress/7.1; http://bookmakery.ru"
66.249.68.193 - - [08/Sep/2026:15:55:41 +0200] "GET /?r=fr3jogrb4o7h4ho HTTP/1.1" 404 75096 "-" "Mozilla/5.0 (Linux; Android 6.0.1; Nexus 5X Build/MMB29P) AppleWebKit/537.36 (KHTML, like Gecko) Chrome/151.0.7922.173 Mobile Safari/537.36 (compatible; GoogleOther)"
66.249.68.194 - - [08/Sep/2026:16:00:18 +0200] "GET /?r=f28khxwbxaomha5 HTTP/1.1" 503 - "-" "Mozilla/5.0 (Linux; Android 6.0.1; Nexus 5X Build/MMB29P) AppleWebKit/537.36 (KHTML, like Gecko) Chrome/151.0.7922.173 Mobile Safari/537.36 (compatible; GoogleOther)"
212.83.174.154 - - [08/Sep/2026:16:00:35 +0200] "HEAD / HTTP/1.1" 503 - "-" "Mozilla/5.0 (compatible; PingAdmin.Ru/1.1; +http://pingadmin.ru/)"
80.211.246.39 - - [08/Sep/2026:16:00:41 +0200] "HEAD / HTTP/1.1" 503 - "-" "Mozilla/5.0 (compatible; PingAdmin.Ru/1.11; +http://pingadmin.ru/)"
185.43.220.19 - - [08/Sep/2026:16:02:58 +0200] "POST /wp-cron.php?doing_wp_cron=1788876178.3982539176940917968750 HTTP/1.1" 200 - "-" "WordPress/7.1; http://bookmakery.ru"
66.249.68.193 - - [08/Sep/2026:16:02:55 +0200] "GET /?r=frww5lkbl9caiyt HTTP/1.1" 404 75096 "-" "Mozilla/5.0 (Linux; Android 6.0.1; Nexus 5X Build/MMB29P) AppleWebKit/537.36 (KHTML, like Gecko) Chrome/151.0.7922.173 Mobile Safari/537.36 (compatible; GoogleOther)"
54.83.56.1 - - [08/Sep/2026:16:03:15 +0200] "GET /wp-comments-post.php HTTP/1.1" 405 - "-" "Mozilla/5.0 AppleWebKit/537.36 (KHTML, like Gecko; compatible; Amazonbot/0.1; +https://developer.amazon.com/support/amazonbot) Chrome/119.0.6045.214 Safari/537.36"
185.43.220.19 - - [08/Sep/2026:16:05:26 +0200] "POST /wp-cron.php?doing_wp_cron=1788876326.3824539184570312500000 HTTP/1.1" 200 - "-" "WordPress/7.1; http://bookmakery.ru"
66.249.68.195 - - [08/Sep/2026:16:05:21 +0200] "GET /?r=fevyswjb8an9gl4 HTTP/1.1" 404 75096 "-" "Mozilla/5.0 (Linux; Android 6.0.1; Nexus 5X Build/MMB29P) AppleWebKit/537.36 (KHTML, like Gecko) Chrome/151.0.7922.173 Mobile Safari/537.36 (compatible; GoogleOther)"
178.20.45.159 - - [08/Sep/2026:16:07:10 +0200] "GET /bukmekerskaya-kontora-gg-bet/ HTTP/1.0" 200 74978 "http://bookmakery.ru/bukmekerskaya-kontora-gg-bet/#comment-31686" "Mozilla/5.0 (Windows NT 10.0; Win64; x64) AppleWebKit/537.36 (KHTML, like Gecko) Chrome/131.0.0.0 Safari/537.36"
185.43.220.19 - - [08/Sep/2026:16:07:16 +0200] "POST /wp-cron.php?doing_wp_cron=1788876436.1721661090850830078125 HTTP/1.1" 200 - "-" "WordPress/7.1; http://bookmakery.ru"
178.20.45.159 - - [08/Sep/2026:16:07:13 +0200] "GET /?page_id=2 HTTP/1.0" 200 76175 "http://bookmakery.ru/?page_id=2" "Mozilla/5.0 (Windows NT 10.0; Win64; x64) AppleWebKit/537.36 (KHTML, like Gecko) Chrome/131.0.0.0 Safari/537.36"
185.43.220.19 - - [08/Sep/2026:16:08:42 +0200] "POST /wp-cron.php?doing_wp_cron=1788876522.8855299949645996093750 HTTP/1.1" 200 - "-" "WordPress/7.1; http://bookmakery.ru"
66.249.68.193 - - [08/Sep/2026:16:08:41 +0200] "GET /?r=f6yyvzmbblqcqo7 HTTP/1.1" 404 75096 "-" "Mozilla/5.0 (Linux; Android 6.0.1; Nexus 5X Build/MMB29P) AppleWebKit/537.36 (KHTML, like Gecko) Chrome/151.0.7922.173 Mobile Safari/537.36 (compatible; GoogleOther)"
66.249.68.193 - - [08/Sep/2026:16:10:59 +0200] "GET /?r=fk0nldob1w4efel HTTP/1.1" 404 75096 "-" "Mozilla/5.0 (Linux; Android 6.0.1; Nexus 5X Build/MMB29P) AppleWebKit/537.36 (KHTML, like Gecko) Chrome/151.0.7922.173 Mobile Safari/537.36 (compatible; GoogleOther)"
66.249.68.193 - - [08/Sep/2026:16:11:43 +0200] "GET /?r=fhtl2ihbie978vq HTTP/1.1" 404 75096 "-" "Mozilla/5.0 (Linux; Android 6.0.1; Nexus 5X Build/MMB29P) AppleWebKit/537.36 (KHTML, like Gecko) Chrome/151.0.7922.173 Mobile Safari/537.36 (compatible; GoogleOther)"
198.235.24.145 - - [08/Sep/2026:16:12:10 +0200] "GET / HTTP/1.1" 200 74978 "-" "Hello from Palo Alto Networks, find out more about our scans in https://docs-cortex.paloaltonetworks.com/r/1/Cortex-Xpanse/Scanning-activity"
66.249.68.193 - - [08/Sep/2026:16:12:45 +0200] "GET /?r=fresn32b3vus6gb HTTP/1.1" 404 75096 "-" "Mozilla/5.0 (Linux; Android 6.0.1; Nexus 5X Build/MMB29P) AppleWebKit/537.36 (KHTML, like Gecko) Chrome/151.0.7922.173 Mobile Safari/537.36 (compatible; GoogleOther)"
185.43.220.19 - - [08/Sep/2026:16:14:33 +0200] "POST /wp-cron.php?doing_wp_cron=1788876873.1851749420166015625000 HTTP/1.1" 200 - "-" "WordPress/7.1; http://bookmakery.ru"
66.249.68.193 - - [08/Sep/2026:16:14:29 +0200] "GET /?r=fup0mqdb29h3hfy HTTP/1.1" 404 75096 "-" "Mozilla/5.0 (Linux; Android 6.0.1; Nexus 5X Build/MMB29P) AppleWebKit/537.36 (KHTML, like Gecko) Chrome/151.0.7922.173 Mobile Safari/537.36 (compatible; GoogleOther)"
66.249.68.195 - - [08/Sep/2026:16:16:04 +0200] "GET /?r=fx2wbrqbrpigo4z HTTP/1.1" 503 - "-" "Mozilla/5.0 (Linux; Android 6.0.1; Nexus 5X Build/MMB29P) AppleWebKit/537.36 (KHTML, like Gecko) Chrome/151.0.7922.173 Mobile Safari/537.36 (compatible; GoogleOther)"
185.43.220.19 - - [08/Sep/2026:16:19:23 +0200] "POST /wp-cron.php?doing_wp_cron=1788877163.6897668838500976562500 HTTP/1.1" 200 - "-" "WordPress/7.1; http://bookmakery.ru"
66.249.68.194 - - [08/Sep/2026:16:19:19 +0200] "GET /?r=ftkzt98b9i0yzmh HTTP/1.1" 404 75096 "-" "Mozilla/5.0 (Linux; Android 6.0.1; Nexus 5X Build/MMB29P) AppleWebKit/537.36 (KHTML, like Gecko) Chrome/151.0.7922.173 Mobile Safari/537.36 (compatible; GoogleOther)"
185.43.220.19 - - [08/Sep/2026:16:19:59 +0200] "POST /wp-cron.php?doing_wp_cron=1788877199.3879859447479248046875 HTTP/1.1" 200 - "-" "WordPress/7.1; http://bookmakery.ru"
94.154.35.236 - - [08/Sep/2026:16:19:55 +0200] "HEAD /modx.zip HTTP/1.1" 301 - "-" "Mozilla/5.0 (Windows NT 10.0; Win64; x64) AppleWebKit/537.36 (KHTML, like Gecko) Chrome/101.0.4951.67 Safari/537.36"
94.154.35.236 - - [08/Sep/2026:16:19:59 +0200] "HEAD /modx.zip/ HTTP/1.1" 503 - "-" "Mozilla/5.0 (Windows NT 10.0; Win64; x64) AppleWebKit/537.36 (KHTML, like Gecko) Chrome/101.0.4951.67 Safari/537.36"
185.43.220.19 - - [08/Sep/2026:16:21:26 +0200] "POST /wp-cron.php?doing_wp_cron=1788877286.5907518863677978515625 HTTP/1.1" 200 - "-" "WordPress/7.1; http://bookmakery.ru"
66.249.68.195 - - [08/Sep/2026:16:21:24 +0200] "GET /?r=fulz6y9bm2pzaz6 HTTP/1.1" 404 75096 "-" "Mozilla/5.0 (Linux; Android 6.0.1; Nexus 5X Build/MMB29P) AppleWebKit/537.36 (KHTML, like Gecko) Chrome/151.0.7922.173 Mobile Safari/537.36 (compatible; GoogleOther)"
185.43.220.19 - - [08/Sep/2026:16:22:06 +0200] "POST /wp-cron.php?doing_wp_cron=1788877326.0345580577850341796875 HTTP/1.1" 200 - "-" "WordPress/7.1; http://bookmakery.ru"
66.249.68.193 - - [08/Sep/2026:16:22:03 +0200] "GET /?r=fp9humxbagdnqnu HTTP/1.1" 404 75096 "-" "Mozilla/5.0 (Linux; Android 6.0.1; Nexus 5X Build/MMB29P) AppleWebKit/537.36 (KHTML, like Gecko) Chrome/151.0.7922.173 Mobile Safari/537.36 (compatible; GoogleOther)"
195.2.67.184 - - [08/Sep/2026:16:23:30 +0200] "GET /author/admin/ HTTP/1.0" 200 74978 "http://bookmakery.ru/author/admin/" "Mozilla/5.0 (Windows NT 10.0; Win64; x64) AppleWebKit/537.36 (KHTML, like Gecko) Chrome/131.0.0.0 Safari/537.36 Avast/131.0.0.0"
195.2.67.184 - - [08/Sep/2026:16:23:33 +0200] "GET /?page_id=2 HTTP/1.0" 200 76175 "http://bookmakery.ru/?page_id=2" "Mozilla/5.0 (Windows NT 10.0; Win64; x64) AppleWebKit/537.36 (KHTML, like Gecko) Chrome/131.0.0.0 Safari/537.36 Avast/131.0.0.0"
185.43.220.19 - - [08/Sep/2026:16:23:55 +0200] "POST /wp-cron.php?doing_wp_cron=1788877435.3859310150146484375000 HTTP/1.1" 200 - "-" "WordPress/7.1; http://bookmakery.ru"
66.249.68.193 - - [08/Sep/2026:16:23:52 +0200] "GET /?r=f4gpdh4bt68ux6p HTTP/1.1" 404 75096 "-" "Mozilla/5.0 (Linux; Android 6.0.1; Nexus 5X Build/MMB29P) AppleWebKit/537.36 (KHTML, like Gecko) Chrome/151.0.7922.173 Mobile Safari/537.36 (compatible; GoogleOther)"
185.43.220.19 - - [08/Sep/2026:16:25:01 +0200] "POST /wp-cron.php?doing_wp_cron=1788877500.9942069053649902343750 HTTP/1.1" 200 - "-" "WordPress/7.1; http://bookmakery.ru"
118.24.135.34 - - [08/Sep/2026:16:24:58 +0200] "GET / HTTP/1.1" 301 - "-" "Mozilla/5.0 (iPhone; CPU iPhone OS 13_2_3 like Mac OS X) AppleWebKit/605.1.15 (KHTML, like Gecko) Version/13.0.3 Mobile/15E148 Safari/604.1"
118.24.135.34 - - [08/Sep/2026:16:25:03 +0200] "GET / HTTP/1.1" 200 74978 "http://www.bookmakery.ru" "Mozilla/5.0 (iPhone; CPU iPhone OS 13_2_3 like Mac OS X) AppleWebKit/605.1.15 (KHTML, like Gecko) Version/13.0.3 Mobile/15E148 Safari/604.1"
185.43.220.19 - - [08/Sep/2026:16:25:59 +0200] "POST /wp-cron.php?doing_wp_cron=1788877558.9886760711669921875000 HTTP/1.1" 200 - "-" "WordPress/7.1; http://bookmakery.ru"
66.249.68.193 - - [08/Sep/2026:16:25:55 +0200] "GET /?r=fa9rumxba7dnznu HTTP/1.1" 404 75096 "-" "Mozilla/5.0 (Linux; Android 6.0.1; Nexus 5X Build/MMB29P) AppleWebKit/537.36 (KHTML, like Gecko) Chrome/151.0.7922.173 Mobile Safari/537.36 (compatible; GoogleOther)"
66.249.68.195 - - [08/Sep/2026:16:27:10 +0200] "GET /?r=fp4x15sbhawi3ud HTTP/1.1" 404 75096 "-" "Mozilla/5.0 (Linux; Android 6.0.1; Nexus 5X Build/MMB29P) AppleWebKit/537.36 (KHTML, like Gecko) Chrome/151.0.7922.173 Mobile Safari/537.36 (compatible; GoogleOther)"
185.43.220.19 - - [08/Sep/2026:16:27:35 +0200] "POST /wp-cron.php?doing_wp_cron=1788877655.1117949485778808593750 HTTP/1.1" 200 - "-" "WordPress/7.1; http://bookmakery.ru"
66.249.68.193 - - [08/Sep/2026:16:27:32 +0200] "GET /?r=fecuxp0bdbgqiqx HTTP/1.1" 404 75096 "-" "Mozilla/5.0 (Linux; Android 6.0.1; Nexus 5X Build/MMB29P) AppleWebKit/537.36 (KHTML, like Gecko) Chrome/151.0.7922.173 Mobile Safari/537.36 (compatible; GoogleOther)"
134.209.195.190 - - [08/Sep/2026:16:30:33 +0200] "GET / HTTP/1.1" 301 - "-" "Mozilla/5.0 (compatible; ForestEngine/1.0; +https://forestengine.net/)"
185.43.220.19 - - [08/Sep/2026:16:31:26 +0200] "POST /wp-cron.php?doing_wp_cron=1788877886.0176489353179931640625 HTTP/1.1" 200 - "-" "WordPress/7.1; http://bookmakery.ru"
66.249.68.193 - - [08/Sep/2026:16:31:24 +0200] "GET /?r=fmeon32b3kuspgb HTTP/1.1" 404 75096 "-" "Mozilla/5.0 (Linux; Android 6.0.1; Nexus 5X Build/MMB29P) AppleWebKit/537.36 (KHTML, like Gecko) Chrome/151.0.7922.173 Mobile Safari/537.36 (compatible; GoogleOther)"
185.43.220.19 - - [08/Sep/2026:16:31:49 +0200] "POST /wp-cron.php?doing_wp_cron=1788877909.5043959617614746093750 HTTP/1.1" 200 - "-" "WordPress/7.1; http://bookmakery.ru"
178.20.44.82 - - [08/Sep/2026:16:31:48 +0200] "GET /bukmekerskaya-kontora-gg-bet/ HTTP/1.0" 200 74978 "http://bookmakery.ru/bukmekerskaya-kontora-gg-bet/#comment-1877" "Mozilla/5.0 (Windows NT 10.0; Win64; x64) AppleWebKit/537.36 (KHTML, like Gecko) Chrome/130.0.0.0 Safari/537.36"
178.20.44.82 - - [08/Sep/2026:16:31:50 +0200] "GET /?page_id=2 HTTP/1.0" 200 76175 "http://bookmakery.ru/?page_id=2" "Mozilla/5.0 (Windows NT 10.0; Win64; x64) AppleWebKit/537.36 (KHTML, like Gecko) Chrome/130.0.0.0 Safari/537.36"
185.43.220.19 - - [08/Sep/2026:16:33:17 +0200] "POST /wp-cron.php?doing_wp_cron=1788877997.8093180656433105468750 HTTP/1.1" 200 - "-" "WordPress/7.1; http://bookmakery.ru"
66.249.68.193 - - [08/Sep/2026:16:33:16 +0200] "GET /?r=fazv8onboifdg1w HTTP/1.1" 404 75096 "-" "Mozilla/5.0 (Linux; Android 6.0.1; Nexus 5X Build/MMB29P) AppleWebKit/537.36 (KHTML, like Gecko) Chrome/151.0.7922.173 Mobile Safari/537.36 (compatible; GoogleOther)"
185.43.220.19 - - [08/Sep/2026:16:34:48 +0200] "POST /wp-cron.php?doing_wp_cron=1788878088.9113340377807617187500 HTTP/1.1" 200 - "-" "WordPress/7.1; http://bookmakery.ru"
66.249.68.193 - - [08/Sep/2026:16:34:46 +0200] "GET /?r=fxqlzfebfb64usn HTTP/1.1" 404 75096 "-" "Mozilla/5.0 (Linux; Android 6.0.1; Nexus 5X Build/MMB29P) AppleWebKit/537.36 (KHTML, like Gecko) Chrome/151.0.7922.173 Mobile Safari/537.36 (compatible; GoogleOther)"
185.43.220.19 - - [08/Sep/2026:16:36:27 +0200] "POST /wp-cron.php?doing_wp_cron=1788878187.9114780426025390625000 HTTP/1.1" 200 - "-" "WordPress/7.1; http://bookmakery.ru"
66.249.68.193 - - [08/Sep/2026:16:36:25 +0200] "GET /?r=fkv1swjb8zn9pl4 HTTP/1.1" 404 75096 "-" "Mozilla/5.0 (Linux; Android 6.0.1; Nexus 5X Build/MMB29P) AppleWebKit/537.36 (KHTML, like Gecko) Chrome/151.0.7922.173 Mobile Safari/537.36 (compatible; GoogleOther)"
66.249.68.193 - - [08/Sep/2026:16:36:38 +0200] "GET /?r=fu7o48vbkazlkxg HTTP/1.1" 404 75096 "-" "Mozilla/5.0 (Linux; Android 6.0.1; Nexus 5X Build/MMB29P) AppleWebKit/537.36 (KHTML, like Gecko) Chrome/151.0.7922.173 Mobile Safari/537.36 (compatible; GoogleOther)"
84.54.44.204 - - [08/Sep/2026:16:37:46 +0200] "GET /bukmekerskaya-kontora-gg-bet/ HTTP/1.0" 503 468 "http://bookmakery.ru/bukmekerskaya-kontora-gg-bet/#comment-31686" "Mozilla/5.0 (Windows NT 10.0; Win64; x64) AppleWebKit/537.36 (KHTML, like Gecko) Chrome/131.0.0.0 Safari/537.36 Avast/131.0.0.0"
185.43.220.19 - - [08/Sep/2026:16:38:50 +0200] "POST /wp-cron.php?doing_wp_cron=1788878330.8093230724334716796875 HTTP/1.1" 200 - "-" "WordPress/7.1; http://bookmakery.ru"
66.249.68.193 - - [08/Sep/2026:16:38:47 +0200] "GET /?r=f1wp5lkbl4capyt HTTP/1.1" 404 75096 "-" "Mozilla/5.0 (Linux; Android 6.0.1; Nexus 5X Build/MMB29P) AppleWebKit/537.36 (KHTML, like Gecko) Chrome/151.0.7922.173 Mobile Safari/537.36 (compatible; GoogleOther)"
195.2.67.184 - - [08/Sep/2026:16:39:04 +0200] "GET /bukmekerskaya-kontora-gg-bet/ HTTP/1.0" 503 468 "http://bookmakery.ru/bukmekerskaya-kontora-gg-bet/#comment-31686" "Mozilla/5.0 (Windows NT 10.0; Win64; x64) AppleWebKit/537.36 (KHTML, like Gecko) Chrome/131.0.0.0 Safari/537.36"
34.9.174.190 - - [08/Sep/2026:16:39:27 +0200] "GET /.git/config HTTP/1.1" 503 468 "-" "Mozilla/5.0 (Windows NT 10.0; Win64; x64) AppleWebKit/537.36 (KHTML, like Gecko) Chrome/128.0.0.0 Safari/537.36"
66.249.68.195 - - [08/Sep/2026:16:39:19 +0200] "GET /?r=fbjugk7bwtbxp9s HTTP/1.1" 503 - "-" "Mozilla/5.0 (Linux; Android 6.0.1; Nexus 5X Build/MMB29P) AppleWebKit/537.36 (KHTML, like Gecko) Chrome/151.0.7922.173 Mobile Safari/537.36 (compatible; GoogleOther)"
185.43.220.19 - - [08/Sep/2026:16:40:56 +0200] "POST /wp-cron.php?doing_wp_cron=1788878456.7884829044342041015625 HTTP/1.1" 200 - "-" "WordPress/7.1; http://bookmakery.ru"
66.249.68.193 - - [08/Sep/2026:16:40:40 +0200] "GET /?r=fsmijnabz4e0xcv HTTP/1.1" 404 74978 "-" "Mozilla/5.0 (Linux; Android 6.0.1; Nexus 5X Build/MMB29P) AppleWebKit/537.36 (KHTML, like Gecko) Chrome/151.0.7922.173 Mobile Safari/537.36 (compatible; GoogleOther)"
185.43.220.19 - - [08/Sep/2026:16:42:20 +0200] "POST /wp-cron.php?doing_wp_cron=1788878540.8397219181060791015625 HTTP/1.1" 200 - "-" "WordPress/7.1; http://bookmakery.ru"
66.249.68.193 - - [08/Sep/2026:16:42:19 +0200] "GET /?r=f06xrjub7cak1kr HTTP/1.1" 404 75096 "-" "Mozilla/5.0 (Linux; Android 6.0.1; Nexus 5X Build/MMB29P) AppleWebKit/537.36 (KHTML, like Gecko) Chrome/151.0.7922.173 Mobile Safari/537.36 (compatible; GoogleOther)"
196.242.178.157 - - [08/Sep/2026:16:42:57 +0200] "GET /bukmekerskaya-kontora-gg-bet/ HTTP/1.1" 503 468 "http://bookmakery.ru/" "Mozilla/5.0 (Macintosh; Intel Mac OS X 10_15_7) AppleWebKit/605.1.15 (KHTML, like Gecko) Version/16.6 Safari/605.1.15"
185.43.220.19 - - [08/Sep/2026:16:43:11 +0200] "POST /wp-cron.php?doing_wp_cron=1788878591.1875560283660888671875 HTTP/1.1" 200 - "-" "WordPress/7.1; http://bookmakery.ru"
66.249.68.195 - - [08/Sep/2026:16:43:04 +0200] "GET /?r=f7fs0s3bggjt8t0 HTTP/1.1" 404 75096 "-" "Mozilla/5.0 (Linux; Android 6.0.1; Nexus 5X Build/MMB29P) AppleWebKit/537.36 (KHTML, like Gecko) Chrome/151.0.7922.173 Mobile Safari/537.36 (compatible; GoogleOther)"
66.249.68.193 - - [08/Sep/2026:16:44:30 +0200] "GET /?r=fllp6y9bmtpzvz6 HTTP/1.1" 503 - "-" "Mozilla/5.0 (Linux; Android 6.0.1; Nexus 5X Build/MMB29P) AppleWebKit/537.36 (KHTML, like Gecko) Chrome/151.0.7922.173 Mobile Safari/537.36 (compatible; GoogleOther)"
185.43.220.19 - - [08/Sep/2026:16:45:26 +0200] "POST /wp-cron.php?doing_wp_cron=1788878726.4758279323577880859375 HTTP/1.1" 200 - "-" "WordPress/7.1; http://bookmakery.ru"
66.249.68.194 - - [08/Sep/2026:16:45:24 +0200] "GET /?r=fckit98b9m0y9mh HTTP/1.1" 404 75096 "-" "Mozilla/5.0 (Linux; Android 6.0.1; Nexus 5X Build/MMB29P) AppleWebKit/537.36 (KHTML, like Gecko) Chrome/151.0.7922.173 Mobile Safari/537.36 (compatible; GoogleOther)"
66.249.68.194 - - [08/Sep/2026:16:47:07 +0200] "GET /?r=fe4y15sbh7wiyud HTTP/1.1" 404 75096 "-" "Mozilla/5.0 (Linux; Android 6.0.1; Nexus 5X Build/MMB29P) AppleWebKit/537.36 (KHTML, like Gecko) Chrome/151.0.7922.173 Mobile Safari/537.36 (compatible; GoogleOther)"
185.43.220.19 - - [08/Sep/2026:16:48:08 +0200] "POST /wp-cron.php?doing_wp_cron=1788878888.0821249485015869140625 HTTP/1.1" 200 - "-" "WordPress/7.1; http://bookmakery.ru"
66.249.68.194 - - [08/Sep/2026:16:47:55 +0200] "GET /?r=fsbok0zb0drp7d8 HTTP/1.1" 404 74978 "-" "Mozilla/5.0 (Linux; Android 6.0.1; Nexus 5X Build/MMB29P) AppleWebKit/537.36 (KHTML, like Gecko) Chrome/151.0.7922.173 Mobile Safari/537.36 (compatible; GoogleOther)"
94.154.35.236 - - [08/Sep/2026:16:48:33 +0200] "HEAD /joomla.zip HTTP/1.1" 503 - "-" "Mozilla/5.0 (Windows NT 10.0; Win64; x64) AppleWebKit/537.36 (KHTML, like Gecko) Chrome/101.0.4951.67 Safari/537.36"
185.43.220.19 - - [08/Sep/2026:16:48:51 +0200] "POST /wp-cron.php?doing_wp_cron=1788878931.8082430362701416015625 HTTP/1.1" 200 - "-" "WordPress/7.1; http://bookmakery.ru"
66.249.68.193 - - [08/Sep/2026:16:48:47 +0200] "GET /?r=f34u15sbhqwibud HTTP/1.1" 404 75096 "-" "Mozilla/5.0 (Linux; Android 6.0.1; Nexus 5X Build/MMB29P) AppleWebKit/537.36 (KHTML, like Gecko) Chrome/151.0.7922.173 Mobile Safari/537.36 (compatible; GoogleOther)"
185.43.220.19 - - [08/Sep/2026:16:49:37 +0200] "POST /wp-cron.php?doing_wp_cron=1788878977.1530179977416992187500 HTTP/1.1" 200 - "-" "WordPress/7.1; http://bookmakery.ru"
66.249.68.193 - - [08/Sep/2026:16:49:36 +0200] "GET /?r=fj7t48vbk0zl0xg HTTP/1.1" 404 75096 "-" "Mozilla/5.0 (Linux; Android 6.0.1; Nexus 5X Build/MMB29P) AppleWebKit/537.36 (KHTML, like Gecko) Chrome/151.0.7922.173 Mobile Safari/537.36 (compatible; GoogleOther)"
185.43.220.19 - - [08/Sep/2026:16:50:20 +0200] "POST /wp-cron.php?doing_wp_cron=1788879020.7006239891052246093750 HTTP/1.1" 200 - "-" "WordPress/7.1; http://bookmakery.ru"
66.249.68.193 - - [08/Sep/2026:16:50:18 +0200] "GET /?r=fs4h15sbhuwixud HTTP/1.1" 404 75096 "-" "Mozilla/5.0 (Linux; Android 6.0.1; Nexus 5X Build/MMB29P) AppleWebKit/537.36 (KHTML, like Gecko) Chrome/151.0.7922.173 Mobile Safari/537.36 (compatible; GoogleOther)"
66.249.68.194 - - [08/Sep/2026:16:52:24 +0200] "GET /?r=f0lp6y9bm0pz4z6 HTTP/1.1" 503 - "-" "Mozilla/5.0 (Linux; Android 6.0.1; Nexus 5X Build/MMB29P) AppleWebKit/537.36 (KHTML, like Gecko) Chrome/151.0.7922.173 Mobile Safari/537.36 (compatible; GoogleOther)"
66.249.68.193 - - [08/Sep/2026:16:53:55 +0200] "GET /?r=fb7q48vbkjzlvxg HTTP/1.1" 503 - "-" "Mozilla/5.0 (Linux; Android 6.0.1; Nexus 5X Build/MMB29P) AppleWebKit/537.36 (KHTML, like Gecko) Chrome/151.0.7922.173 Mobile Safari/537.36 (compatible; GoogleOther)"
66.249.68.193 - - [08/Sep/2026:16:54:45 +0200] "GET /?r=f5doae1bqg5ra3m HTTP/1.1" 503 - "-" "Mozilla/5.0 (Linux; Android 6.0.1; Nexus 5X Build/MMB29P) AppleWebKit/537.36 (KHTML, like Gecko) Chrome/151.0.7922.173 Mobile Safari/537.36 (compatible; GoogleOther)"
66.249.68.193 - - [08/Sep/2026:16:56:37 +0200] "GET /?r=fs1ly2pbextf9ra HTTP/1.1" 503 - "-" "Mozilla/5.0 (Linux; Android 6.0.1; Nexus 5X Build/MMB29P) AppleWebKit/537.36 (KHTML, like Gecko) Chrome/151.0.7922.173 Mobile Safari/537.36 (compatible; GoogleOther)"
185.43.220.19 - - [08/Sep/2026:16:57:41 +0200] "POST /wp-cron.php?doing_wp_cron=1788879461.4888238906860351562500 HTTP/1.1" 200 - "-" "WordPress/7.1; http://bookmakery.ru"
66.249.68.195 - - [08/Sep/2026:16:57:38 +0200] "GET /?r=fgkpt98b9d0ysmh HTTP/1.1" 404 75096 "-" "Mozilla/5.0 (Linux; Android 6.0.1; Nexus 5X Build/MMB29P) AppleWebKit/537.36 (KHTML, like Gecko) Chrome/151.0.7922.173 Mobile Safari/537.36 (compatible; GoogleOther)"
212.83.174.154 - - [08/Sep/2026:17:00:36 +0200] "HEAD / HTTP/1.1" 200 - "-" "Mozilla/5.0 (compatible; PingAdmin.Ru/1.1; +http://pingadmin.ru/)"
185.43.220.19 - - [08/Sep/2026:17:02:16 +0200] "POST /wp-cron.php?doing_wp_cron=1788879736.9038228988647460937500 HTTP/1.1" 200 - "-" "WordPress/7.1; http://bookmakery.ru"
66.249.68.194 - - [08/Sep/2026:17:02:14 +0200] "GET /?r=fjrwc4fbszv5n5c HTTP/1.1" 404 75096 "-" "Mozilla/5.0 (Linux; Android 6.0.1; Nexus 5X Build/MMB29P) AppleWebKit/537.36 (KHTML, like Gecko) Chrome/151.0.7922.173 Mobile Safari/537.36 (compatible; GoogleOther)"
185.43.220.19 - - [08/Sep/2026:17:04:26 +0200] "POST /wp-cron.php?doing_wp_cron=1788879866.4750449657440185546875 HTTP/1.1" 200 - "-" "WordPress/7.1; http://bookmakery.ru"
66.249.68.194 - - [08/Sep/2026:17:04:24 +0200] "GET /?r=fqgjdh4bt38ua6p HTTP/1.1" 404 75096 "-" "Mozilla/5.0 (Linux; Android 6.0.1; Nexus 5X Build/MMB29P) AppleWebKit/537.36 (KHTML, like Gecko) Chrome/151.0.7922.173 Mobile Safari/537.36 (compatible; GoogleOther)"
185.43.220.19 - - [08/Sep/2026:17:05:02 +0200] "POST /wp-cron.php?doing_wp_cron=1788879902.1797769069671630859375 HTTP/1.1" 200 - "-" "WordPress/7.1; http://bookmakery.ru"
66.249.68.193 - - [08/Sep/2026:17:04:59 +0200] "GET /?r=f2o091cbp9s2c29 HTTP/1.1" 404 75096 "-" "Mozilla/5.0 (Linux; Android 6.0.1; Nexus 5X Build/MMB29P) AppleWebKit/537.36 (KHTML, like Gecko) Chrome/151.0.7922.173 Mobile Safari/537.36 (compatible; GoogleOther)"
185.43.220.19 - - [08/Sep/2026:17:05:34 +0200] "POST /wp-cron.php?doing_wp_cron=1788879934.6720519065856933593750 HTTP/1.1" 200 - "-" "WordPress/7.1; http://bookmakery.ru"
66.249.68.193 - - [08/Sep/2026:17:05:32 +0200] "GET /?r=ft6lrjub78akrkr HTTP/1.1" 404 75096 "-" "Mozilla/5.0 (Linux; Android 6.0.1; Nexus 5X Build/MMB29P) AppleWebKit/537.36 (KHTML, like Gecko) Chrome/151.0.7922.173 Mobile Safari/537.36 (compatible; GoogleOther)"
185.43.220.19 - - [08/Sep/2026:17:06:03 +0200] "POST /wp-cron.php?doing_wp_cron=1788879963.8655540943145751953125 HTTP/1.1" 200 - "-" "WordPress/7.1; http://bookmakery.ru"
66.249.68.195 - - [08/Sep/2026:17:06:02 +0200] "GET /?r=f1yuvzmbbxqcoo7 HTTP/1.1" 404 75096 "-" "Mozilla/5.0 (Linux; Android 6.0.1; Nexus 5X Build/MMB29P) AppleWebKit/537.36 (KHTML, like Gecko) Chrome/151.0.7922.173 Mobile Safari/537.36 (compatible; GoogleOther)"
185.43.220.19 - - [08/Sep/2026:17:06:31 +0200] "POST /wp-cron.php?doing_wp_cron=1788879991.6664099693298339843750 HTTP/1.1" 200 - "-" "WordPress/7.1; http://bookmakery.ru"
66.249.68.193 - - [08/Sep/2026:17:06:29 +0200] "GET /?r=fm7048vbk1zl3xg HTTP/1.1" 404 75096 "-" "Mozilla/5.0 (Linux; Android 6.0.1; Nexus 5X Build/MMB29P) AppleWebKit/537.36 (KHTML, like Gecko) Chrome/151.0.7922.173 Mobile Safari/537.36 (compatible; GoogleOther)"
185.43.220.19 - - [08/Sep/2026:17:07:24 +0200] "POST /wp-cron.php?doing_wp_cron=1788880044.0079610347747802734375 HTTP/1.1" 200 - "-" "WordPress/7.1; http://bookmakery.ru"
66.249.68.193 - - [08/Sep/2026:17:07:22 +0200] "GET /?r=f88uhxwbxpomka5 HTTP/1.1" 404 75096 "-" "Mozilla/5.0 (Linux; Android 6.0.1; Nexus 5X Build/MMB29P) AppleWebKit/537.36 (KHTML, like Gecko) Chrome/151.0.7922.173 Mobile Safari/537.36 (compatible; GoogleOther)"
185.43.220.19 - - [08/Sep/2026:17:07:48 +0200] "POST /wp-cron.php?doing_wp_cron=1788880068.2956740856170654296875 HTTP/1.1" 200 - "-" "WordPress/7.1; http://bookmakery.ru"
66.249.68.193 - - [08/Sep/2026:17:07:47 +0200] "GET /?r=f0jmgk7bw9bxn9s HTTP/1.1" 404 75096 "-" "Mozilla/5.0 (Linux; Android 6.0.1; Nexus 5X Build/MMB29P) AppleWebKit/537.36 (KHTML, like Gecko) Chrome/151.0.7922.173 Mobile Safari/537.36 (compatible; GoogleOther)"
185.43.220.19 - - [08/Sep/2026:17:08:34 +0200] "POST /wp-cron.php?doing_wp_cron=1788880114.5022399425506591796875 HTTP/1.1" 200 - "-" "WordPress/7.1; http://bookmakery.ru"
66.249.68.194 - - [08/Sep/2026:17:08:32 +0200] "GET /?r=fy4h15sbhcwi3ud HTTP/1.1" 404 75096 "-" "Mozilla/5.0 (Linux; Android 6.0.1; Nexus 5X Build/MMB29P) AppleWebKit/537.36 (KHTML, like Gecko) Chrome/151.0.7922.173 Mobile Safari/537.36 (compatible; GoogleOther)"
185.43.220.19 - - [08/Sep/2026:17:10:06 +0200] "POST /wp-cron.php?doing_wp_cron=1788880206.9720659255981445312500 HTTP/1.1" 200 - "-" "WordPress/7.1; http://bookmakery.ru"
66.249.68.195 - - [08/Sep/2026:17:10:04 +0200] "GET /?r=fjnjwcbbcw31spk HTTP/1.1" 404 75096 "-" "Mozilla/5.0 (Linux; Android 6.0.1; Nexus 5X Build/MMB29P) AppleWebKit/537.36 (KHTML, like Gecko) Chrome/151.0.7922.173 Mobile Safari/537.36 (compatible; GoogleOther)"
185.43.220.19 - - [08/Sep/2026:17:11:05 +0200] "POST /wp-cron.php?doing_wp_cron=1788880265.4786310195922851562500 HTTP/1.1" 200 - "-" "WordPress/7.1; http://bookmakery.ru"
66.249.68.193 - - [08/Sep/2026:17:11:03 +0200] "GET /?r=f87t48vbkrzlpxg HTTP/1.1" 404 75096 "-" "Mozilla/5.0 (Linux; Android 6.0.1; Nexus 5X Build/MMB29P) AppleWebKit/537.36 (KHTML, like Gecko) Chrome/151.0.7922.173 Mobile Safari/537.36 (compatible; GoogleOther)"
185.43.220.19 - - [08/Sep/2026:17:11:30 +0200] "POST /wp-cron.php?doing_wp_cron=1788880290.7237889766693115234375 HTTP/1.1" 200 - "-" "WordPress/7.1; http://bookmakery.ru"
66.249.68.193 - - [08/Sep/2026:17:11:29 +0200] "GET /?r=f9iq3v6bjlmwgw3 HTTP/1.1" 404 75096 "-" "Mozilla/5.0 (Linux; Android 6.0.1; Nexus 5X Build/MMB29P) AppleWebKit/537.36 (KHTML, like Gecko) Chrome/151.0.7922.173 Mobile Safari/537.36 (compatible; GoogleOther)"
185.43.220.19 - - [08/Sep/2026:17:12:17 +0200] "POST /wp-cron.php?doing_wp_cron=1788880337.0819630622863769531250 HTTP/1.1" 200 - "-" "WordPress/7.1; http://bookmakery.ru"
66.249.68.195 - - [08/Sep/2026:17:12:15 +0200] "GET /?r=fy0jldob194e8el HTTP/1.1" 404 75096 "-" "Mozilla/5.0 (Linux; Android 6.0.1; Nexus 5X Build/MMB29P) AppleWebKit/537.36 (KHTML, like Gecko) Chrome/151.0.7922.173 Mobile Safari/537.36 (compatible; GoogleOther)"
66.249.68.194 - - [08/Sep/2026:17:12:36 +0200] "GET /?r=fw4m15sbhrwimud HTTP/1.1" 404 75096 "-" "Mozilla/5.0 (Linux; Android 6.0.1; Nexus 5X Build/MMB29P) AppleWebKit/537.36 (KHTML, like Gecko) Chrome/151.0.7922.173 Mobile Safari/537.36 (compatible; GoogleOther)"
185.43.220.19 - - [08/Sep/2026:17:12:57 +0200] "POST /wp-cron.php?doing_wp_cron=1788880377.6831870079040527343750 HTTP/1.1" 200 - "-" "WordPress/7.1; http://bookmakery.ru"
66.249.68.193 - - [08/Sep/2026:17:12:55 +0200] "GET /?r=f9zv8onbo8fdc1w HTTP/1.1" 404 75096 "-" "Mozilla/5.0 (Linux; Android 6.0.1; Nexus 5X Build/MMB29P) AppleWebKit/537.36 (KHTML, like Gecko) Chrome/151.0.7922.173 Mobile Safari/537.36 (compatible; GoogleOther)"
66.249.68.193 - - [08/Sep/2026:17:13:14 +0200] "GET /?r=fswo5lkbltca4yt HTTP/1.1" 404 75096 "-" "Mozilla/5.0 (Linux; Android 6.0.1; Nexus 5X Build/MMB29P) AppleWebKit/537.36 (KHTML, like Gecko) Chrome/151.0.7922.173 Mobile Safari/537.36 (compatible; GoogleOther)"
185.43.220.19 - - [08/Sep/2026:17:13:34 +0200] "POST /wp-cron.php?doing_wp_cron=1788880414.8131229877471923828125 HTTP/1.1" 200 - "-" "WordPress/7.1; http://bookmakery.ru"
66.249.68.194 - - [08/Sep/2026:17:13:32 +0200] "GET /?r=f6qjzfebf964usn HTTP/1.1" 404 75096 "-" "Mozilla/5.0 (Linux; Android 6.0.1; Nexus 5X Build/MMB29P) AppleWebKit/537.36 (KHTML, like Gecko) Chrome/151.0.7922.173 Mobile Safari/537.36 (compatible; GoogleOther)"
185.43.220.19 - - [08/Sep/2026:17:13:54 +0200] "POST /wp-cron.php?doing_wp_cron=1788880434.5735979080200195312500 HTTP/1.1" 200 - "-" "WordPress/7.1; http://bookmakery.ru"
66.249.68.193 - - [08/Sep/2026:17:13:50 +0200] "GET /?r=fm9pumxbaudnenu HTTP/1.1" 404 75096 "-" "Mozilla/5.0 (Linux; Android 6.0.1; Nexus 5X Build/MMB29P) AppleWebKit/537.36 (KHTML, like Gecko) Chrome/151.0.7922.173 Mobile Safari/537.36 (compatible; GoogleOther)"
185.43.220.19 - - [08/Sep/2026:17:14:12 +0200] "POST /wp-cron.php?doing_wp_cron=1788880452.6924118995666503906250 HTTP/1.1" 200 - "-" "WordPress/7.1; http://bookmakery.ru"
66.249.68.193 - - [08/Sep/2026:17:14:09 +0200] "GET /?r=fp3qogrb447hkho HTTP/1.1" 404 75096 "-" "Mozilla/5.0 (Linux; Android 6.0.1; Nexus 5X Build/MMB29P) AppleWebKit/537.36 (KHTML, like Gecko) Chrome/151.0.7922.173 Mobile Safari/537.36 (compatible; GoogleOther)"
66.249.68.193 - - [08/Sep/2026:17:15:09 +0200] "GET /?r=frnrwcbbc6316pk HTTP/1.1" 404 75096 "-" "Mozilla/5.0 (Linux; Android 6.0.1; Nexus 5X Build/MMB29P) AppleWebKit/537.36 (KHTML, like Gecko) Chrome/151.0.7922.173 Mobile Safari/537.36 (compatible; GoogleOther)"
185.43.220.19 - - [08/Sep/2026:17:15:32 +0200] "POST /wp-cron.php?doing_wp_cron=1788880532.2009289264678955078125 HTTP/1.1" 200 - "-" "WordPress/7.1; http://bookmakery.ru"
66.249.68.193 - - [08/Sep/2026:17:15:29 +0200] "GET /?r=f92kbrqbr9igo4z HTTP/1.1" 404 75096 "-" "Mozilla/5.0 (Linux; Android 6.0.1; Nexus 5X Build/MMB29P) AppleWebKit/537.36 (KHTML, like Gecko) Chrome/151.0.7922.173 Mobile Safari/537.36 (compatible; GoogleOther)"
185.43.220.19 - - [08/Sep/2026:17:15:51 +0200] "POST /wp-cron.php?doing_wp_cron=1788880551.4881219863891601562500 HTTP/1.1" 200 - "-" "WordPress/7.1; http://bookmakery.ru"
66.249.68.193 - - [08/Sep/2026:17:15:49 +0200] "GET /?r=fu9uumxba3dn7nu HTTP/1.1" 404 75096 "-" "Mozilla/5.0 (Linux; Android 6.0.1; Nexus 5X Build/MMB29P) AppleWebKit/537.36 (KHTML, like Gecko) Chrome/151.0.7922.173 Mobile Safari/537.36 (compatible; GoogleOther)"
66.249.68.195 - - [08/Sep/2026:17:16:08 +0200] "GET /?r=fc4215sbhbwieud HTTP/1.1" 404 75096 "-" "Mozilla/5.0 (Linux; Android 6.0.1; Nexus 5X Build/MMB29P) AppleWebKit/537.36 (KHTML, like Gecko) Chrome/151.0.7922.173 Mobile Safari/537.36 (compatible; GoogleOther)"
185.43.220.19 - - [08/Sep/2026:17:16:30 +0200] "POST /wp-cron.php?doing_wp_cron=1788880590.1848909854888916015625 HTTP/1.1" 200 - "-" "WordPress/7.1; http://bookmakery.ru"
66.249.68.193 - - [08/Sep/2026:17:16:27 +0200] "GET /?r=fzpymqdb22h3gfy HTTP/1.1" 404 75096 "-" "Mozilla/5.0 (Linux; Android 6.0.1; Nexus 5X Build/MMB29P) AppleWebKit/537.36 (KHTML, like Gecko) Chrome/151.0.7922.173 Mobile Safari/537.36 (compatible; GoogleOther)"
94.154.35.236 - - [08/Sep/2026:17:16:31 +0200] "HEAD /administrator.zip HTTP/1.1" 503 - "-" "Mozilla/5.0 (Windows NT 10.0; Win64; x64) AppleWebKit/537.36 (KHTML, like Gecko) Chrome/101.0.4951.67 Safari/537.36"
66.249.68.193 - - [08/Sep/2026:17:17:20 +0200] "GET /?r=f6xoialbye1bmbi HTTP/1.1" 404 75096 "-" "Mozilla/5.0 (Linux; Android 6.0.1; Nexus 5X Build/MMB29P) AppleWebKit/537.36 (KHTML, like Gecko) Chrome/151.0.7922.173 Mobile Safari/537.36 (compatible; GoogleOther)"
185.43.220.19 - - [08/Sep/2026:17:17:42 +0200] "POST /wp-cron.php?doing_wp_cron=1788880662.3459599018096923828125 HTTP/1.1" 200 - "-" "WordPress/7.1; http://bookmakery.ru"
66.249.68.194 - - [08/Sep/2026:17:17:41 +0200] "GET /?r=fk0sldob1e4e9el HTTP/1.1" 404 75096 "-" "Mozilla/5.0 (Linux; Android 6.0.1; Nexus 5X Build/MMB29P) AppleWebKit/537.36 (KHTML, like Gecko) Chrome/151.0.7922.173 Mobile Safari/537.36 (compatible; GoogleOther)"
185.43.220.19 - - [08/Sep/2026:17:18:06 +0200] "POST /wp-cron.php?doing_wp_cron=1788880686.4884068965911865234375 HTTP/1.1" 200 - "-" "WordPress/7.1; http://bookmakery.ru"
66.249.68.194 - - [08/Sep/2026:17:18:05 +0200] "GET /?r=f7njwcbbc131dpk HTTP/1.1" 404 75096 "-" "Mozilla/5.0 (Linux; Android 6.0.1; Nexus 5X Build/MMB29P) AppleWebKit/537.36 (KHTML, like Gecko) Chrome/151.0.7922.173 Mobile Safari/537.36 (compatible; GoogleOther)"
185.43.220.19 - - [08/Sep/2026:17:18:57 +0200] "POST /wp-cron.php?doing_wp_cron=1788880737.7828071117401123046875 HTTP/1.1" 200 - "-" "WordPress/7.1; http://bookmakery.ru"
