97.107.129.180 - - [08/Sep/2026:20:10:26 +0200] "HEAD /old/ HTTP/1.1" 200 - "-" "Mozilla/5.0 (Windows NT 11.0; Win64; x64) AppleWebKit/537.36 (KHTML, like Gecko) Edg/128.0.2790.25 Chrome/128.0.6540.22 Safari/537.36"
185.217.0.59 - - [08/Sep/2026:20:15:03 +0200] "GET / HTTP/1.1" 200 74978 "-" "Mozilla/5.0 (Windows NT 10.0; Win64; x64) AppleWebKit/537.36"
185.217.0.59 - - [08/Sep/2026:20:15:04 +0200] "POST /?rest_route=/batch/v1 HTTP/1.1" 400 220 "-" "Mozilla/5.0 (Windows NT 10.0; Win64; x64) AppleWebKit/537.36"
185.43.220.19 - - [08/Sep/2026:20:16:54 +0200] "POST /wp-cron.php?doing_wp_cron=1788891414.7085490226745605468750 HTTP/1.1" 200 - "-" "WordPress/7.1; http://bookmakery.ru"
101.32.49.171 - - [08/Sep/2026:20:16:53 +0200] "GET /?author=1 HTTP/1.1" 200 73995 "-" "Mozilla/5.0 (iPhone; CPU iPhone OS 13_2_3 like Mac OS X) AppleWebKit/605.1.15 (KHTML, like Gecko) Version/13.0.3 Mobile/15E148 Safari/604.1"
94.154.35.236 - - [08/Sep/2026:20:25:08 +0200] "HEAD /bitrix/archive.zip HTTP/1.1" 301 - "-" "Mozilla/5.0 (Windows NT 10.0; Win64; x64) AppleWebKit/537.36 (KHTML, like Gecko) Chrome/101.0.4951.67 Safari/537.36"
185.43.220.19 - - [08/Sep/2026:20:25:19 +0200] "POST /wp-cron.php?doing_wp_cron=1788891919.1854679584503173828125 HTTP/1.1" 200 - "-" "WordPress/7.1; http://bookmakery.ru"
94.154.35.236 - - [08/Sep/2026:20:25:13 +0200] "HEAD /bitrix/archive.zip/ HTTP/1.1" 200 - "-" "Mozilla/5.0 (Windows NT 10.0; Win64; x64) AppleWebKit/537.36 (KHTML, like Gecko) Chrome/101.0.4951.67 Safari/537.36"
170.106.180.139 - - [08/Sep/2026:20:30:10 +0200] "GET /?p=1 HTTP/1.1" 503 - "-" "Mozilla/5.0 (iPhone; CPU iPhone OS 13_2_3 like Mac OS X) AppleWebKit/605.1.15 (KHTML, like Gecko) Version/13.0.3 Mobile/15E148 Safari/604.1"
124.156.206.145 - - [08/Sep/2026:20:41:48 +0200] "GET /?p=1 HTTP/1.1" 503 - "-" "Mozilla/5.0 (iPhone; CPU iPhone OS 13_2_3 like Mac OS X) AppleWebKit/605.1.15 (KHTML, like Gecko) Version/13.0.3 Mobile/15E148 Safari/604.1"
43.153.58.28 - - [08/Sep/2026:20:46:42 +0200] "GET /wp-comments-post.php HTTP/1.1" 405 - "-" "Mozilla/5.0 (iPhone; CPU iPhone OS 13_2_3 like Mac OS X) AppleWebKit/605.1.15 (KHTML, like Gecko) Version/13.0.3 Mobile/15E148 Safari/604.1"
185.43.220.19 - - [08/Sep/2026:20:47:14 +0200] "POST /wp-cron.php?doing_wp_cron=1788893234.2854609489440917968750 HTTP/1.1" 200 - "-" "WordPress/7.1; http://bookmakery.ru"
185.12.124.78 - - [08/Sep/2026:20:47:08 +0200] "GET / HTTP/1.1" 200 74978 "BOOKMAKERY.RU" "Mozilla/5.0 (compatible; BackupLand/1.0; https://go.backupland.com/; Domain check for viruses;)"
34.87.171.30 - - [08/Sep/2026:20:49:54 +0200] "GET / HTTP/1.1" 503 - "-" "Mozilla/5.0 (DomainChecker/1.0)"
94.154.35.236 - - [08/Sep/2026:20:51:51 +0200] "HEAD /bitrix/%D0%B0%D1%80%D1%85%D0%B8%D0%B2.zip HTTP/1.1" 503 - "-" "Mozilla/5.0 (Windows NT 10.0; Win64; x64) AppleWebKit/537.36 (KHTML, like Gecko) Chrome/101.0.4951.67 Safari/537.36"
170.106.180.246 - - [08/Sep/2026:20:58:59 +0200] "GET /index.php?rest_route=%2Foembed%2F1.0%2Fembed&url=http%3A%2F%2Fbookmakery.ru%2F%3Fp%3D1 HTTP/1.1" 503 - "-" "Mozilla/5.0 (iPhone; CPU iPhone OS 13_2_3 like Mac OS X) AppleWebKit/605.1.15 (KHTML, like Gecko) Version/13.0.3 Mobile/15E148 Safari/604.1"
212.83.174.154 - - [08/Sep/2026:21:00:33 +0200] "HEAD / HTTP/1.1" 503 - "-" "Mozilla/5.0 (compatible; PingAdmin.Ru/1.1; +http://pingadmin.ru/)"
80.211.246.39 - - [08/Sep/2026:21:00:38 +0200] "HEAD / HTTP/1.1" 503 - "-" "Mozilla/5.0 (compatible; PingAdmin.Ru/1.11; +http://pingadmin.ru/)"
185.43.220.19 - - [08/Sep/2026:21:08:07 +0200] "POST /wp-cron.php?doing_wp_cron=1788894487.4935491085052490234375 HTTP/1.1" 200 - "-" "WordPress/7.1; http://bookmakery.ru"
43.130.16.140 - - [08/Sep/2026:21:08:01 +0200] "GET /index.php?rest_route=%2Foembed%2F1.0%2Fembed&url=http%3A%2F%2Fbookmakery.ru%2F%3Fp%3D1&format=xml HTTP/1.1" 200 2274 "-" "Mozilla/5.0 (iPhone; CPU iPhone OS 13_2_3 like Mac OS X) AppleWebKit/605.1.15 (KHTML, like Gecko) Version/13.0.3 Mobile/15E148 Safari/604.1"
43.165.170.119 - - [08/Sep/2026:21:09:43 +0200] "GET / HTTP/1.1" 301 - "-" "Mozilla/5.0 (iPhone; CPU iPhone OS 13_2_3 like Mac OS X) AppleWebKit/605.1.15 (KHTML, like Gecko) Version/13.0.3 Mobile/15E148 Safari/604.1"
185.43.220.19 - - [08/Sep/2026:21:09:50 +0200] "POST /wp-cron.php?doing_wp_cron=1788894590.8816421031951904296875 HTTP/1.1" 200 - "-" "WordPress/7.1; http://bookmakery.ru"
43.165.170.119 - - [08/Sep/2026:21:09:48 +0200] "GET / HTTP/1.1" 200 74978 "http://www.bookmakery.ru" "Mozilla/5.0 (iPhone; CPU iPhone OS 13_2_3 like Mac OS X) AppleWebKit/605.1.15 (KHTML, like Gecko) Version/13.0.3 Mobile/15E148 Safari/604.1"
34.46.134.222 - - [08/Sep/2026:21:12:41 +0200] "GET /.git/config HTTP/1.1" 503 468 "-" "Mozilla/5.0 (Windows NT 10.0; Win64; x64) AppleWebKit/537.36 (KHTML, like Gecko) Chrome/128.0.0.0 Safari/537.36"
185.43.220.19 - - [08/Sep/2026:21:13:18 +0200] "POST /wp-cron.php?doing_wp_cron=1788894798.3959400653839111328125 HTTP/1.1" 200 - "-" "WordPress/7.1; http://bookmakery.ru"
185.121.235.107 - - [08/Sep/2026:21:13:14 +0200] "GET /bukmekerskaya-kontora-gg-bet/ HTTP/1.0" 200 74978 "http://bookmakery.ru/bukmekerskaya-kontora-gg-bet/" "Mozilla/5.0 (Windows NT 10.0; Win64; x64) AppleWebKit/537.36 (KHTML, like Gecko) Chrome/131.0.0.0 Safari/537.36"
185.121.235.107 - - [08/Sep/2026:21:13:18 +0200] "GET /?page_id=2 HTTP/1.0" 503 74978 "http://bookmakery.ru/?page_id=2" "Mozilla/5.0 (Windows NT 10.0; Win64; x64) AppleWebKit/537.36 (KHTML, like Gecko) Chrome/131.0.0.0 Safari/537.36"
185.43.220.19 - - [08/Sep/2026:21:18:37 +0200] "POST /wp-cron.php?doing_wp_cron=1788895117.5914800167083740234375 HTTP/1.1" 200 - "-" "WordPress/7.1; http://bookmakery.ru"
94.154.35.236 - - [08/Sep/2026:21:18:34 +0200] "HEAD /backup.zip HTTP/1.1" 301 - "-" "Mozilla/5.0 (Windows NT 10.0; Win64; x64) AppleWebKit/537.36 (KHTML, like Gecko) Chrome/101.0.4951.67 Safari/537.36"
94.154.35.236 - - [08/Sep/2026:21:18:37 +0200] "HEAD /backup.zip/ HTTP/1.1" 503 - "-" "Mozilla/5.0 (Windows NT 10.0; Win64; x64) AppleWebKit/537.36 (KHTML, like Gecko) Chrome/101.0.4951.67 Safari/537.36"
43.130.3.120 - - [08/Sep/2026:21:19:02 +0200] "GET /?feed=rss2&author=1 HTTP/1.1" 503 - "-" "Mozilla/5.0 (iPhone; CPU iPhone OS 13_2_3 like Mac OS X) AppleWebKit/605.1.15 (KHTML, like Gecko) Version/13.0.3 Mobile/15E148 Safari/604.1"
140.206.235.47 - - [08/Sep/2026:21:20:29 +0200] "GET /robots.txt HTTP/1.1" 200 93 "http://bookmakery.ru/robots.txt" "Mozilla/5.0 (Macintosh; Intel Mac OS X 10_15_7) AppleWebKit/537.36 (KHTML, like Gecko) Chrome/131.0.0.0 Safari/537.36"
149.232.143.222 - - [08/Sep/2026:21:20:39 +0200] "GET /robots.txt HTTP/1.1" 200 93 "http://bookmakery.ru/robots.txt" "Mozilla/5.0 (Macintosh; Intel Mac OS X 10_15_7) AppleWebKit/537.36 (KHTML, like Gecko) Chrome/119.0.0.0 Safari/537.36"
185.43.220.19 - - [08/Sep/2026:21:30:00 +0200] "POST /wp-cron.php?doing_wp_cron=1788895800.6005890369415283203125 HTTP/1.1" 200 - "-" "WordPress/7.1; http://bookmakery.ru"
43.134.93.164 - - [08/Sep/2026:21:29:56 +0200] "GET /?p=1&embed=true HTTP/1.1" 200 20265 "-" "Mozilla/5.0 (iPhone; CPU iPhone OS 13_2_3 like Mac OS X) AppleWebKit/605.1.15 (KHTML, like Gecko) Version/13.0.3 Mobile/15E148 Safari/604.1"
185.43.220.19 - - [08/Sep/2026:21:30:20 +0200] "POST /wp-cron.php?doing_wp_cron=1788895820.2049670219421386718750 HTTP/1.1" 200 - "-" "WordPress/7.1; http://bookmakery.ru"
104.28.214.125 - - [08/Sep/2026:21:30:17 +0200] "GET /bukmekerskaya-kontora-gg-bet/ HTTP/1.0" 200 74978 "http://bookmakery.ru/bukmekerskaya-kontora-gg-bet/" "Mozilla/5.0 (Windows NT 10.0; Win64; x64) AppleWebKit/537.36 (KHTML, like Gecko) Chrome/130.0.0.0 Safari/537.36 CCleaner/130.0.0.0"
185.43.220.19 - - [08/Sep/2026:21:38:58 +0200] "POST /wp-cron.php?doing_wp_cron=1788896337.9993410110473632812500 HTTP/1.1" 200 - "-" "WordPress/7.1; http://bookmakery.ru"
43.130.34.74 - - [08/Sep/2026:21:38:54 +0200] "GET /?p=1& HTTP/1.1" 301 - "-" "Mozilla/5.0 (iPhone; CPU iPhone OS 13_2_3 like Mac OS X) AppleWebKit/605.1.15 (KHTML, like Gecko) Version/13.0.3 Mobile/15E148 Safari/604.1"
43.130.34.74 - - [08/Sep/2026:21:39:02 +0200] "GET /?p=1 HTTP/1.1" 200 79823 "http://bookmakery.ru/?p=1&" "Mozilla/5.0 (iPhone; CPU iPhone OS 13_2_3 like Mac OS X) AppleWebKit/605.1.15 (KHTML, like Gecko) Version/13.0.3 Mobile/15E148 Safari/604.1"
185.43.220.19 - - [08/Sep/2026:21:45:16 +0200] "POST /wp-cron.php?doing_wp_cron=1788896715.9869201183319091796875 HTTP/1.1" 200 - "-" "WordPress/7.1; http://bookmakery.ru"
94.154.35.236 - - [08/Sep/2026:21:45:12 +0200] "HEAD /archive.zip HTTP/1.1" 301 - "-" "Mozilla/5.0 (Windows NT 10.0; Win64; x64) AppleWebKit/537.36 (KHTML, like Gecko) Chrome/101.0.4951.67 Safari/537.36"
94.154.35.236 - - [08/Sep/2026:21:45:16 +0200] "HEAD /archive.zip/ HTTP/1.1" 503 - "-" "Mozilla/5.0 (Windows NT 10.0; Win64; x64) AppleWebKit/537.36 (KHTML, like Gecko) Chrome/101.0.4951.67 Safari/537.36"
43.134.91.35 - - [08/Sep/2026:21:47:17 +0200] "GET /?p=1 HTTP/1.1" 503 - "-" "Mozilla/5.0 (iPhone; CPU iPhone OS 13_2_3 like Mac OS X) AppleWebKit/605.1.15 (KHTML, like Gecko) Version/13.0.3 Mobile/15E148 Safari/604.1"
170.106.72.93 - - [08/Sep/2026:21:58:57 +0200] "GET /?cat=1 HTTP/1.1" 200 73467 "-" "Mozilla/5.0 (iPhone; CPU iPhone OS 13_2_3 like Mac OS X) AppleWebKit/605.1.15 (KHTML, like Gecko) Version/13.0.3 Mobile/15E148 Safari/604.1"
212.83.174.154 - - [08/Sep/2026:22:00:39 +0200] "HEAD / HTTP/1.1" 200 - "-" "Mozilla/5.0 (compatible; PingAdmin.Ru/1.1; +http://pingadmin.ru/)"
80.211.246.39 - - [08/Sep/2026:22:00:45 +0200] "HEAD / HTTP/1.1" 200 - "-" "Mozilla/5.0 (compatible; PingAdmin.Ru/1.11; +http://pingadmin.ru/)"
94.154.35.236 - - [08/Sep/2026:22:11:36 +0200] "HEAD /%D0%B0%D1%80%D1%85%D0%B8%D0%B2.zip HTTP/1.1" 301 - "-" "Mozilla/5.0 (Windows NT 10.0; Win64; x64) AppleWebKit/537.36 (KHTML, like Gecko) Chrome/101.0.4951.67 Safari/537.36"
94.154.35.236 - - [08/Sep/2026:22:11:41 +0200] "HEAD /%D0%B0%D1%80%D1%85%D0%B8%D0%B2.zip/ HTTP/1.1" 200 - "-" "Mozilla/5.0 (Windows NT 10.0; Win64; x64) AppleWebKit/537.36 (KHTML, like Gecko) Chrome/101.0.4951.67 Safari/537.36"
185.43.220.19 - - [08/Sep/2026:22:12:04 +0200] "POST /wp-cron.php?doing_wp_cron=1788898324.0147581100463867187500 HTTP/1.1" 200 - "-" "WordPress/7.1; http://bookmakery.ru"
43.167.241.46 - - [08/Sep/2026:22:12:01 +0200] "GET /index.php?rest_route=/wp/v2/posts/1 HTTP/1.1" 200 2012 "-" "Mozilla/5.0 (iPhone; CPU iPhone OS 13_2_3 like Mac OS X) AppleWebKit/605.1.15 (KHTML, like Gecko) Version/13.0.3 Mobile/15E148 Safari/604.1"
185.43.220.19 - - [08/Sep/2026:22:37:46 +0200] "POST /wp-cron.php?doing_wp_cron=1788899866.5911049842834472656250 HTTP/1.1" 200 - "-" "WordPress/7.1; http://bookmakery.ru"
94.154.35.236 - - [08/Sep/2026:22:37:40 +0200] "HEAD /bitrix/site.zip HTTP/1.1" 301 - "-" "Mozilla/5.0 (Windows NT 10.0; Win64; x64) AppleWebKit/537.36 (KHTML, like Gecko) Chrome/101.0.4951.67 Safari/537.36"
94.154.35.236 - - [08/Sep/2026:22:37:46 +0200] "HEAD /bitrix/site.zip/ HTTP/1.1" 200 - "-" "Mozilla/5.0 (Windows NT 10.0; Win64; x64) AppleWebKit/537.36 (KHTML, like Gecko) Chrome/101.0.4951.67 Safari/537.36"
166.88.110.118 - - [08/Sep/2026:22:40:42 +0200] "GET /wp-content/plugins/pods/readme.txt HTTP/1.1" 503 - "-" "Mozilla/5.0 (X11; Linux x86_64) AppleWebKit/537.36 (KHTML, like Gecko) Chrome/131.0.0.0 Safari/537.36"
171.22.251.145 - - [08/Sep/2026:22:40:47 +0200] "GET /wp-content/plugins/pods/ui/styles/dist/pods-form.css HTTP/1.1" 503 468 "-" "Mozilla/5.0 (X11; Linux x86_64) AppleWebKit/537.36 (KHTML, like Gecko) Chrome/131.0.0.0 Safari/537.36"
35.231.160.46 - - [08/Sep/2026:22:45:34 +0200] "GET /.git/config HTTP/1.1" 503 468 "-" "Mozilla/5.0 (Windows NT 10.0; Win64; x64) AppleWebKit/537.36 (KHTML, like Gecko) Chrome/128.0.0.0 Safari/537.36"
66.249.68.194 - - [08/Sep/2026:22:52:29 +0200] "GET /?r=fs4h15sbhuwixud HTTP/1.1" 200 236142 "-" "Mozilla/5.0 (Linux; Android 6.0.1; Nexus 5X Build/MMB29P) AppleWebKit/537.36 (KHTML, like Gecko) Chrome/151.0.7922.173 Mobile Safari/537.36 (compatible; Googlebot/2.1; +http://www.google.com/bot.html)"
119.45.7.86 - - [08/Sep/2026:22:52:37 +0200] "GET / HTTP/1.1" 200 74978 "-" "Mozilla/5.0 (iPhone; CPU iPhone OS 13_2_3 like Mac OS X) AppleWebKit/605.1.15 (KHTML, like Gecko) Version/13.0.3 Mobile/15E148 Safari/604.1"
185.43.220.19 - - [08/Sep/2026:22:59:56 +0200] "POST /wp-cron.php?doing_wp_cron=1788901196.3153738975524902343750 HTTP/1.1" 200 - "-" "WordPress/7.1; http://bookmakery.ru"
195.2.67.184 - - [08/Sep/2026:22:59:54 +0200] "GET /bukmekerskaya-kontora-gg-bet/ HTTP/1.0" 200 74978 "http://bookmakery.ru/bukmekerskaya-kontora-gg-bet/" "Mozilla/5.0 (Windows NT 10.0; Win64; x64) AppleWebKit/537.36 (KHTML, like Gecko) Chrome/130.0.0.0 Safari/537.36 CCleaner/130.0.0.0"
195.2.67.184 - - [08/Sep/2026:22:59:56 +0200] "GET /?page_id=2 HTTP/1.0" 200 76175 "http://bookmakery.ru/?page_id=2" "Mozilla/5.0 (Windows NT 10.0; Win64; x64) AppleWebKit/537.36 (KHTML, like Gecko) Chrome/130.0.0.0 Safari/537.36 CCleaner/130.0.0.0"
185.43.220.19 - - [08/Sep/2026:23:00:41 +0200] "POST /wp-cron.php?doing_wp_cron=1788901241.4842870235443115234375 HTTP/1.1" 200 - "-" "WordPress/7.1; http://bookmakery.ru"
212.83.174.154 - - [08/Sep/2026:23:00:35 +0200] "HEAD / HTTP/1.1" 200 - "-" "Mozilla/5.0 (compatible; PingAdmin.Ru/1.1; +http://pingadmin.ru/)"
80.211.246.39 - - [08/Sep/2026:23:00:41 +0200] "HEAD / HTTP/1.1" 200 - "-" "Mozilla/5.0 (compatible; PingAdmin.Ru/1.11; +http://pingadmin.ru/)"
185.43.220.19 - - [08/Sep/2026:23:03:51 +0200] "POST /wp-cron.php?doing_wp_cron=1788901431.9822089672088623046875 HTTP/1.1" 200 - "-" "WordPress/7.1; http://bookmakery.ru"
94.154.35.236 - - [08/Sep/2026:23:03:49 +0200] "HEAD /bitrix/new.zip HTTP/1.1" 301 - "-" "Mozilla/5.0 (Windows NT 10.0; Win64; x64) AppleWebKit/537.36 (KHTML, like Gecko) Chrome/101.0.4951.67 Safari/537.36"
94.154.35.236 - - [08/Sep/2026:23:03:52 +0200] "HEAD /bitrix/new.zip/ HTTP/1.1" 200 - "-" "Mozilla/5.0 (Windows NT 10.0; Win64; x64) AppleWebKit/537.36 (KHTML, like Gecko) Chrome/101.0.4951.67 Safari/537.36"
185.43.220.19 - - [08/Sep/2026:23:13:41 +0200] "POST /wp-cron.php?doing_wp_cron=1788902021.0981960296630859375000 HTTP/1.1" 200 - "-" "WordPress/7.1; http://bookmakery.ru"
84.54.44.19 - - [08/Sep/2026:23:13:38 +0200] "GET /bukmekerskaya-kontora-gg-bet/ HTTP/1.0" 200 74978 "http://bookmakery.ru/bukmekerskaya-kontora-gg-bet/" "Mozilla/5.0 (Windows NT 10.0; Win64; x64) AppleWebKit/537.36 (KHTML, like Gecko) Chrome/131.0.0.0 Safari/537.36"
84.54.44.19 - - [08/Sep/2026:23:13:42 +0200] "GET /?page_id=2 HTTP/1.0" 200 76175 "http://bookmakery.ru/?page_id=2" "Mozilla/5.0 (Windows NT 10.0; Win64; x64) AppleWebKit/537.36 (KHTML, like Gecko) Chrome/131.0.0.0 Safari/537.36"
185.43.220.19 - - [08/Sep/2026:23:27:07 +0200] "POST /wp-cron.php?doing_wp_cron=1788902826.2162189483642578125000 HTTP/1.1" 200 - "-" "WordPress/7.1; http://bookmakery.ru"
66.249.68.194 - - [08/Sep/2026:23:27:01 +0200] "GET /?r=flepn32b35uscgb HTTP/1.1" 404 75096 "-" "Mozilla/5.0 (Linux; Android 6.0.1; Nexus 5X Build/MMB29P) AppleWebKit/537.36 (KHTML, like Gecko) Chrome/151.0.7922.173 Mobile Safari/537.36 (compatible; GoogleOther)"
185.43.220.19 - - [08/Sep/2026:23:29:58 +0200] "POST /wp-cron.php?doing_wp_cron=1788902998.2192540168762207031250 HTTP/1.1" 200 - "-" "WordPress/7.1; http://bookmakery.ru"
94.154.35.236 - - [08/Sep/2026:23:29:54 +0200] "HEAD /bitrix/root.zip HTTP/1.1" 301 - "-" "Mozilla/5.0 (Windows NT 10.0; Win64; x64) AppleWebKit/537.36 (KHTML, like Gecko) Chrome/101.0.4951.67 Safari/537.36"
94.154.35.236 - - [08/Sep/2026:23:29:58 +0200] "HEAD /bitrix/root.zip/ HTTP/1.1" 200 - "-" "Mozilla/5.0 (Windows NT 10.0; Win64; x64) AppleWebKit/537.36 (KHTML, like Gecko) Chrome/101.0.4951.67 Safari/537.36"
185.43.220.19 - - [08/Sep/2026:23:32:21 +0200] "POST /wp-cron.php?doing_wp_cron=1788903141.6872770786285400390625 HTTP/1.1" 200 - "-" "WordPress/7.1; http://bookmakery.ru"
185.231.155.169 - - [08/Sep/2026:23:32:18 +0200] "GET /bukmekerskaya-kontora-gg-bet/ HTTP/1.0" 200 74978 "http://bookmakery.ru/bukmekerskaya-kontora-gg-bet/#comment-24627" "Mozilla/5.0 (Windows NT 10.0; Win64; x64) AppleWebKit/537.36 (KHTML, like Gecko) Chrome/130.0.0.0 Safari/537.36"
185.231.155.169 - - [08/Sep/2026:23:32:22 +0200] "GET /?page_id=2 HTTP/1.0" 200 76175 "http://bookmakery.ru/?page_id=2" "Mozilla/5.0 (Windows NT 10.0; Win64; x64) AppleWebKit/537.36 (KHTML, like Gecko) Chrome/130.0.0.0 Safari/537.36"
185.43.220.19 - - [08/Sep/2026:23:43:02 +0200] "POST /wp-cron.php?doing_wp_cron=1788903782.1274940967559814453125 HTTP/1.1" 200 - "-" "WordPress/7.1; http://bookmakery.ru"
195.2.78.191 - - [08/Sep/2026:23:42:59 +0200] "GET /bukmekerskaya-kontora-gg-bet/ HTTP/1.0" 200 74978 "http://bookmakery.ru/bukmekerskaya-kontora-gg-bet/#comment-1877" "Mozilla/5.0 (Windows NT 10.0; Win64; x64) AppleWebKit/537.36 (KHTML, like Gecko) Chrome/130.0.0.0 Safari/537.36 CCleaner/130.0.0.0"
195.2.78.191 - - [08/Sep/2026:23:43:02 +0200] "GET /?page_id=2 HTTP/1.0" 200 76175 "http://bookmakery.ru/?page_id=2" "Mozilla/5.0 (Windows NT 10.0; Win64; x64) AppleWebKit/537.36 (KHTML, like Gecko) Chrome/130.0.0.0 Safari/537.36 CCleaner/130.0.0.0"
185.43.220.19 - - [08/Sep/2026:23:55:51 +0200] "POST /wp-cron.php?doing_wp_cron=1788904551.1845469474792480468750 HTTP/1.1" 200 - "-" "WordPress/7.1; http://bookmakery.ru"
94.154.35.236 - - [08/Sep/2026:23:55:48 +0200] "HEAD /bitrix.zip HTTP/1.1" 301 - "-" "Mozilla/5.0 (Windows NT 10.0; Win64; x64) AppleWebKit/537.36 (KHTML, like Gecko) Chrome/101.0.4951.67 Safari/537.36"
94.154.35.236 - - [08/Sep/2026:23:55:51 +0200] "HEAD /bitrix.zip/ HTTP/1.1" 200 - "-" "Mozilla/5.0 (Windows NT 10.0; Win64; x64) AppleWebKit/537.36 (KHTML, like Gecko) Chrome/101.0.4951.67 Safari/537.36"
172.105.64.62 - - [08/Sep/2026:23:55:51 +0200] "GET / HTTP/1.1" 200 74978 "-" "Mozilla/5.0 (Macintosh; Intel Mac OS X 10_15_7) AppleWebKit/605.1.15 (KHTML, like Gecko) Version/15.3 Safari/605.1.15"
66.249.68.194 - - [08/Sep/2026:23:55:58 +0200] "GET /?r=f1b2k0zb0orpgd8 HTTP/1.1" 404 75096 "-" "Mozilla/5.0 (Linux; Android 6.0.1; Nexus 5X Build/MMB29P) AppleWebKit/537.36 (KHTML, like Gecko) Chrome/151.0.7922.173 Mobile Safari/537.36 (compatible; GoogleOther)"
185.43.220.19 - - [09/Sep/2026:00:00:38 +0200] "POST /wp-cron.php?doing_wp_cron=1788904838.4841020107269287109375 HTTP/1.1" 200 - "-" "WordPress/7.1; http://bookmakery.ru"
212.83.174.154 - - [09/Sep/2026:00:00:34 +0200] "HEAD / HTTP/1.1" 200 - "-" "Mozilla/5.0 (compatible; PingAdmin.Ru/1.1; +http://pingadmin.ru/)"
185.43.220.19 - - [09/Sep/2026:00:07:22 +0200] "POST /wp-cron.php?doing_wp_cron=1788905242.4923560619354248046875 HTTP/1.1" 200 - "-" "WordPress/7.1; http://bookmakery.ru"
45.131.194.176 - - [09/Sep/2026:00:07:17 +0200] "POST /wp-login.php HTTP/1.1" 200 13415 "http://bookmakery.ru/wp-admin/" "Mozilla/5.0 (Windows NT 10.0; Win64; x64; rv:89.0) Gecko/20100101 Firefox/89.0"
45.131.194.176 - - [09/Sep/2026:00:07:22 +0200] "POST /admin HTTP/1.1" 200 74978 "http://bookmakery.ru/wp-admin/" "Mozilla/5.0 (iPhone; CPU iPhone OS 14_6 like Mac OS X) AppleWebKit/605.1.15 (KHTML, like Gecko) Version/14.0 Mobile/15E148 Safari/604.1"
45.131.194.145 - - [09/Sep/2026:00:07:30 +0200] "POST /wp-login.php HTTP/1.1" 200 13414 "http://bookmakery.ru/wp-admin/" "Mozilla/5.0 (Windows NT 10.0; Win64; x64) AppleWebKit/537.36 (KHTML, like Gecko) Chrome/91.0.4472.124 Safari/537.36"
45.131.194.145 - - [09/Sep/2026:00:07:34 +0200] "POST /admin HTTP/1.1" 200 74978 "http://bookmakery.ru/wp-admin/" "Mozilla/5.0 (Windows NT 10.0; Win64; x64) AppleWebKit/537.36 (KHTML, like Gecko) Chrome/93.0.4577.63 Safari/537.36"
45.131.194.149 - - [09/Sep/2026:00:07:38 +0200] "POST /wp-login.php HTTP/1.1" 200 13420 "http://bookmakery.ru/wp-admin/" "Mozilla/5.0 (Windows NT 10.0; Win64; x64) AppleWebKit/537.36 (KHTML, like Gecko) Chrome/93.0.4577.63 Safari/537.36"
45.131.194.149 - - [09/Sep/2026:00:07:41 +0200] "POST /admin HTTP/1.1" 200 74978 "http://bookmakery.ru/wp-admin/" "Mozilla/5.0 (Windows NT 10.0; Win64; x64) AppleWebKit/537.36 (KHTML, like Gecko) Chrome/90.0.4430.85 Safari/537.36"
185.43.220.19 - - [09/Sep/2026:00:07:50 +0200] "POST /wp-cron.php?doing_wp_cron=1788905270.3861091136932373046875 HTTP/1.1" 200 - "-" "WordPress/7.1; http://bookmakery.ru"
45.131.194.185 - - [09/Sep/2026:00:07:45 +0200] "POST /wp-login.php HTTP/1.1" 200 13418 "http://bookmakery.ru/wp-admin/" "Mozilla/5.0 (Windows NT 10.0; Win64; x64) AppleWebKit/537.36 (KHTML, like Gecko) Edge/91.0.864.59"
45.131.194.185 - - [09/Sep/2026:00:07:50 +0200] "POST /admin HTTP/1.1" 200 74978 "http://bookmakery.ru/wp-admin/" "Mozilla/5.0 (Windows NT 10.0; Win64; x64; rv:89.0) Gecko/20100101 Firefox/89.0"
45.131.194.178 - - [09/Sep/2026:00:08:01 +0200] "POST /wp-login.php HTTP/1.1" 200 13418 "http://bookmakery.ru/wp-admin/" "Mozilla/5.0 (Windows NT 10.0; Win64; x64) AppleWebKit/537.36 (KHTML, like Gecko) Edge/91.0.864.59"
45.131.194.178 - - [09/Sep/2026:00:08:06 +0200] "POST /admin HTTP/1.1" 302 - "http://bookmakery.ru/wp-admin/" "Mozilla/5.0 (Windows NT 10.0; Win64; x64) AppleWebKit/537.36 (KHTML, like Gecko) Chrome/91.0.4472.124 Safari/537.36"
45.131.194.166 - - [09/Sep/2026:00:08:10 +0200] "POST /wp-login.php HTTP/1.1" 200 13419 "http://bookmakery.ru/wp-admin/" "Mozilla/5.0 (Windows NT 10.0; Win64; x64) AppleWebKit/537.36 (KHTML, like Gecko) Chrome/95.0.4638.54 Safari/537.36"
45.131.194.166 - - [09/Sep/2026:00:08:11 +0200] "POST /admin HTTP/1.1" 302 - "http://bookmakery.ru/wp-admin/" "Mozilla/5.0 (Windows NT 10.0; Win64; x64) AppleWebKit/537.36 (KHTML, like Gecko) Chrome/94.0.4606.71 Safari/537.36"
45.131.194.175 - - [09/Sep/2026:00:08:15 +0200] "POST /wp-login.php HTTP/1.1" 200 13419 "http://bookmakery.ru/wp-admin/" "Mozilla/5.0 (X11; Linux x86_64) AppleWebKit/537.36 (KHTML, like Gecko) Chrome/92.0.4515.107 Safari/537.36"
45.131.194.175 - - [09/Sep/2026:00:08:17 +0200] "POST /admin HTTP/1.1" 302 - "http://bookmakery.ru/wp-admin/" "Mozilla/5.0 (iPhone; CPU iPhone OS 14_6 like Mac OS X) AppleWebKit/605.1.15 (KHTML, like Gecko) Version/14.0 Mobile/15E148 Safari/604.1"
45.131.194.175 - - [09/Sep/2026:00:08:24 +0200] "POST /wp-login.php HTTP/1.1" 200 13423 "http://bookmakery.ru/wp-admin/" "Mozilla/5.0 (Windows NT 10.0; Win64; x64) AppleWebKit/537.36 (KHTML, like Gecko) Chrome/90.0.4430.85 Safari/537.36"
45.131.194.175 - - [09/Sep/2026:00:08:27 +0200] "POST /admin HTTP/1.1" 302 - "http://bookmakery.ru/wp-admin/" "Mozilla/5.0 (Windows NT 10.0; Win64; x64) AppleWebKit/537.36 (KHTML, like Gecko) Edge/91.0.864.59"
45.131.194.143 - - [09/Sep/2026:00:08:32 +0200] "POST /wp-login.php HTTP/1.1" 200 13418 "http://bookmakery.ru/wp-admin/" "Mozilla/5.0 (iPhone; CPU iPhone OS 14_6 like Mac OS X) AppleWebKit/605.1.15 (KHTML, like Gecko) Version/14.0 Mobile/15E148 Safari/604.1"
45.131.194.143 - - [09/Sep/2026:00:08:34 +0200] "POST /admin HTTP/1.1" 302 - "http://bookmakery.ru/wp-admin/" "Mozilla/5.0 (Windows NT 10.0; Win64; x64; rv:89.0) Gecko/20100101 Firefox/89.0"
45.131.194.144 - - [09/Sep/2026:00:08:38 +0200] "POST /wp-login.php HTTP/1.1" 200 13420 "http://bookmakery.ru/wp-admin/" "Mozilla/5.0 (Windows NT 10.0; Win64; x64) AppleWebKit/537.36 (KHTML, like Gecko) Chrome/94.0.4606.71 Safari/537.36"
45.131.194.144 - - [09/Sep/2026:00:08:41 +0200] "POST /admin HTTP/1.1" 302 - "http://bookmakery.ru/wp-admin/" "Mozilla/5.0 (Windows NT 10.0; Win64; x64) AppleWebKit/537.36 (KHTML, like Gecko) Chrome/93.0.4577.63 Safari/537.36"
45.131.194.181 - - [09/Sep/2026:00:08:44 +0200] "POST /wp-login.php HTTP/1.1" 200 13418 "http://bookmakery.ru/wp-admin/" "Mozilla/5.0 (Macintosh; Intel Mac OS X 10_15_7) AppleWebKit/605.1.15 (KHTML, like Gecko) Version/14.1.1 Safari/605.1.15"
45.131.194.181 - - [09/Sep/2026:00:08:48 +0200] "POST /admin HTTP/1.1" 302 - "http://bookmakery.ru/wp-admin/" "Mozilla/5.0 (iPhone; CPU iPhone OS 14_6 like Mac OS X) AppleWebKit/605.1.15 (KHTML, like Gecko) Version/14.0 Mobile/15E148 Safari/604.1"
185.43.220.19 - - [09/Sep/2026:00:08:52 +0200] "POST /wp-cron.php?doing_wp_cron=1788905332.9216620922088623046875 HTTP/1.1" 200 - "-" "WordPress/7.1; http://bookmakery.ru"
45.131.194.174 - - [09/Sep/2026:00:08:50 +0200] "POST /wp-login.php HTTP/1.1" 200 13418 "http://bookmakery.ru/wp-admin/" "Mozilla/5.0 (Windows NT 10.0; Win64; x64; rv:89.0) Gecko/20100101 Firefox/89.0"
45.131.194.174 - - [09/Sep/2026:00:08:53 +0200] "POST /admin HTTP/1.1" 302 - "http://bookmakery.ru/wp-admin/" "Mozilla/5.0 (Windows NT 10.0; Win64; x64) AppleWebKit/537.36 (KHTML, like Gecko) Chrome/91.0.4472.124 Safari/537.36"
45.131.194.141 - - [09/Sep/2026:00:08:57 +0200] "POST /wp-login.php HTTP/1.1" 200 13416 "http://bookmakery.ru/wp-admin/" "Mozilla/5.0 (Windows NT 10.0; Win64; x64) AppleWebKit/537.36 (KHTML, like Gecko) Edge/91.0.864.59"
45.131.194.141 - - [09/Sep/2026:00:09:01 +0200] "POST /admin HTTP/1.1" 302 - "http://bookmakery.ru/wp-admin/" "Mozilla/5.0 (Windows NT 10.0; Win64; x64) AppleWebKit/537.36 (KHTML, like Gecko) Chrome/90.0.4430.85 Safari/537.36"
45.131.194.165 - - [09/Sep/2026:00:09:06 +0200] "POST /wp-login.php HTTP/1.1" 200 13415 "http://bookmakery.ru/wp-admin/" "Mozilla/5.0 (Windows NT 10.0; Win64; x64) AppleWebKit/537.36 (KHTML, like Gecko) Chrome/91.0.4472.124 Safari/537.36"
45.131.194.165 - - [09/Sep/2026:00:09:09 +0200] "POST /admin HTTP/1.1" 302 - "http://bookmakery.ru/wp-admin/" "Mozilla/5.0 (Windows NT 10.0; Win64; x64) AppleWebKit/537.36 (KHTML, like Gecko) Chrome/95.0.4638.54 Safari/537.36"
45.131.194.182 - - [09/Sep/2026:00:09:13 +0200] "POST /wp-login.php HTTP/1.1" 200 13417 "http://bookmakery.ru/wp-admin/" "Mozilla/5.0 (Windows NT 10.0; Win64; x64) AppleWebKit/537.36 (KHTML, like Gecko) Chrome/90.0.4430.85 Safari/537.36"
185.43.220.19 - - [09/Sep/2026:00:09:17 +0200] "POST /wp-cron.php?doing_wp_cron=1788905357.5814828872680664062500 HTTP/1.1" 200 - "-" "WordPress/7.1; http://bookmakery.ru"
45.131.194.182 - - [09/Sep/2026:00:09:15 +0200] "POST /admin HTTP/1.1" 302 - "http://bookmakery.ru/wp-admin/" "Mozilla/5.0 (Windows NT 10.0; Win64; x64) AppleWebKit/537.36 (KHTML, like Gecko) Chrome/93.0.4577.63 Safari/537.36"
45.131.194.153 - - [09/Sep/2026:00:09:18 +0200] "POST /wp-login.php HTTP/1.1" 200 13417 "http://bookmakery.ru/wp-admin/" "Mozilla/5.0 (Windows NT 10.0; Win64; x64) AppleWebKit/537.36 (KHTML, like Gecko) Edge/91.0.864.59"
45.131.194.153 - - [09/Sep/2026:00:09:22 +0200] "POST /admin HTTP/1.1" 302 - "http://bookmakery.ru/wp-admin/" "Mozilla/5.0 (X11; Linux x86_64) AppleWebKit/537.36 (KHTML, like Gecko) Chrome/92.0.4515.107 Safari/537.36"
45.131.194.185 - - [09/Sep/2026:00:09:25 +0200] "POST /wp-login.php HTTP/1.1" 200 13418 "http://bookmakery.ru/wp-admin/" "Mozilla/5.0 (Macintosh; Intel Mac OS X 10_15_7) AppleWebKit/605.1.15 (KHTML, like Gecko) Version/14.1.1 Safari/605.1.15"
45.131.194.185 - - [09/Sep/2026:00:09:27 +0200] "POST /admin HTTP/1.1" 302 - "http://bookmakery.ru/wp-admin/" "Mozilla/5.0 (iPhone; CPU iPhone OS 14_6 like Mac OS X) AppleWebKit/605.1.15 (KHTML, like Gecko) Version/14.0 Mobile/15E148 Safari/604.1"
45.131.194.162 - - [09/Sep/2026:00:09:31 +0200] "POST /wp-login.php HTTP/1.1" 200 13417 "http://bookmakery.ru/wp-admin/" "Mozilla/5.0 (X11; Linux x86_64) AppleWebKit/537.36 (KHTML, like Gecko) Chrome/92.0.4515.107 Safari/537.36"
45.131.194.162 - - [09/Sep/2026:00:09:35 +0200] "POST /admin HTTP/1.1" 302 - "http://bookmakery.ru/wp-admin/" "Mozilla/5.0 (Windows NT 10.0; Win64; x64) AppleWebKit/537.36 (KHTML, like Gecko) Chrome/90.0.4430.85 Safari/537.36"
45.131.194.146 - - [09/Sep/2026:00:09:39 +0200] "POST /wp-login.php HTTP/1.1" 200 13421 "http://bookmakery.ru/wp-admin/" "Mozilla/5.0 (Windows NT 10.0; Win64; x64) AppleWebKit/537.36 (KHTML, like Gecko) Chrome/95.0.4638.54 Safari/537.36"
45.131.194.146 - - [09/Sep/2026:00:09:41 +0200] "POST /admin HTTP/1.1" 302 - "http://bookmakery.ru/wp-admin/" "Mozilla/5.0 (X11; Linux x86_64) AppleWebKit/537.36 (KHTML, like Gecko) Chrome/92.0.4515.107 Safari/537.36"
45.131.194.172 - - [09/Sep/2026:00:09:45 +0200] "POST /wp-login.php HTTP/1.1" 200 13422 "http://bookmakery.ru/wp-admin/" "Mozilla/5.0 (Windows NT 10.0; Win64; x64) AppleWebKit/537.36 (KHTML, like Gecko) Chrome/93.0.4577.63 Safari/537.36"
185.43.220.19 - - [09/Sep/2026:00:09:51 +0200] "POST /wp-cron.php?doing_wp_cron=1788905391.1819961071014404296875 HTTP/1.1" 200 - "-" "WordPress/7.1; http://bookmakery.ru"
45.131.194.172 - - [09/Sep/2026:00:09:47 +0200] "POST /admin HTTP/1.1" 302 - "http://bookmakery.ru/wp-admin/" "Mozilla/5.0 (Windows NT 10.0; Win64; x64) AppleWebKit/537.36 (KHTML, like Gecko) Chrome/93.0.4577.63 Safari/537.36"
45.131.194.171 - - [09/Sep/2026:00:09:52 +0200] "POST /wp-login.php HTTP/1.1" 200 13421 "http://bookmakery.ru/wp-admin/" "Mozilla/5.0 (Windows NT 10.0; Win64; x64) AppleWebKit/537.36 (KHTML, like Gecko) Edge/91.0.864.59"
45.131.194.171 - - [09/Sep/2026:00:09:56 +0200] "POST /admin HTTP/1.1" 302 - "http://bookmakery.ru/wp-admin/" "Mozilla/5.0 (Windows NT 10.0; Win64; x64) AppleWebKit/537.36 (KHTML, like Gecko) Chrome/95.0.4638.54 Safari/537.36"
45.131.194.184 - - [09/Sep/2026:00:10:01 +0200] "POST /wp-login.php HTTP/1.1" 200 13417 "http://bookmakery.ru/wp-admin/" "Mozilla/5.0 (Macintosh; Intel Mac OS X 10_15_7) AppleWebKit/605.1.15 (KHTML, like Gecko) Version/14.1.1 Safari/605.1.15"
45.131.194.184 - - [09/Sep/2026:00:10:06 +0200] "POST /admin HTTP/1.1" 302 - "http://bookmakery.ru/wp-admin/" "Mozilla/5.0 (X11; Linux x86_64) AppleWebKit/537.36 (KHTML, like Gecko) Chrome/92.0.4515.107 Safari/537.36"
45.131.194.165 - - [09/Sep/2026:00:10:10 +0200] "POST /wp-login.php HTTP/1.1" 200 13420 "http://bookmakery.ru/wp-admin/" "Mozilla/5.0 (Windows NT 10.0; Win64; x64) AppleWebKit/537.36 (KHTML, like Gecko) Chrome/95.0.4638.54 Safari/537.36"
45.131.194.165 - - [09/Sep/2026:00:10:12 +0200] "POST /admin HTTP/1.1" 302 - "http://bookmakery.ru/wp-admin/" "Mozilla/5.0 (X11; Linux x86_64) AppleWebKit/537.36 (KHTML, like Gecko) Chrome/92.0.4515.107 Safari/537.36"
185.43.220.19 - - [09/Sep/2026:00:10:17 +0200] "POST /wp-cron.php?doing_wp_cron=1788905417.6221339702606201171875 HTTP/1.1" 200 - "-" "WordPress/7.1; http://bookmakery.ru"
45.131.194.186 - - [09/Sep/2026:00:10:16 +0200] "POST /wp-login.php HTTP/1.1" 200 13414 "http://bookmakery.ru/wp-admin/" "Mozilla/5.0 (Windows NT 10.0; Win64; x64) AppleWebKit/537.36 (KHTML, like Gecko) Chrome/94.0.4606.71 Safari/537.36"
45.131.194.186 - - [09/Sep/2026:00:10:17 +0200] "POST /admin HTTP/1.1" 302 - "http://bookmakery.ru/wp-admin/" "Mozilla/5.0 (Windows NT 10.0; Win64; x64) AppleWebKit/537.36 (KHTML, like Gecko) Chrome/93.0.4577.63 Safari/537.36"
45.131.194.158 - - [09/Sep/2026:00:10:22 +0200] "POST /wp-login.php HTTP/1.1" 200 13418 "http://bookmakery.ru/wp-admin/" "Mozilla/5.0 (Windows NT 10.0; Win64; x64) AppleWebKit/537.36 (KHTML, like Gecko) Edge/91.0.864.59"
45.131.194.158 - - [09/Sep/2026:00:10:24 +0200] "POST /admin HTTP/1.1" 302 - "http://bookmakery.ru/wp-admin/" "Mozilla/5.0 (Windows NT 10.0; Win64; x64) AppleWebKit/537.36 (KHTML, like Gecko) Chrome/93.0.4577.63 Safari/537.36"
45.131.194.146 - - [09/Sep/2026:00:10:27 +0200] "POST /wp-login.php HTTP/1.1" 200 13423 "http://bookmakery.ru/wp-admin/" "Mozilla/5.0 (iPhone; CPU iPhone OS 14_6 like Mac OS X) AppleWebKit/605.1.15 (KHTML, like Gecko) Version/14.0 Mobile/15E148 Safari/604.1"
45.131.194.146 - - [09/Sep/2026:00:10:29 +0200] "POST /admin HTTP/1.1" 302 - "http://bookmakery.ru/wp-admin/" "Mozilla/5.0 (Windows NT 10.0; Win64; x64) AppleWebKit/537.36 (KHTML, like Gecko) Chrome/91.0.4472.124 Safari/537.36"
45.131.194.172 - - [09/Sep/2026:00:10:33 +0200] "POST /wp-login.php HTTP/1.1" 200 13422 "http://bookmakery.ru/wp-admin/" "Mozilla/5.0 (Windows NT 10.0; Win64; x64; rv:89.0) Gecko/20100101 Firefox/89.0"
45.131.194.172 - - [09/Sep/2026:00:10:37 +0200] "POST /admin HTTP/1.1" 302 - "http://bookmakery.ru/wp-admin/" "Mozilla/5.0 (Macintosh; Intel Mac OS X 10_15_7) AppleWebKit/605.1.15 (KHTML, like Gecko) Version/14.1.1 Safari/605.1.15"
45.131.194.178 - - [09/Sep/2026:00:10:40 +0200] "POST /wp-login.php HTTP/1.1" 200 13417 "http://bookmakery.ru/wp-admin/" "Mozilla/5.0 (iPhone; CPU iPhone OS 14_6 like Mac OS X) AppleWebKit/605.1.15 (KHTML, like Gecko) Version/14.0 Mobile/15E148 Safari/604.1"
45.131.194.178 - - [09/Sep/2026:00:10:42 +0200] "POST /admin HTTP/1.1" 302 - "http://bookmakery.ru/wp-admin/" "Mozilla/5.0 (Macintosh; Intel Mac OS X 10_15_7) AppleWebKit/605.1.15 (KHTML, like Gecko) Version/14.1.1 Safari/605.1.15"
185.43.220.19 - - [09/Sep/2026:00:10:48 +0200] "POST /wp-cron.php?doing_wp_cron=1788905448.0155160427093505859375 HTTP/1.1" 200 - "-" "WordPress/7.1; http://bookmakery.ru"
45.131.194.158 - - [09/Sep/2026:00:10:46 +0200] "POST /wp-login.php HTTP/1.1" 200 13414 "http://bookmakery.ru/wp-admin/" "Mozilla/5.0 (iPhone; CPU iPhone OS 14_6 like Mac OS X) AppleWebKit/605.1.15 (KHTML, like Gecko) Version/14.0 Mobile/15E148 Safari/604.1"
45.131.194.158 - - [09/Sep/2026:00:10:48 +0200] "POST /admin HTTP/1.1" 302 - "http://bookmakery.ru/wp-admin/" "Mozilla/5.0 (Windows NT 10.0; Win64; x64) AppleWebKit/537.36 (KHTML, like Gecko) Edge/91.0.864.59"
45.131.194.172 - - [09/Sep/2026:00:10:53 +0200] "POST /wp-login.php HTTP/1.1" 200 13416 "http://bookmakery.ru/wp-admin/" "Mozilla/5.0 (Windows NT 10.0; Win64; x64) AppleWebKit/537.36 (KHTML, like Gecko) Chrome/91.0.4472.124 Safari/537.36"
45.131.194.172 - - [09/Sep/2026:00:10:56 +0200] "POST /admin HTTP/1.1" 302 - "http://bookmakery.ru/wp-admin/" "Mozilla/5.0 (Macintosh; Intel Mac OS X 10_15_7) AppleWebKit/605.1.15 (KHTML, like Gecko) Version/14.1.1 Safari/605.1.15"
45.131.194.147 - - [09/Sep/2026:00:10:59 +0200] "POST /wp-login.php HTTP/1.1" 200 13423 "http://bookmakery.ru/wp-admin/" "Mozilla/5.0 (Windows NT 10.0; Win64; x64) AppleWebKit/537.36 (KHTML, like Gecko) Chrome/95.0.4638.54 Safari/537.36"
45.131.194.147 - - [09/Sep/2026:00:11:01 +0200] "POST /admin HTTP/1.1" 302 - "http://bookmakery.ru/wp-admin/" "Mozilla/5.0 (iPhone; CPU iPhone OS 14_6 like Mac OS X) AppleWebKit/605.1.15 (KHTML, like Gecko) Version/14.0 Mobile/15E148 Safari/604.1"
185.43.220.19 - - [09/Sep/2026:00:11:22 +0200] "POST /wp-cron.php?doing_wp_cron=1788905482.3909718990325927734375 HTTP/1.1" 200 - "-" "WordPress/7.1; http://bookmakery.ru"
45.131.194.171 - - [09/Sep/2026:00:11:20 +0200] "POST /wp-login.php HTTP/1.1" 200 13419 "http://bookmakery.ru/wp-admin/" "Mozilla/5.0 (Windows NT 10.0; Win64; x64) AppleWebKit/537.36 (KHTML, like Gecko) Chrome/90.0.4430.85 Safari/537.36"
45.131.194.171 - - [09/Sep/2026:00:11:22 +0200] "POST /admin HTTP/1.1" 302 - "http://bookmakery.ru/wp-admin/" "Mozilla/5.0 (X11; Linux x86_64) AppleWebKit/537.36 (KHTML, like Gecko) Chrome/92.0.4515.107 Safari/537.36"
45.131.194.158 - - [09/Sep/2026:00:11:27 +0200] "POST /wp-login.php HTTP/1.1" 200 13414 "http://bookmakery.ru/wp-admin/" "Mozilla/5.0 (Windows NT 10.0; Win64; x64; rv:89.0) Gecko/20100101 Firefox/89.0"
45.131.194.158 - - [09/Sep/2026:00:11:29 +0200] "POST /admin HTTP/1.1" 302 - "http://bookmakery.ru/wp-admin/" "Mozilla/5.0 (iPhone; CPU iPhone OS 14_6 like Mac OS X) AppleWebKit/605.1.15 (KHTML, like Gecko) Version/14.0 Mobile/15E148 Safari/604.1"
45.131.194.189 - - [09/Sep/2026:00:11:32 +0200] "POST /wp-login.php HTTP/1.1" 200 13419 "http://bookmakery.ru/wp-admin/" "Mozilla/5.0 (Windows NT 10.0; Win64; x64) AppleWebKit/537.36 (KHTML, like Gecko) Chrome/93.0.4577.63 Safari/537.36"
45.131.194.189 - - [09/Sep/2026:00:11:35 +0200] "POST /admin HTTP/1.1" 302 - "http://bookmakery.ru/wp-admin/" "Mozilla/5.0 (iPhone; CPU iPhone OS 14_6 like Mac OS X) AppleWebKit/605.1.15 (KHTML, like Gecko) Version/14.0 Mobile/15E148 Safari/604.1"
45.131.194.162 - - [09/Sep/2026:00:11:40 +0200] "POST /wp-login.php HTTP/1.1" 200 13423 "http://bookmakery.ru/wp-admin/" "Mozilla/5.0 (iPhone; CPU iPhone OS 14_6 like Mac OS X) AppleWebKit/605.1.15 (KHTML, like Gecko) Version/14.0 Mobile/15E148 Safari/604.1"
45.131.194.162 - - [09/Sep/2026:00:11:43 +0200] "POST /admin HTTP/1.1" 302 - "http://bookmakery.ru/wp-admin/" "Mozilla/5.0 (Windows NT 10.0; Win64; x64) AppleWebKit/537.36 (KHTML, like Gecko) Chrome/90.0.4430.85 Safari/537.36"
185.43.220.19 - - [09/Sep/2026:00:11:50 +0200] "POST /wp-cron.php?doing_wp_cron=1788905510.3142919540405273437500 HTTP/1.1" 200 - "-" "WordPress/7.1; http://bookmakery.ru"
45.131.194.169 - - [09/Sep/2026:00:11:48 +0200] "POST /wp-login.php HTTP/1.1" 200 13276 "http://bookmakery.ru/wp-admin/" "Mozilla/5.0 (Windows NT 10.0; Win64; x64) AppleWebKit/537.36 (KHTML, like Gecko) Edge/91.0.864.59"
45.131.194.169 - - [09/Sep/2026:00:11:50 +0200] "POST /admin HTTP/1.1" 302 - "http://bookmakery.ru/wp-admin/" "Mozilla/5.0 (Windows NT 10.0; Win64; x64; rv:89.0) Gecko/20100101 Firefox/89.0"
45.131.194.139 - - [09/Sep/2026:00:11:54 +0200] "POST /wp-login.php HTTP/1.1" 200 13424 "http://bookmakery.ru/wp-admin/" "Mozilla/5.0 (X11; Linux x86_64) AppleWebKit/537.36 (KHTML, like Gecko) Chrome/92.0.4515.107 Safari/537.36"
45.131.194.139 - - [09/Sep/2026:00:11:57 +0200] "POST /admin HTTP/1.1" 302 - "http://bookmakery.ru/wp-admin/" "Mozilla/5.0 (Windows NT 10.0; Win64; x64) AppleWebKit/537.36 (KHTML, like Gecko) Chrome/94.0.4606.71 Safari/537.36"
45.131.194.165 - - [09/Sep/2026:00:12:01 +0200] "POST /wp-login.php HTTP/1.1" 200 13423 "http://bookmakery.ru/wp-admin/" "Mozilla/5.0 (Windows NT 10.0; Win64; x64) AppleWebKit/537.36 (KHTML, like Gecko) Chrome/91.0.4472.124 Safari/537.36"
45.131.194.165 - - [09/Sep/2026:00:12:04 +0200] "POST /admin HTTP/1.1" 302 - "http://bookmakery.ru/wp-admin/" "Mozilla/5.0 (X11; Linux x86_64) AppleWebKit/537.36 (KHTML, like Gecko) Chrome/92.0.4515.107 Safari/537.36"
45.131.194.142 - - [09/Sep/2026:00:12:09 +0200] "POST /wp-login.php HTTP/1.1" 200 13419 "http://bookmakery.ru/wp-admin/" "Mozilla/5.0 (Windows NT 10.0; Win64; x64) AppleWebKit/537.36 (KHTML, like Gecko) Chrome/95.0.4638.54 Safari/537.36"
45.131.194.142 - - [09/Sep/2026:00:12:12 +0200] "POST /admin HTTP/1.1" 302 - "http://bookmakery.ru/wp-admin/" "Mozilla/5.0 (X11; Linux x86_64) AppleWebKit/537.36 (KHTML, like Gecko) Chrome/92.0.4515.107 Safari/537.36"
185.43.220.19 - - [09/Sep/2026:00:12:19 +0200] "POST /wp-cron.php?doing_wp_cron=1788905539.7875549793243408203125 HTTP/1.1" 200 - "-" "WordPress/7.1; http://bookmakery.ru"
45.131.194.143 - - [09/Sep/2026:00:12:15 +0200] "POST /wp-login.php HTTP/1.1" 200 13413 "http://bookmakery.ru/wp-admin/" "Mozilla/5.0 (Windows NT 10.0; Win64; x64) AppleWebKit/537.36 (KHTML, like Gecko) Chrome/95.0.4638.54 Safari/537.36"
45.131.194.143 - - [09/Sep/2026:00:12:20 +0200] "POST /admin HTTP/1.1" 302 - "http://bookmakery.ru/wp-admin/" "Mozilla/5.0 (Windows NT 10.0; Win64; x64) AppleWebKit/537.36 (KHTML, like Gecko) Chrome/90.0.4430.85 Safari/537.36"
45.131.194.190 - - [09/Sep/2026:00:12:25 +0200] "POST /wp-login.php HTTP/1.1" 200 13415 "http://bookmakery.ru/wp-admin/" "Mozilla/5.0 (X11; Linux x86_64) AppleWebKit/537.36 (KHTML, like Gecko) Chrome/92.0.4515.107 Safari/537.36"
45.131.194.190 - - [09/Sep/2026:00:12:31 +0200] "POST /admin HTTP/1.1" 302 - "http://bookmakery.ru/wp-admin/" "Mozilla/5.0 (Windows NT 10.0; Win64; x64) AppleWebKit/537.36 (KHTML, like Gecko) Chrome/91.0.4472.124 Safari/537.36"
45.131.194.184 - - [09/Sep/2026:00:12:36 +0200] "POST /wp-login.php HTTP/1.1" 200 13422 "http://bookmakery.ru/wp-admin/" "Mozilla/5.0 (Windows NT 10.0; Win64; x64) AppleWebKit/537.36 (KHTML, like Gecko) Chrome/95.0.4638.54 Safari/537.36"
45.131.194.184 - - [09/Sep/2026:00:12:40 +0200] "POST /admin HTTP/1.1" 302 - "http://bookmakery.ru/wp-admin/" "Mozilla/5.0 (Windows NT 10.0; Win64; x64) AppleWebKit/537.36 (KHTML, like Gecko) Chrome/94.0.4606.71 Safari/537.36"
45.131.194.188 - - [09/Sep/2026:00:12:44 +0200] "POST /wp-login.php HTTP/1.1" 200 13426 "http://bookmakery.ru/wp-admin/" "Mozilla/5.0 (Windows NT 10.0; Win64; x64; rv:89.0) Gecko/20100101 Firefox/89.0"
185.43.220.19 - - [09/Sep/2026:00:12:49 +0200] "POST /wp-cron.php?doing_wp_cron=1788905569.2808749675750732421875 HTTP/1.1" 200 - "-" "WordPress/7.1; http://bookmakery.ru"
45.131.194.188 - - [09/Sep/2026:00:12:46 +0200] "POST /admin HTTP/1.1" 302 - "http://bookmakery.ru/wp-admin/" "Mozilla/5.0 (Windows NT 10.0; Win64; x64) AppleWebKit/537.36 (KHTML, like Gecko) Edge/91.0.864.59"
45.131.194.143 - - [09/Sep/2026:00:12:50 +0200] "POST /wp-login.php HTTP/1.1" 200 13423 "http://bookmakery.ru/wp-admin/" "Mozilla/5.0 (Windows NT 10.0; Win64; x64) AppleWebKit/537.36 (KHTML, like Gecko) Edge/91.0.864.59"
45.131.194.143 - - [09/Sep/2026:00:12:53 +0200] "POST /admin HTTP/1.1" 302 - "http://bookmakery.ru/wp-admin/" "Mozilla/5.0 (Windows NT 10.0; Win64; x64) AppleWebKit/537.36 (KHTML, like Gecko) Chrome/90.0.4430.85 Safari/537.36"
45.131.194.176 - - [09/Sep/2026:00:12:56 +0200] "POST /wp-login.php HTTP/1.1" 200 13419 "http://bookmakery.ru/wp-admin/" "Mozilla/5.0 (Macintosh; Intel Mac OS X 10_15_7) AppleWebKit/605.1.15 (KHTML, like Gecko) Version/14.1.1 Safari/605.1.15"
45.131.194.176 - - [09/Sep/2026:00:12:58 +0200] "POST /admin HTTP/1.1" 302 - "http://bookmakery.ru/wp-admin/" "Mozilla/5.0 (Windows NT 10.0; Win64; x64; rv:89.0) Gecko/20100101 Firefox/89.0"
45.131.194.158 - - [09/Sep/2026:00:13:03 +0200] "POST /wp-login.php HTTP/1.1" 200 13416 "http://bookmakery.ru/wp-admin/" "Mozilla/5.0 (Windows NT 10.0; Win64; x64) AppleWebKit/537.36 (KHTML, like Gecko) Edge/91.0.864.59"
45.131.194.158 - - [09/Sep/2026:00:13:05 +0200] "POST /admin HTTP/1.1" 302 - "http://bookmakery.ru/wp-admin/" "Mozilla/5.0 (Windows NT 10.0; Win64; x64; rv:89.0) Gecko/20100101 Firefox/89.0"
45.131.194.172 - - [09/Sep/2026:00:13:10 +0200] "POST /wp-login.php HTTP/1.1" 200 13429 "http://bookmakery.ru/wp-admin/" "Mozilla/5.0 (Windows NT 10.0; Win64; x64) AppleWebKit/537.36 (KHTML, like Gecko) Chrome/95.0.4638.54 Safari/537.36"
45.131.194.172 - - [09/Sep/2026:00:13:13 +0200] "POST /admin HTTP/1.1" 302 - "http://bookmakery.ru/wp-admin/" "Mozilla/5.0 (Windows NT 10.0; Win64; x64) AppleWebKit/537.36 (KHTML, like Gecko) Edge/91.0.864.59"
185.43.220.19 - - [09/Sep/2026:00:13:21 +0200] "POST /wp-cron.php?doing_wp_cron=1788905600.9972701072692871093750 HTTP/1.1" 200 - "-" "WordPress/7.1; http://bookmakery.ru"
45.131.194.145 - - [09/Sep/2026:00:13:18 +0200] "POST /wp-login.php HTTP/1.1" 200 13413 "http://bookmakery.ru/wp-admin/" "Mozilla/5.0 (Windows NT 10.0; Win64; x64) AppleWebKit/537.36 (KHTML, like Gecko) Chrome/90.0.4430.85 Safari/537.36"
45.131.194.145 - - [09/Sep/2026:00:13:21 +0200] "POST /admin HTTP/1.1" 302 - "http://bookmakery.ru/wp-admin/" "Mozilla/5.0 (Windows NT 10.0; Win64; x64; rv:89.0) Gecko/20100101 Firefox/89.0"
45.131.194.188 - - [09/Sep/2026:00:13:25 +0200] "POST /wp-login.php HTTP/1.1" 200 13423 "http://bookmakery.ru/wp-admin/" "Mozilla/5.0 (Macintosh; Intel Mac OS X 10_15_7) AppleWebKit/605.1.15 (KHTML, like Gecko) Version/14.1.1 Safari/605.1.15"
45.131.194.188 - - [09/Sep/2026:00:13:28 +0200] "POST /admin HTTP/1.1" 302 - "http://bookmakery.ru/wp-admin/" "Mozilla/5.0 (Macintosh; Intel Mac OS X 10_15_7) AppleWebKit/605.1.15 (KHTML, like Gecko) Version/14.1.1 Safari/605.1.15"
45.131.194.143 - - [09/Sep/2026:00:13:32 +0200] "POST /wp-login.php HTTP/1.1" 200 13423 "http://bookmakery.ru/wp-admin/" "Mozilla/5.0 (Windows NT 10.0; Win64; x64; rv:89.0) Gecko/20100101 Firefox/89.0"
45.131.194.143 - - [09/Sep/2026:00:13:34 +0200] "POST /admin HTTP/1.1" 302 - "http://bookmakery.ru/wp-admin/" "Mozilla/5.0 (X11; Linux x86_64) AppleWebKit/537.36 (KHTML, like Gecko) Chrome/92.0.4515.107 Safari/537.36"
45.131.194.151 - - [09/Sep/2026:00:13:37 +0200] "POST /wp-login.php HTTP/1.1" 200 13421 "http://bookmakery.ru/wp-admin/" "Mozilla/5.0 (Windows NT 10.0; Win64; x64) AppleWebKit/537.36 (KHTML, like Gecko) Chrome/95.0.4638.54 Safari/537.36"
45.131.194.151 - - [09/Sep/2026:00:13:40 +0200] "POST /admin HTTP/1.1" 302 - "http://bookmakery.ru/wp-admin/" "Mozilla/5.0 (Windows NT 10.0; Win64; x64) AppleWebKit/537.36 (KHTML, like Gecko) Chrome/95.0.4638.54 Safari/537.36"
45.131.194.186 - - [09/Sep/2026:00:13:45 +0200] "POST /wp-login.php HTTP/1.1" 200 13417 "http://bookmakery.ru/wp-admin/" "Mozilla/5.0 (Windows NT 10.0; Win64; x64) AppleWebKit/537.36 (KHTML, like Gecko) Chrome/93.0.4577.63 Safari/537.36"
185.43.220.19 - - [09/Sep/2026:00:13:49 +0200] "POST /wp-cron.php?doing_wp_cron=1788905629.2813060283660888671875 HTTP/1.1" 200 - "-" "WordPress/7.1; http://bookmakery.ru"
45.131.194.186 - - [09/Sep/2026:00:13:47 +0200] "POST /admin HTTP/1.1" 302 - "http://bookmakery.ru/wp-admin/" "Mozilla/5.0 (iPhone; CPU iPhone OS 14_6 like Mac OS X) AppleWebKit/605.1.15 (KHTML, like Gecko) Version/14.0 Mobile/15E148 Safari/604.1"
45.131.194.149 - - [09/Sep/2026:00:13:50 +0200] "POST /wp-login.php HTTP/1.1" 200 13422 "http://bookmakery.ru/wp-admin/" "Mozilla/5.0 (iPhone; CPU iPhone OS 14_6 like Mac OS X) AppleWebKit/605.1.15 (KHTML, like Gecko) Version/14.0 Mobile/15E148 Safari/604.1"
45.131.194.149 - - [09/Sep/2026:00:13:53 +0200] "POST /admin HTTP/1.1" 302 - "http://bookmakery.ru/wp-admin/" "Mozilla/5.0 (Windows NT 10.0; Win64; x64) AppleWebKit/537.36 (KHTML, like Gecko) Chrome/90.0.4430.85 Safari/537.36"
45.131.194.142 - - [09/Sep/2026:00:13:56 +0200] "POST /wp-login.php HTTP/1.1" 200 13418 "http://bookmakery.ru/wp-admin/" "Mozilla/5.0 (Windows NT 10.0; Win64; x64; rv:89.0) Gecko/20100101 Firefox/89.0"
45.131.194.142 - - [09/Sep/2026:00:13:58 +0200] "POST /admin HTTP/1.1" 302 - "http://bookmakery.ru/wp-admin/" "Mozilla/5.0 (iPhone; CPU iPhone OS 14_6 like Mac OS X) AppleWebKit/605.1.15 (KHTML, like Gecko) Version/14.0 Mobile/15E148 Safari/604.1"
45.131.194.174 - - [09/Sep/2026:00:14:02 +0200] "POST /wp-login.php HTTP/1.1" 200 13420 "http://bookmakery.ru/wp-admin/" "Mozilla/5.0 (iPhone; CPU iPhone OS 14_6 like Mac OS X) AppleWebKit/605.1.15 (KHTML, like Gecko) Version/14.0 Mobile/15E148 Safari/604.1"
45.131.194.174 - - [09/Sep/2026:00:14:05 +0200] "POST /admin HTTP/1.1" 302 - "http://bookmakery.ru/wp-admin/" "Mozilla/5.0 (iPhone; CPU iPhone OS 14_6 like Mac OS X) AppleWebKit/605.1.15 (KHTML, like Gecko) Version/14.0 Mobile/15E148 Safari/604.1"
45.131.194.160 - - [09/Sep/2026:00:14:08 +0200] "POST /wp-login.php HTTP/1.1" 200 13417 "http://bookmakery.ru/wp-admin/" "Mozilla/5.0 (Macintosh; Intel Mac OS X 10_15_7) AppleWebKit/605.1.15 (KHTML, like Gecko) Version/14.1.1 Safari/605.1.15"
45.131.194.160 - - [09/Sep/2026:00:14:11 +0200] "POST /admin HTTP/1.1" 302 - "http://bookmakery.ru/wp-admin/" "Mozilla/5.0 (Windows NT 10.0; Win64; x64) AppleWebKit/537.36 (KHTML, like Gecko) Edge/91.0.864.59"
185.43.220.19 - - [09/Sep/2026:00:14:17 +0200] "POST /wp-cron.php?doing_wp_cron=1788905657.0951819419860839843750 HTTP/1.1" 200 - "-" "WordPress/7.1; http://bookmakery.ru"
45.131.194.177 - - [09/Sep/2026:00:14:14 +0200] "POST /wp-login.php HTTP/1.1" 200 13422 "http://bookmakery.ru/wp-admin/" "Mozilla/5.0 (iPhone; CPU iPhone OS 14_6 like Mac OS X) AppleWebKit/605.1.15 (KHTML, like Gecko) Version/14.0 Mobile/15E148 Safari/604.1"
45.131.194.177 - - [09/Sep/2026:00:14:17 +0200] "POST /admin HTTP/1.1" 302 - "http://bookmakery.ru/wp-admin/" "Mozilla/5.0 (Windows NT 10.0; Win64; x64; rv:89.0) Gecko/20100101 Firefox/89.0"
207.180.11.214 - - [09/Sep/2026:00:14:19 +0200] "GET /wp-content/uploads/2017/07/bets-768x394.png HTTP/1.1" 302 - "-" "-"
185.43.220.19 - - [09/Sep/2026:00:14:24 +0200] "POST /wp-cron.php?doing_wp_cron=1788905664.5040121078491210937500 HTTP/1.1" 200 - "-" "WordPress/7.1; http://bookmakery.ru"
45.131.194.167 - - [09/Sep/2026:00:14:22 +0200] "POST /wp-login.php HTTP/1.1" 200 13418 "http://bookmakery.ru/wp-admin/" "Mozilla/5.0 (Windows NT 10.0; Win64; x64) AppleWebKit/537.36 (KHTML, like Gecko) Edge/91.0.864.59"
45.131.194.167 - - [09/Sep/2026:00:14:24 +0200] "POST /admin HTTP/1.1" 302 - "http://bookmakery.ru/wp-admin/" "Mozilla/5.0 (iPhone; CPU iPhone OS 14_6 like Mac OS X) AppleWebKit/605.1.15 (KHTML, like Gecko) Version/14.0 Mobile/15E148 Safari/604.1"
45.131.194.168 - - [09/Sep/2026:00:14:29 +0200] "POST /wp-login.php HTTP/1.1" 200 13427 "http://bookmakery.ru/wp-admin/" "Mozilla/5.0 (Windows NT 10.0; Win64; x64) AppleWebKit/537.36 (KHTML, like Gecko) Edge/91.0.864.59"
45.131.194.168 - - [09/Sep/2026:00:14:32 +0200] "POST /admin HTTP/1.1" 302 - "http://bookmakery.ru/wp-admin/" "Mozilla/5.0 (Windows NT 10.0; Win64; x64) AppleWebKit/537.36 (KHTML, like Gecko) Chrome/93.0.4577.63 Safari/537.36"
45.131.194.143 - - [09/Sep/2026:00:14:37 +0200] "POST /wp-login.php HTTP/1.1" 200 13421 "http://bookmakery.ru/wp-admin/" "Mozilla/5.0 (Windows NT 10.0; Win64; x64) AppleWebKit/537.36 (KHTML, like Gecko) Chrome/95.0.4638.54 Safari/537.36"
45.131.194.143 - - [09/Sep/2026:00:14:39 +0200] "POST /admin HTTP/1.1" 503 468 "http://bookmakery.ru/wp-admin/" "Mozilla/5.0 (Macintosh; Intel Mac OS X 10_15_7) AppleWebKit/605.1.15 (KHTML, like Gecko) Version/14.1.1 Safari/605.1.15"
45.131.194.175 - - [09/Sep/2026:00:14:42 +0200] "POST /wp-login.php HTTP/1.1" 200 13417 "http://bookmakery.ru/wp-admin/" "Mozilla/5.0 (Windows NT 10.0; Win64; x64) AppleWebKit/537.36 (KHTML, like Gecko) Chrome/94.0.4606.71 Safari/537.36"
45.131.194.175 - - [09/Sep/2026:00:14:46 +0200] "POST /admin HTTP/1.1" 302 - "http://bookmakery.ru/wp-admin/" "Mozilla/5.0 (Windows NT 10.0; Win64; x64) AppleWebKit/537.36 (KHTML, like Gecko) Chrome/91.0.4472.124 Safari/537.36"
185.43.220.19 - - [09/Sep/2026:00:14:51 +0200] "POST /wp-cron.php?doing_wp_cron=1788905691.9837250709533691406250 HTTP/1.1" 200 - "-" "WordPress/7.1; http://bookmakery.ru"
45.131.194.159 - - [09/Sep/2026:00:14:49 +0200] "POST /wp-login.php HTTP/1.1" 200 13419 "http://bookmakery.ru/wp-admin/" "Mozilla/5.0 (iPhone; CPU iPhone OS 14_6 like Mac OS X) AppleWebKit/605.1.15 (KHTML, like Gecko) Version/14.0 Mobile/15E148 Safari/604.1"
45.131.194.159 - - [09/Sep/2026:00:14:52 +0200] "POST /admin HTTP/1.1" 503 468 "http://bookmakery.ru/wp-admin/" "Mozilla/5.0 (Windows NT 10.0; Win64; x64) AppleWebKit/537.36 (KHTML, like Gecko) Chrome/93.0.4577.63 Safari/537.36"
