403Webshell
Server IP : 172.67.193.39  /  Your IP : 216.73.216.217
Web Server : Apache
System : Linux sr32.hostlife.net 6.12.0-124.52.3.el10_1.x86_64 #1 SMP PREEMPT_DYNAMIC Sat May 2 09:06:54 EDT 2026 x86_64
User : golfb689 ( 1071)
PHP Version : 7.4.33
Disable Function : NONE
MySQL : OFF  |  cURL : ON  |  WGET : ON  |  Perl : ON  |  Python : OFF  |  Sudo : OFF  |  Pkexec : OFF
Directory :  /home/golfb689/access-logs/

Upload File :
current_dir [ Writeable ] document_root [ Writeable ]

 

Command :


[ Back ]     

Current File : /home/golfb689/access-logs/bookmakery.ru.livebookmakers.net-ssl_log
185.43.220.19 - - [08/Sep/2026:14:04:20 +0200] "POST /wp-cron.php?doing_wp_cron=1788869060.4833669662475585937500 HTTP/1.1" 200 - "-" "WordPress/7.1; https://bookmakery.ru"
66.249.68.199 - - [08/Sep/2026:14:04:18 +0200] "GET /?r=fl1by2pbe4tfqra HTTP/1.1" 404 75155 "-" "Mozilla/5.0 (Linux; Android 6.0.1; Nexus 5X Build/MMB29P) AppleWebKit/537.36 (KHTML, like Gecko) Chrome/151.0.7922.173 Mobile Safari/537.36 (compatible; GoogleOther)"
185.43.220.19 - - [08/Sep/2026:14:05:26 +0200] "POST /wp-cron.php?doing_wp_cron=1788869126.6199650764465332031250 HTTP/1.1" 200 - "-" "WordPress/7.1; https://bookmakery.ru"
66.249.68.198 - - [08/Sep/2026:14:05:24 +0200] "GET /?r=ftean32b3luswgb HTTP/1.1" 404 75155 "-" "Mozilla/5.0 (Linux; Android 6.0.1; Nexus 5X Build/MMB29P) AppleWebKit/537.36 (KHTML, like Gecko) Chrome/151.0.7922.173 Mobile Safari/537.36 (compatible; GoogleOther)"
185.43.220.19 - - [08/Sep/2026:14:06:33 +0200] "POST /wp-cron.php?doing_wp_cron=1788869193.5155210494995117187500 HTTP/1.1" 200 - "-" "WordPress/7.1; https://bookmakery.ru"
66.249.68.199 - - [08/Sep/2026:14:06:31 +0200] "GET /?r=ek55eutyuetfira HTTP/1.1" 404 75155 "-" "Mozilla/5.0 (Linux; Android 6.0.1; Nexus 5X Build/MMB29P) AppleWebKit/537.36 (KHTML, like Gecko) Chrome/151.0.7922.173 Mobile Safari/537.36 (compatible; GoogleOther)"
66.249.68.199 - - [08/Sep/2026:14:06:43 +0200] "GET /?r=fcdgae1bqj5rn3m HTTP/1.1" 404 75155 "-" "Mozilla/5.0 (Linux; Android 6.0.1; Nexus 5X Build/MMB29P) AppleWebKit/537.36 (KHTML, like Gecko) Chrome/151.0.7922.173 Mobile Safari/537.36 (compatible; GoogleOther)"
185.43.220.19 - - [08/Sep/2026:14:07:39 +0200] "POST /wp-cron.php?doing_wp_cron=1788869259.7603340148925781250000 HTTP/1.1" 200 - "-" "WordPress/7.1; https://bookmakery.ru"
66.249.68.199 - - [08/Sep/2026:14:07:38 +0200] "GET /?r=efvhswj58gjt1t0 HTTP/1.1" 404 75155 "-" "Mozilla/5.0 (Linux; Android 6.0.1; Nexus 5X Build/MMB29P) AppleWebKit/537.36 (KHTML, like Gecko) Chrome/151.0.7922.173 Mobile Safari/537.36 (compatible; GoogleOther)"
185.43.220.19 - - [08/Sep/2026:14:08:19 +0200] "POST /wp-cron.php?doing_wp_cron=1788869299.4075601100921630859375 HTTP/1.1" 200 - "-" "WordPress/7.1; https://bookmakery.ru"
95.169.220.131 - - [08/Sep/2026:14:08:17 +0200] "GET /wp-login.php HTTP/1.1" 200 13018 "-" "Mozilla/5.0 (Windows NT 10.0; Win64; x64) AppleWebKit/537.36 (KHTML, like Gecko) Chrome/151.0.0.0 Safari/537.36"
95.169.220.131 - - [08/Sep/2026:14:08:20 +0200] "POST /wp-login.php HTTP/1.1" 200 13502 "https://bookmakery.ru.livebookmakers.net/wp-login.php" "Mozilla/5.0 (Windows NT 10.0; Win64; x64) AppleWebKit/537.36 (KHTML, like Gecko) Chrome/151.0.0.0 Safari/537.36"
185.43.220.19 - - [08/Sep/2026:14:08:46 +0200] "POST /wp-cron.php?doing_wp_cron=1788869326.0276660919189453125000 HTTP/1.1" 200 - "-" "WordPress/7.1; https://bookmakery.ru"
66.249.68.198 - - [08/Sep/2026:14:08:44 +0200] "GET /?r=eolh6y9zmi97rvq HTTP/1.1" 404 75155 "-" "Mozilla/5.0 (Linux; Android 6.0.1; Nexus 5X Build/MMB29P) AppleWebKit/537.36 (KHTML, like Gecko) Chrome/151.0.7922.173 Mobile Safari/537.36 (compatible; GoogleOther)"
185.43.220.19 - - [08/Sep/2026:14:09:52 +0200] "POST /wp-cron.php?doing_wp_cron=1788869392.2716670036315917968750 HTTP/1.1" 200 - "-" "WordPress/7.1; https://bookmakery.ru"
66.249.68.199 - - [08/Sep/2026:14:09:49 +0200] "GET /?r=ew2jbrqzrbqcgo7 HTTP/1.1" 404 75155 "-" "Mozilla/5.0 (Linux; Android 6.0.1; Nexus 5X Build/MMB29P) AppleWebKit/537.36 (KHTML, like Gecko) Chrome/151.0.7922.173 Mobile Safari/537.36 (compatible; GoogleOther)"
185.43.220.19 - - [08/Sep/2026:14:10:49 +0200] "POST /wp-cron.php?doing_wp_cron=1788869448.9934380054473876953125 HTTP/1.1" 200 - "-" "WordPress/7.1; https://bookmakery.ru"
66.249.68.198 - - [08/Sep/2026:14:10:45 +0200] "GET /?r=etdsae14qy1bebi HTTP/1.1" 404 75155 "-" "Mozilla/5.0 (Linux; Android 6.0.1; Nexus 5X Build/MMB29P) AppleWebKit/537.36 (KHTML, like Gecko) Chrome/151.0.7922.173 Mobile Safari/537.36 (compatible; GoogleOther)"
66.249.68.198 - - [08/Sep/2026:14:11:02 +0200] "GET /?r=e8lm6y94mi97gvq HTTP/1.1" 404 75155 "-" "Mozilla/5.0 (Linux; Android 6.0.1; Nexus 5X Build/MMB29P) AppleWebKit/537.36 (KHTML, like Gecko) Chrome/151.0.7922.173 Mobile Safari/537.36 (compatible; GoogleOther)"
185.43.220.19 - - [08/Sep/2026:14:12:09 +0200] "POST /wp-cron.php?doing_wp_cron=1788869529.4773519039154052734375 HTTP/1.1" 200 - "-" "WordPress/7.1; https://bookmakery.ru"
66.249.68.198 - - [08/Sep/2026:14:12:05 +0200] "GET /?r=f2pdmqdb23h3vfy HTTP/1.1" 404 75155 "-" "Mozilla/5.0 (Linux; Android 6.0.1; Nexus 5X Build/MMB29P) AppleWebKit/537.36 (KHTML, like Gecko) Chrome/151.0.7922.173 Mobile Safari/537.36 (compatible; GoogleOther)"
185.43.220.19 - - [08/Sep/2026:14:12:19 +0200] "POST /wp-cron.php?doing_wp_cron=1788869539.4841890335083007812500 HTTP/1.1" 200 - "-" "WordPress/7.1; https://bookmakery.ru"
3.213.106.226 - - [08/Sep/2026:14:12:15 +0200] "GET /index.php?rest_route=/wp/v2/categories/1 HTTP/1.1" 404 673 "-" "Mozilla/5.0 AppleWebKit/537.36 (KHTML, like Gecko; compatible; Amazonbot/0.1; +https://developer.amazon.com/support/amazonbot) Chrome/119.0.6045.214 Safari/537.36"
66.249.68.198 - - [08/Sep/2026:14:12:25 +0200] "GET /?r=er7h48v1ksv595c HTTP/1.1" 404 75155 "-" "Mozilla/5.0 (Linux; Android 6.0.1; Nexus 5X Build/MMB29P) AppleWebKit/537.36 (KHTML, like Gecko) Chrome/151.0.7922.173 Mobile Safari/537.36 (compatible; GoogleOther)"
185.43.220.19 - - [08/Sep/2026:14:12:48 +0200] "POST /wp-cron.php?doing_wp_cron=1788869568.9156010150909423828125 HTTP/1.1" 200 - "-" "WordPress/7.1; https://bookmakery.ru"
66.249.68.198 - - [08/Sep/2026:14:12:46 +0200] "GET /?r=fd3fogrb4y7heho HTTP/1.1" 404 75155 "-" "Mozilla/5.0 (Linux; Android 6.0.1; Nexus 5X Build/MMB29P) AppleWebKit/537.36 (KHTML, like Gecko) Chrome/151.0.7922.173 Mobile Safari/537.36 (compatible; GoogleOther)"
185.43.220.19 - - [08/Sep/2026:14:13:50 +0200] "POST /wp-cron.php?doing_wp_cron=1788869630.0773251056671142578125 HTTP/1.1" 200 - "-" "WordPress/7.1; https://bookmakery.ru"
66.249.68.198 - - [08/Sep/2026:14:13:46 +0200] "GET /?r=eyu0f7i0vrigt4z HTTP/1.1" 404 75155 "-" "Mozilla/5.0 (Linux; Android 6.0.1; Nexus 5X Build/MMB29P) AppleWebKit/537.36 (KHTML, like Gecko) Chrome/151.0.7922.173 Mobile Safari/537.36 (compatible; GoogleOther)"
66.249.68.198 - - [08/Sep/2026:14:14:07 +0200] "GET /?r=ebn4wcb1cwbxx9s HTTP/1.1" 404 75155 "-" "Mozilla/5.0 (Linux; Android 6.0.1; Nexus 5X Build/MMB29P) AppleWebKit/537.36 (KHTML, like Gecko) Chrome/151.0.7922.173 Mobile Safari/537.36 (compatible; GoogleOther)"
185.43.220.19 - - [08/Sep/2026:14:14:30 +0200] "POST /wp-cron.php?doing_wp_cron=1788869670.5888369083404541015625 HTTP/1.1" 200 - "-" "WordPress/7.1; https://bookmakery.ru"
66.249.68.199 - - [08/Sep/2026:14:14:27 +0200] "GET /?r=ezr9c4f8sofdw1w HTTP/1.1" 404 75155 "-" "Mozilla/5.0 (Linux; Android 6.0.1; Nexus 5X Build/MMB29P) AppleWebKit/537.36 (KHTML, like Gecko) Chrome/151.0.7922.173 Mobile Safari/537.36 (compatible; GoogleOther)"
66.249.68.198 - - [08/Sep/2026:14:14:47 +0200] "GET /?r=eqq9zfewfze0pcv HTTP/1.1" 404 75037 "-" "Mozilla/5.0 (Linux; Android 6.0.1; Nexus 5X Build/MMB29P) AppleWebKit/537.36 (KHTML, like Gecko) Chrome/151.0.7922.173 Mobile Safari/537.36 (compatible; GoogleOther)"
66.249.68.198 - - [08/Sep/2026:14:15:18 +0200] "GET /?r=fnndwcbbcc318pk HTTP/1.1" 404 75155 "-" "Mozilla/5.0 (Linux; Android 6.0.1; Nexus 5X Build/MMB29P) AppleWebKit/537.36 (KHTML, like Gecko) Chrome/151.0.7922.173 Mobile Safari/537.36 (compatible; GoogleOther)"
185.43.220.19 - - [08/Sep/2026:14:16:25 +0200] "POST /wp-cron.php?doing_wp_cron=1788869785.5846619606018066406250 HTTP/1.1" 200 - "-" "WordPress/7.1; https://bookmakery.ru"
66.249.68.199 - - [08/Sep/2026:14:16:23 +0200] "GET /?r=e8mfjnayz7akzkr HTTP/1.1" 404 75155 "-" "Mozilla/5.0 (Linux; Android 6.0.1; Nexus 5X Build/MMB29P) AppleWebKit/537.36 (KHTML, like Gecko) Chrome/151.0.7922.173 Mobile Safari/537.36 (compatible; GoogleOther)"
185.43.220.19 - - [08/Sep/2026:14:17:07 +0200] "POST /wp-cron.php?doing_wp_cron=1788869827.1542949676513671875000 HTTP/1.1" 200 - "-" "WordPress/7.1; https://bookmakery.ru"
66.249.68.199 - - [08/Sep/2026:14:17:05 +0200] "GET /?r=ep7748v1ksv515c HTTP/1.1" 404 75155 "-" "Mozilla/5.0 (Linux; Android 6.0.1; Nexus 5X Build/MMB29P) AppleWebKit/537.36 (KHTML, like Gecko) Chrome/151.0.7922.173 Mobile Safari/537.36 (compatible; GoogleOther)"
185.43.220.19 - - [08/Sep/2026:14:17:31 +0200] "POST /wp-cron.php?doing_wp_cron=1788869851.2984459400177001953125 HTTP/1.1" 200 - "-" "WordPress/7.1; https://bookmakery.ru"
66.249.68.198 - - [08/Sep/2026:14:17:26 +0200] "GET /?r=einywcbxcwbxf9s HTTP/1.1" 404 75155 "-" "Mozilla/5.0 (Linux; Android 6.0.1; Nexus 5X Build/MMB29P) AppleWebKit/537.36 (KHTML, like Gecko) Chrome/151.0.7922.173 Mobile Safari/537.36 (compatible; GoogleOther)"
185.43.220.19 - - [08/Sep/2026:14:17:52 +0200] "POST /wp-cron.php?doing_wp_cron=1788869872.1825869083404541015625 HTTP/1.1" 200 - "-" "WordPress/7.1; https://bookmakery.ru"
66.249.68.198 - - [08/Sep/2026:14:17:50 +0200] "GET /?r=fitf2ihbik970vq HTTP/1.1" 404 75155 "-" "Mozilla/5.0 (Linux; Android 6.0.1; Nexus 5X Build/MMB29P) AppleWebKit/537.36 (KHTML, like Gecko) Chrome/151.0.7922.173 Mobile Safari/537.36 (compatible; GoogleOther)"
66.249.68.198 - - [08/Sep/2026:14:18:06 +0200] "GET /?r=ezgudh4yt14ebel HTTP/1.1" 404 75155 "-" "Mozilla/5.0 (Linux; Android 6.0.1; Nexus 5X Build/MMB29P) AppleWebKit/537.36 (KHTML, like Gecko) Chrome/151.0.7922.173 Mobile Safari/537.36 (compatible; GoogleOther)"
185.43.220.19 - - [08/Sep/2026:14:18:34 +0200] "POST /wp-cron.php?doing_wp_cron=1788869914.2898230552673339843750 HTTP/1.1" 200 - "-" "WordPress/7.1; https://bookmakery.ru"
66.249.68.198 - - [08/Sep/2026:14:18:32 +0200] "GET /?r=feab7bybny2oj0j HTTP/1.1" 404 75155 "-" "Mozilla/5.0 (Linux; Android 6.0.1; Nexus 5X Build/MMB29P) AppleWebKit/537.36 (KHTML, like Gecko) Chrome/151.0.7922.173 Mobile Safari/537.36 (compatible; GoogleOther)"
185.43.220.19 - - [08/Sep/2026:14:19:17 +0200] "POST /wp-cron.php?doing_wp_cron=1788869956.8894081115722656250000 HTTP/1.1" 200 - "-" "WordPress/7.1; https://bookmakery.ru"
66.249.68.200 - - [08/Sep/2026:14:19:15 +0200] "GET /?r=e8mrjnaxz7akmkr HTTP/1.1" 404 75155 "-" "Mozilla/5.0 (Linux; Android 6.0.1; Nexus 5X Build/MMB29P) AppleWebKit/537.36 (KHTML, like Gecko) Chrome/151.0.7922.173 Mobile Safari/537.36 (compatible; GoogleOther)"
66.249.68.199 - - [08/Sep/2026:14:19:26 +0200] "GET /?r=eq7v48v8ksv5u5c HTTP/1.1" 404 75155 "-" "Mozilla/5.0 (Linux; Android 6.0.1; Nexus 5X Build/MMB29P) AppleWebKit/537.36 (KHTML, like Gecko) Chrome/151.0.7922.173 Mobile Safari/537.36 (compatible; GoogleOther)"
185.43.220.19 - - [08/Sep/2026:14:19:41 +0200] "POST /wp-cron.php?doing_wp_cron=1788869981.0181849002838134765625 HTTP/1.1" 200 - "-" "WordPress/7.1; https://bookmakery.ru"
66.249.68.198 - - [08/Sep/2026:14:19:39 +0200] "GET /?r=euig3v69jf64asn HTTP/1.1" 404 75155 "-" "Mozilla/5.0 (Linux; Android 6.0.1; Nexus 5X Build/MMB29P) AppleWebKit/537.36 (KHTML, like Gecko) Chrome/151.0.7922.173 Mobile Safari/537.36 (compatible; GoogleOther)"
185.43.220.19 - - [08/Sep/2026:14:19:54 +0200] "POST /wp-cron.php?doing_wp_cron=1788869994.1661870479583740234375 HTTP/1.1" 200 - "-" "WordPress/7.1; https://bookmakery.ru"
66.249.68.198 - - [08/Sep/2026:14:19:51 +0200] "GET /?r=e1jugk77w47h7ho HTTP/1.1" 404 75155 "-" "Mozilla/5.0 (Linux; Android 6.0.1; Nexus 5X Build/MMB29P) AppleWebKit/537.36 (KHTML, like Gecko) Chrome/151.0.7922.173 Mobile Safari/537.36 (compatible; GoogleOther)"
66.249.68.198 - - [08/Sep/2026:14:20:04 +0200] "GET /?r=efkgt9879t8u46p HTTP/1.1" 404 75155 "-" "Mozilla/5.0 (Linux; Android 6.0.1; Nexus 5X Build/MMB29P) AppleWebKit/537.36 (KHTML, like Gecko) Chrome/151.0.7922.173 Mobile Safari/537.36 (compatible; GoogleOther)"
66.249.68.198 - - [08/Sep/2026:14:20:32 +0200] "GET /?r=e18fhxwxxhwimud HTTP/1.1" 404 75155 "-" "Mozilla/5.0 (Linux; Android 6.0.1; Nexus 5X Build/MMB29P) AppleWebKit/537.36 (KHTML, like Gecko) Chrome/151.0.7922.173 Mobile Safari/537.36 (compatible; GoogleOther)"
185.43.220.19 - - [08/Sep/2026:14:20:46 +0200] "POST /wp-cron.php?doing_wp_cron=1788870046.5980679988861083984375 HTTP/1.1" 200 - "-" "WordPress/7.1; https://bookmakery.ru"
66.249.68.198 - - [08/Sep/2026:14:20:45 +0200] "GET /?r=e4xzial7yuljf72 HTTP/1.1" 404 75155 "-" "Mozilla/5.0 (Linux; Android 6.0.1; Nexus 5X Build/MMB29P) AppleWebKit/537.36 (KHTML, like Gecko) Chrome/151.0.7922.173 Mobile Safari/537.36 (compatible; GoogleOther)"
185.43.220.19 - - [08/Sep/2026:14:20:59 +0200] "POST /wp-cron.php?doing_wp_cron=1788870059.7252500057220458984375 HTTP/1.1" 200 - "-" "WordPress/7.1; https://bookmakery.ru"
66.249.68.198 - - [08/Sep/2026:14:20:58 +0200] "GET /?r=fx5eeutbu6ljo72 HTTP/1.1" 404 75155 "-" "Mozilla/5.0 (Linux; Android 6.0.1; Nexus 5X Build/MMB29P) AppleWebKit/537.36 (KHTML, like Gecko) Chrome/151.0.7922.173 Mobile Safari/537.36 (compatible; GoogleOther)"
185.43.220.19 - - [08/Sep/2026:14:21:51 +0200] "POST /wp-cron.php?doing_wp_cron=1788870111.3892669677734375000000 HTTP/1.1" 200 - "-" "WordPress/7.1; https://bookmakery.ru"
66.249.68.199 - - [08/Sep/2026:14:21:49 +0200] "GET /?r=eook91c3plcaayt HTTP/1.1" 404 75155 "-" "Mozilla/5.0 (Linux; Android 6.0.1; Nexus 5X Build/MMB29P) AppleWebKit/537.36 (KHTML, like Gecko) Chrome/151.0.7922.173 Mobile Safari/537.36 (compatible; GoogleOther)"
66.249.68.199 - - [08/Sep/2026:14:22:15 +0200] "GET /?r=ewzg8on1o8n93l4 HTTP/1.1" 404 75155 "-" "Mozilla/5.0 (Linux; Android 6.0.1; Nexus 5X Build/MMB29P) AppleWebKit/537.36 (KHTML, like Gecko) Chrome/151.0.7922.173 Mobile Safari/537.36 (compatible; GoogleOther)"
185.43.220.19 - - [08/Sep/2026:14:22:58 +0200] "POST /wp-cron.php?doing_wp_cron=1788870178.4168610572814941406250 HTTP/1.1" 200 - "-" "WordPress/7.1; https://bookmakery.ru"
66.249.68.199 - - [08/Sep/2026:14:22:55 +0200] "GET /?r=edn8wcbicwbxa9s HTTP/1.1" 404 75155 "-" "Mozilla/5.0 (Linux; Android 6.0.1; Nexus 5X Build/MMB29P) AppleWebKit/537.36 (KHTML, like Gecko) Chrome/151.0.7922.173 Mobile Safari/537.36 (compatible; GoogleOther)"
185.43.220.19 - - [08/Sep/2026:14:25:08 +0200] "POST /wp-cron.php?doing_wp_cron=1788870308.6106600761413574218750 HTTP/1.1" 200 - "-" "WordPress/7.1; https://bookmakery.ru"
66.249.68.198 - - [08/Sep/2026:14:25:06 +0200] "GET /?r=edid3v62jf641sn HTTP/1.1" 404 75155 "-" "Mozilla/5.0 (Linux; Android 6.0.1; Nexus 5X Build/MMB29P) AppleWebKit/537.36 (KHTML, like Gecko) Chrome/151.0.7922.173 Mobile Safari/537.36 (compatible; GoogleOther)"
185.43.220.19 - - [08/Sep/2026:14:26:08 +0200] "POST /wp-cron.php?doing_wp_cron=1788870368.0426900386810302734375 HTTP/1.1" 200 - "-" "WordPress/7.1; https://bookmakery.ru"
66.249.68.198 - - [08/Sep/2026:14:26:06 +0200] "GET /?r=fdld6y9bmhpznz6 HTTP/1.1" 404 75155 "-" "Mozilla/5.0 (Linux; Android 6.0.1; Nexus 5X Build/MMB29P) AppleWebKit/537.36 (KHTML, like Gecko) Chrome/151.0.7922.173 Mobile Safari/537.36 (compatible; GoogleOther)"
185.43.220.19 - - [08/Sep/2026:14:26:22 +0200] "POST /wp-cron.php?doing_wp_cron=1788870382.2944359779357910156250 HTTP/1.1" 200 - "-" "WordPress/7.1; https://bookmakery.ru"
66.249.68.198 - - [08/Sep/2026:14:26:20 +0200] "GET /shop/order/make_estimate.aspx?locker_flg=true HTTP/1.1" 301 - "-" "Mozilla/5.0 (Linux; Android 6.0.1; Nexus 5X Build/MMB29P) AppleWebKit/537.36 (KHTML, like Gecko) Chrome/151.0.7922.173 Mobile Safari/537.36 (compatible; GoogleOther)"
66.249.68.198 - - [08/Sep/2026:14:26:34 +0200] "GET /shop/order/make_estimate.aspx/?locker_flg=true HTTP/1.1" 404 75143 "-" "Mozilla/5.0 (Linux; Android 6.0.1; Nexus 5X Build/MMB29P) AppleWebKit/537.36 (KHTML, like Gecko) Chrome/151.0.7922.173 Mobile Safari/537.36 (compatible; GoogleOther)"
185.43.220.19 - - [08/Sep/2026:14:26:49 +0200] "POST /wp-cron.php?doing_wp_cron=1788870409.7875161170959472656250 HTTP/1.1" 200 - "-" "WordPress/7.1; https://bookmakery.ru"
66.249.68.198 - - [08/Sep/2026:14:26:47 +0200] "GET /?r=ftxcialby61bcbi HTTP/1.1" 404 75155 "-" "Mozilla/5.0 (Linux; Android 6.0.1; Nexus 5X Build/MMB29P) AppleWebKit/537.36 (KHTML, like Gecko) Chrome/151.0.7922.173 Mobile Safari/537.36 (compatible; GoogleOther)"
66.249.68.200 - - [08/Sep/2026:14:27:01 +0200] "GET /?r=e03yogrx40rp7d8 HTTP/1.1" 404 75155 "-" "Mozilla/5.0 (Linux; Android 6.0.1; Nexus 5X Build/MMB29P) AppleWebKit/537.36 (KHTML, like Gecko) Chrome/151.0.7922.173 Mobile Safari/537.36 (compatible; GoogleOther)"
185.43.220.19 - - [08/Sep/2026:14:27:16 +0200] "POST /wp-cron.php?doing_wp_cron=1788870436.8219840526580810546875 HTTP/1.1" 200 - "-" "WordPress/7.1; https://bookmakery.ru"
66.249.68.199 - - [08/Sep/2026:14:27:15 +0200] "GET /?r=euam7by2nvy8v8f HTTP/1.1" 404 75155 "-" "Mozilla/5.0 (Linux; Android 6.0.1; Nexus 5X Build/MMB29P) AppleWebKit/537.36 (KHTML, like Gecko) Chrome/151.0.7922.173 Mobile Safari/537.36 (compatible; GoogleOther)"
66.249.68.198 - - [08/Sep/2026:14:27:29 +0200] "GET /?r=ety8vzm7bjmwqw3 HTTP/1.1" 404 75155 "-" "Mozilla/5.0 (Linux; Android 6.0.1; Nexus 5X Build/MMB29P) AppleWebKit/537.36 (KHTML, like Gecko) Chrome/151.0.7922.173 Mobile Safari/537.36 (compatible; GoogleOther)"
66.249.68.198 - - [08/Sep/2026:14:27:43 +0200] "GET /?r=egwe5lk7l5k6ei1 HTTP/1.1" 404 75155 "-" "Mozilla/5.0 (Linux; Android 6.0.1; Nexus 5X Build/MMB29P) AppleWebKit/537.36 (KHTML, like Gecko) Chrome/151.0.7922.173 Mobile Safari/537.36 (compatible; GoogleOther)"
185.43.220.19 - - [08/Sep/2026:14:27:59 +0200] "POST /wp-cron.php?doing_wp_cron=1788870479.5436439514160156250000 HTTP/1.1" 200 - "-" "WordPress/7.1; https://bookmakery.ru"
66.249.68.198 - - [08/Sep/2026:14:27:58 +0200] "GET /?r=e9a97by1nvy808f HTTP/1.1" 404 75155 "-" "Mozilla/5.0 (Linux; Android 6.0.1; Nexus 5X Build/MMB29P) AppleWebKit/537.36 (KHTML, like Gecko) Chrome/151.0.7922.173 Mobile Safari/537.36 (compatible; GoogleOther)"
66.249.68.198 - - [08/Sep/2026:14:28:12 +0200] "GET /?r=e7qtzfe4fze0ncv HTTP/1.1" 404 75155 "-" "Mozilla/5.0 (Linux; Android 6.0.1; Nexus 5X Build/MMB29P) AppleWebKit/537.36 (KHTML, like Gecko) Chrome/151.0.7922.173 Mobile Safari/537.36 (compatible; GoogleOther)"
185.43.220.19 - - [08/Sep/2026:14:28:29 +0200] "POST /wp-cron.php?doing_wp_cron=1788870509.1798450946807861328125 HTTP/1.1" 200 - "-" "WordPress/7.1; https://bookmakery.ru"
66.249.68.198 - - [08/Sep/2026:14:28:26 +0200] "GET /?r=f5ean32b3qus5gb HTTP/1.1" 404 75155 "-" "Mozilla/5.0 (Linux; Android 6.0.1; Nexus 5X Build/MMB29P) AppleWebKit/537.36 (KHTML, like Gecko) Chrome/151.0.7922.173 Mobile Safari/537.36 (compatible; GoogleOther)"
66.249.68.198 - - [08/Sep/2026:14:28:41 +0200] "GET /?r=enuff7i6vrigx4z HTTP/1.1" 404 75155 "-" "Mozilla/5.0 (Linux; Android 6.0.1; Nexus 5X Build/MMB29P) AppleWebKit/537.36 (KHTML, like Gecko) Chrome/151.0.7922.173 Mobile Safari/537.36 (compatible; GoogleOther)"
185.43.220.19 - - [08/Sep/2026:14:29:11 +0200] "POST /wp-cron.php?doing_wp_cron=1788870551.1052989959716796875000 HTTP/1.1" 200 - "-" "WordPress/7.1; https://bookmakery.ru"
66.249.68.198 - - [08/Sep/2026:14:29:09 +0200] "GET /?r=ey7748vzksv5t5c HTTP/1.1" 404 75155 "-" "Mozilla/5.0 (Linux; Android 6.0.1; Nexus 5X Build/MMB29P) AppleWebKit/537.36 (KHTML, like Gecko) Chrome/151.0.7922.173 Mobile Safari/537.36 (compatible; GoogleOther)"
185.43.220.19 - - [08/Sep/2026:14:29:25 +0200] "POST /wp-cron.php?doing_wp_cron=1788870565.3462829589843750000000 HTTP/1.1" 200 - "-" "WordPress/7.1; https://bookmakery.ru"
66.249.68.199 - - [08/Sep/2026:14:29:23 +0200] "GET /?r=e0d3ae1xqy1b5bi HTTP/1.1" 404 75155 "-" "Mozilla/5.0 (Linux; Android 6.0.1; Nexus 5X Build/MMB29P) AppleWebKit/537.36 (KHTML, like Gecko) Chrome/151.0.7922.173 Mobile Safari/537.36 (compatible; GoogleOther)"
185.43.220.19 - - [08/Sep/2026:14:29:51 +0200] "POST /wp-cron.php?doing_wp_cron=1788870591.2011179924011230468750 HTTP/1.1" 200 - "-" "WordPress/7.1; https://bookmakery.ru"
66.249.68.198 - - [08/Sep/2026:14:29:50 +0200] "GET /?r=eei13v69jf64usn HTTP/1.1" 404 75155 "-" "Mozilla/5.0 (Linux; Android 6.0.1; Nexus 5X Build/MMB29P) AppleWebKit/537.36 (KHTML, like Gecko) Chrome/151.0.7922.173 Mobile Safari/537.36 (compatible; GoogleOther)"
185.43.220.19 - - [08/Sep/2026:14:30:26 +0200] "POST /wp-cron.php?doing_wp_cron=1788870626.1957139968872070312500 HTTP/1.1" 200 - "-" "WordPress/7.1; https://bookmakery.ru"
66.249.68.198 - - [08/Sep/2026:14:30:23 +0200] "GET /?r=fakat98b9b0yymh HTTP/1.1" 404 75155 "-" "Mozilla/5.0 (Linux; Android 6.0.1; Nexus 5X Build/MMB29P) AppleWebKit/537.36 (KHTML, like Gecko) Chrome/151.0.7922.173 Mobile Safari/537.36 (compatible; GoogleOther)"
66.249.68.199 - - [08/Sep/2026:14:30:37 +0200] "GET /?r=e8syptg85dgqfqx HTTP/1.1" 404 75155 "-" "Mozilla/5.0 (Linux; Android 6.0.1; Nexus 5X Build/MMB29P) AppleWebKit/537.36 (KHTML, like Gecko) Chrome/151.0.7922.173 Mobile Safari/537.36 (compatible; GoogleOther)"
185.43.220.19 - - [08/Sep/2026:14:31:02 +0200] "POST /wp-cron.php?doing_wp_cron=1788870662.9077339172363281250000 HTTP/1.1" 200 - "-" "WordPress/7.1; https://bookmakery.ru"
66.249.68.199 - - [08/Sep/2026:14:31:01 +0200] "GET /?r=fo7c48vbkfzltxg HTTP/1.1" 404 75155 "-" "Mozilla/5.0 (Linux; Android 6.0.1; Nexus 5X Build/MMB29P) AppleWebKit/537.36 (KHTML, like Gecko) Chrome/151.0.7922.173 Mobile Safari/537.36 (compatible; GoogleOther)"
185.43.220.19 - - [08/Sep/2026:14:31:40 +0200] "POST /wp-cron.php?doing_wp_cron=1788870700.6721320152282714843750 HTTP/1.1" 200 - "-" "WordPress/7.1; https://bookmakery.ru"
66.249.68.199 - - [08/Sep/2026:14:31:36 +0200] "GET /?r=eat62ih4i2h38fy HTTP/1.1" 404 75155 "-" "Mozilla/5.0 (Linux; Android 6.0.1; Nexus 5X Build/MMB29P) AppleWebKit/537.36 (KHTML, like Gecko) Chrome/151.0.7922.173 Mobile Safari/537.36 (compatible; GoogleOther)"
185.43.220.19 - - [08/Sep/2026:14:31:55 +0200] "POST /wp-cron.php?doing_wp_cron=1788870714.9190909862518310546875 HTTP/1.1" 200 - "-" "WordPress/7.1; https://bookmakery.ru"
66.249.68.198 - - [08/Sep/2026:14:31:52 +0200] "GET /?r=epaq7by9nvy8o8f HTTP/1.1" 404 75155 "-" "Mozilla/5.0 (Linux; Android 6.0.1; Nexus 5X Build/MMB29P) AppleWebKit/537.36 (KHTML, like Gecko) Chrome/151.0.7922.173 Mobile Safari/537.36 (compatible; GoogleOther)"
185.43.220.19 - - [08/Sep/2026:14:32:11 +0200] "POST /wp-cron.php?doing_wp_cron=1788870731.5960500240325927734375 HTTP/1.1" 200 - "-" "WordPress/7.1; https://bookmakery.ru"
66.249.68.198 - - [08/Sep/2026:14:32:08 +0200] "GET /?r=fmccxp0bd1gqwqx HTTP/1.1" 404 75155 "-" "Mozilla/5.0 (Linux; Android 6.0.1; Nexus 5X Build/MMB29P) AppleWebKit/537.36 (KHTML, like Gecko) Chrome/151.0.7922.173 Mobile Safari/537.36 (compatible; GoogleOther)"
185.43.220.19 - - [08/Sep/2026:14:32:28 +0200] "POST /wp-cron.php?doing_wp_cron=1788870748.7997920513153076171875 HTTP/1.1" 200 - "-" "WordPress/7.1; https://bookmakery.ru"
66.249.68.199 - - [08/Sep/2026:14:32:25 +0200] "GET /?r=ebh8q6596q5rb3m HTTP/1.1" 404 75155 "-" "Mozilla/5.0 (Linux; Android 6.0.1; Nexus 5X Build/MMB29P) AppleWebKit/537.36 (KHTML, like Gecko) Chrome/151.0.7922.173 Mobile Safari/537.36 (compatible; GoogleOther)"
185.43.220.19 - - [08/Sep/2026:14:32:49 +0200] "POST /wp-cron.php?doing_wp_cron=1788870769.0791010856628417968750 HTTP/1.1" 200 - "-" "WordPress/7.1; https://bookmakery.ru"
66.249.68.198 - - [08/Sep/2026:14:32:46 +0200] "GET /?r=eyjjgk77w47h1ho HTTP/1.1" 404 75155 "-" "Mozilla/5.0 (Linux; Android 6.0.1; Nexus 5X Build/MMB29P) AppleWebKit/537.36 (KHTML, like Gecko) Chrome/151.0.7922.173 Mobile Safari/537.36 (compatible; GoogleOther)"
66.249.68.199 - - [08/Sep/2026:14:33:04 +0200] "GET /?r=edoc91c1plca6yt HTTP/1.1" 404 75155 "-" "Mozilla/5.0 (Linux; Android 6.0.1; Nexus 5X Build/MMB29P) AppleWebKit/537.36 (KHTML, like Gecko) Chrome/151.0.7922.173 Mobile Safari/537.36 (compatible; GoogleOther)"
185.43.220.19 - - [08/Sep/2026:14:33:29 +0200] "POST /wp-cron.php?doing_wp_cron=1788870809.5363159179687500000000 HTTP/1.1" 200 - "-" "WordPress/7.1; https://bookmakery.ru"
66.249.68.199 - - [08/Sep/2026:14:33:28 +0200] "GET /?r=euj1gk75w47h7ho HTTP/1.1" 404 75155 "-" "Mozilla/5.0 (Linux; Android 6.0.1; Nexus 5X Build/MMB29P) AppleWebKit/537.36 (KHTML, like Gecko) Chrome/151.0.7922.173 Mobile Safari/537.36 (compatible; GoogleOther)"
66.249.68.198 - - [08/Sep/2026:14:33:44 +0200] "GET /?r=e15keut6uetf4ra HTTP/1.1" 404 75155 "-" "Mozilla/5.0 (Linux; Android 6.0.1; Nexus 5X Build/MMB29P) AppleWebKit/537.36 (KHTML, like Gecko) Chrome/151.0.7922.173 Mobile Safari/537.36 (compatible; GoogleOther)"
185.43.220.19 - - [08/Sep/2026:14:34:01 +0200] "POST /wp-cron.php?doing_wp_cron=1788870841.9015560150146484375000 HTTP/1.1" 200 - "-" "WordPress/7.1; https://bookmakery.ru"
66.249.68.198 - - [08/Sep/2026:14:34:00 +0200] "GET /?r=ek3rogr340rp9d8 HTTP/1.1" 404 75155 "-" "Mozilla/5.0 (Linux; Android 6.0.1; Nexus 5X Build/MMB29P) AppleWebKit/537.36 (KHTML, like Gecko) Chrome/151.0.7922.173 Mobile Safari/537.36 (compatible; GoogleOther)"
185.43.220.19 - - [08/Sep/2026:14:34:18 +0200] "POST /wp-cron.php?doing_wp_cron=1788870857.9963240623474121093750 HTTP/1.1" 200 - "-" "WordPress/7.1; https://bookmakery.ru"
66.249.68.199 - - [08/Sep/2026:14:34:16 +0200] "GET /?r=eru0f7ixvrigs4z HTTP/1.1" 404 75155 "-" "Mozilla/5.0 (Linux; Android 6.0.1; Nexus 5X Build/MMB29P) AppleWebKit/537.36 (KHTML, like Gecko) Chrome/151.0.7922.173 Mobile Safari/537.36 (compatible; GoogleOther)"
185.43.220.19 - - [08/Sep/2026:14:34:42 +0200] "POST /wp-cron.php?doing_wp_cron=1788870882.1080949306488037109375 HTTP/1.1" 200 - "-" "WordPress/7.1; https://bookmakery.ru"
66.249.68.198 - - [08/Sep/2026:14:34:40 +0200] "GET /?r=ens6ptgz5dgqoqx HTTP/1.1" 404 75155 "-" "Mozilla/5.0 (Linux; Android 6.0.1; Nexus 5X Build/MMB29P) AppleWebKit/537.36 (KHTML, like Gecko) Chrome/151.0.7922.173 Mobile Safari/537.36 (compatible; GoogleOther)"
185.43.220.19 - - [08/Sep/2026:14:34:57 +0200] "POST /wp-cron.php?doing_wp_cron=1788870897.5005149841308593750000 HTTP/1.1" 200 - "-" "WordPress/7.1; https://bookmakery.ru"
66.249.68.198 - - [08/Sep/2026:14:34:55 +0200] "GET /?r=f43bogrb4j7hhho HTTP/1.1" 404 75155 "-" "Mozilla/5.0 (Linux; Android 6.0.1; Nexus 5X Build/MMB29P) AppleWebKit/537.36 (KHTML, like Gecko) Chrome/151.0.7922.173 Mobile Safari/537.36 (compatible; GoogleOther)"
66.249.68.198 - - [08/Sep/2026:14:35:10 +0200] "GET /contents/reform/ HTTP/1.1" 404 75037 "-" "Mozilla/5.0 (Linux; Android 6.0.1; Nexus 5X Build/MMB29P) AppleWebKit/537.36 (KHTML, like Gecko) Chrome/151.0.7922.173 Mobile Safari/537.36 (compatible; GoogleOther)"
185.43.220.19 - - [08/Sep/2026:14:35:26 +0200] "POST /wp-cron.php?doing_wp_cron=1788870926.6081221103668212890625 HTTP/1.1" 200 - "-" "WordPress/7.1; https://bookmakery.ru"
66.249.68.199 - - [08/Sep/2026:14:35:24 +0200] "GET /?r=ev5heutvuetfhra HTTP/1.1" 404 75155 "-" "Mozilla/5.0 (Linux; Android 6.0.1; Nexus 5X Build/MMB29P) AppleWebKit/537.36 (KHTML, like Gecko) Chrome/151.0.7922.173 Mobile Safari/537.36 (compatible; GoogleOther)"
216.73.217.130 - - [08/Sep/2026:14:35:30 +0200] "GET /robots.txt HTTP/1.1" 200 93 "-" "Mozilla/5.0 AppleWebKit/537.36 (KHTML, like Gecko; compatible; ClaudeBot/1.0; [email protected])"
216.73.217.130 - - [08/Sep/2026:14:35:30 +0200] "GET /index.php/sitemap.xml HTTP/1.1" 301 - "-" "Mozilla/5.0 AppleWebKit/537.36 (KHTML, like Gecko; compatible; ClaudeBot/1.0; [email protected])"
216.73.217.130 - - [08/Sep/2026:14:35:32 +0200] "GET /sitemap.xml/ HTTP/1.1" 302 - "https://bookmakery.ru/index.php/sitemap.xml" "Mozilla/5.0 AppleWebKit/537.36 (KHTML, like Gecko; compatible; ClaudeBot/1.0; [email protected])"
216.73.217.130 - - [08/Sep/2026:14:35:33 +0200] "GET /sitemap.xml HTTP/1.1" 404 1057 "https://bookmakery.ru/sitemap.xml/" "Mozilla/5.0 AppleWebKit/537.36 (KHTML, like Gecko; compatible; ClaudeBot/1.0; [email protected])"
185.43.220.19 - - [08/Sep/2026:14:35:55 +0200] "POST /wp-cron.php?doing_wp_cron=1788870955.8738439083099365234375 HTTP/1.1" 200 - "-" "WordPress/7.1; https://bookmakery.ru"
66.249.68.198 - - [08/Sep/2026:14:35:54 +0200] "GET /?r=eo9yumx1a6xvhje HTTP/1.1" 404 75155 "-" "Mozilla/5.0 (Linux; Android 6.0.1; Nexus 5X Build/MMB29P) AppleWebKit/537.36 (KHTML, like Gecko) Chrome/151.0.7922.173 Mobile Safari/537.36 (compatible; GoogleOther)"
66.249.68.199 - - [08/Sep/2026:14:36:08 +0200] "GET /?r=ejm9jna4z7ak7kr HTTP/1.1" 404 75155 "-" "Mozilla/5.0 (Linux; Android 6.0.1; Nexus 5X Build/MMB29P) AppleWebKit/537.36 (KHTML, like Gecko) Chrome/151.0.7922.173 Mobile Safari/537.36 (compatible; GoogleOther)"
185.43.220.19 - - [08/Sep/2026:14:36:39 +0200] "POST /wp-cron.php?doing_wp_cron=1788870999.4905529022216796875000 HTTP/1.1" 200 - "-" "WordPress/7.1; https://bookmakery.ru"
66.249.68.199 - - [08/Sep/2026:14:36:36 +0200] "GET /?r=eahvq6546q5rk3m HTTP/1.1" 404 75155 "-" "Mozilla/5.0 (Linux; Android 6.0.1; Nexus 5X Build/MMB29P) AppleWebKit/537.36 (KHTML, like Gecko) Chrome/151.0.7922.173 Mobile Safari/537.36 (compatible; GoogleOther)"
185.43.220.19 - - [08/Sep/2026:14:37:08 +0200] "POST /wp-cron.php?doing_wp_cron=1788871028.6403269767761230468750 HTTP/1.1" 200 - "-" "WordPress/7.1; https://bookmakery.ru"
66.249.68.200 - - [08/Sep/2026:14:37:07 +0200] "GET /?r=e7a27bywnvy8z8f HTTP/1.1" 404 75155 "-" "Mozilla/5.0 (Linux; Android 6.0.1; Nexus 5X Build/MMB29P) AppleWebKit/537.36 (KHTML, like Gecko) Chrome/151.0.7922.173 Mobile Safari/537.36 (compatible; GoogleOther)"
66.249.68.198 - - [08/Sep/2026:14:37:41 +0200] "GET /?r=fzaf7bybne2od0j HTTP/1.1" 404 75155 "-" "Mozilla/5.0 (Linux; Android 6.0.1; Nexus 5X Build/MMB29P) AppleWebKit/537.36 (KHTML, like Gecko) Chrome/151.0.7922.173 Mobile Safari/537.36 (compatible; GoogleOther)"
185.43.220.19 - - [08/Sep/2026:14:37:58 +0200] "POST /wp-cron.php?doing_wp_cron=1788871078.8829729557037353515625 HTTP/1.1" 200 - "-" "WordPress/7.1; https://bookmakery.ru"
66.249.68.198 - - [08/Sep/2026:14:37:55 +0200] "GET /?r=ewzv8on8o8n9ml4 HTTP/1.1" 404 75155 "-" "Mozilla/5.0 (Linux; Android 6.0.1; Nexus 5X Build/MMB29P) AppleWebKit/537.36 (KHTML, like Gecko) Chrome/151.0.7922.173 Mobile Safari/537.36 (compatible; GoogleOther)"
185.43.220.19 - - [08/Sep/2026:14:38:29 +0200] "POST /wp-cron.php?doing_wp_cron=1788871109.4754090309143066406250 HTTP/1.1" 200 - "-" "WordPress/7.1; https://bookmakery.ru"
66.249.68.198 - - [08/Sep/2026:14:38:14 +0200] "GET /?r=espimqdy2adnmnu HTTP/1.1" 404 75037 "-" "Mozilla/5.0 (Linux; Android 6.0.1; Nexus 5X Build/MMB29P) AppleWebKit/537.36 (KHTML, like Gecko) Chrome/151.0.7922.173 Mobile Safari/537.36 (compatible; GoogleOther)"
185.43.220.19 - - [08/Sep/2026:14:38:56 +0200] "POST /wp-cron.php?doing_wp_cron=1788871136.8845179080963134765625 HTTP/1.1" 200 - "-" "WordPress/7.1; https://bookmakery.ru"
66.249.68.198 - - [08/Sep/2026:14:38:41 +0200] "GET /?r=fytf2ihbi197dvq HTTP/1.1" 404 75037 "-" "Mozilla/5.0 (Linux; Android 6.0.1; Nexus 5X Build/MMB29P) AppleWebKit/537.36 (KHTML, like Gecko) Chrome/151.0.7922.173 Mobile Safari/537.36 (compatible; GoogleOther)"
185.43.220.19 - - [08/Sep/2026:14:39:19 +0200] "POST /wp-cron.php?doing_wp_cron=1788871159.8156490325927734375000 HTTP/1.1" 200 - "-" "WordPress/7.1; https://bookmakery.ru"
66.249.68.198 - - [08/Sep/2026:14:39:18 +0200] "GET /?r=eeb9k0zy0kzloxg HTTP/1.1" 404 75155 "-" "Mozilla/5.0 (Linux; Android 6.0.1; Nexus 5X Build/MMB29P) AppleWebKit/537.36 (KHTML, like Gecko) Chrome/151.0.7922.173 Mobile Safari/537.36 (compatible; GoogleOther)"
185.43.220.19 - - [08/Sep/2026:14:39:55 +0200] "POST /wp-cron.php?doing_wp_cron=1788871195.3891010284423828125000 HTTP/1.1" 200 - "-" "WordPress/7.1; https://bookmakery.ru"
66.249.68.198 - - [08/Sep/2026:14:39:51 +0200] "GET /?r=exrsc4f8sofd01w HTTP/1.1" 404 75155 "-" "Mozilla/5.0 (Linux; Android 6.0.1; Nexus 5X Build/MMB29P) AppleWebKit/537.36 (KHTML, like Gecko) Chrome/151.0.7922.173 Mobile Safari/537.36 (compatible; GoogleOther)"
185.43.220.19 - - [08/Sep/2026:14:40:27 +0200] "POST /wp-cron.php?doing_wp_cron=1788871227.2094969749450683593750 HTTP/1.1" 200 - "-" "WordPress/7.1; https://bookmakery.ru"
66.249.68.199 - - [08/Sep/2026:14:40:23 +0200] "GET /?r=e7bnk0z30kzlvxg HTTP/1.1" 404 75155 "-" "Mozilla/5.0 (Linux; Android 6.0.1; Nexus 5X Build/MMB29P) AppleWebKit/537.36 (KHTML, like Gecko) Chrome/151.0.7922.173 Mobile Safari/537.36 (compatible; GoogleOther)"
185.43.220.19 - - [08/Sep/2026:14:40:56 +0200] "POST /wp-cron.php?doing_wp_cron=1788871256.4800400733947753906250 HTTP/1.1" 200 - "-" "WordPress/7.1; https://bookmakery.ru"
66.249.68.199 - - [08/Sep/2026:14:40:54 +0200] "GET /?r=ed69rju373usegb HTTP/1.1" 404 75155 "-" "Mozilla/5.0 (Linux; Android 6.0.1; Nexus 5X Build/MMB29P) AppleWebKit/537.36 (KHTML, like Gecko) Chrome/151.0.7922.173 Mobile Safari/537.36 (compatible; GoogleOther)"
185.43.220.19 - - [08/Sep/2026:14:41:25 +0200] "POST /wp-cron.php?doing_wp_cron=1788871285.1782729625701904296875 HTTP/1.1" 200 - "-" "WordPress/7.1; https://bookmakery.ru"
66.249.68.198 - - [08/Sep/2026:14:41:23 +0200] "GET /?r=eaj9gk7zw47htho HTTP/1.1" 404 75155 "-" "Mozilla/5.0 (Linux; Android 6.0.1; Nexus 5X Build/MMB29P) AppleWebKit/537.36 (KHTML, like Gecko) Chrome/151.0.7922.173 Mobile Safari/537.36 (compatible; GoogleOther)"
185.43.220.19 - - [08/Sep/2026:14:41:51 +0200] "POST /wp-cron.php?doing_wp_cron=1788871310.9738059043884277343750 HTTP/1.1" 200 - "-" "WordPress/7.1; https://bookmakery.ru"
66.249.68.198 - - [08/Sep/2026:14:41:49 +0200] "GET /?r=envgswjx8gjtpt0 HTTP/1.1" 404 75155 "-" "Mozilla/5.0 (Linux; Android 6.0.1; Nexus 5X Build/MMB29P) AppleWebKit/537.36 (KHTML, like Gecko) Chrome/151.0.7922.173 Mobile Safari/537.36 (compatible; GoogleOther)"
185.43.220.19 - - [08/Sep/2026:14:42:15 +0200] "POST /wp-cron.php?doing_wp_cron=1788871335.2548921108245849609375 HTTP/1.1" 200 - "-" "WordPress/7.1; https://bookmakery.ru"
66.249.68.198 - - [08/Sep/2026:14:42:14 +0200] "GET /?r=e86mrju273usbgb HTTP/1.1" 404 75155 "-" "Mozilla/5.0 (Linux; Android 6.0.1; Nexus 5X Build/MMB29P) AppleWebKit/537.36 (KHTML, like Gecko) Chrome/151.0.7922.173 Mobile Safari/537.36 (compatible; GoogleOther)"
185.43.220.19 - - [08/Sep/2026:14:42:58 +0200] "POST /wp-cron.php?doing_wp_cron=1788871378.8724339008331298828125 HTTP/1.1" 200 - "-" "WordPress/7.1; https://bookmakery.ru"
66.249.68.198 - - [08/Sep/2026:14:42:57 +0200] "GET /?r=e3k7t98y9t8uj6p HTTP/1.1" 404 75155 "-" "Mozilla/5.0 (Linux; Android 6.0.1; Nexus 5X Build/MMB29P) AppleWebKit/537.36 (KHTML, like Gecko) Chrome/151.0.7922.173 Mobile Safari/537.36 (compatible; GoogleOther)"
66.249.68.199 - - [08/Sep/2026:14:44:16 +0200] "GET /?r=f9oc91cbpys2v29 HTTP/1.1" 503 - "-" "Mozilla/5.0 (Linux; Android 6.0.1; Nexus 5X Build/MMB29P) AppleWebKit/537.36 (KHTML, like Gecko) Chrome/151.0.7922.173 Mobile Safari/537.36 (compatible; GoogleOther)"
66.249.68.199 - - [08/Sep/2026:14:46:08 +0200] "GET /?r=emtt2ih9i2h3pfy HTTP/1.1" 503 - "-" "Mozilla/5.0 (Linux; Android 6.0.1; Nexus 5X Build/MMB29P) AppleWebKit/537.36 (KHTML, like Gecko) Chrome/151.0.7922.173 Mobile Safari/537.36 (compatible; GoogleOther)"
66.249.68.200 - - [08/Sep/2026:14:51:00 +0200] "GET /?r=f2newcbbcv315pk HTTP/1.1" 503 - "-" "Mozilla/5.0 (Linux; Android 6.0.1; Nexus 5X Build/MMB29P) AppleWebKit/537.36 (KHTML, like Gecko) Chrome/151.0.7922.173 Mobile Safari/537.36 (compatible; GoogleOther)"
66.249.68.198 - - [08/Sep/2026:14:54:33 +0200] "GET /?r=feqczfebfp64qsn HTTP/1.1" 503 - "-" "Mozilla/5.0 (Linux; Android 6.0.1; Nexus 5X Build/MMB29P) AppleWebKit/537.36 (KHTML, like Gecko) Chrome/151.0.7922.173 Mobile Safari/537.36 (compatible; GoogleOther)"
66.249.68.198 - - [08/Sep/2026:14:55:58 +0200] "GET /?r=e5ad7by5nvy808f HTTP/1.1" 503 - "-" "Mozilla/5.0 (Linux; Android 6.0.1; Nexus 5X Build/MMB29P) AppleWebKit/537.36 (KHTML, like Gecko) Chrome/151.0.7922.173 Mobile Safari/537.36 (compatible; GoogleOther)"
66.249.68.198 - - [08/Sep/2026:14:58:50 +0200] "GET /?r=e3cyxp0zd90y0mh HTTP/1.1" 503 - "-" "Mozilla/5.0 (Linux; Android 6.0.1; Nexus 5X Build/MMB29P) AppleWebKit/537.36 (KHTML, like Gecko) Chrome/151.0.7922.173 Mobile Safari/537.36 (compatible; GoogleOther)"
23.23.180.225 - - [08/Sep/2026:14:59:19 +0200] "GET /index.php?rest_route=/wp/v2/categories HTTP/1.1" 503 - "-" "Mozilla/5.0 AppleWebKit/537.36 (KHTML, like Gecko; compatible; Amazonbot/0.1; +https://developer.amazon.com/support/amazonbot) Chrome/119.0.6045.214 Safari/537.36"
66.249.68.198 - - [08/Sep/2026:15:00:57 +0200] "GET /?r=e5ow91c8plcatyt HTTP/1.1" 200 239410 "-" "Mozilla/5.0 (Linux; Android 6.0.1; Nexus 5X Build/MMB29P) AppleWebKit/537.36 (KHTML, like Gecko) Chrome/151.0.7922.173 Mobile Safari/537.36 (compatible; Googlebot/2.1; +http://www.google.com/bot.html)"
66.249.68.199 - - [08/Sep/2026:15:03:10 +0200] "GET /?r=esjqgk73w47hlho HTTP/1.1" 503 - "-" "Mozilla/5.0 (Linux; Android 6.0.1; Nexus 5X Build/MMB29P) AppleWebKit/537.36 (KHTML, like Gecko) Chrome/151.0.7922.173 Mobile Safari/537.36 (compatible; GoogleOther)"
185.43.220.19 - - [08/Sep/2026:15:04:30 +0200] "POST /wp-cron.php?doing_wp_cron=1788872670.7129080295562744140625 HTTP/1.1" 200 - "-" "WordPress/7.1; https://bookmakery.ru"
120.235.88.160 - - [08/Sep/2026:15:04:27 +0200] "GET /wp-login.php HTTP/1.1" 200 12967 "-" "Mozilla/5.0 (Windows NT 10.0; Win64; x64) AppleWebKit/537.36 (KHTML, like Gecko) Chrome/151.0.0.0 Safari/537.36"
106.92.144.146 - - [08/Sep/2026:15:04:36 +0200] "GET /wp-json/wp/v2/users/me HTTP/1.1" 301 - "-" "Mozilla/5.0 (Windows NT 10.0; Win64; x64) AppleWebKit/537.36 (KHTML, like Gecko) Chrome/151.0.0.0 Safari/537.36"
66.249.68.198 - - [08/Sep/2026:15:04:37 +0200] "GET /?r=fxggdh4bta8ub6p HTTP/1.1" 404 75155 "-" "Mozilla/5.0 (Linux; Android 6.0.1; Nexus 5X Build/MMB29P) AppleWebKit/537.36 (KHTML, like Gecko) Chrome/151.0.7922.173 Mobile Safari/537.36 (compatible; GoogleOther)"
106.92.144.146 - - [08/Sep/2026:15:04:40 +0200] "GET /wp-json/wp/v2/users/me/ HTTP/1.1" 200 75037 "https://bookmakery.ru/wp-json/wp/v2/users/me" "Mozilla/5.0 (Windows NT 10.0; Win64; x64) AppleWebKit/537.36 (KHTML, like Gecko) Chrome/151.0.0.0 Safari/537.36"
185.43.220.19 - - [08/Sep/2026:15:05:58 +0200] "POST /wp-cron.php?doing_wp_cron=1788872758.4731259346008300781250 HTTP/1.1" 200 - "-" "WordPress/7.1; https://bookmakery.ru"
66.249.68.198 - - [08/Sep/2026:15:05:55 +0200] "GET /?r=eo1hy2pwempzgz6 HTTP/1.1" 404 75155 "-" "Mozilla/5.0 (Linux; Android 6.0.1; Nexus 5X Build/MMB29P) AppleWebKit/537.36 (KHTML, like Gecko) Chrome/151.0.7922.173 Mobile Safari/537.36 (compatible; GoogleOther)"
185.43.220.19 - - [08/Sep/2026:15:08:12 +0200] "POST /wp-cron.php?doing_wp_cron=1788872892.0516660213470458984375 HTTP/1.1" 200 - "-" "WordPress/7.1; https://bookmakery.ru"
66.249.68.199 - - [08/Sep/2026:15:08:09 +0200] "GET /?r=ed0gldo71xomca5 HTTP/1.1" 404 75155 "-" "Mozilla/5.0 (Linux; Android 6.0.1; Nexus 5X Build/MMB29P) AppleWebKit/537.36 (KHTML, like Gecko) Chrome/151.0.7922.173 Mobile Safari/537.36 (compatible; GoogleOther)"
185.43.220.19 - - [08/Sep/2026:15:09:21 +0200] "POST /wp-cron.php?doing_wp_cron=1788872961.6358559131622314453125 HTTP/1.1" 200 - "-" "WordPress/7.1; https://bookmakery.ru"
35.184.139.33 - - [08/Sep/2026:15:09:20 +0200] "GET /.git/config HTTP/1.1" 301 - "-" "Mozilla/5.0 (Windows NT 10.0; Win64; x64) AppleWebKit/537.36 (KHTML, like Gecko) Chrome/128.0.0.0 Safari/537.36"
185.43.220.19 - - [08/Sep/2026:15:09:58 +0200] "POST /wp-cron.php?doing_wp_cron=1788872998.5489790439605712890625 HTTP/1.1" 200 - "-" "WordPress/7.1; https://bookmakery.ru"
66.249.68.199 - - [08/Sep/2026:15:09:56 +0200] "GET /?r=ekx2ialwyuljw72 HTTP/1.1" 404 75155 "-" "Mozilla/5.0 (Linux; Android 6.0.1; Nexus 5X Build/MMB29P) AppleWebKit/537.36 (KHTML, like Gecko) Chrome/151.0.7922.173 Mobile Safari/537.36 (compatible; GoogleOther)"
185.43.220.19 - - [08/Sep/2026:15:10:27 +0200] "POST /wp-cron.php?doing_wp_cron=1788873027.7684900760650634765625 HTTP/1.1" 200 - "-" "WordPress/7.1; https://bookmakery.ru"
66.249.68.198 - - [08/Sep/2026:15:10:24 +0200] "GET /?r=exkwt9879t8us6p HTTP/1.1" 404 75155 "-" "Mozilla/5.0 (Linux; Android 6.0.1; Nexus 5X Build/MMB29P) AppleWebKit/537.36 (KHTML, like Gecko) Chrome/151.0.7922.173 Mobile Safari/537.36 (compatible; GoogleOther)"
185.43.220.19 - - [08/Sep/2026:15:11:26 +0200] "POST /wp-cron.php?doing_wp_cron=1788873085.6716730594635009765625 HTTP/1.1" 200 - "-" "WordPress/7.1; https://bookmakery.ru"
66.249.68.200 - - [08/Sep/2026:15:11:24 +0200] "GET /?r=fxean32b33usigb HTTP/1.1" 404 75155 "-" "Mozilla/5.0 (Linux; Android 6.0.1; Nexus 5X Build/MMB29P) AppleWebKit/537.36 (KHTML, like Gecko) Chrome/151.0.7922.173 Mobile Safari/537.36 (compatible; GoogleOther)"
66.249.68.198 - - [08/Sep/2026:15:11:38 +0200] "GET /?r=e24p15s8hps2329 HTTP/1.1" 404 75155 "-" "Mozilla/5.0 (Linux; Android 6.0.1; Nexus 5X Build/MMB29P) AppleWebKit/537.36 (KHTML, like Gecko) Chrome/151.0.7922.173 Mobile Safari/537.36 (compatible; GoogleOther)"
185.43.220.19 - - [08/Sep/2026:15:12:46 +0200] "POST /wp-cron.php?doing_wp_cron=1788873166.2157189846038818359375 HTTP/1.1" 200 - "-" "WordPress/7.1; https://bookmakery.ru"
66.249.68.200 - - [08/Sep/2026:15:12:44 +0200] "GET /?r=eo8jhxw3xhwiuud HTTP/1.1" 404 75155 "-" "Mozilla/5.0 (Linux; Android 6.0.1; Nexus 5X Build/MMB29P) AppleWebKit/537.36 (KHTML, like Gecko) Chrome/151.0.7922.173 Mobile Safari/537.36 (compatible; GoogleOther)"
185.43.220.19 - - [08/Sep/2026:15:15:40 +0200] "POST /wp-cron.php?doing_wp_cron=1788873340.1899960041046142578125 HTTP/1.1" 200 - "-" "WordPress/7.1; https://bookmakery.ru"
66.249.68.199 - - [08/Sep/2026:15:15:36 +0200] "GET /?r=ev7l48v2ksv5e5c HTTP/1.1" 404 75155 "-" "Mozilla/5.0 (Linux; Android 6.0.1; Nexus 5X Build/MMB29P) AppleWebKit/537.36 (KHTML, like Gecko) Chrome/151.0.7922.173 Mobile Safari/537.36 (compatible; GoogleOther)"
185.43.220.19 - - [08/Sep/2026:15:16:39 +0200] "POST /wp-cron.php?doing_wp_cron=1788873399.5742490291595458984375 HTTP/1.1" 200 - "-" "WordPress/7.1; https://bookmakery.ru"
89.217.97.103 - - [08/Sep/2026:15:16:36 +0200] "GET /wp-login.php HTTP/1.1" 200 13018 "-" "Mozilla/5.0 (Windows NT 10.0; Win64; x64) AppleWebKit/537.36 (KHTML, like Gecko) Chrome/151.0.0.0 Safari/537.36"
89.217.97.103 - - [08/Sep/2026:15:16:40 +0200] "POST /wp-login.php HTTP/1.1" 200 13502 "https://bookmakery.ru.livebookmakers.net/wp-login.php" "Mozilla/5.0 (Windows NT 10.0; Win64; x64) AppleWebKit/537.36 (KHTML, like Gecko) Chrome/151.0.0.0 Safari/537.36"
185.43.220.19 - - [08/Sep/2026:15:19:33 +0200] "POST /wp-cron.php?doing_wp_cron=1788873573.1519939899444580078125 HTTP/1.1" 200 - "-" "WordPress/7.1; https://bookmakery.ru"
66.249.68.200 - - [08/Sep/2026:15:19:31 +0200] "GET /?r=eoxeial1yuljt72 HTTP/1.1" 404 75155 "-" "Mozilla/5.0 (Linux; Android 6.0.1; Nexus 5X Build/MMB29P) AppleWebKit/537.36 (KHTML, like Gecko) Chrome/151.0.7922.173 Mobile Safari/537.36 (compatible; GoogleOther)"
185.43.220.19 - - [08/Sep/2026:15:20:06 +0200] "POST /wp-cron.php?doing_wp_cron=1788873605.9736731052398681640625 HTTP/1.1" 200 - "-" "WordPress/7.1; https://bookmakery.ru"
66.249.68.198 - - [08/Sep/2026:15:19:54 +0200] "GET /?r=fnza8onbopfd51w_gkind14524026 HTTP/1.1" 404 75037 "-" "Mozilla/5.0 (Linux; Android 6.0.1; Nexus 5X Build/MMB29P) AppleWebKit/537.36 (KHTML, like Gecko) Chrome/151.0.7922.173 Mobile Safari/537.36 (compatible; GoogleOther)"
66.249.68.198 - - [08/Sep/2026:15:32:10 +0200] "GET /?r=eqto2ih8i2h34fy HTTP/1.1" 200 242470 "-" "Mozilla/5.0 (Linux; Android 6.0.1; Nexus 5X Build/MMB29P) AppleWebKit/537.36 (KHTML, like Gecko) Chrome/151.0.7922.173 Mobile Safari/537.36 (compatible; Googlebot/2.1; +http://www.google.com/bot.html)"
185.43.220.19 - - [08/Sep/2026:15:32:59 +0200] "POST /wp-cron.php?doing_wp_cron=1788874379.9549589157104492187500 HTTP/1.1" 200 - "-" "WordPress/7.1; https://bookmakery.ru"
66.249.68.198 - - [08/Sep/2026:15:32:58 +0200] "GET /?r=f2newcbbcv315pk HTTP/1.1" 404 75155 "-" "Mozilla/5.0 (Linux; Android 6.0.1; Nexus 5X Build/MMB29P) AppleWebKit/537.36 (KHTML, like Gecko) Chrome/151.0.7922.173 Mobile Safari/537.36 (compatible; GoogleOther)"
172.86.90.180 - - [08/Sep/2026:15:34:53 +0200] "POST /wp-json/batch/v1 HTTP/1.1" 200 75037 "-" "Mozilla/5.0 (Windows NT 10.0; Win64; x64) AppleWebKit/537.36 (KHTML, like Gecko) Chrome/131.0.0.0 Safari/537.36"
172.86.90.180 - - [08/Sep/2026:15:34:58 +0200] "POST /?rest_route=/batch/v1 HTTP/1.1" 503 - "-" "Mozilla/5.0 (Windows NT 10.0; Win64; x64) AppleWebKit/537.36 (KHTML, like Gecko) Chrome/131.0.0.0 Safari/537.36"
185.43.220.19 - - [08/Sep/2026:15:38:18 +0200] "POST /wp-cron.php?doing_wp_cron=1788874698.3188230991363525390625 HTTP/1.1" 200 - "-" "WordPress/7.1; https://bookmakery.ru"
66.249.68.199 - - [08/Sep/2026:15:38:16 +0200] "GET /?r=e19lumx0a6xv2je HTTP/1.1" 404 75155 "-" "Mozilla/5.0 (Linux; Android 6.0.1; Nexus 5X Build/MMB29P) AppleWebKit/537.36 (KHTML, like Gecko) Chrome/151.0.7922.173 Mobile Safari/537.36 (compatible; GoogleOther)"
51.68.163.208 - - [08/Sep/2026:15:44:09 +0200] "GET /assets/images/accesson.php HTTP/1.1" 301 - "-" "Mozilla/5.0 (Windows NT 10.0; Win64; x64) AppleWebKit/537.36 (KHTML, like Gecko) Chrome/146.0.0.0 Safari/537.36"
185.43.220.19 - - [08/Sep/2026:15:44:12 +0200] "POST /wp-cron.php?doing_wp_cron=1788875052.4879651069641113281250 HTTP/1.1" 200 - "-" "WordPress/7.1; https://bookmakery.ru"
51.68.163.208 - - [08/Sep/2026:15:44:09 +0200] "GET /accesson.php HTTP/1.1" 301 - "-" "Mozilla/5.0 (Windows NT 10.0; Win64; x64) AppleWebKit/537.36 (KHTML, like Gecko) Chrome/146.0.0.0 Safari/537.36"
51.68.163.208 - - [08/Sep/2026:15:44:12 +0200] "GET /accesson.php/ HTTP/1.1" 403 75037 "-" "Mozilla/5.0 (Windows NT 10.0; Win64; x64) AppleWebKit/537.36 (KHTML, like Gecko) Chrome/146.0.0.0 Safari/537.36"
51.68.163.208 - - [08/Sep/2026:15:44:12 +0200] "GET /assets/images/accesson.php/ HTTP/1.1" 503 468 "-" "Mozilla/5.0 (Windows NT 10.0; Win64; x64) AppleWebKit/537.36 (KHTML, like Gecko) Chrome/146.0.0.0 Safari/537.36"
185.43.220.19 - - [08/Sep/2026:15:45:25 +0200] "POST /wp-cron.php?doing_wp_cron=1788875125.0783360004425048828125 HTTP/1.1" 200 - "-" "WordPress/7.1; https://bookmakery.ru"
66.249.68.198 - - [08/Sep/2026:15:45:23 +0200] "GET /?r=f5wa5lkbldca2yt HTTP/1.1" 404 75155 "-" "Mozilla/5.0 (Linux; Android 6.0.1; Nexus 5X Build/MMB29P) AppleWebKit/537.36 (KHTML, like Gecko) Chrome/151.0.7922.173 Mobile Safari/537.36 (compatible; GoogleOther)"
185.43.220.19 - - [08/Sep/2026:15:45:48 +0200] "POST /wp-cron.php?doing_wp_cron=1788875148.5211770534515380859375 HTTP/1.1" 200 - "-" "WordPress/7.1; https://bookmakery.ru"
66.249.68.199 - - [08/Sep/2026:15:45:47 +0200] "GET /?r=ewpqmqd32adnvnu HTTP/1.1" 404 75155 "-" "Mozilla/5.0 (Linux; Android 6.0.1; Nexus 5X Build/MMB29P) AppleWebKit/537.36 (KHTML, like Gecko) Chrome/151.0.7922.173 Mobile Safari/537.36 (compatible; GoogleOther)"
185.43.220.19 - - [08/Sep/2026:15:46:19 +0200] "POST /wp-cron.php?doing_wp_cron=1788875179.8041949272155761718750 HTTP/1.1" 200 - "-" "WordPress/7.1; https://bookmakery.ru"
66.249.68.200 - - [08/Sep/2026:15:46:18 +0200] "GET /?r=fbgbdh4btq8u76p HTTP/1.1" 404 75155 "-" "Mozilla/5.0 (Linux; Android 6.0.1; Nexus 5X Build/MMB29P) AppleWebKit/537.36 (KHTML, like Gecko) Chrome/151.0.7922.173 Mobile Safari/537.36 (compatible; GoogleOther)"
66.249.68.198 - - [08/Sep/2026:15:46:43 +0200] "GET /?r=e6xxial8yulj072 HTTP/1.1" 404 75155 "-" "Mozilla/5.0 (Linux; Android 6.0.1; Nexus 5X Build/MMB29P) AppleWebKit/537.36 (KHTML, like Gecko) Chrome/151.0.7922.173 Mobile Safari/537.36 (compatible; GoogleOther)"
185.43.220.19 - - [08/Sep/2026:15:47:11 +0200] "POST /wp-cron.php?doing_wp_cron=1788875231.6527891159057617187500 HTTP/1.1" 200 - "-" "WordPress/7.1; https://bookmakery.ru"
66.249.68.198 - - [08/Sep/2026:15:47:10 +0200] "GET /?r=em7n48vxksv5f5c HTTP/1.1" 404 75155 "-" "Mozilla/5.0 (Linux; Android 6.0.1; Nexus 5X Build/MMB29P) AppleWebKit/537.36 (KHTML, like Gecko) Chrome/151.0.7922.173 Mobile Safari/537.36 (compatible; GoogleOther)"
185.43.220.19 - - [08/Sep/2026:15:47:35 +0200] "POST /wp-cron.php?doing_wp_cron=1788875255.9596819877624511718750 HTTP/1.1" 200 - "-" "WordPress/7.1; https://bookmakery.ru"
66.249.68.199 - - [08/Sep/2026:15:47:34 +0200] "GET /?r=em9dumxya6xvuje HTTP/1.1" 404 75155 "-" "Mozilla/5.0 (Linux; Android 6.0.1; Nexus 5X Build/MMB29P) AppleWebKit/537.36 (KHTML, like Gecko) Chrome/151.0.7922.173 Mobile Safari/537.36 (compatible; GoogleOther)"
185.43.220.19 - - [08/Sep/2026:15:48:00 +0200] "POST /wp-cron.php?doing_wp_cron=1788875280.4270539283752441406250 HTTP/1.1" 200 - "-" "WordPress/7.1; https://bookmakery.ru"
66.249.68.198 - - [08/Sep/2026:15:47:59 +0200] "GET /?r=eliv3v61jf64wsn HTTP/1.1" 404 75155 "-" "Mozilla/5.0 (Linux; Android 6.0.1; Nexus 5X Build/MMB29P) AppleWebKit/537.36 (KHTML, like Gecko) Chrome/151.0.7922.173 Mobile Safari/537.36 (compatible; GoogleOther)"
49.206.26.34 - - [08/Sep/2026:15:48:12 +0200] "GET /sitemap.xml HTTP/1.1" 200 386785 "-" "Mozilla/5.0 (Windows NT 10.0; Win64; x64) AppleWebKit/537.36 (KHTML, like Gecko) Chrome/127.0.0.0 Safari/537.36"
49.206.26.34 - - [08/Sep/2026:15:48:12 +0200] "GET /sitemap_index.xml HTTP/1.1" 302 - "-" "Mozilla/5.0 (Windows NT 10.0; Win64; x64) AppleWebKit/537.36 (KHTML, like Gecko) Chrome/127.0.0.0 Safari/537.36"
49.206.26.34 - - [08/Sep/2026:15:48:13 +0200] "GET /sitemap.xml HTTP/1.1" 200 386997 "-" "Mozilla/5.0 (Windows NT 10.0; Win64; x64) AppleWebKit/537.36 (KHTML, like Gecko) Chrome/127.0.0.0 Safari/537.36"
49.206.26.34 - - [08/Sep/2026:15:48:15 +0200] "GET /?s=BC%20GAME HTTP/1.1" 200 77998 "-" "Mozilla/5.0 (Windows NT 10.0; Win64; x64) AppleWebKit/537.36 (KHTML, like Gecko) Chrome/127.0.0.0 Safari/537.36"
