66.249.68.198 - - [08/Sep/2026:21:34:50 +0200] "GET /?r=eb4d15s3hps2s29 HTTP/1.1" 404 75037 "-" "Mozilla/5.0 (Linux; Android 6.0.1; Nexus 5X Build/MMB29P) AppleWebKit/537.36 (KHTML, like Gecko) Chrome/151.0.7922.173 Mobile Safari/537.36 (compatible; GoogleOther)"
185.43.220.19 - - [08/Sep/2026:21:35:29 +0200] "POST /wp-cron.php?doing_wp_cron=1788896129.5848309993743896484375 HTTP/1.1" 200 - "-" "WordPress/7.1; https://bookmakery.ru"
66.249.68.198 - - [08/Sep/2026:21:35:24 +0200] "GET /?r=f9zc8onbo5fdx1w HTTP/1.1" 404 75155 "-" "Mozilla/5.0 (Linux; Android 6.0.1; Nexus 5X Build/MMB29P) AppleWebKit/537.36 (KHTML, like Gecko) Chrome/151.0.7922.173 Mobile Safari/537.36 (compatible; GoogleOther)"
185.43.220.19 - - [08/Sep/2026:21:36:11 +0200] "POST /wp-cron.php?doing_wp_cron=1788896170.6894679069519042968750 HTTP/1.1" 200 - "-" "WordPress/7.1; https://bookmakery.ru"
66.249.68.198 - - [08/Sep/2026:21:35:58 +0200] "GET /?r=e7aq7by3nvy8i8f HTTP/1.1" 404 75037 "-" "Mozilla/5.0 (Linux; Android 6.0.1; Nexus 5X Build/MMB29P) AppleWebKit/537.36 (KHTML, like Gecko) Chrome/151.0.7922.173 Mobile Safari/537.36 (compatible; GoogleOther)"
185.43.220.19 - - [08/Sep/2026:21:36:43 +0200] "POST /wp-cron.php?doing_wp_cron=1788896203.0824759006500244140625 HTTP/1.1" 200 - "-" "WordPress/7.1; https://bookmakery.ru"
66.249.68.198 - - [08/Sep/2026:21:36:39 +0200] "GET /?r=elydvzm6bjmwhw3 HTTP/1.1" 404 75155 "-" "Mozilla/5.0 (Linux; Android 6.0.1; Nexus 5X Build/MMB29P) AppleWebKit/537.36 (KHTML, like Gecko) Chrome/151.0.7922.173 Mobile Safari/537.36 (compatible; GoogleOther)"
185.43.220.19 - - [08/Sep/2026:21:37:23 +0200] "POST /wp-cron.php?doing_wp_cron=1788896243.0899109840393066406250 HTTP/1.1" 200 - "-" "WordPress/7.1; https://bookmakery.ru"
66.249.68.199 - - [08/Sep/2026:21:37:18 +0200] "GET /?r=econ91c0plcavyt HTTP/1.1" 404 75155 "-" "Mozilla/5.0 (Linux; Android 6.0.1; Nexus 5X Build/MMB29P) AppleWebKit/537.36 (KHTML, like Gecko) Chrome/151.0.7922.173 Mobile Safari/537.36 (compatible; GoogleOther)"
185.43.220.19 - - [08/Sep/2026:21:37:59 +0200] "POST /wp-cron.php?doing_wp_cron=1788896279.7822430133819580078125 HTTP/1.1" 200 - "-" "WordPress/7.1; https://bookmakery.ru"
66.249.68.199 - - [08/Sep/2026:21:37:56 +0200] "GET /?r=etw85lk2l5k67i1 HTTP/1.1" 404 75155 "-" "Mozilla/5.0 (Linux; Android 6.0.1; Nexus 5X Build/MMB29P) AppleWebKit/537.36 (KHTML, like Gecko) Chrome/151.0.7922.173 Mobile Safari/537.36 (compatible; GoogleOther)"
66.249.68.199 - - [08/Sep/2026:21:38:32 +0200] "GET /?r=fmdaae1bql5rl3m HTTP/1.1" 503 - "-" "Mozilla/5.0 (Linux; Android 6.0.1; Nexus 5X Build/MMB29P) AppleWebKit/537.36 (KHTML, like Gecko) Chrome/151.0.7922.173 Mobile Safari/537.36 (compatible; GoogleOther)"
185.43.220.19 - - [08/Sep/2026:21:39:22 +0200] "POST /wp-cron.php?doing_wp_cron=1788896362.0080630779266357421875 HTTP/1.1" 200 - "-" "WordPress/7.1; https://bookmakery.ru"
66.249.68.200 - - [08/Sep/2026:21:39:18 +0200] "GET /?r=fd3bogrb407hwho HTTP/1.1" 404 75155 "-" "Mozilla/5.0 (Linux; Android 6.0.1; Nexus 5X Build/MMB29P) AppleWebKit/537.36 (KHTML, like Gecko) Chrome/151.0.7922.173 Mobile Safari/537.36 (compatible; GoogleOther)"
185.43.220.19 - - [08/Sep/2026:21:40:08 +0200] "POST /wp-cron.php?doing_wp_cron=1788896408.8956060409545898437500 HTTP/1.1" 200 - "-" "WordPress/7.1; https://bookmakery.ru"
66.249.68.199 - - [08/Sep/2026:21:40:01 +0200] "GET /?r=eawf5lk8l5k6ri1 HTTP/1.1" 404 75155 "-" "Mozilla/5.0 (Linux; Android 6.0.1; Nexus 5X Build/MMB29P) AppleWebKit/537.36 (KHTML, like Gecko) Chrome/151.0.7922.173 Mobile Safari/537.36 (compatible; GoogleOther)"
185.43.220.19 - - [08/Sep/2026:21:40:47 +0200] "POST /wp-cron.php?doing_wp_cron=1788896447.8816330432891845703125 HTTP/1.1" 200 - "-" "WordPress/7.1; https://bookmakery.ru"
66.249.68.199 - - [08/Sep/2026:21:40:45 +0200] "GET /?r=fvu0f7ibvoy8b8f HTTP/1.1" 404 75155 "-" "Mozilla/5.0 (Linux; Android 6.0.1; Nexus 5X Build/MMB29P) AppleWebKit/537.36 (KHTML, like Gecko) Chrome/151.0.7922.173 Mobile Safari/537.36 (compatible; GoogleOther)"
185.43.220.19 - - [08/Sep/2026:21:41:29 +0200] "POST /wp-cron.php?doing_wp_cron=1788896489.8824739456176757812500 HTTP/1.1" 200 - "-" "WordPress/7.1; https://bookmakery.ru"
66.249.68.200 - - [08/Sep/2026:21:41:25 +0200] "GET /?r=eofx0s3vgc31tpk HTTP/1.1" 404 75155 "-" "Mozilla/5.0 (Linux; Android 6.0.1; Nexus 5X Build/MMB29P) AppleWebKit/537.36 (KHTML, like Gecko) Chrome/151.0.7922.173 Mobile Safari/537.36 (compatible; GoogleOther)"
185.43.220.19 - - [08/Sep/2026:21:42:07 +0200] "POST /wp-cron.php?doing_wp_cron=1788896527.4029269218444824218750 HTTP/1.1" 200 - "-" "WordPress/7.1; https://bookmakery.ru"
66.249.68.198 - - [08/Sep/2026:21:42:03 +0200] "GET /?r=e53nogr040rpcd8 HTTP/1.1" 404 75155 "-" "Mozilla/5.0 (Linux; Android 6.0.1; Nexus 5X Build/MMB29P) AppleWebKit/537.36 (KHTML, like Gecko) Chrome/151.0.7922.173 Mobile Safari/537.36 (compatible; GoogleOther)"
185.43.220.19 - - [08/Sep/2026:21:42:45 +0200] "POST /wp-cron.php?doing_wp_cron=1788896565.2918510437011718750000 HTTP/1.1" 200 - "-" "WordPress/7.1; https://bookmakery.ru"
66.249.68.198 - - [08/Sep/2026:21:42:40 +0200] "GET /?r=eqs0ptgy5dgq5qx HTTP/1.1" 404 75155 "-" "Mozilla/5.0 (Linux; Android 6.0.1; Nexus 5X Build/MMB29P) AppleWebKit/537.36 (KHTML, like Gecko) Chrome/151.0.7922.173 Mobile Safari/537.36 (compatible; GoogleOther)"
185.43.220.19 - - [08/Sep/2026:21:43:20 +0200] "POST /wp-cron.php?doing_wp_cron=1788896600.3899660110473632812500 HTTP/1.1" 200 - "-" "WordPress/7.1; https://bookmakery.ru"
66.249.68.198 - - [08/Sep/2026:21:43:17 +0200] "GET /?r=fnrcc4fbsbv5f5c HTTP/1.1" 404 75155 "-" "Mozilla/5.0 (Linux; Android 6.0.1; Nexus 5X Build/MMB29P) AppleWebKit/537.36 (KHTML, like Gecko) Chrome/151.0.7922.173 Mobile Safari/537.36 (compatible; GoogleOther)"
185.43.220.19 - - [08/Sep/2026:21:44:33 +0200] "POST /wp-cron.php?doing_wp_cron=1788896673.4200239181518554687500 HTTP/1.1" 200 - "-" "WordPress/7.1; https://bookmakery.ru"
66.249.68.200 - - [08/Sep/2026:21:44:29 +0200] "GET /?r=eqto2ih8i2h34fy_gkind14523994 HTTP/1.1" 404 75239 "-" "Mozilla/5.0 (Linux; Android 6.0.1; Nexus 5X Build/MMB29P) AppleWebKit/537.36 (KHTML, like Gecko) Chrome/151.0.7922.173 Mobile Safari/537.36 (compatible; GoogleOther)"
66.249.68.200 - - [08/Sep/2026:21:45:49 +0200] "GET /?r=ekzr8on5o8n9jl4 HTTP/1.1" 404 75155 "-" "Mozilla/5.0 (Linux; Android 6.0.1; Nexus 5X Build/MMB29P) AppleWebKit/537.36 (KHTML, like Gecko) Chrome/151.0.7922.173 Mobile Safari/537.36 (compatible; GoogleOther)"
185.43.220.19 - - [08/Sep/2026:21:46:25 +0200] "POST /wp-cron.php?doing_wp_cron=1788896785.1814980506896972656250 HTTP/1.1" 200 - "-" "WordPress/7.1; https://bookmakery.ru"
66.249.68.200 - - [08/Sep/2026:21:46:15 +0200] "GET /?r=ejkpt9899t8uy6p HTTP/1.1" 404 75037 "-" "Mozilla/5.0 (Linux; Android 6.0.1; Nexus 5X Build/MMB29P) AppleWebKit/537.36 (KHTML, like Gecko) Chrome/151.0.7922.173 Mobile Safari/537.36 (compatible; GoogleOther)"
185.43.220.19 - - [08/Sep/2026:21:46:54 +0200] "POST /wp-cron.php?doing_wp_cron=1788896814.4894239902496337890625 HTTP/1.1" 200 - "-" "WordPress/7.1; https://bookmakery.ru"
66.249.68.199 - - [08/Sep/2026:21:46:45 +0200] "GET /?r=evenn3243n2oz0j HTTP/1.1" 404 75037 "-" "Mozilla/5.0 (Linux; Android 6.0.1; Nexus 5X Build/MMB29P) AppleWebKit/537.36 (KHTML, like Gecko) Chrome/151.0.7922.173 Mobile Safari/537.36 (compatible; GoogleOther)"
66.249.68.199 - - [08/Sep/2026:21:47:19 +0200] "GET /?r=e40sldo91xomka5 HTTP/1.1" 503 - "-" "Mozilla/5.0 (Linux; Android 6.0.1; Nexus 5X Build/MMB29P) AppleWebKit/537.36 (KHTML, like Gecko) Chrome/151.0.7922.173 Mobile Safari/537.36 (compatible; GoogleOther)"
66.249.68.200 - - [08/Sep/2026:21:48:25 +0200] "GET /?r=fedbae1bqz5r73m HTTP/1.1" 503 - "-" "Mozilla/5.0 (Linux; Android 6.0.1; Nexus 5X Build/MMB29P) AppleWebKit/537.36 (KHTML, like Gecko) Chrome/151.0.7922.173 Mobile Safari/537.36 (compatible; GoogleOther)"
66.249.68.198 - - [08/Sep/2026:21:48:55 +0200] "GET /?r=epil3v6wjf64jsn HTTP/1.1" 503 - "-" "Mozilla/5.0 (Linux; Android 6.0.1; Nexus 5X Build/MMB29P) AppleWebKit/537.36 (KHTML, like Gecko) Chrome/151.0.7922.173 Mobile Safari/537.36 (compatible; GoogleOther)"
66.249.68.198 - - [08/Sep/2026:21:49:25 +0200] "GET /?r=efuqf7i9vrig44z HTTP/1.1" 503 - "-" "Mozilla/5.0 (Linux; Android 6.0.1; Nexus 5X Build/MMB29P) AppleWebKit/537.36 (KHTML, like Gecko) Chrome/151.0.7922.173 Mobile Safari/537.36 (compatible; GoogleOther)"
66.249.68.200 - - [08/Sep/2026:21:49:45 +0200] "GET /?r=ezgudh4yt14ebel_gkind14523990 HTTP/1.1" 503 - "-" "Mozilla/5.0 (Linux; Android 6.0.1; Nexus 5X Build/MMB29P) AppleWebKit/537.36 (KHTML, like Gecko) Chrome/151.0.7922.173 Mobile Safari/537.36 (compatible; GoogleOther)"
66.249.68.198 - - [08/Sep/2026:21:50:20 +0200] "GET /?r=egehn3243n2ot0j HTTP/1.1" 503 - "-" "Mozilla/5.0 (Linux; Android 6.0.1; Nexus 5X Build/MMB29P) AppleWebKit/537.36 (KHTML, like Gecko) Chrome/151.0.7922.173 Mobile Safari/537.36 (compatible; GoogleOther)"
66.249.68.198 - - [08/Sep/2026:21:50:37 +0200] "GET /?r=eb0bldo21xomna5 HTTP/1.1" 503 - "-" "Mozilla/5.0 (Linux; Android 6.0.1; Nexus 5X Build/MMB29P) AppleWebKit/537.36 (KHTML, like Gecko) Chrome/151.0.7922.173 Mobile Safari/537.36 (compatible; GoogleOther)"
66.249.68.198 - - [08/Sep/2026:21:52:15 +0200] "GET /?r=e7pymqd92adnfnu HTTP/1.1" 503 - "-" "Mozilla/5.0 (Linux; Android 6.0.1; Nexus 5X Build/MMB29P) AppleWebKit/537.36 (KHTML, like Gecko) Chrome/151.0.7922.173 Mobile Safari/537.36 (compatible; GoogleOther)"
66.249.68.198 - - [08/Sep/2026:21:52:55 +0200] "GET /?r=et5jeutzuetfpra_gkind14523982 HTTP/1.1" 503 - "-" "Mozilla/5.0 (Linux; Android 6.0.1; Nexus 5X Build/MMB29P) AppleWebKit/537.36 (KHTML, like Gecko) Chrome/151.0.7922.173 Mobile Safari/537.36 (compatible; GoogleOther)"
66.249.68.199 - - [08/Sep/2026:21:53:35 +0200] "GET /?r=et5jeutzuetfpra_gkind14524014 HTTP/1.1" 503 - "-" "Mozilla/5.0 (Linux; Android 6.0.1; Nexus 5X Build/MMB29P) AppleWebKit/537.36 (KHTML, like Gecko) Chrome/151.0.7922.173 Mobile Safari/537.36 (compatible; GoogleOther)"
185.43.220.19 - - [08/Sep/2026:21:55:36 +0200] "POST /wp-cron.php?doing_wp_cron=1788897336.7923789024353027343750 HTTP/1.1" 200 - "-" "WordPress/7.1; https://bookmakery.ru"
66.249.68.200 - - [08/Sep/2026:21:55:33 +0200] "GET /?r=e81xy2p1empzhz6_gkind14523994 HTTP/1.1" 404 75239 "-" "Mozilla/5.0 (Linux; Android 6.0.1; Nexus 5X Build/MMB29P) AppleWebKit/537.36 (KHTML, like Gecko) Chrome/151.0.7922.173 Mobile Safari/537.36 (compatible; GoogleOther)"
185.43.220.19 - - [08/Sep/2026:21:56:32 +0200] "POST /wp-cron.php?doing_wp_cron=1788897392.1878609657287597656250 HTTP/1.1" 200 - "-" "WordPress/7.1; https://bookmakery.ru"
66.249.68.198 - - [08/Sep/2026:21:56:28 +0200] "GET /?r=ffgddh4bt68uz6p HTTP/1.1" 404 75155 "-" "Mozilla/5.0 (Linux; Android 6.0.1; Nexus 5X Build/MMB29P) AppleWebKit/537.36 (KHTML, like Gecko) Chrome/151.0.7922.173 Mobile Safari/537.36 (compatible; GoogleOther)"
185.43.220.19 - - [08/Sep/2026:21:56:55 +0200] "POST /wp-cron.php?doing_wp_cron=1788897415.7927329540252685546875 HTTP/1.1" 200 - "-" "WordPress/7.1; https://bookmakery.ru"
66.249.68.199 - - [08/Sep/2026:21:56:51 +0200] "GET /?r=eqs0ptgy5dgq5qx HTTP/1.1" 404 75155 "-" "Mozilla/5.0 (Linux; Android 6.0.1; Nexus 5X Build/MMB29P) AppleWebKit/537.36 (KHTML, like Gecko) Chrome/151.0.7922.173 Mobile Safari/537.36 (compatible; GoogleOther)"
185.43.220.19 - - [08/Sep/2026:21:57:31 +0200] "POST /wp-cron.php?doing_wp_cron=1788897451.8846330642700195312500 HTTP/1.1" 200 - "-" "WordPress/7.1; https://bookmakery.ru"
66.249.68.198 - - [08/Sep/2026:21:57:19 +0200] "GET /?r=fnrcc4fbsbv5f5c HTTP/1.1" 404 75037 "-" "Mozilla/5.0 (Linux; Android 6.0.1; Nexus 5X Build/MMB29P) AppleWebKit/537.36 (KHTML, like Gecko) Chrome/151.0.7922.173 Mobile Safari/537.36 (compatible; GoogleOther)"
185.43.220.19 - - [08/Sep/2026:21:57:56 +0200] "POST /wp-cron.php?doing_wp_cron=1788897476.2902939319610595703125 HTTP/1.1" 200 - "-" "WordPress/7.1; https://bookmakery.ru"
66.249.68.198 - - [08/Sep/2026:21:57:49 +0200] "GET /?r=eacqxp0vd90y6mh HTTP/1.1" 404 75155 "-" "Mozilla/5.0 (Linux; Android 6.0.1; Nexus 5X Build/MMB29P) AppleWebKit/537.36 (KHTML, like Gecko) Chrome/151.0.7922.173 Mobile Safari/537.36 (compatible; GoogleOther)"
185.43.220.19 - - [08/Sep/2026:21:58:25 +0200] "POST /wp-cron.php?doing_wp_cron=1788897504.9808468818664550781250 HTTP/1.1" 200 - "-" "WordPress/7.1; https://bookmakery.ru"
66.249.68.200 - - [08/Sep/2026:21:58:21 +0200] "GET /?r=e5lh6y9xmi97rvq HTTP/1.1" 404 75155 "-" "Mozilla/5.0 (Linux; Android 6.0.1; Nexus 5X Build/MMB29P) AppleWebKit/537.36 (KHTML, like Gecko) Chrome/151.0.7922.173 Mobile Safari/537.36 (compatible; GoogleOther)"
185.43.220.19 - - [08/Sep/2026:21:58:54 +0200] "POST /wp-cron.php?doing_wp_cron=1788897534.8194410800933837890625 HTTP/1.1" 200 - "-" "WordPress/7.1; https://bookmakery.ru"
66.249.68.198 - - [08/Sep/2026:21:58:52 +0200] "GET /?r=e4sfptg95dgq0qx HTTP/1.1" 404 75155 "-" "Mozilla/5.0 (Linux; Android 6.0.1; Nexus 5X Build/MMB29P) AppleWebKit/537.36 (KHTML, like Gecko) Chrome/151.0.7922.173 Mobile Safari/537.36 (compatible; GoogleOther)"
185.43.220.19 - - [08/Sep/2026:21:59:25 +0200] "POST /wp-cron.php?doing_wp_cron=1788897565.5022320747375488281250 HTTP/1.1" 200 - "-" "WordPress/7.1; https://bookmakery.ru"
66.249.68.198 - - [08/Sep/2026:21:59:22 +0200] "GET /?r=ffhbq65b6bxvxje HTTP/1.1" 404 75155 "-" "Mozilla/5.0 (Linux; Android 6.0.1; Nexus 5X Build/MMB29P) AppleWebKit/537.36 (KHTML, like Gecko) Chrome/151.0.7922.173 Mobile Safari/537.36 (compatible; GoogleOther)"
185.43.220.19 - - [08/Sep/2026:21:59:55 +0200] "POST /wp-cron.php?doing_wp_cron=1788897595.6949059963226318359375 HTTP/1.1" 200 - "-" "WordPress/7.1; https://bookmakery.ru"
66.249.68.198 - - [08/Sep/2026:21:59:52 +0200] "GET /?r=et5jeutzuetfpra_gkind14524010 HTTP/1.1" 404 75239 "-" "Mozilla/5.0 (Linux; Android 6.0.1; Nexus 5X Build/MMB29P) AppleWebKit/537.36 (KHTML, like Gecko) Chrome/151.0.7922.173 Mobile Safari/537.36 (compatible; GoogleOther)"
185.43.220.19 - - [08/Sep/2026:22:00:40 +0200] "POST /wp-cron.php?doing_wp_cron=1788897640.0869100093841552734375 HTTP/1.1" 200 - "-" "WordPress/7.1; https://bookmakery.ru"
34.162.129.172 - - [08/Sep/2026:22:00:35 +0200] "GET / HTTP/1.1" 200 75037 "-" "Mozilla/5.0 (Windows NT 10.0; Win64; x64) AppleWebKit/537.36 (KHTML, like Gecko) Chrome/131.0.0.0 Safari/537.36"
34.162.129.172 - - [08/Sep/2026:22:00:40 +0200] "POST / HTTP/1.1" 200 75037 "-" "Mozilla/5.0 (Windows NT 10.0; Win64; x64) AppleWebKit/537.36 (KHTML, like Gecko) Chrome/131.0.0.0 Safari/537.36"
185.43.220.19 - - [08/Sep/2026:22:00:55 +0200] "POST /wp-cron.php?doing_wp_cron=1788897655.0987520217895507812500 HTTP/1.1" 200 - "-" "WordPress/7.1; https://bookmakery.ru"
34.162.129.172 - - [08/Sep/2026:22:00:49 +0200] "POST / HTTP/1.1" 200 75037 "-" "Mozilla/5.0 (Windows NT 10.0; Win64; x64) AppleWebKit/537.36 (KHTML, like Gecko) Chrome/131.0.0.0 Safari/537.36"
34.162.129.172 - - [08/Sep/2026:22:00:55 +0200] "POST / HTTP/1.1" 200 75037 "-" "Mozilla/5.0 (Windows NT 10.0; Win64; x64) AppleWebKit/537.36 (KHTML, like Gecko) Chrome/131.0.0.0 Safari/537.36"
34.162.129.172 - - [08/Sep/2026:22:01:00 +0200] "GET /.git/config HTTP/1.1" 301 - "-" "Mozilla/5.0 (Windows NT 10.0; Win64; x64) AppleWebKit/537.36 (KHTML, like Gecko) Chrome/131.0.0.0 Safari/537.36"
34.162.129.172 - - [08/Sep/2026:22:01:03 +0200] "POST / HTTP/1.1" 200 75037 "-" "Mozilla/5.0 (Windows NT 10.0; Win64; x64) AppleWebKit/537.36 (KHTML, like Gecko) Chrome/131.0.0.0 Safari/537.36"
34.162.129.172 - - [08/Sep/2026:22:01:06 +0200] "GET /.env HTTP/1.1" 301 - "-" "Mozilla/5.0 (Windows NT 10.0; Win64; x64) AppleWebKit/537.36 (KHTML, like Gecko) Chrome/131.0.0.0 Safari/537.36"
34.162.129.172 - - [08/Sep/2026:22:01:09 +0200] "GET /.env.local HTTP/1.1" 301 - "-" "Mozilla/5.0 (Windows NT 10.0; Win64; x64) AppleWebKit/537.36 (KHTML, like Gecko) Chrome/131.0.0.0 Safari/537.36"
185.43.220.19 - - [08/Sep/2026:22:01:20 +0200] "POST /wp-cron.php?doing_wp_cron=1788897680.0855560302734375000000 HTTP/1.1" 200 - "-" "WordPress/7.1; https://bookmakery.ru"
34.162.129.172 - - [08/Sep/2026:22:01:13 +0200] "GET /.env.production HTTP/1.1" 301 - "-" "Mozilla/5.0 (Windows NT 10.0; Win64; x64) AppleWebKit/537.36 (KHTML, like Gecko) Chrome/131.0.0.0 Safari/537.36"
34.162.129.172 - - [08/Sep/2026:22:01:16 +0200] "GET /.env.staging HTTP/1.1" 301 - "-" "Mozilla/5.0 (Windows NT 10.0; Win64; x64) AppleWebKit/537.36 (KHTML, like Gecko) Chrome/131.0.0.0 Safari/537.36"
34.162.129.172 - - [08/Sep/2026:22:01:19 +0200] "GET /.env.development HTTP/1.1" 301 - "-" "Mozilla/5.0 (Windows NT 10.0; Win64; x64) AppleWebKit/537.36 (KHTML, like Gecko) Chrome/131.0.0.0 Safari/537.36"
34.162.129.172 - - [08/Sep/2026:22:01:22 +0200] "GET /.env.test HTTP/1.1" 301 - "-" "Mozilla/5.0 (Windows NT 10.0; Win64; x64) AppleWebKit/537.36 (KHTML, like Gecko) Chrome/131.0.0.0 Safari/537.36"
34.162.129.172 - - [08/Sep/2026:22:01:26 +0200] "GET /.env.remote HTTP/1.1" 301 - "-" "Mozilla/5.0 (Windows NT 10.0; Win64; x64) AppleWebKit/537.36 (KHTML, like Gecko) Chrome/131.0.0.0 Safari/537.36"
34.162.129.172 - - [08/Sep/2026:22:01:29 +0200] "GET /.env.bak HTTP/1.1" 301 - "-" "Mozilla/5.0 (Windows NT 10.0; Win64; x64) AppleWebKit/537.36 (KHTML, like Gecko) Chrome/131.0.0.0 Safari/537.36"
34.162.129.172 - - [08/Sep/2026:22:01:32 +0200] "GET /phpinfo.php HTTP/1.1" 301 - "-" "Mozilla/5.0 (Windows NT 10.0; Win64; x64) AppleWebKit/537.36 (KHTML, like Gecko) Chrome/131.0.0.0 Safari/537.36"
34.162.129.172 - - [08/Sep/2026:22:01:36 +0200] "GET /info.php HTTP/1.1" 301 - "-" "Mozilla/5.0 (Windows NT 10.0; Win64; x64) AppleWebKit/537.36 (KHTML, like Gecko) Chrome/131.0.0.0 Safari/537.36"
34.162.129.172 - - [08/Sep/2026:22:01:39 +0200] "GET /php.php HTTP/1.1" 301 - "-" "Mozilla/5.0 (Windows NT 10.0; Win64; x64) AppleWebKit/537.36 (KHTML, like Gecko) Chrome/131.0.0.0 Safari/537.36"
185.43.220.19 - - [08/Sep/2026:22:01:51 +0200] "POST /wp-cron.php?doing_wp_cron=1788897710.8895421028137207031250 HTTP/1.1" 200 - "-" "WordPress/7.1; https://bookmakery.ru"
34.162.129.172 - - [08/Sep/2026:22:01:43 +0200] "GET /i.php HTTP/1.1" 301 - "-" "Mozilla/5.0 (Windows NT 10.0; Win64; x64) AppleWebKit/537.36 (KHTML, like Gecko) Chrome/131.0.0.0 Safari/537.36"
66.249.68.200 - - [08/Sep/2026:22:01:39 +0200] "GET /?r=fbkbt98b9a0ybmh HTTP/1.1" 404 75037 "-" "Mozilla/5.0 (Linux; Android 6.0.1; Nexus 5X Build/MMB29P) AppleWebKit/537.36 (KHTML, like Gecko) Chrome/151.0.7922.173 Mobile Safari/537.36 (compatible; GoogleOther)"
34.162.129.172 - - [08/Sep/2026:22:01:46 +0200] "GET /pi.php HTTP/1.1" 301 - "-" "Mozilla/5.0 (Windows NT 10.0; Win64; x64) AppleWebKit/537.36 (KHTML, like Gecko) Chrome/131.0.0.0 Safari/537.36"
34.162.129.172 - - [08/Sep/2026:22:01:49 +0200] "GET /pinfo.php HTTP/1.1" 301 - "-" "Mozilla/5.0 (Windows NT 10.0; Win64; x64) AppleWebKit/537.36 (KHTML, like Gecko) Chrome/131.0.0.0 Safari/537.36"
34.162.129.172 - - [08/Sep/2026:22:01:53 +0200] "GET /test.php HTTP/1.1" 301 - "-" "Mozilla/5.0 (Windows NT 10.0; Win64; x64) AppleWebKit/537.36 (KHTML, like Gecko) Chrome/131.0.0.0 Safari/537.36"
34.162.129.172 - - [08/Sep/2026:22:01:56 +0200] "GET /phpinfo HTTP/1.1" 301 - "-" "Mozilla/5.0 (Windows NT 10.0; Win64; x64) AppleWebKit/537.36 (KHTML, like Gecko) Chrome/131.0.0.0 Safari/537.36"
34.162.129.172 - - [08/Sep/2026:22:01:59 +0200] "GET /p.php HTTP/1.1" 301 - "-" "Mozilla/5.0 (Windows NT 10.0; Win64; x64) AppleWebKit/537.36 (KHTML, like Gecko) Chrome/131.0.0.0 Safari/537.36"
34.162.129.172 - - [08/Sep/2026:22:02:02 +0200] "GET /debug.php HTTP/1.1" 301 - "-" "Mozilla/5.0 (Windows NT 10.0; Win64; x64) AppleWebKit/537.36 (KHTML, like Gecko) Chrome/131.0.0.0 Safari/537.36"
34.162.129.172 - - [08/Sep/2026:22:02:05 +0200] "GET /admin/phpinfo.php HTTP/1.1" 301 - "-" "Mozilla/5.0 (Windows NT 10.0; Win64; x64) AppleWebKit/537.36 (KHTML, like Gecko) Chrome/131.0.0.0 Safari/537.36"
34.162.129.172 - - [08/Sep/2026:22:02:07 +0200] "GET /test/phpinfo.php HTTP/1.1" 301 - "-" "Mozilla/5.0 (Windows NT 10.0; Win64; x64) AppleWebKit/537.36 (KHTML, like Gecko) Chrome/131.0.0.0 Safari/537.36"
34.162.129.172 - - [08/Sep/2026:22:02:10 +0200] "GET /dev/phpinfo.php HTTP/1.1" 301 - "-" "Mozilla/5.0 (Windows NT 10.0; Win64; x64) AppleWebKit/537.36 (KHTML, like Gecko) Chrome/131.0.0.0 Safari/537.36"
185.43.220.19 - - [08/Sep/2026:22:02:17 +0200] "POST /wp-cron.php?doing_wp_cron=1788897737.5853400230407714843750 HTTP/1.1" 200 - "-" "WordPress/7.1; https://bookmakery.ru"
34.162.129.172 - - [08/Sep/2026:22:02:13 +0200] "GET /old/phpinfo.php HTTP/1.1" 301 - "-" "Mozilla/5.0 (Windows NT 10.0; Win64; x64) AppleWebKit/537.36 (KHTML, like Gecko) Chrome/131.0.0.0 Safari/537.36"
34.162.129.172 - - [08/Sep/2026:22:02:16 +0200] "GET /tmp/phpinfo.php HTTP/1.1" 301 - "-" "Mozilla/5.0 (Windows NT 10.0; Win64; x64) AppleWebKit/537.36 (KHTML, like Gecko) Chrome/131.0.0.0 Safari/537.36"
34.162.129.172 - - [08/Sep/2026:22:02:20 +0200] "GET /public/phpinfo.php HTTP/1.1" 301 - "-" "Mozilla/5.0 (Windows NT 10.0; Win64; x64) AppleWebKit/537.36 (KHTML, like Gecko) Chrome/131.0.0.0 Safari/537.36"
34.162.129.172 - - [08/Sep/2026:22:02:23 +0200] "GET /info HTTP/1.1" 301 - "-" "Mozilla/5.0 (Windows NT 10.0; Win64; x64) AppleWebKit/537.36 (KHTML, like Gecko) Chrome/131.0.0.0 Safari/537.36"
34.162.129.172 - - [08/Sep/2026:22:02:26 +0200] "GET /php-info.php HTTP/1.1" 301 - "-" "Mozilla/5.0 (Windows NT 10.0; Win64; x64) AppleWebKit/537.36 (KHTML, like Gecko) Chrome/131.0.0.0 Safari/537.36"
34.162.129.172 - - [08/Sep/2026:22:02:30 +0200] "GET /phpversion.php HTTP/1.1" 301 - "-" "Mozilla/5.0 (Windows NT 10.0; Win64; x64) AppleWebKit/537.36 (KHTML, like Gecko) Chrome/131.0.0.0 Safari/537.36"
34.162.129.172 - - [08/Sep/2026:22:02:33 +0200] "GET /_phpinfo.php HTTP/1.1" 503 - "-" "Mozilla/5.0 (Windows NT 10.0; Win64; x64) AppleWebKit/537.36 (KHTML, like Gecko) Chrome/131.0.0.0 Safari/537.36"
34.162.129.172 - - [08/Sep/2026:22:02:36 +0200] "GET /old_phpinfo.php HTTP/1.1" 301 - "-" "Mozilla/5.0 (Windows NT 10.0; Win64; x64) AppleWebKit/537.36 (KHTML, like Gecko) Chrome/131.0.0.0 Safari/537.36"
34.162.129.172 - - [08/Sep/2026:22:02:40 +0200] "GET /service-account.json HTTP/1.1" 301 - "-" "Mozilla/5.0 (Windows NT 10.0; Win64; x64) AppleWebKit/537.36 (KHTML, like Gecko) Chrome/131.0.0.0 Safari/537.36"
185.43.220.19 - - [08/Sep/2026:22:02:49 +0200] "POST /wp-cron.php?doing_wp_cron=1788897769.0887300968170166015625 HTTP/1.1" 200 - "-" "WordPress/7.1; https://bookmakery.ru"
34.162.129.172 - - [08/Sep/2026:22:02:43 +0200] "GET /sa.json HTTP/1.1" 301 - "-" "Mozilla/5.0 (Windows NT 10.0; Win64; x64) AppleWebKit/537.36 (KHTML, like Gecko) Chrome/131.0.0.0 Safari/537.36"
34.162.129.172 - - [08/Sep/2026:22:02:46 +0200] "GET /gcp-key.json HTTP/1.1" 301 - "-" "Mozilla/5.0 (Windows NT 10.0; Win64; x64) AppleWebKit/537.36 (KHTML, like Gecko) Chrome/131.0.0.0 Safari/537.36"
34.162.129.172 - - [08/Sep/2026:22:02:50 +0200] "GET /gcp-credentials.json HTTP/1.1" 503 468 "-" "Mozilla/5.0 (Windows NT 10.0; Win64; x64) AppleWebKit/537.36 (KHTML, like Gecko) Chrome/131.0.0.0 Safari/537.36"
34.162.129.172 - - [08/Sep/2026:22:02:53 +0200] "GET /gcp-sa.json HTTP/1.1" 503 468 "-" "Mozilla/5.0 (Windows NT 10.0; Win64; x64) AppleWebKit/537.36 (KHTML, like Gecko) Chrome/131.0.0.0 Safari/537.36"
34.162.129.172 - - [08/Sep/2026:22:02:57 +0200] "GET /credentials.json HTTP/1.1" 503 468 "-" "Mozilla/5.0 (Windows NT 10.0; Win64; x64) AppleWebKit/537.36 (KHTML, like Gecko) Chrome/131.0.0.0 Safari/537.36"
34.162.129.172 - - [08/Sep/2026:22:03:00 +0200] "GET /google-credentials.json HTTP/1.1" 503 468 "-" "Mozilla/5.0 (Windows NT 10.0; Win64; x64) AppleWebKit/537.36 (KHTML, like Gecko) Chrome/131.0.0.0 Safari/537.36"
34.162.129.172 - - [08/Sep/2026:22:03:03 +0200] "GET /google-key.json HTTP/1.1" 301 - "-" "Mozilla/5.0 (Windows NT 10.0; Win64; x64) AppleWebKit/537.36 (KHTML, like Gecko) Chrome/131.0.0.0 Safari/537.36"
66.249.68.199 - - [08/Sep/2026:22:02:55 +0200] "GET /?r=fsrac4fbsqv585c HTTP/1.1" 404 75037 "-" "Mozilla/5.0 (Linux; Android 6.0.1; Nexus 5X Build/MMB29P) AppleWebKit/537.36 (KHTML, like Gecko) Chrome/151.0.7922.173 Mobile Safari/537.36 (compatible; GoogleOther)"
34.162.129.172 - - [08/Sep/2026:22:03:07 +0200] "GET / HTTP/1.1" 200 75037 "-" "Mozilla/5.0 (Macintosh; Intel Mac OS X 10_15_7) AppleWebKit/537.36 (KHTML, like Gecko) Chrome/131.0.0.0 Safari/537.36"
185.43.220.19 - - [08/Sep/2026:22:04:25 +0200] "POST /wp-cron.php?doing_wp_cron=1788897865.7860729694366455078125 HTTP/1.1" 200 - "-" "WordPress/7.1; https://bookmakery.ru"
66.249.68.199 - - [08/Sep/2026:22:04:18 +0200] "GET /?r=fjugf7ibvvy8q8f HTTP/1.1" 404 75155 "-" "Mozilla/5.0 (Linux; Android 6.0.1; Nexus 5X Build/MMB29P) AppleWebKit/537.36 (KHTML, like Gecko) Chrome/151.0.7922.173 Mobile Safari/537.36 (compatible; GoogleOther)"
185.43.220.19 - - [08/Sep/2026:22:05:41 +0200] "POST /wp-cron.php?doing_wp_cron=1788897941.1821329593658447265625 HTTP/1.1" 200 - "-" "WordPress/7.1; https://bookmakery.ru"
66.249.68.198 - - [08/Sep/2026:22:05:36 +0200] "GET /?r=exjmgk74w47hoho HTTP/1.1" 404 75155 "-" "Mozilla/5.0 (Linux; Android 6.0.1; Nexus 5X Build/MMB29P) AppleWebKit/537.36 (KHTML, like Gecko) Chrome/151.0.7922.173 Mobile Safari/537.36 (compatible; GoogleOther)"
185.43.220.19 - - [08/Sep/2026:22:06:54 +0200] "POST /wp-cron.php?doing_wp_cron=1788898014.0886209011077880859375 HTTP/1.1" 200 - "-" "WordPress/7.1; https://bookmakery.ru"
66.249.68.198 - - [08/Sep/2026:22:06:46 +0200] "GET /?r=e81xy2p1empzhz6_gkind14523974 HTTP/1.1" 404 75239 "-" "Mozilla/5.0 (Linux; Android 6.0.1; Nexus 5X Build/MMB29P) AppleWebKit/537.36 (KHTML, like Gecko) Chrome/151.0.7922.173 Mobile Safari/537.36 (compatible; GoogleOther)"
66.249.68.200 - - [08/Sep/2026:22:07:53 +0200] "GET /?r=ee1dy2p9empzpz6 HTTP/1.1" 404 - "-" "Mozilla/5.0 (Linux; Android 6.0.1; Nexus 5X Build/MMB29P) AppleWebKit/537.36 (KHTML, like Gecko) Chrome/151.0.7922.173 Mobile Safari/537.36 (compatible; GoogleOther)"
66.249.68.199 - - [08/Sep/2026:22:09:06 +0200] "GET /?r=efa97byznvy8y8f HTTP/1.1" 200 231050 "-" "Mozilla/5.0 (Linux; Android 6.0.1; Nexus 5X Build/MMB29P) AppleWebKit/537.36 (KHTML, like Gecko) Chrome/151.0.7922.173 Mobile Safari/537.36 (compatible; Googlebot/2.1; +http://www.google.com/bot.html)"
185.43.220.19 - - [08/Sep/2026:22:09:22 +0200] "POST /wp-cron.php?doing_wp_cron=1788898162.2889149188995361328125 HTTP/1.1" 200 - "-" "WordPress/7.1; https://bookmakery.ru"
66.249.68.198 - - [08/Sep/2026:22:09:16 +0200] "GET /?r=er06ldo21xomra5 HTTP/1.1" 404 75155 "-" "Mozilla/5.0 (Linux; Android 6.0.1; Nexus 5X Build/MMB29P) AppleWebKit/537.36 (KHTML, like Gecko) Chrome/151.0.7922.173 Mobile Safari/537.36 (compatible; GoogleOther)"
66.249.68.199 - - [08/Sep/2026:22:09:26 +0200] "GET /?r=fkmajnabz9e0acv HTTP/1.1" 200 224989 "-" "Mozilla/5.0 (Linux; Android 6.0.1; Nexus 5X Build/MMB29P) AppleWebKit/537.36 (KHTML, like Gecko) Chrome/151.0.7922.173 Mobile Safari/537.36 (compatible; Googlebot/2.1; +http://www.google.com/bot.html)"
185.43.220.19 - - [08/Sep/2026:22:10:19 +0200] "POST /wp-cron.php?doing_wp_cron=1788898219.3110210895538330078125 HTTP/1.1" 200 - "-" "WordPress/7.1; https://bookmakery.ru"
92.99.176.73 - - [08/Sep/2026:22:10:16 +0200] "GET /wp-login.php HTTP/1.1" 200 12967 "-" "Mozilla/5.0 (Windows NT 10.0; Win64; x64) AppleWebKit/537.36 (KHTML, like Gecko) Chrome/151.0.0.0 Safari/537.36"
92.99.176.73 - - [08/Sep/2026:22:10:20 +0200] "POST /wp-login.php HTTP/1.1" 200 13451 "https://bookmakery.ru/wp-login.php" "Mozilla/5.0 (Windows NT 10.0; Win64; x64) AppleWebKit/537.36 (KHTML, like Gecko) Chrome/151.0.0.0 Safari/537.36"
66.249.68.200 - - [08/Sep/2026:22:10:24 +0200] "GET /?r=fluef7ibv2y818f HTTP/1.1" 404 75155 "-" "Mozilla/5.0 (Linux; Android 6.0.1; Nexus 5X Build/MMB29P) AppleWebKit/537.36 (KHTML, like Gecko) Chrome/151.0.7922.173 Mobile Safari/537.36 (compatible; GoogleOther)"
185.43.220.19 - - [08/Sep/2026:22:11:31 +0200] "POST /wp-cron.php?doing_wp_cron=1788898291.5812659263610839843750 HTTP/1.1" 200 - "-" "WordPress/7.1; https://bookmakery.ru"
66.249.68.198 - - [08/Sep/2026:22:11:26 +0200] "GET /?r=et5jeutzuetfpra_gkind14524014 HTTP/1.1" 404 75239 "-" "Mozilla/5.0 (Linux; Android 6.0.1; Nexus 5X Build/MMB29P) AppleWebKit/537.36 (KHTML, like Gecko) Chrome/151.0.7922.173 Mobile Safari/537.36 (compatible; GoogleOther)"
66.249.68.198 - - [08/Sep/2026:22:14:47 +0200] "GET /?r=ewbyk0zw0kzlmxg HTTP/1.1" 503 - "-" "Mozilla/5.0 (Linux; Android 6.0.1; Nexus 5X Build/MMB29P) AppleWebKit/537.36 (KHTML, like Gecko) Chrome/151.0.7922.173 Mobile Safari/537.36 (compatible; GoogleOther)"
66.249.68.199 - - [08/Sep/2026:22:15:28 +0200] "GET /?r=esu2f7iyvrigr4z HTTP/1.1" 503 - "-" "Mozilla/5.0 (Linux; Android 6.0.1; Nexus 5X Build/MMB29P) AppleWebKit/537.36 (KHTML, like Gecko) Chrome/151.0.7922.173 Mobile Safari/537.36 (compatible; GoogleOther)"
185.43.220.19 - - [08/Sep/2026:22:16:23 +0200] "POST /wp-cron.php?doing_wp_cron=1788898583.9257369041442871093750 HTTP/1.1" 200 - "-" "WordPress/7.1; https://bookmakery.ru"
66.249.68.199 - - [08/Sep/2026:22:16:20 +0200] "GET /?r=e9smptg65dgqzqx_gkind14523990 HTTP/1.1" 503 - "-" "Mozilla/5.0 (Linux; Android 6.0.1; Nexus 5X Build/MMB29P) AppleWebKit/537.36 (KHTML, like Gecko) Chrome/151.0.7922.173 Mobile Safari/537.36 (compatible; GoogleOther)"
66.249.68.199 - - [08/Sep/2026:22:17:13 +0200] "GET /?r=e9ric4f2sofdi1w HTTP/1.1" 503 - "-" "Mozilla/5.0 (Linux; Android 6.0.1; Nexus 5X Build/MMB29P) AppleWebKit/537.36 (KHTML, like Gecko) Chrome/151.0.7922.173 Mobile Safari/537.36 (compatible; GoogleOther)"
185.43.220.19 - - [08/Sep/2026:22:19:32 +0200] "POST /wp-cron.php?doing_wp_cron=1788898772.6744029521942138671875 HTTP/1.1" 200 - "-" "WordPress/7.1; https://bookmakery.ru"
66.249.68.198 - - [08/Sep/2026:22:19:31 +0200] "GET /?r=eme3n32v3n2ow0j HTTP/1.1" 404 75155 "-" "Mozilla/5.0 (Linux; Android 6.0.1; Nexus 5X Build/MMB29P) AppleWebKit/537.36 (KHTML, like Gecko) Chrome/151.0.7922.173 Mobile Safari/537.36 (compatible; GoogleOther)"
183.193.156.174 - - [08/Sep/2026:22:19:34 +0200] "GET /wp-login.php HTTP/1.1" 503 - "-" "Mozilla/5.0 (Windows NT 10.0; Win64; x64) AppleWebKit/537.36 (KHTML, like Gecko) Chrome/151.0.0.0 Safari/537.36"
185.43.220.19 - - [08/Sep/2026:22:19:52 +0200] "POST /wp-cron.php?doing_wp_cron=1788898792.8300468921661376953125 HTTP/1.1" 200 - "-" "WordPress/7.1; https://bookmakery.ru"
116.26.230.69 - - [08/Sep/2026:22:19:51 +0200] "GET /wp-json/wp/v2/users/me HTTP/1.1" 301 - "-" "Mozilla/5.0 (Windows NT 10.0; Win64; x64) AppleWebKit/537.36 (KHTML, like Gecko) Chrome/151.0.0.0 Safari/537.36"
116.26.230.69 - - [08/Sep/2026:22:19:53 +0200] "GET /wp-json/wp/v2/users/me/ HTTP/1.1" 503 468 "https://bookmakery.ru.livebookmakers.net/wp-json/wp/v2/users/me" "Mozilla/5.0 (Windows NT 10.0; Win64; x64) AppleWebKit/537.36 (KHTML, like Gecko) Chrome/151.0.0.0 Safari/537.36"
185.43.220.19 - - [08/Sep/2026:22:20:18 +0200] "POST /wp-cron.php?doing_wp_cron=1788898818.6406741142272949218750 HTTP/1.1" 200 - "-" "WordPress/7.1; https://bookmakery.ru"
66.249.68.198 - - [08/Sep/2026:22:20:17 +0200] "GET /?r=f2vaswjb8zn9pl4 HTTP/1.1" 404 75155 "-" "Mozilla/5.0 (Linux; Android 6.0.1; Nexus 5X Build/MMB29P) AppleWebKit/537.36 (KHTML, like Gecko) Chrome/151.0.7922.173 Mobile Safari/537.36 (compatible; GoogleOther)"
185.43.220.19 - - [08/Sep/2026:22:21:07 +0200] "POST /wp-cron.php?doing_wp_cron=1788898867.5030438899993896484375 HTTP/1.1" 200 - "-" "WordPress/7.1; https://bookmakery.ru"
66.249.68.198 - - [08/Sep/2026:22:21:04 +0200] "GET /?r=e54215s4hps2529 HTTP/1.1" 404 75155 "-" "Mozilla/5.0 (Linux; Android 6.0.1; Nexus 5X Build/MMB29P) AppleWebKit/537.36 (KHTML, like Gecko) Chrome/151.0.7922.173 Mobile Safari/537.36 (compatible; GoogleOther)"
66.249.68.199 - - [08/Sep/2026:22:21:16 +0200] "GET /?r=e6y5vzm2bjmwjw3 HTTP/1.1" 200 229356 "-" "Mozilla/5.0 (Linux; Android 6.0.1; Nexus 5X Build/MMB29P) AppleWebKit/537.36 (KHTML, like Gecko) Chrome/151.0.7922.173 Mobile Safari/537.36 (compatible; Googlebot/2.1; +http://www.google.com/bot.html)"
66.249.68.198 - - [08/Sep/2026:22:21:47 +0200] "GET /?r=e2jvgk72w47hcho HTTP/1.1" 404 75155 "-" "Mozilla/5.0 (Linux; Android 6.0.1; Nexus 5X Build/MMB29P) AppleWebKit/537.36 (KHTML, like Gecko) Chrome/151.0.7922.173 Mobile Safari/537.36 (compatible; GoogleOther)"
185.43.220.19 - - [08/Sep/2026:22:22:32 +0200] "POST /wp-cron.php?doing_wp_cron=1788898952.3039429187774658203125 HTTP/1.1" 200 - "-" "WordPress/7.1; https://bookmakery.ru"
66.249.68.198 - - [08/Sep/2026:22:22:28 +0200] "GET /?r=e60wldov1xomqa5 HTTP/1.1" 404 75155 "-" "Mozilla/5.0 (Linux; Android 6.0.1; Nexus 5X Build/MMB29P) AppleWebKit/537.36 (KHTML, like Gecko) Chrome/151.0.7922.173 Mobile Safari/537.36 (compatible; GoogleOther)"
185.43.220.19 - - [08/Sep/2026:22:23:45 +0200] "POST /wp-cron.php?doing_wp_cron=1788899025.5931370258331298828125 HTTP/1.1" 200 - "-" "WordPress/7.1; https://bookmakery.ru"
66.249.68.200 - - [08/Sep/2026:22:23:43 +0200] "GET /?r=eeeyn32z3n2os0j HTTP/1.1" 404 75155 "-" "Mozilla/5.0 (Linux; Android 6.0.1; Nexus 5X Build/MMB29P) AppleWebKit/537.36 (KHTML, like Gecko) Chrome/151.0.7922.173 Mobile Safari/537.36 (compatible; GoogleOther)"
185.43.220.19 - - [08/Sep/2026:22:24:19 +0200] "POST /wp-cron.php?doing_wp_cron=1788899059.6999549865722656250000 HTTP/1.1" 200 - "-" "WordPress/7.1; https://bookmakery.ru"
66.249.68.199 - - [08/Sep/2026:22:24:16 +0200] "GET /?r=f0vdswjb8jn9tl4 HTTP/1.1" 404 75155 "-" "Mozilla/5.0 (Linux; Android 6.0.1; Nexus 5X Build/MMB29P) AppleWebKit/537.36 (KHTML, like Gecko) Chrome/151.0.7922.173 Mobile Safari/537.36 (compatible; GoogleOther)"
185.43.220.19 - - [08/Sep/2026:22:24:50 +0200] "POST /wp-cron.php?doing_wp_cron=1788899090.7842319011688232421875 HTTP/1.1" 200 - "-" "WordPress/7.1; https://bookmakery.ru"
66.249.68.199 - - [08/Sep/2026:22:24:48 +0200] "GET /?r=ffkct98b9a0y3mh HTTP/1.1" 404 75155 "-" "Mozilla/5.0 (Linux; Android 6.0.1; Nexus 5X Build/MMB29P) AppleWebKit/537.36 (KHTML, like Gecko) Chrome/151.0.7922.173 Mobile Safari/537.36 (compatible; GoogleOther)"
185.43.220.19 - - [08/Sep/2026:22:25:21 +0200] "POST /wp-cron.php?doing_wp_cron=1788899121.2922511100769042968750 HTTP/1.1" 200 - "-" "WordPress/7.1; https://bookmakery.ru"
66.249.68.200 - - [08/Sep/2026:22:25:18 +0200] "GET /?r=edtu2ih2i2h3cfy HTTP/1.1" 404 75155 "-" "Mozilla/5.0 (Linux; Android 6.0.1; Nexus 5X Build/MMB29P) AppleWebKit/537.36 (KHTML, like Gecko) Chrome/151.0.7922.173 Mobile Safari/537.36 (compatible; GoogleOther)"
185.43.220.19 - - [08/Sep/2026:22:25:50 +0200] "POST /wp-cron.php?doing_wp_cron=1788899150.4233820438385009765625 HTTP/1.1" 200 - "-" "WordPress/7.1; https://bookmakery.ru"
66.249.68.199 - - [08/Sep/2026:22:25:48 +0200] "GET /?r=esbgk0zw0kzlixg HTTP/1.1" 404 75155 "-" "Mozilla/5.0 (Linux; Android 6.0.1; Nexus 5X Build/MMB29P) AppleWebKit/537.36 (KHTML, like Gecko) Chrome/151.0.7922.173 Mobile Safari/537.36 (compatible; GoogleOther)"
185.43.220.19 - - [08/Sep/2026:22:27:52 +0200] "POST /wp-cron.php?doing_wp_cron=1788899272.5814459323883056640625 HTTP/1.1" 200 - "-" "WordPress/7.1; https://bookmakery.ru"
66.249.68.200 - - [08/Sep/2026:22:27:48 +0200] "GET /?r=e4sfptg95dgq0qx HTTP/1.1" 404 75155 "-" "Mozilla/5.0 (Linux; Android 6.0.1; Nexus 5X Build/MMB29P) AppleWebKit/537.36 (KHTML, like Gecko) Chrome/151.0.7922.173 Mobile Safari/537.36 (compatible; GoogleOther)"
185.43.220.19 - - [08/Sep/2026:22:29:03 +0200] "POST /wp-cron.php?doing_wp_cron=1788899343.4024450778961181640625 HTTP/1.1" 200 - "-" "WordPress/7.1; https://bookmakery.ru"
66.249.68.198 - - [08/Sep/2026:22:28:59 +0200] "GET /?r=e5rxc4f3sofdr1w HTTP/1.1" 404 75155 "-" "Mozilla/5.0 (Linux; Android 6.0.1; Nexus 5X Build/MMB29P) AppleWebKit/537.36 (KHTML, like Gecko) Chrome/151.0.7922.173 Mobile Safari/537.36 (compatible; GoogleOther)"
185.43.220.19 - - [08/Sep/2026:22:29:29 +0200] "POST /wp-cron.php?doing_wp_cron=1788899369.9071021080017089843750 HTTP/1.1" 200 - "-" "WordPress/7.1; https://bookmakery.ru"
66.249.68.199 - - [08/Sep/2026:22:29:27 +0200] "GET /?r=et5jeutzuetfpra_gkind14524010 HTTP/1.1" 404 75239 "-" "Mozilla/5.0 (Linux; Android 6.0.1; Nexus 5X Build/MMB29P) AppleWebKit/537.36 (KHTML, like Gecko) Chrome/151.0.7922.173 Mobile Safari/537.36 (compatible; GoogleOther)"
185.43.220.19 - - [08/Sep/2026:22:32:01 +0200] "POST /wp-cron.php?doing_wp_cron=1788899521.5926349163055419921875 HTTP/1.1" 200 - "-" "WordPress/7.1; https://bookmakery.ru"
66.249.68.200 - - [08/Sep/2026:22:31:58 +0200] "GET /?r=fl4d15sbhswi5ud HTTP/1.1" 404 75155 "-" "Mozilla/5.0 (Linux; Android 6.0.1; Nexus 5X Build/MMB29P) AppleWebKit/537.36 (KHTML, like Gecko) Chrome/151.0.7922.173 Mobile Safari/537.36 (compatible; GoogleOther)"
185.43.220.19 - - [08/Sep/2026:22:33:24 +0200] "POST /wp-cron.php?doing_wp_cron=1788899604.7893381118774414062500 HTTP/1.1" 200 - "-" "WordPress/7.1; https://bookmakery.ru"
66.249.68.198 - - [08/Sep/2026:22:33:19 +0200] "GET /?r=fsig3v6bjmmwnw3 HTTP/1.1" 404 75155 "-" "Mozilla/5.0 (Linux; Android 6.0.1; Nexus 5X Build/MMB29P) AppleWebKit/537.36 (KHTML, like Gecko) Chrome/151.0.7922.173 Mobile Safari/537.36 (compatible; GoogleOther)"
185.43.220.19 - - [08/Sep/2026:22:34:45 +0200] "POST /wp-cron.php?doing_wp_cron=1788899684.9860649108886718750000 HTTP/1.1" 200 - "-" "WordPress/7.1; https://bookmakery.ru"
66.249.68.198 - - [08/Sep/2026:22:34:40 +0200] "GET /?r=efuqf7i9vrig44z HTTP/1.1" 404 75155 "-" "Mozilla/5.0 (Linux; Android 6.0.1; Nexus 5X Build/MMB29P) AppleWebKit/537.36 (KHTML, like Gecko) Chrome/151.0.7922.173 Mobile Safari/537.36 (compatible; GoogleOther)"
185.43.220.19 - - [08/Sep/2026:22:38:31 +0200] "POST /wp-cron.php?doing_wp_cron=1788899911.5915191173553466796875 HTTP/1.1" 200 - "-" "WordPress/7.1; https://bookmakery.ru"
66.249.68.200 - - [08/Sep/2026:22:38:26 +0200] "GET /?r=ffzg8onbolfdl1w HTTP/1.1" 404 75155 "-" "Mozilla/5.0 (Linux; Android 6.0.1; Nexus 5X Build/MMB29P) AppleWebKit/537.36 (KHTML, like Gecko) Chrome/151.0.7922.173 Mobile Safari/537.36 (compatible; GoogleOther)"
185.43.220.19 - - [08/Sep/2026:22:39:17 +0200] "POST /wp-cron.php?doing_wp_cron=1788899957.5820250511169433593750 HTTP/1.1" 200 - "-" "WordPress/7.1; https://bookmakery.ru"
66.249.68.200 - - [08/Sep/2026:22:39:09 +0200] "GET /?r=erh6q6566q5rc3m HTTP/1.1" 404 75155 "-" "Mozilla/5.0 (Linux; Android 6.0.1; Nexus 5X Build/MMB29P) AppleWebKit/537.36 (KHTML, like Gecko) Chrome/151.0.7922.173 Mobile Safari/537.36 (compatible; GoogleOther)"
185.43.220.19 - - [08/Sep/2026:22:41:28 +0200] "POST /wp-cron.php?doing_wp_cron=1788900088.0891671180725097656250 HTTP/1.1" 200 - "-" "WordPress/7.1; https://bookmakery.ru"
66.249.68.200 - - [08/Sep/2026:22:41:21 +0200] "GET /?r=fhgudh4bto8ud6p HTTP/1.1" 404 75155 "-" "Mozilla/5.0 (Linux; Android 6.0.1; Nexus 5X Build/MMB29P) AppleWebKit/537.36 (KHTML, like Gecko) Chrome/151.0.7922.173 Mobile Safari/537.36 (compatible; GoogleOther)"
185.43.220.19 - - [08/Sep/2026:22:44:43 +0200] "POST /wp-cron.php?doing_wp_cron=1788900283.8034150600433349609375 HTTP/1.1" 200 - "-" "WordPress/7.1; https://bookmakery.ru"
66.249.68.198 - - [08/Sep/2026:22:44:40 +0200] "GET /?r=esu2f7iyvrigr4z HTTP/1.1" 404 - "-" "Mozilla/5.0 (Linux; Android 6.0.1; Nexus 5X Build/MMB29P) AppleWebKit/537.36 (KHTML, like Gecko) Chrome/151.0.7922.173 Mobile Safari/537.36 (compatible; GoogleOther)"
66.249.68.198 - - [08/Sep/2026:22:45:17 +0200] "GET /?r=e9ric4f2sofdi1w HTTP/1.1" 404 75155 "-" "Mozilla/5.0 (Linux; Android 6.0.1; Nexus 5X Build/MMB29P) AppleWebKit/537.36 (KHTML, like Gecko) Chrome/151.0.7922.173 Mobile Safari/537.36 (compatible; GoogleOther)"
35.231.160.46 - - [08/Sep/2026:22:45:33 +0200] "GET /.git/config HTTP/1.1" 503 468 "-" "Mozilla/5.0 (Windows NT 10.0; Win64; x64) AppleWebKit/537.36 (KHTML, like Gecko) Chrome/128.0.0.0 Safari/537.36"
185.43.220.19 - - [08/Sep/2026:22:45:55 +0200] "POST /wp-cron.php?doing_wp_cron=1788900355.2887210845947265625000 HTTP/1.1" 200 - "-" "WordPress/7.1; https://bookmakery.ru"
66.249.68.198 - - [08/Sep/2026:22:45:52 +0200] "GET /?r=e1at7bywnvy8b8f HTTP/1.1" 404 75155 "-" "Mozilla/5.0 (Linux; Android 6.0.1; Nexus 5X Build/MMB29P) AppleWebKit/537.36 (KHTML, like Gecko) Chrome/151.0.7922.173 Mobile Safari/537.36 (compatible; GoogleOther)"
66.249.68.199 - - [08/Sep/2026:22:46:17 +0200] "GET /?r=er06ldo21xomra5 HTTP/1.1" 200 230897 "-" "Mozilla/5.0 (Linux; Android 6.0.1; Nexus 5X Build/MMB29P) AppleWebKit/537.36 (KHTML, like Gecko) Chrome/151.0.7922.173 Mobile Safari/537.36 (compatible; Googlebot/2.1; +http://www.google.com/bot.html)"
66.249.68.198 - - [08/Sep/2026:22:46:57 +0200] "GET /?r=eh31ogr740rpjd8 HTTP/1.1" 200 234245 "-" "Mozilla/5.0 (Linux; Android 6.0.1; Nexus 5X Build/MMB29P) AppleWebKit/537.36 (KHTML, like Gecko) Chrome/151.0.7922.173 Mobile Safari/537.36 (compatible; Googlebot/2.1; +http://www.google.com/bot.html)"
51.89.71.153 - - [08/Sep/2026:22:47:15 +0200] "GET /robots.txt HTTP/1.1" 200 93 "-" "Mozilla/5.0 (compatible; AhrefsBot/7.0; +http://ahrefs.com/robot/)"
185.43.220.19 - - [08/Sep/2026:22:47:28 +0200] "POST /wp-cron.php?doing_wp_cron=1788900448.0015699863433837890625 HTTP/1.1" 200 - "-" "WordPress/7.1; https://bookmakery.ru"
51.89.83.51 - - [08/Sep/2026:22:47:25 +0200] "GET /tag/winner/feed/ HTTP/1.1" 404 75037 "-" "Mozilla/5.0 (compatible; AhrefsBot/7.0; +http://ahrefs.com/robot/)"
185.43.220.19 - - [08/Sep/2026:22:48:57 +0200] "POST /wp-cron.php?doing_wp_cron=1788900537.3973701000213623046875 HTTP/1.1" 200 - "-" "WordPress/7.1; https://bookmakery.ru"
66.249.68.198 - - [08/Sep/2026:22:48:51 +0200] "GET /?r=eme3n32v3n2ow0j HTTP/1.1" 404 75155 "-" "Mozilla/5.0 (Linux; Android 6.0.1; Nexus 5X Build/MMB29P) AppleWebKit/537.36 (KHTML, like Gecko) Chrome/151.0.7922.173 Mobile Safari/537.36 (compatible; GoogleOther)"
185.43.220.19 - - [08/Sep/2026:22:49:28 +0200] "POST /wp-cron.php?doing_wp_cron=1788900568.8925359249114990234375 HTTP/1.1" 200 - "-" "WordPress/7.1; https://bookmakery.ru"
66.249.68.199 - - [08/Sep/2026:22:49:24 +0200] "GET /?r=f2vaswjb8zn9pl4 HTTP/1.1" 404 75155 "-" "Mozilla/5.0 (Linux; Android 6.0.1; Nexus 5X Build/MMB29P) AppleWebKit/537.36 (KHTML, like Gecko) Chrome/151.0.7922.173 Mobile Safari/537.36 (compatible; GoogleOther)"
185.43.220.19 - - [08/Sep/2026:22:51:20 +0200] "POST /wp-cron.php?doing_wp_cron=1788900680.4024949073791503906250 HTTP/1.1" 200 - "-" "WordPress/7.1; https://bookmakery.ru"
66.249.68.199 - - [08/Sep/2026:22:51:17 +0200] "GET /?r=edtu2ih2i2h3cfy HTTP/1.1" 404 75155 "-" "Mozilla/5.0 (Linux; Android 6.0.1; Nexus 5X Build/MMB29P) AppleWebKit/537.36 (KHTML, like Gecko) Chrome/151.0.7922.173 Mobile Safari/537.36 (compatible; GoogleOther)"
216.73.217.130 - - [08/Sep/2026:22:52:00 +0200] "GET /robots.txt HTTP/1.1" 200 93 "-" "Mozilla/5.0 AppleWebKit/537.36 (KHTML, like Gecko; compatible; ClaudeBot/1.0; [email protected])"
185.43.220.19 - - [08/Sep/2026:22:52:04 +0200] "POST /wp-cron.php?doing_wp_cron=1788900724.0926229953765869140625 HTTP/1.1" 200 - "-" "WordPress/7.1; https://bookmakery.ru"
216.73.217.130 - - [08/Sep/2026:22:52:01 +0200] "GET /index.php/sitemap.xml HTTP/1.1" 301 - "-" "Mozilla/5.0 AppleWebKit/537.36 (KHTML, like Gecko; compatible; ClaudeBot/1.0; [email protected])"
216.73.217.130 - - [08/Sep/2026:22:52:04 +0200] "GET /sitemap.xml/ HTTP/1.1" 302 - "https://bookmakery.ru/index.php/sitemap.xml" "Mozilla/5.0 AppleWebKit/537.36 (KHTML, like Gecko; compatible; ClaudeBot/1.0; [email protected])"
216.73.217.130 - - [08/Sep/2026:22:52:09 +0200] "GET /sitemap.xml HTTP/1.1" 404 1056 "https://bookmakery.ru/sitemap.xml/" "Mozilla/5.0 AppleWebKit/537.36 (KHTML, like Gecko; compatible; ClaudeBot/1.0; [email protected])"
185.43.220.19 - - [08/Sep/2026:22:52:21 +0200] "POST /wp-cron.php?doing_wp_cron=1788900741.0992670059204101562500 HTTP/1.1" 200 - "-" "WordPress/7.1; https://bookmakery.ru"
66.249.68.198 - - [08/Sep/2026:22:52:18 +0200] "GET /?r=fyggdh4bt38ui6p HTTP/1.1" 404 75155 "-" "Mozilla/5.0 (Linux; Android 6.0.1; Nexus 5X Build/MMB29P) AppleWebKit/537.36 (KHTML, like Gecko) Chrome/151.0.7922.173 Mobile Safari/537.36 (compatible; GoogleOther)"
185.43.220.19 - - [08/Sep/2026:22:53:29 +0200] "POST /wp-cron.php?doing_wp_cron=1788900809.0929529666900634765625 HTTP/1.1" 200 - "-" "WordPress/7.1; https://bookmakery.ru"
66.249.68.200 - - [08/Sep/2026:22:53:27 +0200] "GET /?r=ezgudh4yt14ebel_gkind14523982 HTTP/1.1" 404 75239 "-" "Mozilla/5.0 (Linux; Android 6.0.1; Nexus 5X Build/MMB29P) AppleWebKit/537.36 (KHTML, like Gecko) Chrome/151.0.7922.173 Mobile Safari/537.36 (compatible; GoogleOther)"
185.43.220.19 - - [08/Sep/2026:22:54:37 +0200] "POST /wp-cron.php?doing_wp_cron=1788900877.7960469722747802734375 HTTP/1.1" 200 - "-" "WordPress/7.1; https://bookmakery.ru"
66.249.68.198 - - [08/Sep/2026:22:54:32 +0200] "GET /?r=fscexp0bdpgqwqx HTTP/1.1" 404 75155 "-" "Mozilla/5.0 (Linux; Android 6.0.1; Nexus 5X Build/MMB29P) AppleWebKit/537.36 (KHTML, like Gecko) Chrome/151.0.7922.173 Mobile Safari/537.36 (compatible; GoogleOther)"
185.43.220.19 - - [08/Sep/2026:22:56:00 +0200] "POST /wp-cron.php?doing_wp_cron=1788900960.5880959033966064453125 HTTP/1.1" 200 - "-" "WordPress/7.1; https://bookmakery.ru"
66.249.68.199 - - [08/Sep/2026:22:55:56 +0200] "GET /?r=ftvgswjb85n9pl4 HTTP/1.1" 404 75155 "-" "Mozilla/5.0 (Linux; Android 6.0.1; Nexus 5X Build/MMB29P) AppleWebKit/537.36 (KHTML, like Gecko) Chrome/151.0.7922.173 Mobile Safari/537.36 (compatible; GoogleOther)"
185.43.220.19 - - [08/Sep/2026:23:00:47 +0200] "POST /wp-cron.php?doing_wp_cron=1788901246.9877951145172119140625 HTTP/1.1" 200 - "-" "WordPress/7.1; https://bookmakery.ru"
66.249.68.198 - - [08/Sep/2026:23:00:40 +0200] "GET /?r=fg9dumxbasdnknu HTTP/1.1" 404 75155 "-" "Mozilla/5.0 (Linux; Android 6.0.1; Nexus 5X Build/MMB29P) AppleWebKit/537.36 (KHTML, like Gecko) Chrome/151.0.7922.173 Mobile Safari/537.36 (compatible; GoogleOther)"
185.43.220.19 - - [08/Sep/2026:23:02:15 +0200] "POST /wp-cron.php?doing_wp_cron=1788901335.0113821029663085937500 HTTP/1.1" 200 - "-" "WordPress/7.1; https://bookmakery.ru"
66.249.68.198 - - [08/Sep/2026:23:02:12 +0200] "GET /?r=ek34ogr340rpxd8 HTTP/1.1" 404 75155 "-" "Mozilla/5.0 (Linux; Android 6.0.1; Nexus 5X Build/MMB29P) AppleWebKit/537.36 (KHTML, like Gecko) Chrome/151.0.7922.173 Mobile Safari/537.36 (compatible; GoogleOther)"
185.43.220.19 - - [08/Sep/2026:23:04:25 +0200] "POST /wp-cron.php?doing_wp_cron=1788901465.7108750343322753906250 HTTP/1.1" 200 - "-" "WordPress/7.1; https://bookmakery.ru"
66.249.68.198 - - [08/Sep/2026:23:04:23 +0200] "GET /?r=eryxvzmybjmwlw3 HTTP/1.1" 404 75155 "-" "Mozilla/5.0 (Linux; Android 6.0.1; Nexus 5X Build/MMB29P) AppleWebKit/537.36 (KHTML, like Gecko) Chrome/151.0.7922.173 Mobile Safari/537.36 (compatible; GoogleOther)"
185.43.220.19 - - [08/Sep/2026:23:05:32 +0200] "POST /wp-cron.php?doing_wp_cron=1788901532.2951710224151611328125 HTTP/1.1" 200 - "-" "WordPress/7.1; https://bookmakery.ru"
66.249.68.199 - - [08/Sep/2026:23:05:29 +0200] "GET /?r=ev7u48v5ksv5h5c HTTP/1.1" 404 75155 "-" "Mozilla/5.0 (Linux; Android 6.0.1; Nexus 5X Build/MMB29P) AppleWebKit/537.36 (KHTML, like Gecko) Chrome/151.0.7922.173 Mobile Safari/537.36 (compatible; GoogleOther)"
66.249.68.200 - - [08/Sep/2026:23:06:38 +0200] "GET /?r=e2hqq6516q5rx3m HTTP/1.1" 503 - "-" "Mozilla/5.0 (Linux; Android 6.0.1; Nexus 5X Build/MMB29P) AppleWebKit/537.36 (KHTML, like Gecko) Chrome/151.0.7922.173 Mobile Safari/537.36 (compatible; GoogleOther)"
66.249.68.198 - - [08/Sep/2026:23:07:42 +0200] "GET /?r=eqto2ih8i2h34fy_gkind14523998 HTTP/1.1" 503 - "-" "Mozilla/5.0 (Linux; Android 6.0.1; Nexus 5X Build/MMB29P) AppleWebKit/537.36 (KHTML, like Gecko) Chrome/151.0.7922.173 Mobile Safari/537.36 (compatible; GoogleOther)"
66.249.68.199 - - [08/Sep/2026:23:09:03 +0200] "GET /?r=evjxgk7zw47hnho HTTP/1.1" 503 - "-" "Mozilla/5.0 (Linux; Android 6.0.1; Nexus 5X Build/MMB29P) AppleWebKit/537.36 (KHTML, like Gecko) Chrome/151.0.7922.173 Mobile Safari/537.36 (compatible; GoogleOther)"
66.249.68.198 - - [08/Sep/2026:23:09:25 +0200] "GET /?r=eko091c3plcauyt HTTP/1.1" 200 225101 "-" "Mozilla/5.0 (Linux; Android 6.0.1; Nexus 5X Build/MMB29P) AppleWebKit/537.36 (KHTML, like Gecko) Chrome/151.0.7922.173 Mobile Safari/537.36 (compatible; Googlebot/2.1; +http://www.google.com/bot.html)"
66.249.68.199 - - [08/Sep/2026:23:10:57 +0200] "GET /?r=etfo0s36gc316pk HTTP/1.1" 503 - "-" "Mozilla/5.0 (Linux; Android 6.0.1; Nexus 5X Build/MMB29P) AppleWebKit/537.36 (KHTML, like Gecko) Chrome/151.0.7922.173 Mobile Safari/537.36 (compatible; GoogleOther)"
185.43.220.19 - - [08/Sep/2026:23:12:05 +0200] "POST /wp-cron.php?doing_wp_cron=1788901925.2471339702606201171875 HTTP/1.1" 200 - "-" "WordPress/7.1; https://bookmakery.ru"
66.249.68.200 - - [08/Sep/2026:23:12:03 +0200] "GET /?r=e9smptg65dgqzqx_gkind14523986 HTTP/1.1" 404 75239 "-" "Mozilla/5.0 (Linux; Android 6.0.1; Nexus 5X Build/MMB29P) AppleWebKit/537.36 (KHTML, like Gecko) Chrome/151.0.7922.173 Mobile Safari/537.36 (compatible; GoogleOther)"
185.43.220.19 - - [08/Sep/2026:23:13:12 +0200] "POST /wp-cron.php?doing_wp_cron=1788901992.0037610530853271484375 HTTP/1.1" 200 - "-" "WordPress/7.1; https://bookmakery.ru"
66.249.68.198 - - [08/Sep/2026:23:13:09 +0200] "GET /?r=e4q7zfexfze0mcv HTTP/1.1" 404 75155 "-" "Mozilla/5.0 (Linux; Android 6.0.1; Nexus 5X Build/MMB29P) AppleWebKit/537.36 (KHTML, like Gecko) Chrome/151.0.7922.173 Mobile Safari/537.36 (compatible; GoogleOther)"
185.43.220.19 - - [08/Sep/2026:23:14:17 +0200] "POST /wp-cron.php?doing_wp_cron=1788902057.3917009830474853515625 HTTP/1.1" 200 - "-" "WordPress/7.1; https://bookmakery.ru"
66.249.68.199 - - [08/Sep/2026:23:14:15 +0200] "GET /?r=e5ow91c8plcatyt_gkind14524030 HTTP/1.1" 404 75239 "-" "Mozilla/5.0 (Linux; Android 6.0.1; Nexus 5X Build/MMB29P) AppleWebKit/537.36 (KHTML, like Gecko) Chrome/151.0.7922.173 Mobile Safari/537.36 (compatible; GoogleOther)"
185.43.220.19 - - [08/Sep/2026:23:15:02 +0200] "POST /wp-cron.php?doing_wp_cron=1788902102.6921970844268798828125 HTTP/1.1" 200 - "-" "WordPress/7.1; https://bookmakery.ru"
