82.57.37.242 - - [09/Sep/2026:02:50:13 +0200] "POST /wp-login.php HTTP/1.1" 200 13502 "https://bookmakery.ru.livebookmakers.net/wp-login.php" "Mozilla/5.0 (Windows NT 10.0; Win64; x64) AppleWebKit/537.36 (KHTML, like Gecko) Chrome/151.0.0.0 Safari/537.36"
66.249.68.198 - - [09/Sep/2026:02:50:42 +0200] "GET /?r=ea7t48v1ksv5j5c HTTP/1.1" 200 20462 "-" "Mozilla/5.0 (Linux; Android 6.0.1; Nexus 5X Build/MMB29P) AppleWebKit/537.36 (KHTML, like Gecko) Chrome/151.0.7922.173 Mobile Safari/537.36 (compatible; Googlebot/2.1; +http://www.google.com/bot.html)"
66.249.68.199 - - [09/Sep/2026:02:51:27 +0200] "GET /?r=f7hcq65b64xvaje HTTP/1.1" 200 20462 "-" "Mozilla/5.0 (Linux; Android 6.0.1; Nexus 5X Build/MMB29P) AppleWebKit/537.36 (KHTML, like Gecko) Chrome/151.0.7922.173 Mobile Safari/537.36 (compatible; GoogleOther)"
66.249.68.198 - - [09/Sep/2026:02:52:03 +0200] "GET /?r=epuwf7i3vrigq4z HTTP/1.1" 200 20462 "-" "Mozilla/5.0 (Linux; Android 6.0.1; Nexus 5X Build/MMB29P) AppleWebKit/537.36 (KHTML, like Gecko) Chrome/151.0.7922.173 Mobile Safari/537.36 (compatible; GoogleOther)"
66.249.68.198 - - [09/Sep/2026:02:52:15 +0200] "GET /?r=euuqf7i5vrigu4z HTTP/1.1" 200 20462 "-" "Mozilla/5.0 (Linux; Android 6.0.1; Nexus 5X Build/MMB29P) AppleWebKit/537.36 (KHTML, like Gecko) Chrome/151.0.7922.173 Mobile Safari/537.36 (compatible; GoogleOther)"
66.249.68.199 - - [09/Sep/2026:02:53:08 +0200] "GET /?r=fhcbxp0bd2gqfqx HTTP/1.1" 200 20462 "-" "Mozilla/5.0 (Linux; Android 6.0.1; Nexus 5X Build/MMB29P) AppleWebKit/537.36 (KHTML, like Gecko) Chrome/151.0.7922.173 Mobile Safari/537.36 (compatible; GoogleOther)"
66.249.68.198 - - [09/Sep/2026:02:54:07 +0200] "GET /?r=euk8t9899t8uo6p HTTP/1.1" 200 20462 "-" "Mozilla/5.0 (Linux; Android 6.0.1; Nexus 5X Build/MMB29P) AppleWebKit/537.36 (KHTML, like Gecko) Chrome/151.0.7922.173 Mobile Safari/537.36 (compatible; GoogleOther)"
66.249.68.199 - - [09/Sep/2026:02:54:42 +0200] "GET /?r=e51dy2p6empz4z6 HTTP/1.1" 200 20462 "-" "Mozilla/5.0 (Linux; Android 6.0.1; Nexus 5X Build/MMB29P) AppleWebKit/537.36 (KHTML, like Gecko) Chrome/151.0.7922.173 Mobile Safari/537.36 (compatible; GoogleOther)"
66.249.68.198 - - [09/Sep/2026:02:56:14 +0200] "GET /?r=el17y2p9empznz6 HTTP/1.1" 200 20462 "-" "Mozilla/5.0 (Linux; Android 6.0.1; Nexus 5X Build/MMB29P) AppleWebKit/537.36 (KHTML, like Gecko) Chrome/151.0.7922.173 Mobile Safari/537.36 (compatible; GoogleOther)"
66.249.68.199 - - [09/Sep/2026:02:59:14 +0200] "GET /?r=eq8vhxwwxhwivud HTTP/1.1" 200 20462 "-" "Mozilla/5.0 (Linux; Android 6.0.1; Nexus 5X Build/MMB29P) AppleWebKit/537.36 (KHTML, like Gecko) Chrome/151.0.7922.173 Mobile Safari/537.36 (compatible; GoogleOther)"
185.43.220.19 - - [09/Sep/2026:03:01:26 +0200] "POST /wp-cron.php?doing_wp_cron=1788915686.7854249477386474609375 HTTP/1.1" 200 - "-" "WordPress/7.1; https://bookmakery.ru"
91.230.99.84 - - [09/Sep/2026:03:01:22 +0200] "GET /wp-login.php HTTP/1.1" 200 12967 "-" "Mozilla/5.0 (Windows NT 10.0; Win64; x64) AppleWebKit/537.36 (KHTML, like Gecko) Chrome/151.0.0.0 Safari/537.36"
91.230.99.84 - - [09/Sep/2026:03:01:27 +0200] "POST /wp-login.php HTTP/1.1" 200 13451 "https://bookmakery.ru/wp-login.php" "Mozilla/5.0 (Windows NT 10.0; Win64; x64) AppleWebKit/537.36 (KHTML, like Gecko) Chrome/151.0.0.0 Safari/537.36"
159.223.127.90 - - [09/Sep/2026:03:06:39 +0200] "GET / HTTP/1.1" 302 - "-" "Mozilla/5.0 (X11; Linux x86_64) AppleWebKit/537.36 (KHTML, like Gecko) Chrome/142.0.0.0 Safari/537.36"
159.223.127.90 - - [09/Sep/2026:03:06:41 +0200] "GET /favicon.ico HTTP/1.1" 302 - "https://bookmakery.ru/" "Mozilla/5.0 (X11; Linux x86_64) AppleWebKit/537.36 (KHTML, like Gecko) Chrome/142.0.0.0 Safari/537.36"
66.249.68.198 - - [09/Sep/2026:03:07:41 +0200] "GET /?r=e8om91c6plca9yt HTTP/1.1" 200 20462 "-" "Mozilla/5.0 (Linux; Android 6.0.1; Nexus 5X Build/MMB29P) AppleWebKit/537.36 (KHTML, like Gecko) Chrome/151.0.7922.173 Mobile Safari/537.36 (compatible; GoogleOther)"
52.73.6.26 - - [09/Sep/2026:03:15:55 +0200] "GET /?cat=1 HTTP/1.1" 200 73539 "-" "Mozilla/5.0 AppleWebKit/537.36 (KHTML, like Gecko; compatible; Amazonbot/0.1; +https://developer.amazon.com/support/amazonbot) Chrome/119.0.6045.214 Safari/537.36"
66.249.68.199 - - [09/Sep/2026:03:16:02 +0200] "GET /?r=ey5yeut3uetfjra HTTP/1.1" 200 20462 "-" "Mozilla/5.0 (Linux; Android 6.0.1; Nexus 5X Build/MMB29P) AppleWebKit/537.36 (KHTML, like Gecko) Chrome/151.0.7922.173 Mobile Safari/537.36 (compatible; GoogleOther)"
66.249.68.198 - - [09/Sep/2026:03:16:40 +0200] "GET /favicon.ico HTTP/1.1" 200 20462 "-" "Googlebot-Image/1.0"
66.249.68.198 - - [09/Sep/2026:03:17:45 +0200] "GET /?r=eptn2ihxi2h37fy HTTP/1.1" 200 20462 "-" "Mozilla/5.0 (Linux; Android 6.0.1; Nexus 5X Build/MMB29P) AppleWebKit/537.36 (KHTML, like Gecko) Chrome/151.0.7922.173 Mobile Safari/537.36 (compatible; GoogleOther)"
35.190.173.250 - - [09/Sep/2026:03:21:39 +0200] "GET /.git/config HTTP/1.1" 302 - "-" "Mozilla/5.0 (Windows NT 10.0; Win64; x64) AppleWebKit/537.36 (KHTML, like Gecko) Chrome/128.0.0.0 Safari/537.36"
66.249.68.200 - - [09/Sep/2026:03:25:26 +0200] "GET /?r=fftf2ihbia97cvq HTTP/1.1" 200 20462 "-" "Mozilla/5.0 (Linux; Android 6.0.1; Nexus 5X Build/MMB29P) AppleWebKit/537.36 (KHTML, like Gecko) Chrome/151.0.7922.173 Mobile Safari/537.36 (compatible; GoogleOther)"
74.7.244.39 - - [09/Sep/2026:03:25:44 +0200] "GET /robots.txt HTTP/1.1" 200 93 "-" "Mozilla/5.0 (Macintosh; Intel Mac OS X 10_15_7) AppleWebKit/537.36 (KHTML, like Gecko) Chrome/131.0.0.0 Safari/537.36; compatible; OAI-SearchBot/1.4; robots.txt; +https://openai.com/searchbot"
74.7.241.10 - - [09/Sep/2026:03:26:08 +0200] "GET / HTTP/1.1" 200 20462 "https://www.wonvision.com" "Mozilla/5.0 AppleWebKit/537.36 (KHTML, like Gecko; compatible; GPTBot/1.4; +https://openai.com/gptbot)"
66.249.68.198 - - [09/Sep/2026:03:33:08 +0200] "GET /?r=fhof91cbp7s2c29 HTTP/1.1" 200 20462 "-" "Mozilla/5.0 (Linux; Android 6.0.1; Nexus 5X Build/MMB29P) AppleWebKit/537.36 (KHTML, like Gecko) Chrome/151.0.7922.173 Mobile Safari/537.36 (compatible; GoogleOther)"
66.249.68.200 - - [09/Sep/2026:03:34:39 +0200] "GET /?r=esxxialvyuljf72 HTTP/1.1" 200 20462 "-" "Mozilla/5.0 (Linux; Android 6.0.1; Nexus 5X Build/MMB29P) AppleWebKit/537.36 (KHTML, like Gecko) Chrome/151.0.7922.173 Mobile Safari/537.36 (compatible; GoogleOther)"
66.249.68.199 - - [09/Sep/2026:03:36:25 +0200] "GET /?r=e34315swhps2d29 HTTP/1.1" 200 20462 "-" "Mozilla/5.0 (Linux; Android 6.0.1; Nexus 5X Build/MMB29P) AppleWebKit/537.36 (KHTML, like Gecko) Chrome/151.0.7922.173 Mobile Safari/537.36 (compatible; GoogleOther)"
66.249.68.198 - - [09/Sep/2026:03:36:56 +0200] "GET /?r=epuwf7i3vrigq4z HTTP/1.1" 200 20462 "-" "Mozilla/5.0 (Linux; Android 6.0.1; Nexus 5X Build/MMB29P) AppleWebKit/537.36 (KHTML, like Gecko) Chrome/151.0.7922.173 Mobile Safari/537.36 (compatible; GoogleOther)"
188.119.61.224 - - [09/Sep/2026:03:37:31 +0200] "GET / HTTP/1.1" 302 - "https://www.google.com/" "Mozilla/5.0 (iPhone; CPU iPhone OS 18_7 like Mac OS X) AppleWebKit/605.1.15 (KHTML, like Gecko) Version/26.6.1 Mobile/15E148 Safari/604.1"
66.249.68.198 - - [09/Sep/2026:03:37:56 +0200] "GET /?r=e88fhxw1xhwi0ud HTTP/1.1" 200 20462 "-" "Mozilla/5.0 (Linux; Android 6.0.1; Nexus 5X Build/MMB29P) AppleWebKit/537.36 (KHTML, like Gecko) Chrome/151.0.7922.173 Mobile Safari/537.36 (compatible; GoogleOther)"
66.249.68.200 - - [09/Sep/2026:03:38:43 +0200] "GET /?r=ebuzf7i5vrigk4z HTTP/1.1" 200 20462 "-" "Mozilla/5.0 (Linux; Android 6.0.1; Nexus 5X Build/MMB29P) AppleWebKit/537.36 (KHTML, like Gecko) Chrome/151.0.7922.173 Mobile Safari/537.36 (compatible; GoogleOther)"
66.249.68.199 - - [09/Sep/2026:03:39:27 +0200] "GET /?r=e5c6xp00d90y9mh HTTP/1.1" 200 20462 "-" "Mozilla/5.0 (Linux; Android 6.0.1; Nexus 5X Build/MMB29P) AppleWebKit/537.36 (KHTML, like Gecko) Chrome/151.0.7922.173 Mobile Safari/537.36 (compatible; GoogleOther)"
66.249.68.200 - - [09/Sep/2026:03:41:01 +0200] "GET /?r=ey5yeut3uetfjra HTTP/1.1" 200 20462 "-" "Mozilla/5.0 (Linux; Android 6.0.1; Nexus 5X Build/MMB29P) AppleWebKit/537.36 (KHTML, like Gecko) Chrome/151.0.7922.173 Mobile Safari/537.36 (compatible; GoogleOther)"
66.249.68.198 - - [09/Sep/2026:03:43:49 +0200] "GET /?r=e1uhf7i2vrigp4z HTTP/1.1" 200 20462 "-" "Mozilla/5.0 (Linux; Android 6.0.1; Nexus 5X Build/MMB29P) AppleWebKit/537.36 (KHTML, like Gecko) Chrome/151.0.7922.173 Mobile Safari/537.36 (compatible; GoogleOther)"
66.249.68.199 - - [09/Sep/2026:03:44:51 +0200] "GET /?r=fd5weutbu9ljv72 HTTP/1.1" 200 20462 "-" "Mozilla/5.0 (Linux; Android 6.0.1; Nexus 5X Build/MMB29P) AppleWebKit/537.36 (KHTML, like Gecko) Chrome/151.0.7922.173 Mobile Safari/537.36 (compatible; GoogleOther)"
66.249.68.200 - - [09/Sep/2026:03:45:50 +0200] "GET /?r=fjmfjnabzre0ucv HTTP/1.1" 200 20462 "-" "Mozilla/5.0 (Linux; Android 6.0.1; Nexus 5X Build/MMB29P) AppleWebKit/537.36 (KHTML, like Gecko) Chrome/151.0.7922.173 Mobile Safari/537.36 (compatible; Googlebot/2.1; +http://www.google.com/bot.html)"
66.249.68.199 - - [09/Sep/2026:03:45:51 +0200] "GET /?r=foqazfebf464xsn HTTP/1.1" 200 20462 "-" "Mozilla/5.0 (Linux; Android 6.0.1; Nexus 5X Build/MMB29P) AppleWebKit/537.36 (KHTML, like Gecko) Chrome/151.0.7922.173 Mobile Safari/537.36 (compatible; Googlebot/2.1; +http://www.google.com/bot.html)"
66.249.68.198 - - [09/Sep/2026:03:45:59 +0200] "GET /?r=fhfe0s3bgqjtit0 HTTP/1.1" 200 20462 "-" "Mozilla/5.0 (Linux; Android 6.0.1; Nexus 5X Build/MMB29P) AppleWebKit/537.36 (KHTML, like Gecko) Chrome/151.0.7922.173 Mobile Safari/537.36 (compatible; Googlebot/2.1; +http://www.google.com/bot.html)"
66.249.68.198 - - [09/Sep/2026:03:46:00 +0200] "GET /?r=f23fogrb4t7hfho HTTP/1.1" 200 20462 "-" "Mozilla/5.0 (Linux; Android 6.0.1; Nexus 5X Build/MMB29P) AppleWebKit/537.36 (KHTML, like Gecko) Chrome/151.0.7922.173 Mobile Safari/537.36 (compatible; Googlebot/2.1; +http://www.google.com/bot.html)"
66.249.68.198 - - [09/Sep/2026:03:46:01 +0200] "GET /?r=eid2ae11qy1bxbi HTTP/1.1" 200 20462 "-" "Mozilla/5.0 (Linux; Android 6.0.1; Nexus 5X Build/MMB29P) AppleWebKit/537.36 (KHTML, like Gecko) Chrome/151.0.7922.173 Mobile Safari/537.36 (compatible; Googlebot/2.1; +http://www.google.com/bot.html)"
66.249.68.198 - - [09/Sep/2026:03:46:08 +0200] "GET /?r=erxpial4yulj272 HTTP/1.1" 200 20462 "-" "Mozilla/5.0 (Linux; Android 6.0.1; Nexus 5X Build/MMB29P) AppleWebKit/537.36 (KHTML, like Gecko) Chrome/151.0.7922.173 Mobile Safari/537.36 (compatible; GoogleOther)"
66.249.68.198 - - [09/Sep/2026:03:46:26 +0200] "GET /?r=em54eut6uetfara HTTP/1.1" 200 20462 "-" "Mozilla/5.0 (Linux; Android 6.0.1; Nexus 5X Build/MMB29P) AppleWebKit/537.36 (KHTML, like Gecko) Chrome/151.0.7922.173 Mobile Safari/537.36 (compatible; GoogleOther)"
66.249.68.198 - - [09/Sep/2026:03:46:50 +0200] "GET /?r=fjzg8onbocfdg1w HTTP/1.1" 200 20462 "-" "Mozilla/5.0 (Linux; Android 6.0.1; Nexus 5X Build/MMB29P) AppleWebKit/537.36 (KHTML, like Gecko) Chrome/151.0.7922.173 Mobile Safari/537.36 (compatible; GoogleOther)"
66.249.68.199 - - [09/Sep/2026:03:47:33 +0200] "GET /?r=ek9xumx0a6xvcje HTTP/1.1" 200 20462 "-" "Mozilla/5.0 (Linux; Android 6.0.1; Nexus 5X Build/MMB29P) AppleWebKit/537.36 (KHTML, like Gecko) Chrome/151.0.7922.173 Mobile Safari/537.36 (compatible; GoogleOther)"
66.249.68.199 - - [09/Sep/2026:03:47:42 +0200] "GET /?r=enfu0s35gc315pk HTTP/1.1" 200 20462 "-" "Mozilla/5.0 (Linux; Android 6.0.1; Nexus 5X Build/MMB29P) AppleWebKit/537.36 (KHTML, like Gecko) Chrome/151.0.7922.173 Mobile Safari/537.36 (compatible; GoogleOther)"
66.249.68.199 - - [09/Sep/2026:03:49:17 +0200] "GET /?r=es9uumx2a6xvaje HTTP/1.1" 200 20462 "-" "Mozilla/5.0 (Linux; Android 6.0.1; Nexus 5X Build/MMB29P) AppleWebKit/537.36 (KHTML, like Gecko) Chrome/151.0.7922.173 Mobile Safari/537.36 (compatible; GoogleOther)"
66.249.68.198 - - [09/Sep/2026:03:50:48 +0200] "GET /?r=f00eldob1p4esel_gkind14524006 HTTP/1.1" 200 20462 "-" "Mozilla/5.0 (Linux; Android 6.0.1; Nexus 5X Build/MMB29P) AppleWebKit/537.36 (KHTML, like Gecko) Chrome/151.0.7922.173 Mobile Safari/537.36 (compatible; GoogleOther)"
66.249.68.200 - - [09/Sep/2026:03:52:21 +0200] "GET /?r=f0oc91cbpns2y29 HTTP/1.1" 200 20462 "-" "Mozilla/5.0 (Linux; Android 6.0.1; Nexus 5X Build/MMB29P) AppleWebKit/537.36 (KHTML, like Gecko) Chrome/151.0.7922.173 Mobile Safari/537.36 (compatible; GoogleOther)"
185.43.220.19 - - [09/Sep/2026:03:53:33 +0200] "POST /wp-cron.php?doing_wp_cron=1788918813.6829950809478759765625 HTTP/1.1" 200 - "-" "WordPress/7.1; https://bookmakery.ru"
104.28.200.40 - - [09/Sep/2026:03:53:29 +0200] "GET /_rNd9xZ7kL3 HTTP/1.1" 302 - "https://www.google.com/search?q=bookmakery.ru" "Mozilla/5.0 AppleWebKit/537.36 (KHTML, like Gecko; compatible; ChatGPT-User/1.0; +https://openai.com/bot)"
104.28.200.40 - - [09/Sep/2026:03:53:41 +0200] "GET / HTTP/1.1" 200 20462 "https://www.google.com/search?q=bookmakery.ru" "Mozilla/5.0 (compatible; Googlebot/2.1; +http://www.google.com/bot.html)"
104.28.200.40 - - [09/Sep/2026:03:53:44 +0200] "GET /robots.txt HTTP/1.1" 200 93 "-" "Mozilla/5.0 (Windows NT 10.0; Win64; x64; rv:137.0) Gecko/20100101 Firefox/137.0"
66.249.68.198 - - [09/Sep/2026:03:53:46 +0200] "GET /?r=f10dldob1q4ezel HTTP/1.1" 200 20462 "-" "Mozilla/5.0 (Linux; Android 6.0.1; Nexus 5X Build/MMB29P) AppleWebKit/537.36 (KHTML, like Gecko) Chrome/151.0.7922.173 Mobile Safari/537.36 (compatible; Googlebot/2.1; +http://www.google.com/bot.html)"
185.43.220.19 - - [09/Sep/2026:03:53:56 +0200] "POST /wp-cron.php?doing_wp_cron=1788918836.1884369850158691406250 HTTP/1.1" 200 - "-" "WordPress/7.1; https://bookmakery.ru"
162.158.38.196 - - [09/Sep/2026:03:53:51 +0200] "GET /sitemap.xml HTTP/1.1" 200 1056 "-" "Mozilla/5.0 (Linux; Android 14; Pixel 8) AppleWebKit/537.36 (KHTML, like Gecko) Chrome/135.0.6422.113 Mobile Safari/537.36"
162.158.6.81 - - [09/Sep/2026:03:54:02 +0200] "GET /sitemap_index.xml HTTP/1.1" 302 - "https://www.google.com/search?q=bookmakery.ru" "Mozilla/5.0 (compatible; Googlebot/2.1; +http://www.google.com/bot.html)"
162.158.6.81 - - [09/Sep/2026:03:54:08 +0200] "GET /sitemap.xml HTTP/1.1" 200 1056 "https://www.google.com/search?q=bookmakery.ru" "Mozilla/5.0 (compatible; Googlebot/2.1; +http://www.google.com/bot.html)"
185.43.220.19 - - [09/Sep/2026:03:54:17 +0200] "POST /wp-cron.php?doing_wp_cron=1788918857.2916359901428222656250 HTTP/1.1" 200 - "-" "WordPress/7.1; https://bookmakery.ru"
162.158.6.80 - - [09/Sep/2026:03:54:10 +0200] "GET /sitemap_index.xml HTTP/1.1" 302 - "https://www.google.com/search?q=bookmakery.ru" "Mozilla/5.0 AppleWebKit/537.36 (KHTML, like Gecko; compatible; ChatGPT-User/1.0; +https://openai.com/bot)"
162.158.6.80 - - [09/Sep/2026:03:54:17 +0200] "GET /sitemap.xml HTTP/1.1" 200 1056 "https://www.google.com/search?q=bookmakery.ru" "Mozilla/5.0 AppleWebKit/537.36 (KHTML, like Gecko; compatible; ChatGPT-User/1.0; +https://openai.com/bot)"
18.203.115.34 - - [09/Sep/2026:03:54:24 +0200] "GET /sitemap_index.xml HTTP/1.1" 302 - "-" "Mozilla/5.0 (Linux; Android 14; Pixel 8) AppleWebKit/537.36 (KHTML, like Gecko) Chrome/135.0.6422.113 Mobile Safari/537.36"
185.43.220.19 - - [09/Sep/2026:03:54:50 +0200] "POST /wp-cron.php?doing_wp_cron=1788918889.9832971096038818359375 HTTP/1.1" 200 - "-" "WordPress/7.1; https://bookmakery.ru"
162.158.38.197 - - [09/Sep/2026:03:54:43 +0200] "GET /sitemap-index.xml HTTP/1.1" 302 - "-" "Mozilla/5.0 (Macintosh; Intel Mac OS X 14_5) AppleWebKit/605.1.15 (KHTML, like Gecko) Version/18.4 Safari/605.1.15"
162.158.38.197 - - [09/Sep/2026:03:54:50 +0200] "GET /sitemap.xml HTTP/1.1" 200 1056 "-" "Mozilla/5.0 (Macintosh; Intel Mac OS X 14_5) AppleWebKit/605.1.15 (KHTML, like Gecko) Version/18.4 Safari/605.1.15"
185.43.220.19 - - [09/Sep/2026:03:56:14 +0200] "POST /wp-cron.php?doing_wp_cron=1788918974.0843570232391357421875 HTTP/1.1" 200 - "-" "WordPress/7.1; https://bookmakery.ru"
104.28.200.40 - - [09/Sep/2026:03:56:07 +0200] "GET /_rNd9xZ7kL3 HTTP/1.1" 302 - "https://www.google.com/search?q=bookmakery.ru" "Mozilla/5.0 (Macintosh; Intel Mac OS X 10_15_7) AppleWebKit/537.36 (KHTML, like Gecko) Chrome/135.0.0.0 Safari/537.36"
185.43.220.19 - - [09/Sep/2026:03:56:24 +0200] "POST /wp-cron.php?doing_wp_cron=1788918984.6856489181518554687500 HTTP/1.1" 200 - "-" "WordPress/7.1; https://bookmakery.ru"
104.28.200.40 - - [09/Sep/2026:03:56:12 +0200] "GET /_rNd9xZ7kL3 HTTP/1.1" 503 468 "https://www.google.com/search?q=bookmakery.ru" "Mozilla/5.0 (Windows NT 10.0; Win64; x64) AppleWebKit/537.36 (KHTML, like Gecko) Chrome/135.0.0.0 Safari/537.36"
104.28.200.40 - - [09/Sep/2026:03:56:18 +0200] "GET /_rNd9xZ7kL3 HTTP/1.1" 302 - "-" "Mozilla/5.0 (Windows NT 10.0; Win64; x64) AppleWebKit/537.36 (KHTML, like Gecko) Chrome/135.0.0.0 Safari/537.36"
104.28.232.40 - - [09/Sep/2026:03:56:35 +0200] "GET / HTTP/1.1" 302 - "-" "Mozilla/5.0 (Macintosh; Intel Mac OS X 10_15_7) AppleWebKit/537.36 (KHTML, like Gecko) Chrome/135.0.0.0 Safari/537.36"
158.173.244.136 - - [09/Sep/2026:03:56:35 +0200] "GET /wp-login.php HTTP/1.1" 200 13018 "-" "Mozilla/5.0 (Windows NT 10.0; Win64; x64) AppleWebKit/537.36 (KHTML, like Gecko) Chrome/151.0.0.0 Safari/537.36"
158.173.244.136 - - [09/Sep/2026:03:56:39 +0200] "POST /wp-login.php HTTP/1.1" 200 13502 "https://bookmakery.ru.livebookmakers.net/wp-login.php" "Mozilla/5.0 (Windows NT 10.0; Win64; x64) AppleWebKit/537.36 (KHTML, like Gecko) Chrome/151.0.0.0 Safari/537.36"
54.75.43.73 - - [09/Sep/2026:03:56:45 +0200] "GET /robots.txt HTTP/1.1" 200 93 "https://www.google.com/search?q=bookmakery.ru" "Mozilla/5.0 (Macintosh; Intel Mac OS X 10_15_7) AppleWebKit/537.36 (KHTML, like Gecko) Chrome/135.0.0.0 Safari/537.36"
185.43.220.19 - - [09/Sep/2026:03:56:56 +0200] "POST /wp-cron.php?doing_wp_cron=1788919016.6823420524597167968750 HTTP/1.1" 200 - "-" "WordPress/7.1; https://bookmakery.ru"
54.75.43.73 - - [09/Sep/2026:03:56:52 +0200] "GET /sitemap.xml HTTP/1.1" 200 1056 "https://www.google.com/search?q=bookmakery.ru" "Mozilla/5.0 AppleWebKit/537.36 (KHTML, like Gecko; compatible; ChatGPT-User/1.0; +https://openai.com/bot)"
162.158.6.80 - - [09/Sep/2026:03:57:03 +0200] "GET /sitemap_index.xml HTTP/1.1" 302 - "-" "Mozilla/5.0 (Macintosh; Intel Mac OS X 14_5) AppleWebKit/605.1.15 (KHTML, like Gecko) Version/18.4 Safari/605.1.15"
162.158.6.80 - - [09/Sep/2026:03:57:07 +0200] "GET /sitemap.xml HTTP/1.1" 200 1056 "-" "Mozilla/5.0 (Macintosh; Intel Mac OS X 14_5) AppleWebKit/605.1.15 (KHTML, like Gecko) Version/18.4 Safari/605.1.15"
162.158.6.80 - - [09/Sep/2026:03:57:14 +0200] "GET /sitemap-index.xml HTTP/1.1" 503 468 "-" "Mozilla/5.0 (Windows NT 10.0; Win64; x64; rv:137.0) Gecko/20100101 Firefox/137.0"
66.249.68.200 - - [09/Sep/2026:03:57:26 +0200] "GET /?r=e09oumx9a6xv1je HTTP/1.1" 200 20462 "-" "Mozilla/5.0 (Linux; Android 6.0.1; Nexus 5X Build/MMB29P) AppleWebKit/537.36 (KHTML, like Gecko) Chrome/151.0.7922.173 Mobile Safari/537.36 (compatible; GoogleOther)"
54.75.43.73 - - [09/Sep/2026:03:57:35 +0200] "GET /.env.production HTTP/1.1" 503 468 "https://www.google.com/search?q=bookmakery.ru" "Mozilla/5.0 (Linux; Android 14; Pixel 8) AppleWebKit/537.36 (KHTML, like Gecko) Chrome/135.0.6422.113 Mobile Safari/537.36"
162.158.6.81 - - [09/Sep/2026:03:57:35 +0200] "GET /.dev.vars HTTP/1.1" 503 468 "https://www.google.com/search?q=bookmakery.ru" "Mozilla/5.0 (compatible; Googlebot/2.1; +http://www.google.com/bot.html)"
54.75.43.73 - - [09/Sep/2026:03:57:35 +0200] "GET /.env.backup HTTP/1.1" 503 468 "https://www.google.com/search?q=bookmakery.ru" "Mozilla/5.0 (compatible; Googlebot/2.1; +http://www.google.com/bot.html)"
54.75.43.73 - - [09/Sep/2026:03:57:35 +0200] "GET /.git/config HTTP/1.1" 503 468 "-" "Mozilla/5.0 (compatible; Googlebot/2.1; +http://www.google.com/bot.html)"
162.158.49.63 - - [09/Sep/2026:03:57:35 +0200] "GET /config.json HTTP/1.1" 503 468 "-" "Mozilla/5.0 (Macintosh; Intel Mac OS X 10_15_7) AppleWebKit/537.36 (KHTML, like Gecko) Chrome/135.0.0.0 Safari/537.36"
162.158.6.81 - - [09/Sep/2026:03:57:35 +0200] "GET /.env HTTP/1.1" 503 468 "-" "Mozilla/5.0 (Windows NT 10.0; Win64; x64) AppleWebKit/537.36 (KHTML, like Gecko) Chrome/135.0.0.0 Safari/537.36"
162.158.6.80 - - [09/Sep/2026:03:57:35 +0200] "GET /.aws/credentials HTTP/1.1" 503 468 "https://www.google.com/search?q=bookmakery.ru" "Mozilla/5.0 (Windows NT 10.0; Win64; x64; rv:137.0) Gecko/20100101 Firefox/137.0"
54.75.43.73 - - [09/Sep/2026:03:57:35 +0200] "GET /.git/HEAD HTTP/1.1" 503 468 "https://www.google.com/search?q=bookmakery.ru" "Mozilla/5.0 (Macintosh; Intel Mac OS X 14_5) AppleWebKit/605.1.15 (KHTML, like Gecko) Version/18.4 Safari/605.1.15"
162.158.6.80 - - [09/Sep/2026:03:57:35 +0200] "GET /.env.local HTTP/1.1" 503 468 "-" "Mozilla/5.0 (Windows NT 10.0; Win64; x64) AppleWebKit/537.36 (KHTML, like Gecko) Chrome/135.0.0.0 Safari/537.36"
162.158.38.197 - - [09/Sep/2026:03:57:37 +0200] "GET /secrets.json HTTP/1.1" 503 468 "https://www.google.com/search?q=bookmakery.ru" "Mozilla/5.0 (compatible; Googlebot/2.1; +http://www.google.com/bot.html)"
162.158.38.197 - - [09/Sep/2026:03:57:44 +0200] "GET /.env HTTP/1.1" 503 468 "https://www.google.com/search?q=bookmakery.ru" "Mozilla/5.0 (compatible; Googlebot/2.1; +http://www.google.com/bot.html)"
162.158.6.81 - - [09/Sep/2026:03:57:44 +0200] "GET /.env.local HTTP/1.1" 503 468 "-" "Mozilla/5.0 (Macintosh; Intel Mac OS X 14_5) AppleWebKit/605.1.15 (KHTML, like Gecko) Version/18.4 Safari/605.1.15"
162.158.38.196 - - [09/Sep/2026:03:57:44 +0200] "GET /.aws/credentials HTTP/1.1" 503 468 "-" "Mozilla/5.0 (Macintosh; Intel Mac OS X 14_5) AppleWebKit/605.1.15 (KHTML, like Gecko) Version/18.4 Safari/605.1.15"
162.158.49.63 - - [09/Sep/2026:03:57:44 +0200] "GET /.git/HEAD HTTP/1.1" 503 468 "https://www.google.com/search?q=bookmakery.ru" "Mozilla/5.0 AppleWebKit/537.36 (KHTML, like Gecko; compatible; ChatGPT-User/1.0; +https://openai.com/bot)"
162.158.49.62 - - [09/Sep/2026:03:57:44 +0200] "GET /config.json HTTP/1.1" 503 468 "https://www.google.com/search?q=bookmakery.ru" "Mozilla/5.0 (Linux; Android 14; Pixel 8) AppleWebKit/537.36 (KHTML, like Gecko) Chrome/135.0.6422.113 Mobile Safari/537.36"
54.75.43.73 - - [09/Sep/2026:03:57:44 +0200] "GET /secrets.json HTTP/1.1" 503 468 "-" "Mozilla/5.0 (Windows NT 10.0; Win64; x64) AppleWebKit/537.36 (KHTML, like Gecko) Chrome/135.0.0.0 Safari/537.36"
54.75.43.73 - - [09/Sep/2026:03:57:55 +0200] "GET /config.json HTTP/1.1" 503 468 "https://www.google.com/search?q=bookmakery.ru" "Mozilla/5.0 (Macintosh; Intel Mac OS X 14_5) AppleWebKit/605.1.15 (KHTML, like Gecko) Version/18.4 Safari/605.1.15"
185.43.220.19 - - [09/Sep/2026:03:58:02 +0200] "POST /wp-cron.php?doing_wp_cron=1788919082.8830339908599853515625 HTTP/1.1" 200 - "-" "WordPress/7.1; https://bookmakery.ru"
54.75.43.73 - - [09/Sep/2026:03:57:55 +0200] "GET /.git/HEAD HTTP/1.1" 302 - "-" "Mozilla/5.0 (Linux; Android 14; Pixel 8) AppleWebKit/537.36 (KHTML, like Gecko) Chrome/135.0.6422.113 Mobile Safari/537.36"
162.158.6.80 - - [09/Sep/2026:03:57:54 +0200] "GET /secrets.json HTTP/1.1" 302 - "https://www.google.com/search?q=bookmakery.ru" "Mozilla/5.0 (Macintosh; Intel Mac OS X 10_15_7) AppleWebKit/537.36 (KHTML, like Gecko) Chrome/135.0.0.0 Safari/537.36"
66.249.68.200 - - [09/Sep/2026:03:58:56 +0200] "GET /?r=f00eldob1p4esel_gkind14523986 HTTP/1.1" 200 20462 "-" "Mozilla/5.0 (Linux; Android 6.0.1; Nexus 5X Build/MMB29P) AppleWebKit/537.36 (KHTML, like Gecko) Chrome/151.0.7922.173 Mobile Safari/537.36 (compatible; GoogleOther)"
66.249.68.199 - - [09/Sep/2026:04:02:05 +0200] "GET / HTTP/1.1" 200 20462 "-" "Mozilla/5.0 (Linux; Android 6.0.1; Nexus 5X Build/MMB29P) AppleWebKit/537.36 (KHTML, like Gecko) Chrome/151.0.7922.173 Mobile Safari/537.36 (compatible; GoogleOther)"
66.249.68.198 - - [09/Sep/2026:04:03:50 +0200] "GET /?r=f4dfae1bqx5rx3m HTTP/1.1" 200 20462 "-" "Mozilla/5.0 (Linux; Android 6.0.1; Nexus 5X Build/MMB29P) AppleWebKit/537.36 (KHTML, like Gecko) Chrome/151.0.7922.173 Mobile Safari/537.36 (compatible; Googlebot/2.1; +http://www.google.com/bot.html)"
66.249.68.200 - - [09/Sep/2026:04:05:07 +0200] "GET /?r=fjzg8onbocfdg1w HTTP/1.1" 200 20462 "-" "Mozilla/5.0 (Linux; Android 6.0.1; Nexus 5X Build/MMB29P) AppleWebKit/537.36 (KHTML, like Gecko) Chrome/151.0.7922.173 Mobile Safari/537.36 (compatible; GoogleOther)"
185.43.220.19 - - [09/Sep/2026:04:07:41 +0200] "POST /wp-cron.php?doing_wp_cron=1788919661.3155050277709960937500 HTTP/1.1" 200 - "-" "WordPress/7.1; https://bookmakery.ru"
84.84.242.123 - - [09/Sep/2026:04:07:39 +0200] "GET /wp-login.php HTTP/1.1" 200 12967 "-" "Mozilla/5.0 (Windows NT 10.0; Win64; x64) AppleWebKit/537.36 (KHTML, like Gecko) Chrome/151.0.0.0 Safari/537.36"
84.84.242.123 - - [09/Sep/2026:04:07:41 +0200] "POST /wp-login.php HTTP/1.1" 200 13451 "https://bookmakery.ru/wp-login.php" "Mozilla/5.0 (Windows NT 10.0; Win64; x64) AppleWebKit/537.36 (KHTML, like Gecko) Chrome/151.0.0.0 Safari/537.36"
66.249.68.198 - - [09/Sep/2026:04:08:28 +0200] "GET /?r=e5gkdh44t14ehel HTTP/1.1" 200 20462 "-" "Mozilla/5.0 (Linux; Android 6.0.1; Nexus 5X Build/MMB29P) AppleWebKit/537.36 (KHTML, like Gecko) Chrome/151.0.7922.173 Mobile Safari/537.36 (compatible; Googlebot/2.1; +http://www.google.com/bot.html)"
40.160.252.52 - - [09/Sep/2026:04:18:25 +0200] "GET / HTTP/1.1" 302 - "-" "Mozilla/5.0 (Windows NT 10.0; Win64; x64) AppleWebKit/537.36 (KHTML, like Gecko) Chrome/131.0.0.0 Safari/537.36"
66.249.68.198 - - [09/Sep/2026:04:19:13 +0200] "GET /?r=fvjdgk7bwgbxc9s HTTP/1.1" 200 20462 "-" "Mozilla/5.0 (Linux; Android 6.0.1; Nexus 5X Build/MMB29P) AppleWebKit/537.36 (KHTML, like Gecko) Chrome/151.0.7922.173 Mobile Safari/537.36 (compatible; Googlebot/2.1; +http://www.google.com/bot.html)"
66.249.68.199 - - [09/Sep/2026:04:22:24 +0200] "GET /?r=ft0fldob1n4ecel HTTP/1.1" 200 20462 "-" "Mozilla/5.0 (Linux; Android 6.0.1; Nexus 5X Build/MMB29P) AppleWebKit/537.36 (KHTML, like Gecko) Chrome/151.0.7922.173 Mobile Safari/537.36 (compatible; GoogleOther)"
66.249.68.200 - - [09/Sep/2026:04:23:29 +0200] "GET /?r=fl2cbrqbrfig64z HTTP/1.1" 200 20462 "-" "Mozilla/5.0 (Linux; Android 6.0.1; Nexus 5X Build/MMB29P) AppleWebKit/537.36 (KHTML, like Gecko) Chrome/151.0.7922.173 Mobile Safari/537.36 (compatible; Googlebot/2.1; +http://www.google.com/bot.html)"
66.249.68.198 - - [09/Sep/2026:04:23:37 +0200] "GET /?r=e1x8ialxyuljz72 HTTP/1.1" 200 20462 "-" "Mozilla/5.0 (Linux; Android 6.0.1; Nexus 5X Build/MMB29P) AppleWebKit/537.36 (KHTML, like Gecko) Chrome/151.0.7922.173 Mobile Safari/537.36 (compatible; Googlebot/2.1; +http://www.google.com/bot.html)"
18.235.110.182 - - [09/Sep/2026:04:30:08 +0200] "GET / HTTP/1.1" 421 362 "-" "RecordedFuture Global Inventory Crawler"
66.249.68.198 - - [09/Sep/2026:04:34:57 +0200] "GET /?r=fnza8onbopfd51w_gkind14524030 HTTP/1.1" 200 20462 "-" "Mozilla/5.0 (Linux; Android 6.0.1; Nexus 5X Build/MMB29P) AppleWebKit/537.36 (KHTML, like Gecko) Chrome/151.0.7922.173 Mobile Safari/537.36 (compatible; GoogleOther)"
66.249.68.200 - - [09/Sep/2026:04:35:04 +0200] "GET /?r=et3xogrz40rpbd8 HTTP/1.1" 200 20462 "-" "Mozilla/5.0 (Linux; Android 6.0.1; Nexus 5X Build/MMB29P) AppleWebKit/537.36 (KHTML, like Gecko) Chrome/151.0.7922.173 Mobile Safari/537.36 (compatible; Googlebot/2.1; +http://www.google.com/bot.html)"
66.249.68.200 - - [09/Sep/2026:04:37:17 +0200] "GET /?r=fk1ay2pbejtfjra HTTP/1.1" 200 20462 "-" "Mozilla/5.0 (Linux; Android 6.0.1; Nexus 5X Build/MMB29P) AppleWebKit/537.36 (KHTML, like Gecko) Chrome/151.0.7922.173 Mobile Safari/537.36 (compatible; GoogleOther)"
185.43.220.19 - - [09/Sep/2026:04:39:20 +0200] "POST /wp-cron.php?doing_wp_cron=1788921560.8814399242401123046875 HTTP/1.1" 200 - "-" "WordPress/7.1; https://bookmakery.ru"
114.119.143.207 - - [09/Sep/2026:04:39:14 +0200] "GET /index.php/sitemap.xml HTTP/1.1" 302 - "-" "Mozilla/5.0 (Linux; Android 7.0;) AppleWebKit/537.36 (KHTML, like Gecko) Mobile Safari/537.36 (compatible; PetalBot;+https://webmaster.petalsearch.com/site/petalbot)"
66.249.68.200 - - [09/Sep/2026:04:41:11 +0200] "GET /?r=fnza8onbopfd51w_gkind14524018 HTTP/1.1" 200 20462 "-" "Mozilla/5.0 (Linux; Android 6.0.1; Nexus 5X Build/MMB29P) AppleWebKit/537.36 (KHTML, like Gecko) Chrome/151.0.7922.173 Mobile Safari/537.36 (compatible; GoogleOther)"
62.60.130.199 - - [09/Sep/2026:04:41:34 +0200] "GET /wp-login.php HTTP/1.1" 200 12967 "-" "Mozilla/5.0 (Windows NT 11.0; Win64; x64) AppleWebKit/537.36 (KHTML, like Gecko) Chrome/121.0.0.0 Safari/537.36"
62.60.130.199 - - [09/Sep/2026:04:41:37 +0200] "GET /?author=1 HTTP/1.1" 200 74072 "-" "Mozilla/5.0 (Windows NT 10.0; Win64; x64) AppleWebKit/537.36 (KHTML, like Gecko) Chrome/120.0.0.0 Safari/537.36"
62.60.130.199 - - [09/Sep/2026:04:41:41 +0200] "GET /?author=2 HTTP/1.1" 404 61832 "-" "Mozilla/5.0 (Windows NT 11.0; Win64; x64) AppleWebKit/537.36 (KHTML, like Gecko) Chrome/121.0.0.0 Safari/537.36"
185.43.220.19 - - [09/Sep/2026:04:41:49 +0200] "POST /wp-cron.php?doing_wp_cron=1788921709.3895399570465087890625 HTTP/1.1" 200 - "-" "WordPress/7.1; https://bookmakery.ru"
62.60.130.199 - - [09/Sep/2026:04:41:44 +0200] "GET /?author=3 HTTP/1.1" 404 61832 "-" "Mozilla/5.0 (X11; Linux x86_64) AppleWebKit/537.36 (KHTML, like Gecko) Chrome/120.0.0.0 Safari/537.36"
62.60.130.199 - - [09/Sep/2026:04:41:49 +0200] "GET /?author=4 HTTP/1.1" 404 61832 "-" "Mozilla/5.0 (Windows NT 10.0; Win64; x64) AppleWebKit/537.36 (KHTML, like Gecko) Chrome/120.0.0.0 Safari/537.36"
62.60.130.199 - - [09/Sep/2026:04:41:54 +0200] "GET /?author=5 HTTP/1.1" 404 61832 "-" "Mozilla/5.0 (Macintosh; Intel Mac OS X 10_15_7) AppleWebKit/537.36 (KHTML, like Gecko) Chrome/120.0.0.0 Safari/537.36"
62.60.130.199 - - [09/Sep/2026:04:41:59 +0200] "GET /?author=6 HTTP/1.1" 404 61832 "-" "Mozilla/5.0 (Windows NT 11.0; Win64; x64) AppleWebKit/537.36 (KHTML, like Gecko) Chrome/121.0.0.0 Safari/537.36"
62.60.130.199 - - [09/Sep/2026:04:42:04 +0200] "GET /?author=7 HTTP/1.1" 404 61832 "-" "Mozilla/5.0 (Windows NT 11.0; Win64; x64) AppleWebKit/537.36 (KHTML, like Gecko) Chrome/121.0.0.0 Safari/537.36"
62.60.130.199 - - [09/Sep/2026:04:42:08 +0200] "GET /?author=8 HTTP/1.1" 404 61832 "-" "Mozilla/5.0 (Macintosh; Intel Mac OS X 10_15_7) AppleWebKit/537.36 (KHTML, like Gecko) Chrome/120.0.0.0 Safari/537.36"
62.60.130.199 - - [09/Sep/2026:04:42:11 +0200] "GET /?author=9 HTTP/1.1" 404 61832 "-" "Mozilla/5.0 (Windows NT 11.0; Win64; x64) AppleWebKit/537.36 (KHTML, like Gecko) Chrome/121.0.0.0 Safari/537.36"
62.60.130.199 - - [09/Sep/2026:04:42:16 +0200] "GET /?rest_route=/wp/v2/users&per_page=30&orderby=id&order=asc HTTP/1.1" 200 758 "-" "Mozilla/5.0 (Windows NT 11.0; Win64; x64) AppleWebKit/537.36 (KHTML, like Gecko) Chrome/121.0.0.0 Safari/537.36"
62.60.130.199 - - [09/Sep/2026:04:42:19 +0200] "GET /?feed=feed HTTP/1.1" 302 - "-" "Mozilla/5.0 (Windows NT 10.0; Win64; x64; rv:121.0) Gecko/20100101 Firefox/121.0"
62.60.130.199 - - [09/Sep/2026:04:42:19 +0200] "GET /?feed=rss HTTP/1.1" 302 - "-" "Mozilla/5.0 (Windows NT 11.0; Win64; x64) AppleWebKit/537.36 (KHTML, like Gecko) Chrome/121.0.0.0 Safari/537.36"
62.60.130.199 - - [09/Sep/2026:04:42:20 +0200] "GET /?feed=rss2 HTTP/1.1" 302 - "-" "Mozilla/5.0 (Windows NT 10.0; Win64; x64; rv:121.0) Gecko/20100101 Firefox/121.0"
62.60.130.199 - - [09/Sep/2026:04:42:20 +0200] "GET /?feed=atom HTTP/1.1" 302 - "-" "Mozilla/5.0 (Windows NT 10.0; Win64; x64) AppleWebKit/537.36 (KHTML, like Gecko) Chrome/120.0.0.0 Safari/537.36"
66.249.68.200 - - [09/Sep/2026:04:43:46 +0200] "GET /?r=fnvlswjb8tn9dl4 HTTP/1.1" 200 20462 "-" "Mozilla/5.0 (Linux; Android 6.0.1; Nexus 5X Build/MMB29P) AppleWebKit/537.36 (KHTML, like Gecko) Chrome/151.0.7922.173 Mobile Safari/537.36 (compatible; GoogleOther)"
66.249.68.200 - - [09/Sep/2026:04:44:14 +0200] "GET /?r=er4r15sxhps2e29 HTTP/1.1" 200 20462 "-" "Mozilla/5.0 (Linux; Android 6.0.1; Nexus 5X Build/MMB29P) AppleWebKit/537.36 (KHTML, like Gecko) Chrome/151.0.7922.173 Mobile Safari/537.36 (compatible; Googlebot/2.1; +http://www.google.com/bot.html)"
185.43.220.19 - - [09/Sep/2026:04:44:22 +0200] "POST /wp-cron.php?doing_wp_cron=1788921862.0938839912414550781250 HTTP/1.1" 200 - "-" "WordPress/7.1; https://bookmakery.ru"
66.249.68.198 - - [09/Sep/2026:04:44:19 +0200] "GET /information/privacy_policy.html HTTP/1.1" 200 20462 "-" "Mozilla/5.0 (Linux; Android 6.0.1; Nexus 5X Build/MMB29P) AppleWebKit/537.36 (KHTML, like Gecko) Chrome/151.0.7922.173 Mobile Safari/537.36 (compatible; GoogleOther)"
216.73.217.130 - - [09/Sep/2026:04:46:03 +0200] "GET /robots.txt HTTP/1.1" 200 93 "-" "Mozilla/5.0 AppleWebKit/537.36 (KHTML, like Gecko; compatible; ClaudeBot/1.0; [email protected])"
185.43.220.19 - - [09/Sep/2026:04:46:08 +0200] "POST /wp-cron.php?doing_wp_cron=1788921967.9988110065460205078125 HTTP/1.1" 200 - "-" "WordPress/7.1; https://bookmakery.ru"
216.73.217.130 - - [09/Sep/2026:04:46:03 +0200] "GET /index.php/sitemap.xml HTTP/1.1" 200 20462 "-" "Mozilla/5.0 AppleWebKit/537.36 (KHTML, like Gecko; compatible; ClaudeBot/1.0; [email protected])"
66.249.68.199 - - [09/Sep/2026:04:50:52 +0200] "GET /?r=f82abrqbr0igh4z_gkind14523998 HTTP/1.1" 200 20462 "-" "Mozilla/5.0 (Linux; Android 6.0.1; Nexus 5X Build/MMB29P) AppleWebKit/537.36 (KHTML, like Gecko) Chrome/151.0.7922.173 Mobile Safari/537.36 (compatible; Googlebot/2.1; +http://www.google.com/bot.html)"
66.249.68.199 - - [09/Sep/2026:04:51:46 +0200] "GET /?r=e5uif7i8vrign4z HTTP/1.1" 200 20462 "-" "Mozilla/5.0 (Linux; Android 6.0.1; Nexus 5X Build/MMB29P) AppleWebKit/537.36 (KHTML, like Gecko) Chrome/151.0.7922.173 Mobile Safari/537.36 (compatible; Googlebot/2.1; +http://www.google.com/bot.html)"
185.43.220.19 - - [09/Sep/2026:04:58:02 +0200] "POST /wp-cron.php?doing_wp_cron=1788922682.5894589424133300781250 HTTP/1.1" 200 - "-" "WordPress/7.1; https://bookmakery.ru"
41.66.124.166 - - [09/Sep/2026:04:57:56 +0200] "GET /wp-login.php HTTP/1.1" 200 13018 "-" "Mozilla/5.0 (Windows NT 10.0; Win64; x64) AppleWebKit/537.36 (KHTML, like Gecko) Chrome/151.0.0.0 Safari/537.36"
41.66.124.166 - - [09/Sep/2026:04:58:03 +0200] "POST /wp-login.php HTTP/1.1" 200 13502 "https://bookmakery.ru.livebookmakers.net/wp-login.php" "Mozilla/5.0 (Windows NT 10.0; Win64; x64) AppleWebKit/537.36 (KHTML, like Gecko) Chrome/151.0.0.0 Safari/537.36"
66.249.68.199 - - [09/Sep/2026:05:01:02 +0200] "GET /?r=ej0jldox1xomea5 HTTP/1.1" 200 20462 "-" "Mozilla/5.0 (Linux; Android 6.0.1; Nexus 5X Build/MMB29P) AppleWebKit/537.36 (KHTML, like Gecko) Chrome/151.0.7922.173 Mobile Safari/537.36 (compatible; Googlebot/2.1; +http://www.google.com/bot.html)"
66.249.68.198 - - [09/Sep/2026:05:07:56 +0200] "GET /?r=efa97byznvy8y8f_gkind14523978 HTTP/1.1" 200 20462 "-" "Mozilla/5.0 (Linux; Android 6.0.1; Nexus 5X Build/MMB29P) AppleWebKit/537.36 (KHTML, like Gecko) Chrome/151.0.7922.173 Mobile Safari/537.36 (compatible; GoogleOther)"
66.249.68.200 - - [09/Sep/2026:05:10:09 +0200] "GET /?r=efa97byznvy8y8f_gkind14523982 HTTP/1.1" 200 20462 "-" "Mozilla/5.0 (Linux; Android 6.0.1; Nexus 5X Build/MMB29P) AppleWebKit/537.36 (KHTML, like Gecko) Chrome/151.0.7922.173 Mobile Safari/537.36 (compatible; GoogleOther)"
185.43.220.19 - - [09/Sep/2026:05:12:01 +0200] "POST /wp-cron.php?doing_wp_cron=1788923521.1316030025482177734375 HTTP/1.1" 200 - "-" "WordPress/7.1; https://bookmakery.ru"
87.116.165.244 - - [09/Sep/2026:05:11:54 +0200] "GET /wp-login.php HTTP/1.1" 200 12967 "-" "Mozilla/5.0 (Windows NT 10.0; Win64; x64) AppleWebKit/537.36 (KHTML, like Gecko) Chrome/151.0.0.0 Safari/537.36"
178.223.130.151 - - [09/Sep/2026:05:12:02 +0200] "GET /wp-json/wp/v2/users/me HTTP/1.1" 302 - "-" "Mozilla/5.0 (Windows NT 10.0; Win64; x64) AppleWebKit/537.36 (KHTML, like Gecko) Chrome/151.0.0.0 Safari/537.36"
66.249.68.198 - - [09/Sep/2026:05:12:32 +0200] "GET /?r=e7lm6y95mi97jvq HTTP/1.1" 200 20462 "-" "Mozilla/5.0 (Linux; Android 6.0.1; Nexus 5X Build/MMB29P) AppleWebKit/537.36 (KHTML, like Gecko) Chrome/151.0.7922.173 Mobile Safari/537.36 (compatible; Googlebot/2.1; +http://www.google.com/bot.html)"
66.249.68.199 - - [09/Sep/2026:05:13:19 +0200] "GET /?r=eokot98y9t8up6p HTTP/1.1" 200 20462 "-" "Mozilla/5.0 (Linux; Android 6.0.1; Nexus 5X Build/MMB29P) AppleWebKit/537.36 (KHTML, like Gecko) Chrome/151.0.7922.173 Mobile Safari/537.36 (compatible; Googlebot/2.1; +http://www.google.com/bot.html)"
66.249.68.199 - - [09/Sep/2026:05:15:52 +0200] "GET /?r=eaj5gk7xw47hfho HTTP/1.1" 200 20462 "-" "Mozilla/5.0 (Linux; Android 6.0.1; Nexus 5X Build/MMB29P) AppleWebKit/537.36 (KHTML, like Gecko) Chrome/151.0.7922.173 Mobile Safari/537.36 (compatible; Googlebot/2.1; +http://www.google.com/bot.html)"
66.249.68.198 - - [09/Sep/2026:05:16:46 +0200] "GET /?r=e55reutyuetf0ra HTTP/1.1" 200 20462 "-" "Mozilla/5.0 (Linux; Android 6.0.1; Nexus 5X Build/MMB29P) AppleWebKit/537.36 (KHTML, like Gecko) Chrome/151.0.7922.173 Mobile Safari/537.36 (compatible; Googlebot/2.1; +http://www.google.com/bot.html)"
66.249.68.66 - - [09/Sep/2026:05:17:11 +0200] "GET /robots.txt HTTP/1.1" 200 93 "-" "Mozilla/5.0 (compatible; Googlebot/2.1; +http://www.google.com/bot.html)"
66.249.68.198 - - [09/Sep/2026:05:22:26 +0200] "GET /?r=efa97byznvy8y8f_gkind14524018 HTTP/1.1" 200 20462 "-" "Mozilla/5.0 (Linux; Android 6.0.1; Nexus 5X Build/MMB29P) AppleWebKit/537.36 (KHTML, like Gecko) Chrome/151.0.7922.173 Mobile Safari/537.36 (compatible; GoogleOther)"
66.249.68.198 - - [09/Sep/2026:05:23:01 +0200] "GET /?r=f2syptgb5xk6gi1 HTTP/1.1" 200 20462 "-" "Mozilla/5.0 (Linux; Android 6.0.1; Nexus 5X Build/MMB29P) AppleWebKit/537.36 (KHTML, like Gecko) Chrome/151.0.7922.173 Mobile Safari/537.36 (compatible; Googlebot/2.1; +http://www.google.com/bot.html)"
66.249.68.199 - - [09/Sep/2026:05:23:31 +0200] "GET /?r=eev1swjy8gjtkt0 HTTP/1.1" 200 20462 "-" "Mozilla/5.0 (Linux; Android 6.0.1; Nexus 5X Build/MMB29P) AppleWebKit/537.36 (KHTML, like Gecko) Chrome/151.0.7922.173 Mobile Safari/537.36 (compatible; Googlebot/2.1; +http://www.google.com/bot.html)"
66.249.68.198 - - [09/Sep/2026:05:25:53 +0200] "GET /?r=eh31ogr740rpjd8_gkind14524030 HTTP/1.1" 200 20462 "-" "Mozilla/5.0 (Linux; Android 6.0.1; Nexus 5X Build/MMB29P) AppleWebKit/537.36 (KHTML, like Gecko) Chrome/151.0.7922.173 Mobile Safari/537.36 (compatible; Googlebot/2.1; +http://www.google.com/bot.html)"
66.249.68.200 - - [09/Sep/2026:05:38:20 +0200] "GET /?r=ebhgq6566q5rk3m HTTP/1.1" 200 20462 "-" "Mozilla/5.0 (Linux; Android 6.0.1; Nexus 5X Build/MMB29P) AppleWebKit/537.36 (KHTML, like Gecko) Chrome/151.0.7922.173 Mobile Safari/537.36 (compatible; Googlebot/2.1; +http://www.google.com/bot.html)"
66.249.68.200 - - [09/Sep/2026:05:41:47 +0200] "GET /?r=ftrgc4fbs2v5i5c HTTP/1.1" 200 20462 "-" "Mozilla/5.0 (Linux; Android 6.0.1; Nexus 5X Build/MMB29P) AppleWebKit/537.36 (KHTML, like Gecko) Chrome/151.0.7922.173 Mobile Safari/537.36 (compatible; Googlebot/2.1; +http://www.google.com/bot.html)"
66.249.68.198 - - [09/Sep/2026:05:43:52 +0200] "GET /?r=ejukf7i5vrigs4z HTTP/1.1" 200 20462 "-" "Mozilla/5.0 (Linux; Android 6.0.1; Nexus 5X Build/MMB29P) AppleWebKit/537.36 (KHTML, like Gecko) Chrome/151.0.7922.173 Mobile Safari/537.36 (compatible; Googlebot/2.1; +http://www.google.com/bot.html)"
66.249.68.199 - - [09/Sep/2026:05:44:24 +0200] "GET /?r=exssptg95dgqqqx HTTP/1.1" 200 20462 "-" "Mozilla/5.0 (Linux; Android 6.0.1; Nexus 5X Build/MMB29P) AppleWebKit/537.36 (KHTML, like Gecko) Chrome/151.0.7922.173 Mobile Safari/537.36 (compatible; GoogleOther)"
66.249.68.198 - - [09/Sep/2026:05:50:41 +0200] "GET /?r=ebr8c4f6sofdu1w HTTP/1.1" 200 20462 "-" "Mozilla/5.0 (Linux; Android 6.0.1; Nexus 5X Build/MMB29P) AppleWebKit/537.36 (KHTML, like Gecko) Chrome/151.0.7922.173 Mobile Safari/537.36 (compatible; GoogleOther)"
66.249.68.198 - - [09/Sep/2026:05:51:26 +0200] "GET /?r=e5d8ae14qy1bebi HTTP/1.1" 200 20462 "-" "Mozilla/5.0 (Linux; Android 6.0.1; Nexus 5X Build/MMB29P) AppleWebKit/537.36 (KHTML, like Gecko) Chrome/151.0.7922.173 Mobile Safari/537.36 (compatible; GoogleOther)"
66.249.68.198 - - [09/Sep/2026:05:51:32 +0200] "GET /?r=e3ih3v6yjf64hsn HTTP/1.1" 200 20462 "-" "Mozilla/5.0 (Linux; Android 6.0.1; Nexus 5X Build/MMB29P) AppleWebKit/537.36 (KHTML, like Gecko) Chrome/151.0.7922.173 Mobile Safari/537.36 (compatible; GoogleOther)"
66.249.68.200 - - [09/Sep/2026:05:52:55 +0200] "GET /?r=el55eutvuetfpra HTTP/1.1" 200 20462 "-" "Mozilla/5.0 (Linux; Android 6.0.1; Nexus 5X Build/MMB29P) AppleWebKit/537.36 (KHTML, like Gecko) Chrome/151.0.7922.173 Mobile Safari/537.36 (compatible; GoogleOther)"
66.249.68.198 - - [09/Sep/2026:05:53:13 +0200] "GET /?r=e2pumqd62adnanu HTTP/1.1" 200 20462 "-" "Mozilla/5.0 (Linux; Android 6.0.1; Nexus 5X Build/MMB29P) AppleWebKit/537.36 (KHTML, like Gecko) Chrome/151.0.7922.173 Mobile Safari/537.36 (compatible; GoogleOther)"
66.249.68.199 - - [09/Sep/2026:05:53:16 +0200] "GET /?r=efjbgk76w47h2ho HTTP/1.1" 200 20462 "-" "Mozilla/5.0 (Linux; Android 6.0.1; Nexus 5X Build/MMB29P) AppleWebKit/537.36 (KHTML, like Gecko) Chrome/151.0.7922.173 Mobile Safari/537.36 (compatible; Googlebot/2.1; +http://www.google.com/bot.html)"
66.249.68.198 - - [09/Sep/2026:05:53:45 +0200] "GET /?r=evvcswj18gjtpt0 HTTP/1.1" 200 20462 "-" "Mozilla/5.0 (Linux; Android 6.0.1; Nexus 5X Build/MMB29P) AppleWebKit/537.36 (KHTML, like Gecko) Chrome/151.0.7922.173 Mobile Safari/537.36 (compatible; GoogleOther)"
66.249.68.198 - - [09/Sep/2026:05:53:57 +0200] "GET /?r=fwvgswjb8qn9sl4 HTTP/1.1" 200 20462 "-" "Mozilla/5.0 (Linux; Android 6.0.1; Nexus 5X Build/MMB29P) AppleWebKit/537.36 (KHTML, like Gecko) Chrome/151.0.7922.173 Mobile Safari/537.36 (compatible; GoogleOther)"
66.249.68.198 - - [09/Sep/2026:05:54:29 +0200] "GET /?r=eg4f15s7hps2y29 HTTP/1.1" 200 20462 "-" "Mozilla/5.0 (Linux; Android 6.0.1; Nexus 5X Build/MMB29P) AppleWebKit/537.36 (KHTML, like Gecko) Chrome/151.0.7922.173 Mobile Safari/537.36 (compatible; Googlebot/2.1; +http://www.google.com/bot.html)"
66.249.68.198 - - [09/Sep/2026:05:54:34 +0200] "GET /?r=e6bxk0zv0kzldxg HTTP/1.1" 200 20462 "-" "Mozilla/5.0 (Linux; Android 6.0.1; Nexus 5X Build/MMB29P) AppleWebKit/537.36 (KHTML, like Gecko) Chrome/151.0.7922.173 Mobile Safari/537.36 (compatible; GoogleOther)"
66.249.68.198 - - [09/Sep/2026:05:54:47 +0200] "GET /?r=f5ndwcbbc831wpk HTTP/1.1" 200 20462 "-" "Mozilla/5.0 (Linux; Android 6.0.1; Nexus 5X Build/MMB29P) AppleWebKit/537.36 (KHTML, like Gecko) Chrome/151.0.7922.173 Mobile Safari/537.36 (compatible; GoogleOther)"
66.249.68.199 - - [09/Sep/2026:05:55:01 +0200] "GET /?r=eq3zogry40rpgd8 HTTP/1.1" 200 20462 "-" "Mozilla/5.0 (Linux; Android 6.0.1; Nexus 5X Build/MMB29P) AppleWebKit/537.36 (KHTML, like Gecko) Chrome/151.0.7922.173 Mobile Safari/537.36 (compatible; GoogleOther)"
66.249.68.199 - - [09/Sep/2026:05:55:13 +0200] "GET /?r=f97d48vbkozlkxg HTTP/1.1" 200 20462 "-" "Mozilla/5.0 (Linux; Android 6.0.1; Nexus 5X Build/MMB29P) AppleWebKit/537.36 (KHTML, like Gecko) Chrome/151.0.7922.173 Mobile Safari/537.36 (compatible; GoogleOther)"
66.249.68.198 - - [09/Sep/2026:05:55:29 +0200] "GET /?r=e8dpae1zqy1brbi HTTP/1.1" 200 20462 "-" "Mozilla/5.0 (Linux; Android 6.0.1; Nexus 5X Build/MMB29P) AppleWebKit/537.36 (KHTML, like Gecko) Chrome/151.0.7922.173 Mobile Safari/537.36 (compatible; GoogleOther)"
66.249.68.198 - - [09/Sep/2026:05:55:45 +0200] "GET /?r=etkht9829t8uv6p HTTP/1.1" 200 20462 "-" "Mozilla/5.0 (Linux; Android 6.0.1; Nexus 5X Build/MMB29P) AppleWebKit/537.36 (KHTML, like Gecko) Chrome/151.0.7922.173 Mobile Safari/537.36 (compatible; GoogleOther)"
66.249.68.198 - - [09/Sep/2026:05:55:48 +0200] "GET /?r=e1k2t98w9t8ux6p HTTP/1.1" 200 20462 "-" "Mozilla/5.0 (Linux; Android 6.0.1; Nexus 5X Build/MMB29P) AppleWebKit/537.36 (KHTML, like Gecko) Chrome/151.0.7922.173 Mobile Safari/537.36 (compatible; GoogleOther)"
66.249.68.200 - - [09/Sep/2026:05:56:01 +0200] "GET /?r=ea3yogrv40rp9d8 HTTP/1.1" 200 20462 "-" "Mozilla/5.0 (Linux; Android 6.0.1; Nexus 5X Build/MMB29P) AppleWebKit/537.36 (KHTML, like Gecko) Chrome/151.0.7922.173 Mobile Safari/537.36 (compatible; GoogleOther)"
66.249.68.198 - - [09/Sep/2026:05:56:13 +0200] "GET /?r=e9r3c4f9sofd11w HTTP/1.1" 200 20462 "-" "Mozilla/5.0 (Linux; Android 6.0.1; Nexus 5X Build/MMB29P) AppleWebKit/537.36 (KHTML, like Gecko) Chrome/151.0.7922.173 Mobile Safari/537.36 (compatible; GoogleOther)"
66.249.68.198 - - [09/Sep/2026:05:56:27 +0200] "GET /?r=ejmvjnazz7ak2kr HTTP/1.1" 200 20462 "-" "Mozilla/5.0 (Linux; Android 6.0.1; Nexus 5X Build/MMB29P) AppleWebKit/537.36 (KHTML, like Gecko) Chrome/151.0.7922.173 Mobile Safari/537.36 (compatible; GoogleOther)"
66.249.68.198 - - [09/Sep/2026:05:56:53 +0200] "GET /?r=fymfjnabzbe0ocv HTTP/1.1" 200 20462 "-" "Mozilla/5.0 (Linux; Android 6.0.1; Nexus 5X Build/MMB29P) AppleWebKit/537.36 (KHTML, like Gecko) Chrome/151.0.7922.173 Mobile Safari/537.36 (compatible; GoogleOther)"
66.249.68.200 - - [09/Sep/2026:05:57:21 +0200] "GET /?r=easiptg35dgqiqx HTTP/1.1" 200 20462 "-" "Mozilla/5.0 (Linux; Android 6.0.1; Nexus 5X Build/MMB29P) AppleWebKit/537.36 (KHTML, like Gecko) Chrome/151.0.7922.173 Mobile Safari/537.36 (compatible; GoogleOther)"
66.249.68.199 - - [09/Sep/2026:05:57:29 +0200] "GET /?r=fhyuvzmbbrqcmo7 HTTP/1.1" 200 20462 "-" "Mozilla/5.0 (Linux; Android 6.0.1; Nexus 5X Build/MMB29P) AppleWebKit/537.36 (KHTML, like Gecko) Chrome/151.0.7922.173 Mobile Safari/537.36 (compatible; GoogleOther)"
66.249.68.198 - - [09/Sep/2026:05:57:47 +0200] "GET /?r=e26frju073us9gb HTTP/1.1" 200 20462 "-" "Mozilla/5.0 (Linux; Android 6.0.1; Nexus 5X Build/MMB29P) AppleWebKit/537.36 (KHTML, like Gecko) Chrome/151.0.7922.173 Mobile Safari/537.36 (compatible; GoogleOther)"
66.249.68.198 - - [09/Sep/2026:05:57:54 +0200] "GET /?r=en92umx9a6xvrje HTTP/1.1" 200 20462 "-" "Mozilla/5.0 (Linux; Android 6.0.1; Nexus 5X Build/MMB29P) AppleWebKit/537.36 (KHTML, like Gecko) Chrome/151.0.7922.173 Mobile Safari/537.36 (compatible; GoogleOther)"
66.249.68.198 - - [09/Sep/2026:05:58:12 +0200] "GET /?r=ecy1vzm4bjmw9w3 HTTP/1.1" 200 20462 "-" "Mozilla/5.0 (Linux; Android 6.0.1; Nexus 5X Build/MMB29P) AppleWebKit/537.36 (KHTML, like Gecko) Chrome/151.0.7922.173 Mobile Safari/537.36 (compatible; GoogleOther)"
66.249.68.198 - - [09/Sep/2026:05:58:39 +0200] "GET /?r=et1dy2p2empzcz6 HTTP/1.1" 200 20462 "-" "Mozilla/5.0 (Linux; Android 6.0.1; Nexus 5X Build/MMB29P) AppleWebKit/537.36 (KHTML, like Gecko) Chrome/151.0.7922.173 Mobile Safari/537.36 (compatible; GoogleOther)"
66.249.68.198 - - [09/Sep/2026:05:58:46 +0200] "GET /?r=f3veswjb8qn9el4 HTTP/1.1" 200 20462 "-" "Mozilla/5.0 (Linux; Android 6.0.1; Nexus 5X Build/MMB29P) AppleWebKit/537.36 (KHTML, like Gecko) Chrome/151.0.7922.173 Mobile Safari/537.36 (compatible; GoogleOther)"
66.249.68.200 - - [09/Sep/2026:05:59:08 +0200] "GET /?r=eg2qbrq0rbqc1o7 HTTP/1.1" 200 20462 "-" "Mozilla/5.0 (Linux; Android 6.0.1; Nexus 5X Build/MMB29P) AppleWebKit/537.36 (KHTML, like Gecko) Chrome/151.0.7922.173 Mobile Safari/537.36 (compatible; GoogleOther)"
66.249.68.198 - - [09/Sep/2026:05:59:58 +0200] "GET /?r=e5e2n3233n2oe0j HTTP/1.1" 200 20462 "-" "Mozilla/5.0 (Linux; Android 6.0.1; Nexus 5X Build/MMB29P) AppleWebKit/537.36 (KHTML, like Gecko) Chrome/151.0.7922.173 Mobile Safari/537.36 (compatible; GoogleOther)"
66.249.68.198 - - [09/Sep/2026:06:00:06 +0200] "GET /?r=e3os91c2plcafyt HTTP/1.1" 200 20462 "-" "Mozilla/5.0 (Linux; Android 6.0.1; Nexus 5X Build/MMB29P) AppleWebKit/537.36 (KHTML, like Gecko) Chrome/151.0.7922.173 Mobile Safari/537.36 (compatible; GoogleOther)"
66.249.68.198 - - [09/Sep/2026:06:00:14 +0200] "GET /?r=f87g48vbkpzlvxg HTTP/1.1" 200 20462 "-" "Mozilla/5.0 (Linux; Android 6.0.1; Nexus 5X Build/MMB29P) AppleWebKit/537.36 (KHTML, like Gecko) Chrome/151.0.7922.173 Mobile Safari/537.36 (compatible; GoogleOther)"
66.249.68.198 - - [09/Sep/2026:06:00:28 +0200] "GET /?r=erlt6y9zmi97lvq HTTP/1.1" 200 20462 "-" "Mozilla/5.0 (Linux; Android 6.0.1; Nexus 5X Build/MMB29P) AppleWebKit/537.36 (KHTML, like Gecko) Chrome/151.0.7922.173 Mobile Safari/537.36 (compatible; GoogleOther)"
66.249.68.200 - - [09/Sep/2026:06:01:17 +0200] "GET /?r=fenbwcbbc231kpk HTTP/1.1" 200 20462 "-" "Mozilla/5.0 (Linux; Android 6.0.1; Nexus 5X Build/MMB29P) AppleWebKit/537.36 (KHTML, like Gecko) Chrome/151.0.7922.173 Mobile Safari/537.36 (compatible; GoogleOther)"
66.249.68.199 - - [09/Sep/2026:06:02:11 +0200] "GET /?r=f2qazfebft64esn HTTP/1.1" 200 20462 "-" "Mozilla/5.0 (Linux; Android 6.0.1; Nexus 5X Build/MMB29P) AppleWebKit/537.36 (KHTML, like Gecko) Chrome/151.0.7922.173 Mobile Safari/537.36 (compatible; GoogleOther)"
66.249.68.199 - - [09/Sep/2026:06:02:37 +0200] "GET /?r=expvmqd52adn7nu HTTP/1.1" 200 20462 "-" "Mozilla/5.0 (Linux; Android 6.0.1; Nexus 5X Build/MMB29P) AppleWebKit/537.36 (KHTML, like Gecko) Chrome/151.0.7922.173 Mobile Safari/537.36 (compatible; GoogleOther)"
66.249.68.198 - - [09/Sep/2026:06:04:12 +0200] "GET /?r=e2x1ial4yulj472 HTTP/1.1" 200 20462 "-" "Mozilla/5.0 (Linux; Android 6.0.1; Nexus 5X Build/MMB29P) AppleWebKit/537.36 (KHTML, like Gecko) Chrome/151.0.7922.173 Mobile Safari/537.36 (compatible; GoogleOther)"
185.43.220.19 - - [09/Sep/2026:06:04:27 +0200] "POST /wp-cron.php?doing_wp_cron=1788926666.8275389671325683593750 HTTP/1.1" 200 - "-" "WordPress/7.1; https://bookmakery.ru"
83.215.102.82 - - [09/Sep/2026:06:04:20 +0200] "GET /wp-login.php HTTP/1.1" 200 13018 "-" "Mozilla/5.0 (Windows NT 10.0; Win64; x64) AppleWebKit/537.36 (KHTML, like Gecko) Chrome/151.0.0.0 Safari/537.36"
66.249.68.198 - - [09/Sep/2026:06:05:18 +0200] "GET / HTTP/1.1" 200 20462 "-" "Mozilla/5.0 (Linux; Android 6.0.1; Nexus 5X Build/MMB29P) AppleWebKit/537.36 (KHTML, like Gecko) Chrome/151.0.7922.173 Mobile Safari/537.36 (compatible; Googlebot/2.1; +http://www.google.com/bot.html)"
66.249.68.199 - - [09/Sep/2026:06:05:54 +0200] "GET /?r=f4pemqdb2ah36fy HTTP/1.1" 200 20462 "-" "Mozilla/5.0 (Linux; Android 6.0.1; Nexus 5X Build/MMB29P) AppleWebKit/537.36 (KHTML, like Gecko) Chrome/151.0.7922.173 Mobile Safari/537.36 (compatible; GoogleOther)"
66.249.68.198 - - [09/Sep/2026:06:06:00 +0200] "GET /?r=erqjzfe3fze06cv HTTP/1.1" 200 20462 "-" "Mozilla/5.0 (Linux; Android 6.0.1; Nexus 5X Build/MMB29P) AppleWebKit/537.36 (KHTML, like Gecko) Chrome/151.0.7922.173 Mobile Safari/537.36 (compatible; GoogleOther)"
