188.166.58.168 - - [08/Sep/2026:23:14:56 +0200] "GET / HTTP/1.1" 200 75037 "-" "Mozilla/5.0 (compatible; ForestEngine/1.0; +https://forestengine.net/)"
185.43.220.19 - - [08/Sep/2026:23:15:23 +0200] "POST /wp-cron.php?doing_wp_cron=1788902123.3386700153350830078125 HTTP/1.1" 200 - "-" "WordPress/7.1; https://bookmakery.ru"
66.249.68.199 - - [08/Sep/2026:23:15:21 +0200] "GET /?r=fqia3v6bjmmw3w3 HTTP/1.1" 404 75155 "-" "Mozilla/5.0 (Linux; Android 6.0.1; Nexus 5X Build/MMB29P) AppleWebKit/537.36 (KHTML, like Gecko) Chrome/151.0.7922.173 Mobile Safari/537.36 (compatible; GoogleOther)"
185.43.220.19 - - [08/Sep/2026:23:16:34 +0200] "POST /wp-cron.php?doing_wp_cron=1788902194.4106390476226806640625 HTTP/1.1" 200 - "-" "WordPress/7.1; https://bookmakery.ru"
66.249.68.200 - - [08/Sep/2026:23:16:30 +0200] "GET /?r=et5jeutzuetfpra_gkind14523998 HTTP/1.1" 404 75239 "-" "Mozilla/5.0 (Linux; Android 6.0.1; Nexus 5X Build/MMB29P) AppleWebKit/537.36 (KHTML, like Gecko) Chrome/151.0.7922.173 Mobile Safari/537.36 (compatible; GoogleOther)"
185.43.220.19 - - [08/Sep/2026:23:17:49 +0200] "POST /wp-cron.php?doing_wp_cron=1788902269.2934510707855224609375 HTTP/1.1" 200 - "-" "WordPress/7.1; https://bookmakery.ru"
66.249.68.200 - - [08/Sep/2026:23:17:44 +0200] "GET /?r=ezgudh4yt14ebel_gkind14523986 HTTP/1.1" 404 75239 "-" "Mozilla/5.0 (Linux; Android 6.0.1; Nexus 5X Build/MMB29P) AppleWebKit/537.36 (KHTML, like Gecko) Chrome/151.0.7922.173 Mobile Safari/537.36 (compatible; GoogleOther)"
185.43.220.19 - - [08/Sep/2026:23:19:09 +0200] "POST /wp-cron.php?doing_wp_cron=1788902349.6738409996032714843750 HTTP/1.1" 200 - "-" "WordPress/7.1; https://bookmakery.ru"
79.177.133.125 - - [08/Sep/2026:23:19:08 +0200] "GET /wp-login.php HTTP/1.1" 200 12967 "-" "Mozilla/5.0 (Windows NT 10.0; Win64; x64) AppleWebKit/537.36 (KHTML, like Gecko) Chrome/151.0.0.0 Safari/537.36"
87.68.212.172 - - [08/Sep/2026:23:19:16 +0200] "POST /wp-login.php HTTP/1.1" 200 13451 "https://bookmakery.ru/wp-login.php" "Mozilla/5.0 (Windows NT 10.0; Win64; x64) AppleWebKit/537.36 (KHTML, like Gecko) Chrome/151.0.0.0 Safari/537.36"
185.43.220.19 - - [08/Sep/2026:23:19:53 +0200] "POST /wp-cron.php?doing_wp_cron=1788902393.9234929084777832031250 HTTP/1.1" 200 - "-" "WordPress/7.1; https://bookmakery.ru"
66.249.68.198 - - [08/Sep/2026:23:19:51 +0200] "GET /?r=ej27brqxrbqc4o7 HTTP/1.1" 404 75155 "-" "Mozilla/5.0 (Linux; Android 6.0.1; Nexus 5X Build/MMB29P) AppleWebKit/537.36 (KHTML, like Gecko) Chrome/151.0.7922.173 Mobile Safari/537.36 (compatible; GoogleOther)"
185.43.220.19 - - [08/Sep/2026:23:22:05 +0200] "POST /wp-cron.php?doing_wp_cron=1788902525.6965289115905761718750 HTTP/1.1" 200 - "-" "WordPress/7.1; https://bookmakery.ru"
66.249.68.199 - - [08/Sep/2026:23:22:01 +0200] "GET /?r=euax7by6nvy8n8f HTTP/1.1" 404 75155 "-" "Mozilla/5.0 (Linux; Android 6.0.1; Nexus 5X Build/MMB29P) AppleWebKit/537.36 (KHTML, like Gecko) Chrome/151.0.7922.173 Mobile Safari/537.36 (compatible; GoogleOther)"
185.43.220.19 - - [08/Sep/2026:23:22:29 +0200] "POST /wp-cron.php?doing_wp_cron=1788902549.2914791107177734375000 HTTP/1.1" 200 - "-" "WordPress/7.1; https://bookmakery.ru"
66.249.68.199 - - [08/Sep/2026:23:22:24 +0200] "GET /?r=enjjgk7yw47hqho HTTP/1.1" 404 75155 "-" "Mozilla/5.0 (Linux; Android 6.0.1; Nexus 5X Build/MMB29P) AppleWebKit/537.36 (KHTML, like Gecko) Chrome/151.0.7922.173 Mobile Safari/537.36 (compatible; GoogleOther)"
185.43.220.19 - - [08/Sep/2026:23:22:51 +0200] "POST /wp-cron.php?doing_wp_cron=1788902571.6985371112823486328125 HTTP/1.1" 200 - "-" "WordPress/7.1; https://bookmakery.ru"
66.249.68.198 - - [08/Sep/2026:23:22:48 +0200] "GET /?r=f00eldob1p4esel HTTP/1.1" 404 75155 "-" "Mozilla/5.0 (Linux; Android 6.0.1; Nexus 5X Build/MMB29P) AppleWebKit/537.36 (KHTML, like Gecko) Chrome/151.0.7922.173 Mobile Safari/537.36 (compatible; GoogleOther)"
66.249.68.199 - - [08/Sep/2026:23:23:09 +0200] "GET /?r=fdxeialbye1bwbi HTTP/1.1" 200 244920 "-" "Mozilla/5.0 (Linux; Android 6.0.1; Nexus 5X Build/MMB29P) AppleWebKit/537.36 (KHTML, like Gecko) Chrome/151.0.7922.173 Mobile Safari/537.36 (compatible; Googlebot/2.1; +http://www.google.com/bot.html)"
66.249.68.198 - - [08/Sep/2026:23:23:13 +0200] "GET /?r=enq5zfe1fze00cv_gkind14524018 HTTP/1.1" 404 75239 "-" "Mozilla/5.0 (Linux; Android 6.0.1; Nexus 5X Build/MMB29P) AppleWebKit/537.36 (KHTML, like Gecko) Chrome/151.0.7922.173 Mobile Safari/537.36 (compatible; GoogleOther)"
66.249.68.198 - - [08/Sep/2026:23:23:47 +0200] "GET /?r=f00eldob1p4esel HTTP/1.1" 200 230601 "-" "Mozilla/5.0 (Linux; Android 6.0.1; Nexus 5X Build/MMB29P) AppleWebKit/537.36 (KHTML, like Gecko) Chrome/151.0.7922.173 Mobile Safari/537.36 (compatible; Googlebot/2.1; +http://www.google.com/bot.html)"
185.43.220.19 - - [08/Sep/2026:23:24:11 +0200] "POST /wp-cron.php?doing_wp_cron=1788902651.0922930240631103515625 HTTP/1.1" 200 - "-" "WordPress/7.1; https://bookmakery.ru"
66.249.68.200 - - [08/Sep/2026:23:24:08 +0200] "GET /?r=ezgudh4yt14ebel_gkind14524022 HTTP/1.1" 404 75239 "-" "Mozilla/5.0 (Linux; Android 6.0.1; Nexus 5X Build/MMB29P) AppleWebKit/537.36 (KHTML, like Gecko) Chrome/151.0.7922.173 Mobile Safari/537.36 (compatible; GoogleOther)"
185.43.220.19 - - [08/Sep/2026:23:25:18 +0200] "POST /wp-cron.php?doing_wp_cron=1788902718.2942240238189697265625 HTTP/1.1" 200 - "-" "WordPress/7.1; https://bookmakery.ru"
66.249.68.199 - - [08/Sep/2026:23:25:15 +0200] "GET /?r=e81xy2p1empzhz6_gkind14523986 HTTP/1.1" 404 75239 "-" "Mozilla/5.0 (Linux; Android 6.0.1; Nexus 5X Build/MMB29P) AppleWebKit/537.36 (KHTML, like Gecko) Chrome/151.0.7922.173 Mobile Safari/537.36 (compatible; GoogleOther)"
185.43.220.19 - - [08/Sep/2026:23:28:33 +0200] "POST /wp-cron.php?doing_wp_cron=1788902913.0912950038909912109375 HTTP/1.1" 200 - "-" "WordPress/7.1; https://bookmakery.ru"
66.249.68.199 - - [08/Sep/2026:23:28:30 +0200] "GET /?r=eutb2ih6i2h3ufy HTTP/1.1" 404 75155 "-" "Mozilla/5.0 (Linux; Android 6.0.1; Nexus 5X Build/MMB29P) AppleWebKit/537.36 (KHTML, like Gecko) Chrome/151.0.7922.173 Mobile Safari/537.36 (compatible; GoogleOther)"
124.246.74.137 - - [08/Sep/2026:23:28:33 +0200] "GET /wp-login.php HTTP/1.1" 200 13018 "-" "Mozilla/5.0 (Windows NT 10.0; Win64; x64) AppleWebKit/537.36 (KHTML, like Gecko) Chrome/151.0.0.0 Safari/537.36"
116.88.16.41 - - [08/Sep/2026:23:28:44 +0200] "GET /wp-json/wp/v2/users/me HTTP/1.1" 301 - "-" "Mozilla/5.0 (Windows NT 10.0; Win64; x64) AppleWebKit/537.36 (KHTML, like Gecko) Chrome/151.0.0.0 Safari/537.36"
185.43.220.19 - - [08/Sep/2026:23:28:49 +0200] "POST /wp-cron.php?doing_wp_cron=1788902929.0872859954833984375000 HTTP/1.1" 200 - "-" "WordPress/7.1; https://bookmakery.ru"
116.88.16.41 - - [08/Sep/2026:23:28:46 +0200] "GET /wp-json/wp/v2/users/me/ HTTP/1.1" 404 75088 "https://bookmakery.ru.livebookmakers.net/wp-json/wp/v2/users/me" "Mozilla/5.0 (Windows NT 10.0; Win64; x64) AppleWebKit/537.36 (KHTML, like Gecko) Chrome/151.0.0.0 Safari/537.36"
66.249.68.198 - - [08/Sep/2026:23:28:51 +0200] "GET /?r=f23aogrb407h6ho HTTP/1.1" 404 75155 "-" "Mozilla/5.0 (Linux; Android 6.0.1; Nexus 5X Build/MMB29P) AppleWebKit/537.36 (KHTML, like Gecko) Chrome/151.0.7922.173 Mobile Safari/537.36 (compatible; GoogleOther)"
185.43.220.19 - - [08/Sep/2026:23:30:46 +0200] "POST /wp-cron.php?doing_wp_cron=1788903046.6925129890441894531250 HTTP/1.1" 200 - "-" "WordPress/7.1; https://bookmakery.ru"
66.249.68.198 - - [08/Sep/2026:23:30:41 +0200] "GET /?r=e81xy2p1empzhz6_gkind14524026 HTTP/1.1" 404 75239 "-" "Mozilla/5.0 (Linux; Android 6.0.1; Nexus 5X Build/MMB29P) AppleWebKit/537.36 (KHTML, like Gecko) Chrome/151.0.7922.173 Mobile Safari/537.36 (compatible; GoogleOther)"
185.43.220.19 - - [08/Sep/2026:23:31:53 +0200] "POST /wp-cron.php?doing_wp_cron=1788903112.9932699203491210937500 HTTP/1.1" 200 - "-" "WordPress/7.1; https://bookmakery.ru"
66.249.68.200 - - [08/Sep/2026:23:31:46 +0200] "GET /?r=ezytvzm9bjmw4w3 HTTP/1.1" 404 75155 "-" "Mozilla/5.0 (Linux; Android 6.0.1; Nexus 5X Build/MMB29P) AppleWebKit/537.36 (KHTML, like Gecko) Chrome/151.0.7922.173 Mobile Safari/537.36 (compatible; GoogleOther)"
185.43.220.19 - - [08/Sep/2026:23:32:57 +0200] "POST /wp-cron.php?doing_wp_cron=1788903176.9938049316406250000000 HTTP/1.1" 200 - "-" "WordPress/7.1; https://bookmakery.ru"
66.249.68.200 - - [08/Sep/2026:23:32:51 +0200] "GET /?r=ekx2ialwyuljw72_gkind14524030 HTTP/1.1" 404 75239 "-" "Mozilla/5.0 (Linux; Android 6.0.1; Nexus 5X Build/MMB29P) AppleWebKit/537.36 (KHTML, like Gecko) Chrome/151.0.7922.173 Mobile Safari/537.36 (compatible; GoogleOther)"
185.43.220.19 - - [08/Sep/2026:23:33:56 +0200] "POST /wp-cron.php?doing_wp_cron=1788903236.3824379444122314453125 HTTP/1.1" 200 - "-" "WordPress/7.1; https://bookmakery.ru"
3.139.242.79 - - [08/Sep/2026:23:33:49 +0200] "GET / HTTP/1.1" 404 75088 "-" "visionheight.com/scan Mozilla/5.0 (Macintosh; Intel Mac OS X 10_15_7) Chrome/126.0.0.0 Safari/537.36"
66.249.68.198 - - [08/Sep/2026:23:33:57 +0200] "GET /?r=e81xy2p1empzhz6_gkind14523998 HTTP/1.1" 404 75239 "-" "Mozilla/5.0 (Linux; Android 6.0.1; Nexus 5X Build/MMB29P) AppleWebKit/537.36 (KHTML, like Gecko) Chrome/151.0.7922.173 Mobile Safari/537.36 (compatible; GoogleOther)"
185.43.220.19 - - [08/Sep/2026:23:35:09 +0200] "POST /wp-cron.php?doing_wp_cron=1788903309.2900209426879882812500 HTTP/1.1" 200 - "-" "WordPress/7.1; https://bookmakery.ru"
66.249.68.200 - - [08/Sep/2026:23:35:03 +0200] "GET /?r=f43bogrb4j7hhho_gkind14523994 HTTP/1.1" 404 75239 "-" "Mozilla/5.0 (Linux; Android 6.0.1; Nexus 5X Build/MMB29P) AppleWebKit/537.36 (KHTML, like Gecko) Chrome/151.0.7922.173 Mobile Safari/537.36 (compatible; GoogleOther)"
185.43.220.19 - - [08/Sep/2026:23:52:47 +0200] "POST /wp-cron.php?doing_wp_cron=1788904367.8838529586791992187500 HTTP/1.1" 200 - "-" "WordPress/7.1; https://bookmakery.ru"
35.153.86.200 - - [08/Sep/2026:23:52:44 +0200] "GET /index.php?categories=1&rest_route=/wp/v2/posts HTTP/1.1" 404 2024 "-" "Mozilla/5.0 AppleWebKit/537.36 (KHTML, like Gecko; compatible; Amazonbot/0.1; +https://developer.amazon.com/support/amazonbot) Chrome/119.0.6045.214 Safari/537.36"
52.71.218.25 - - [08/Sep/2026:23:52:48 +0200] "GET /index.php?rest_route=/wp/v2/types HTTP/1.1" 404 7209 "-" "Mozilla/5.0 AppleWebKit/537.36 (KHTML, like Gecko; compatible; Amazonbot/0.1; +https://developer.amazon.com/support/amazonbot) Chrome/119.0.6045.214 Safari/537.36"
66.249.68.199 - - [08/Sep/2026:23:55:27 +0200] "GET /?r=ekx2ialwyuljw72_gkind14524018 HTTP/1.1" 200 214033 "-" "Mozilla/5.0 (Linux; Android 6.0.1; Nexus 5X Build/MMB29P) AppleWebKit/537.36 (KHTML, like Gecko) Chrome/151.0.7922.173 Mobile Safari/537.36 (compatible; Googlebot/2.1; +http://www.google.com/bot.html)"
66.249.68.200 - - [09/Sep/2026:00:01:36 +0200] "GET /?r=expsmqd52adn7nu HTTP/1.1" 200 239260 "-" "Mozilla/5.0 (Linux; Android 6.0.1; Nexus 5X Build/MMB29P) AppleWebKit/537.36 (KHTML, like Gecko) Chrome/151.0.7922.173 Mobile Safari/537.36 (compatible; Googlebot/2.1; +http://www.google.com/bot.html)"
185.43.220.19 - - [09/Sep/2026:00:02:51 +0200] "POST /wp-cron.php?doing_wp_cron=1788904971.4815919399261474609375 HTTP/1.1" 200 - "-" "WordPress/7.1; https://bookmakery.ru"
66.249.68.200 - - [09/Sep/2026:00:02:49 +0200] "GET /?r=eugcdh43t14eqel HTTP/1.1" 404 75155 "-" "Mozilla/5.0 (Linux; Android 6.0.1; Nexus 5X Build/MMB29P) AppleWebKit/537.36 (KHTML, like Gecko) Chrome/151.0.7922.173 Mobile Safari/537.36 (compatible; GoogleOther)"
66.249.68.199 - - [09/Sep/2026:00:03:40 +0200] "GET /?r=ejkpt9899t8uy6p HTTP/1.1" 200 235248 "-" "Mozilla/5.0 (Linux; Android 6.0.1; Nexus 5X Build/MMB29P) AppleWebKit/537.36 (KHTML, like Gecko) Chrome/151.0.7922.173 Mobile Safari/537.36 (compatible; Googlebot/2.1; +http://www.google.com/bot.html)"
66.249.68.199 - - [09/Sep/2026:00:05:53 +0200] "GET /?r=ez23brqzrbqcmo7 HTTP/1.1" 200 232005 "-" "Mozilla/5.0 (Linux; Android 6.0.1; Nexus 5X Build/MMB29P) AppleWebKit/537.36 (KHTML, like Gecko) Chrome/151.0.7922.173 Mobile Safari/537.36 (compatible; Googlebot/2.1; +http://www.google.com/bot.html)"
66.249.68.199 - - [09/Sep/2026:00:07:57 +0200] "GET /?r=f82abrqbr0igh4z_gkind14523978 HTTP/1.1" 200 212269 "-" "Mozilla/5.0 (Linux; Android 6.0.1; Nexus 5X Build/MMB29P) AppleWebKit/537.36 (KHTML, like Gecko) Chrome/151.0.7922.173 Mobile Safari/537.36 (compatible; Googlebot/2.1; +http://www.google.com/bot.html)"
66.249.68.200 - - [09/Sep/2026:00:10:09 +0200] "GET /?r=f82abrqbr0igh4z_gkind14524026 HTTP/1.1" 200 20462 "-" "Mozilla/5.0 (Linux; Android 6.0.1; Nexus 5X Build/MMB29P) AppleWebKit/537.36 (KHTML, like Gecko) Chrome/151.0.7922.173 Mobile Safari/537.36 (compatible; Googlebot/2.1; +http://www.google.com/bot.html)"
66.249.68.199 - - [09/Sep/2026:00:10:12 +0200] "GET /?r=fhbdk0zb0irpqd8 HTTP/1.1" 200 20462 "-" "Mozilla/5.0 (Linux; Android 6.0.1; Nexus 5X Build/MMB29P) AppleWebKit/537.36 (KHTML, like Gecko) Chrome/151.0.7922.173 Mobile Safari/537.36 (compatible; Googlebot/2.1; +http://www.google.com/bot.html)"
66.249.68.200 - - [09/Sep/2026:00:12:51 +0200] "GET /?r=eofx0s3vgc31tpk HTTP/1.1" 200 20462 "-" "Mozilla/5.0 (Linux; Android 6.0.1; Nexus 5X Build/MMB29P) AppleWebKit/537.36 (KHTML, like Gecko) Chrome/151.0.7922.173 Mobile Safari/537.36 (compatible; Googlebot/2.1; +http://www.google.com/bot.html)"
66.249.68.199 - - [09/Sep/2026:00:14:11 +0200] "GET /?r=fu9aumxba8dnsnu HTTP/1.1" 200 20462 "-" "Mozilla/5.0 (Linux; Android 6.0.1; Nexus 5X Build/MMB29P) AppleWebKit/537.36 (KHTML, like Gecko) Chrome/151.0.7922.173 Mobile Safari/537.36 (compatible; Googlebot/2.1; +http://www.google.com/bot.html)"
66.249.68.200 - - [09/Sep/2026:00:16:13 +0200] "GET /?r=f82abrqbr0igh4z_gkind14524006 HTTP/1.1" 200 20462 "-" "Mozilla/5.0 (Linux; Android 6.0.1; Nexus 5X Build/MMB29P) AppleWebKit/537.36 (KHTML, like Gecko) Chrome/151.0.7922.173 Mobile Safari/537.36 (compatible; Googlebot/2.1; +http://www.google.com/bot.html)"
34.148.193.208 - - [09/Sep/2026:00:17:29 +0200] "GET /.git/config HTTP/1.1" 503 468 "-" "Mozilla/5.0 (Windows NT 10.0; Win64; x64) AppleWebKit/537.36 (KHTML, like Gecko) Chrome/128.0.0.0 Safari/537.36"
66.249.68.198 - - [09/Sep/2026:00:18:15 +0200] "GET /?r=eryxvzmybjmwlw3 HTTP/1.1" 200 20462 "-" "Mozilla/5.0 (Linux; Android 6.0.1; Nexus 5X Build/MMB29P) AppleWebKit/537.36 (KHTML, like Gecko) Chrome/151.0.7922.173 Mobile Safari/537.36 (compatible; Googlebot/2.1; +http://www.google.com/bot.html)"
87.250.224.121 - - [09/Sep/2026:00:20:10 +0200] "GET /robots.txt HTTP/1.1" 200 93 "-" "Mozilla/5.0 (compatible; YandexBot/3.0; +http://yandex.com/bots)"
45.148.65.22 - - [09/Sep/2026:00:20:11 +0200] "GET / HTTP/1.1" 200 20462 "-" "Mozilla/5.0 (compatible; YandexBot/3.0; +http://yandex.com/bots)"
66.249.68.199 - - [09/Sep/2026:00:20:21 +0200] "GET /?r=e7x4ial6yulj872 HTTP/1.1" 200 20462 "-" "Mozilla/5.0 (Linux; Android 6.0.1; Nexus 5X Build/MMB29P) AppleWebKit/537.36 (KHTML, like Gecko) Chrome/151.0.7922.173 Mobile Safari/537.36 (compatible; Googlebot/2.1; +http://www.google.com/bot.html)"
66.249.68.199 - - [09/Sep/2026:00:21:26 +0200] "GET /?r=e454eut6uetfara HTTP/1.1" 200 20462 "-" "Mozilla/5.0 (Linux; Android 6.0.1; Nexus 5X Build/MMB29P) AppleWebKit/537.36 (KHTML, like Gecko) Chrome/151.0.7922.173 Mobile Safari/537.36 (compatible; Googlebot/2.1; +http://www.google.com/bot.html)"
66.249.68.200 - - [09/Sep/2026:00:22:13 +0200] "GET /?r=f82abrqbr0igh4z_gkind14524006 HTTP/1.1" 200 20462 "-" "Mozilla/5.0 (Linux; Android 6.0.1; Nexus 5X Build/MMB29P) AppleWebKit/537.36 (KHTML, like Gecko) Chrome/151.0.7922.173 Mobile Safari/537.36 (compatible; GoogleOther)"
66.249.68.198 - - [09/Sep/2026:00:22:25 +0200] "GET /?r=ew9gumx4a6xvsje HTTP/1.1" 200 20462 "-" "Mozilla/5.0 (Linux; Android 6.0.1; Nexus 5X Build/MMB29P) AppleWebKit/537.36 (KHTML, like Gecko) Chrome/151.0.7922.173 Mobile Safari/537.36 (compatible; Googlebot/2.1; +http://www.google.com/bot.html)"
66.249.68.199 - - [09/Sep/2026:00:25:31 +0200] "GET /?r=e81xy2p1empzhz6_gkind14523974 HTTP/1.1" 200 20462 "-" "Mozilla/5.0 (Linux; Android 6.0.1; Nexus 5X Build/MMB29P) AppleWebKit/537.36 (KHTML, like Gecko) Chrome/151.0.7922.173 Mobile Safari/537.36 (compatible; Googlebot/2.1; +http://www.google.com/bot.html)"
185.43.220.19 - - [09/Sep/2026:00:26:02 +0200] "POST /wp-cron.php?doing_wp_cron=1788906362.4813439846038818359375 HTTP/1.1" 200 - "-" "WordPress/7.1; https://bookmakery.ru"
45.12.24.101 - - [09/Sep/2026:00:25:57 +0200] "GET /wp-login.php HTTP/1.1" 200 12967 "-" "Mozilla/5.0 (Windows NT 10.0; Win64; x64) AppleWebKit/537.36 (KHTML, like Gecko) Chrome/151.0.0.0 Safari/537.36"
45.12.24.101 - - [09/Sep/2026:00:26:02 +0200] "POST /wp-login.php HTTP/1.1" 200 13451 "https://bookmakery.ru/wp-login.php" "Mozilla/5.0 (Windows NT 10.0; Win64; x64) AppleWebKit/537.36 (KHTML, like Gecko) Chrome/151.0.0.0 Safari/537.36"
66.249.68.198 - - [09/Sep/2026:00:27:47 +0200] "GET /?r=e81xy2p1empzhz6_gkind14523986 HTTP/1.1" 200 20462 "-" "Mozilla/5.0 (Linux; Android 6.0.1; Nexus 5X Build/MMB29P) AppleWebKit/537.36 (KHTML, like Gecko) Chrome/151.0.7922.173 Mobile Safari/537.36 (compatible; Googlebot/2.1; +http://www.google.com/bot.html)"
66.249.68.200 - - [09/Sep/2026:00:28:21 +0200] "GET / HTTP/1.1" 200 20462 "-" "Mozilla/5.0 (Linux; Android 6.0.1; Nexus 5X Build/MMB29P) AppleWebKit/537.36 (KHTML, like Gecko) Chrome/151.0.7922.173 Mobile Safari/537.36 (compatible; Googlebot/2.1; +http://www.google.com/bot.html)"
185.43.220.19 - - [09/Sep/2026:00:28:39 +0200] "POST /wp-cron.php?doing_wp_cron=1788906519.2816159725189208984375 HTTP/1.1" 200 - "-" "WordPress/7.1; https://bookmakery.ru"
66.249.68.199 - - [09/Sep/2026:00:28:34 +0200] "GET /favicon.ico HTTP/1.1" 200 20462 "-" "Googlebot-Image/1.0"
66.249.68.200 - - [09/Sep/2026:00:30:27 +0200] "GET /?r=eawf5lk8l5k6ri1 HTTP/1.1" 200 20462 "-" "Mozilla/5.0 (Linux; Android 6.0.1; Nexus 5X Build/MMB29P) AppleWebKit/537.36 (KHTML, like Gecko) Chrome/151.0.7922.173 Mobile Safari/537.36 (compatible; Googlebot/2.1; +http://www.google.com/bot.html)"
66.249.68.200 - - [09/Sep/2026:00:33:08 +0200] "GET /?r=e4g5dh47t14eael HTTP/1.1" 200 20462 "-" "Mozilla/5.0 (Linux; Android 6.0.1; Nexus 5X Build/MMB29P) AppleWebKit/537.36 (KHTML, like Gecko) Chrome/151.0.7922.173 Mobile Safari/537.36 (compatible; Googlebot/2.1; +http://www.google.com/bot.html)"
185.43.220.19 - - [09/Sep/2026:00:36:25 +0200] "POST /wp-cron.php?doing_wp_cron=1788906985.7078049182891845703125 HTTP/1.1" 200 - "-" "WordPress/7.1; https://bookmakery.ru"
87.120.190.157 - - [09/Sep/2026:00:36:23 +0200] "GET /wp-login.php HTTP/1.1" 200 13018 "-" "Mozilla/5.0 (Windows NT 10.0; Win64; x64) AppleWebKit/537.36 (KHTML, like Gecko) Chrome/151.0.0.0 Safari/537.36"
212.73.158.239 - - [09/Sep/2026:00:36:29 +0200] "POST /wp-login.php HTTP/1.1" 200 13502 "https://bookmakery.ru.livebookmakers.net/wp-login.php" "Mozilla/5.0 (Windows NT 10.0; Win64; x64) AppleWebKit/537.36 (KHTML, like Gecko) Chrome/151.0.0.0 Safari/537.36"
66.249.68.199 - - [09/Sep/2026:00:39:09 +0200] "GET /?r=f2if3v6bjcmwxw3 HTTP/1.1" 200 20462 "-" "Mozilla/5.0 (Linux; Android 6.0.1; Nexus 5X Build/MMB29P) AppleWebKit/537.36 (KHTML, like Gecko) Chrome/151.0.7922.173 Mobile Safari/537.36 (compatible; Googlebot/2.1; +http://www.google.com/bot.html)"
66.249.68.198 - - [09/Sep/2026:00:39:09 +0200] "GET /?r=ezytvzm9bjmw4w3 HTTP/1.1" 200 20462 "-" "Mozilla/5.0 (Linux; Android 6.0.1; Nexus 5X Build/MMB29P) AppleWebKit/537.36 (KHTML, like Gecko) Chrome/151.0.7922.173 Mobile Safari/537.36 (compatible; Googlebot/2.1; +http://www.google.com/bot.html)"
66.249.68.198 - - [09/Sep/2026:00:41:19 +0200] "GET /?r=eeeyn32z3n2os0j HTTP/1.1" 200 20462 "-" "Mozilla/5.0 (Linux; Android 6.0.1; Nexus 5X Build/MMB29P) AppleWebKit/537.36 (KHTML, like Gecko) Chrome/151.0.7922.173 Mobile Safari/537.36 (compatible; Googlebot/2.1; +http://www.google.com/bot.html)"
66.249.68.199 - - [09/Sep/2026:00:44:27 +0200] "GET /?r=enjjgk7yw47hqho HTTP/1.1" 200 20462 "-" "Mozilla/5.0 (Linux; Android 6.0.1; Nexus 5X Build/MMB29P) AppleWebKit/537.36 (KHTML, like Gecko) Chrome/151.0.7922.173 Mobile Safari/537.36 (compatible; Googlebot/2.1; +http://www.google.com/bot.html)"
66.249.68.199 - - [09/Sep/2026:00:46:31 +0200] "GET /?r=eyuif7i3vrigw4z HTTP/1.1" 200 20462 "-" "Mozilla/5.0 (Linux; Android 6.0.1; Nexus 5X Build/MMB29P) AppleWebKit/537.36 (KHTML, like Gecko) Chrome/151.0.7922.173 Mobile Safari/537.36 (compatible; Googlebot/2.1; +http://www.google.com/bot.html)"
66.249.68.199 - - [09/Sep/2026:00:46:31 +0200] "GET /?r=e54215s4hps2529 HTTP/1.1" 200 20462 "-" "Mozilla/5.0 (Linux; Android 6.0.1; Nexus 5X Build/MMB29P) AppleWebKit/537.36 (KHTML, like Gecko) Chrome/151.0.7922.173 Mobile Safari/537.36 (compatible; Googlebot/2.1; +http://www.google.com/bot.html)"
185.43.220.19 - - [09/Sep/2026:00:46:34 +0200] "POST /wp-cron.php?doing_wp_cron=1788907593.6895411014556884765625 HTTP/1.1" 200 - "-" "WordPress/7.1; https://bookmakery.ru"
91.105.125.244 - - [09/Sep/2026:00:46:28 +0200] "GET /wp-login.php HTTP/1.1" 200 12967 "-" "Mozilla/5.0 (Windows NT 10.0; Win64; x64) AppleWebKit/537.36 (KHTML, like Gecko) Chrome/151.0.0.0 Safari/537.36"
66.249.68.199 - - [09/Sep/2026:00:50:43 +0200] "GET /?r=enq5zfe1fze00cv_gkind14524002 HTTP/1.1" 200 20462 "-" "Mozilla/5.0 (Linux; Android 6.0.1; Nexus 5X Build/MMB29P) AppleWebKit/537.36 (KHTML, like Gecko) Chrome/151.0.7922.173 Mobile Safari/537.36 (compatible; Googlebot/2.1; +http://www.google.com/bot.html)"
66.249.68.199 - - [09/Sep/2026:00:51:55 +0200] "GET /?r=frpfmqdb24h3qfy HTTP/1.1" 200 20462 "-" "Mozilla/5.0 (Linux; Android 6.0.1; Nexus 5X Build/MMB29P) AppleWebKit/537.36 (KHTML, like Gecko) Chrome/151.0.7922.173 Mobile Safari/537.36 (compatible; Googlebot/2.1; +http://www.google.com/bot.html)"
216.73.217.130 - - [09/Sep/2026:00:53:03 +0200] "GET /robots.txt HTTP/1.1" 200 93 "-" "Mozilla/5.0 AppleWebKit/537.36 (KHTML, like Gecko; compatible; ClaudeBot/1.0; [email protected])"
185.43.220.19 - - [09/Sep/2026:00:53:05 +0200] "POST /wp-cron.php?doing_wp_cron=1788907985.7240350246429443359375 HTTP/1.1" 200 - "-" "WordPress/7.1; https://bookmakery.ru"
216.73.217.130 - - [09/Sep/2026:00:53:03 +0200] "GET /index.php/sitemap.xml HTTP/1.1" 200 20462 "-" "Mozilla/5.0 AppleWebKit/537.36 (KHTML, like Gecko; compatible; ClaudeBot/1.0; [email protected])"
95.108.213.128 - - [09/Sep/2026:00:56:17 +0200] "GET /robots.txt HTTP/1.1" 200 93 "-" "Mozilla/5.0 (compatible; YandexBot/3.0; +http://yandex.com/bots)"
45.138.0.33 - - [09/Sep/2026:00:56:18 +0200] "GET / HTTP/1.1" 200 20462 "-" "Mozilla/5.0 (compatible; YandexBot/3.0; +http://yandex.com/bots)"
66.249.68.200 - - [09/Sep/2026:00:56:56 +0200] "GET /?r=f82tbrqbrsigh4z HTTP/1.1" 200 20462 "-" "Mozilla/5.0 (Linux; Android 6.0.1; Nexus 5X Build/MMB29P) AppleWebKit/537.36 (KHTML, like Gecko) Chrome/151.0.7922.173 Mobile Safari/537.36 (compatible; GoogleOther)"
66.249.68.198 - - [09/Sep/2026:00:57:02 +0200] "GET /?r=fc2fbrqbruigf4z HTTP/1.1" 200 20462 "-" "Mozilla/5.0 (Linux; Android 6.0.1; Nexus 5X Build/MMB29P) AppleWebKit/537.36 (KHTML, like Gecko) Chrome/151.0.7922.173 Mobile Safari/537.36 (compatible; GoogleOther)"
66.249.68.198 - - [09/Sep/2026:00:57:12 +0200] "GET /?r=emxyial1yuljl72 HTTP/1.1" 200 20462 "-" "Mozilla/5.0 (Linux; Android 6.0.1; Nexus 5X Build/MMB29P) AppleWebKit/537.36 (KHTML, like Gecko) Chrome/151.0.7922.173 Mobile Safari/537.36 (compatible; GoogleOther)"
66.249.68.198 - - [09/Sep/2026:00:57:25 +0200] "GET /?r=f3td2ihbix973vq HTTP/1.1" 200 20462 "-" "Mozilla/5.0 (Linux; Android 6.0.1; Nexus 5X Build/MMB29P) AppleWebKit/537.36 (KHTML, like Gecko) Chrome/151.0.7922.173 Mobile Safari/537.36 (compatible; GoogleOther)"
66.249.68.198 - - [09/Sep/2026:00:57:29 +0200] "GET /?r=e09eumxwa6xvoje HTTP/1.1" 200 20462 "-" "Mozilla/5.0 (Linux; Android 6.0.1; Nexus 5X Build/MMB29P) AppleWebKit/537.36 (KHTML, like Gecko) Chrome/151.0.7922.173 Mobile Safari/537.36 (compatible; GoogleOther)"
66.249.68.198 - - [09/Sep/2026:00:57:33 +0200] "GET /?r=erkmt98w9t8uh6p HTTP/1.1" 200 20462 "-" "Mozilla/5.0 (Linux; Android 6.0.1; Nexus 5X Build/MMB29P) AppleWebKit/537.36 (KHTML, like Gecko) Chrome/151.0.7922.173 Mobile Safari/537.36 (compatible; GoogleOther)"
66.249.68.198 - - [09/Sep/2026:00:57:37 +0200] "GET /?r=ebkst98v9t8uo6p HTTP/1.1" 200 20462 "-" "Mozilla/5.0 (Linux; Android 6.0.1; Nexus 5X Build/MMB29P) AppleWebKit/537.36 (KHTML, like Gecko) Chrome/151.0.7922.173 Mobile Safari/537.36 (compatible; GoogleOther)"
66.249.68.198 - - [09/Sep/2026:00:57:41 +0200] "GET /?r=foyevzmbb0qc5o7 HTTP/1.1" 200 20462 "-" "Mozilla/5.0 (Linux; Android 6.0.1; Nexus 5X Build/MMB29P) AppleWebKit/537.36 (KHTML, like Gecko) Chrome/151.0.7922.173 Mobile Safari/537.36 (compatible; GoogleOther)"
66.249.68.198 - - [09/Sep/2026:00:57:53 +0200] "GET /?r=fg6lrjub7kak5kr HTTP/1.1" 200 20462 "-" "Mozilla/5.0 (Linux; Android 6.0.1; Nexus 5X Build/MMB29P) AppleWebKit/537.36 (KHTML, like Gecko) Chrome/151.0.7922.173 Mobile Safari/537.36 (compatible; GoogleOther)"
66.249.68.200 - - [09/Sep/2026:00:58:57 +0200] "GET /?r=fo6lrjub7qakvkr HTTP/1.1" 200 20462 "-" "Mozilla/5.0 (Linux; Android 6.0.1; Nexus 5X Build/MMB29P) AppleWebKit/537.36 (KHTML, like Gecko) Chrome/151.0.7922.173 Mobile Safari/537.36 (compatible; GoogleOther)"
66.249.68.200 - - [09/Sep/2026:01:00:00 +0200] "GET /?r=fh5xeutbu5ljb72 HTTP/1.1" 200 20462 "-" "Mozilla/5.0 (Linux; Android 6.0.1; Nexus 5X Build/MMB29P) AppleWebKit/537.36 (KHTML, like Gecko) Chrome/151.0.7922.173 Mobile Safari/537.36 (compatible; GoogleOther)"
66.249.68.198 - - [09/Sep/2026:01:01:03 +0200] "GET /?r=ekuhf7ixvrig64z HTTP/1.1" 200 20462 "-" "Mozilla/5.0 (Linux; Android 6.0.1; Nexus 5X Build/MMB29P) AppleWebKit/537.36 (KHTML, like Gecko) Chrome/151.0.7922.173 Mobile Safari/537.36 (compatible; GoogleOther)"
66.249.68.198 - - [09/Sep/2026:01:01:41 +0200] "GET /?r=eogedh48t14e7el HTTP/1.1" 200 20462 "-" "Mozilla/5.0 (Linux; Android 6.0.1; Nexus 5X Build/MMB29P) AppleWebKit/537.36 (KHTML, like Gecko) Chrome/151.0.7922.173 Mobile Safari/537.36 (compatible; GoogleOther)"
66.249.68.200 - - [09/Sep/2026:01:02:08 +0200] "GET /?r=fzrxc4fbsiv5u5c HTTP/1.1" 200 20462 "-" "Mozilla/5.0 (Linux; Android 6.0.1; Nexus 5X Build/MMB29P) AppleWebKit/537.36 (KHTML, like Gecko) Chrome/151.0.7922.173 Mobile Safari/537.36 (compatible; GoogleOther)"
66.249.68.198 - - [09/Sep/2026:01:02:37 +0200] "GET /?r=eimojna0z7akhkr HTTP/1.1" 200 20462 "-" "Mozilla/5.0 (Linux; Android 6.0.1; Nexus 5X Build/MMB29P) AppleWebKit/537.36 (KHTML, like Gecko) Chrome/151.0.7922.173 Mobile Safari/537.36 (compatible; Googlebot/2.1; +http://www.google.com/bot.html)"
66.249.68.200 - - [09/Sep/2026:01:03:10 +0200] "GET /?r=eoix3v63jf64ssn HTTP/1.1" 200 20462 "-" "Mozilla/5.0 (Linux; Android 6.0.1; Nexus 5X Build/MMB29P) AppleWebKit/537.36 (KHTML, like Gecko) Chrome/151.0.7922.173 Mobile Safari/537.36 (compatible; GoogleOther)"
66.249.68.198 - - [09/Sep/2026:01:06:10 +0200] "GET /?r=ffscptgb5jk68i1 HTTP/1.1" 200 20462 "-" "Mozilla/5.0 (Linux; Android 6.0.1; Nexus 5X Build/MMB29P) AppleWebKit/537.36 (KHTML, like Gecko) Chrome/151.0.7922.173 Mobile Safari/537.36 (compatible; GoogleOther)"
66.249.68.198 - - [09/Sep/2026:01:06:20 +0200] "GET /?r=ftczxp0bdzgq0qx HTTP/1.1" 200 20462 "-" "Mozilla/5.0 (Linux; Android 6.0.1; Nexus 5X Build/MMB29P) AppleWebKit/537.36 (KHTML, like Gecko) Chrome/151.0.7922.173 Mobile Safari/537.36 (compatible; GoogleOther)"
66.249.68.198 - - [09/Sep/2026:01:07:24 +0200] "GET /?r=fj8xhxwbxiomja5 HTTP/1.1" 200 20462 "-" "Mozilla/5.0 (Linux; Android 6.0.1; Nexus 5X Build/MMB29P) AppleWebKit/537.36 (KHTML, like Gecko) Chrome/151.0.7922.173 Mobile Safari/537.36 (compatible; GoogleOther)"
66.249.68.200 - - [09/Sep/2026:01:08:21 +0200] "GET /?r=eu8qhxwyxhwidud HTTP/1.1" 200 20462 "-" "Mozilla/5.0 (Linux; Android 6.0.1; Nexus 5X Build/MMB29P) AppleWebKit/537.36 (KHTML, like Gecko) Chrome/151.0.7922.173 Mobile Safari/537.36 (compatible; Googlebot/2.1; +http://www.google.com/bot.html)"
66.249.68.200 - - [09/Sep/2026:01:09:31 +0200] "GET /?r=foqazfebf464xsn HTTP/1.1" 200 20462 "-" "Mozilla/5.0 (Linux; Android 6.0.1; Nexus 5X Build/MMB29P) AppleWebKit/537.36 (KHTML, like Gecko) Chrome/151.0.7922.173 Mobile Safari/537.36 (compatible; GoogleOther)"
66.249.68.199 - - [09/Sep/2026:01:09:36 +0200] "GET /?r=fqeon32b3ruswgb HTTP/1.1" 200 20462 "-" "Mozilla/5.0 (Linux; Android 6.0.1; Nexus 5X Build/MMB29P) AppleWebKit/537.36 (KHTML, like Gecko) Chrome/151.0.7922.173 Mobile Safari/537.36 (compatible; GoogleOther)"
66.249.68.198 - - [09/Sep/2026:01:11:04 +0200] "GET /?r=fcmmjnabzwe0hcv HTTP/1.1" 200 20462 "-" "Mozilla/5.0 (Linux; Android 6.0.1; Nexus 5X Build/MMB29P) AppleWebKit/537.36 (KHTML, like Gecko) Chrome/151.0.7922.173 Mobile Safari/537.36 (compatible; GoogleOther)"
66.249.68.198 - - [09/Sep/2026:01:14:59 +0200] "GET /?r=fsu1f7ibvvy888f HTTP/1.1" 200 20462 "-" "Mozilla/5.0 (Linux; Android 6.0.1; Nexus 5X Build/MMB29P) AppleWebKit/537.36 (KHTML, like Gecko) Chrome/151.0.7922.173 Mobile Safari/537.36 (compatible; GoogleOther)"
66.249.68.199 - - [09/Sep/2026:01:15:59 +0200] "GET /?r=exqpzfewfze0bcv HTTP/1.1" 200 20462 "-" "Mozilla/5.0 (Linux; Android 6.0.1; Nexus 5X Build/MMB29P) AppleWebKit/537.36 (KHTML, like Gecko) Chrome/151.0.7922.173 Mobile Safari/537.36 (compatible; Googlebot/2.1; +http://www.google.com/bot.html)"
66.249.68.199 - - [09/Sep/2026:01:17:28 +0200] "GET /?r=f6uuf7ibvmy878f HTTP/1.1" 200 20462 "-" "Mozilla/5.0 (Linux; Android 6.0.1; Nexus 5X Build/MMB29P) AppleWebKit/537.36 (KHTML, like Gecko) Chrome/151.0.7922.173 Mobile Safari/537.36 (compatible; GoogleOther)"
66.249.68.200 - - [09/Sep/2026:01:20:16 +0200] "GET /?r=fpmfjnabz5e0ocv HTTP/1.1" 200 20462 "-" "Mozilla/5.0 (Linux; Android 6.0.1; Nexus 5X Build/MMB29P) AppleWebKit/537.36 (KHTML, like Gecko) Chrome/151.0.7922.173 Mobile Safari/537.36 (compatible; Googlebot/2.1; +http://www.google.com/bot.html)"
66.249.68.200 - - [09/Sep/2026:01:21:08 +0200] "GET /?r=fl9lumxbardnpnu_gkind14524010 HTTP/1.1" 200 20462 "-" "Mozilla/5.0 (Linux; Android 6.0.1; Nexus 5X Build/MMB29P) AppleWebKit/537.36 (KHTML, like Gecko) Chrome/151.0.7922.173 Mobile Safari/537.36 (compatible; GoogleOther)"
37.154.177.185 - - [09/Sep/2026:01:21:17 +0200] "GET / HTTP/1.1" 302 - "https://www.google.com/" "Mozilla/5.0 (iPhone; CPU iPhone OS 18_7 like Mac OS X) AppleWebKit/605.1.15 (KHTML, like Gecko) Version/26.6.1 Mobile/15E148 Safari/604.1"
66.249.68.198 - - [09/Sep/2026:01:21:23 +0200] "GET /?r=fphfq65b69xv7je HTTP/1.1" 200 20462 "-" "Mozilla/5.0 (Linux; Android 6.0.1; Nexus 5X Build/MMB29P) AppleWebKit/537.36 (KHTML, like Gecko) Chrome/151.0.7922.173 Mobile Safari/537.36 (compatible; Googlebot/2.1; +http://www.google.com/bot.html)"
66.249.68.199 - - [09/Sep/2026:01:22:13 +0200] "GET /?r=fjxgialbys1b2bi HTTP/1.1" 200 20462 "-" "Mozilla/5.0 (Linux; Android 6.0.1; Nexus 5X Build/MMB29P) AppleWebKit/537.36 (KHTML, like Gecko) Chrome/151.0.7922.173 Mobile Safari/537.36 (compatible; GoogleOther)"
66.249.68.198 - - [09/Sep/2026:01:23:15 +0200] "GET /?r=e2w55lk5l5k6si1 HTTP/1.1" 200 20462 "-" "Mozilla/5.0 (Linux; Android 6.0.1; Nexus 5X Build/MMB29P) AppleWebKit/537.36 (KHTML, like Gecko) Chrome/151.0.7922.173 Mobile Safari/537.36 (compatible; GoogleOther)"
66.249.68.199 - - [09/Sep/2026:01:23:48 +0200] "GET /?r=ecvuswj18gjtft0 HTTP/1.1" 200 20462 "-" "Mozilla/5.0 (Linux; Android 6.0.1; Nexus 5X Build/MMB29P) AppleWebKit/537.36 (KHTML, like Gecko) Chrome/151.0.7922.173 Mobile Safari/537.36 (compatible; GoogleOther)"
66.249.68.198 - - [09/Sep/2026:01:24:18 +0200] "GET /?r=e0ix3v6wjf64lsn HTTP/1.1" 200 20462 "-" "Mozilla/5.0 (Linux; Android 6.0.1; Nexus 5X Build/MMB29P) AppleWebKit/537.36 (KHTML, like Gecko) Chrome/151.0.7922.173 Mobile Safari/537.36 (compatible; GoogleOther)"
66.249.68.198 - - [09/Sep/2026:01:24:43 +0200] "GET /?r=el6xrju273us9gb HTTP/1.1" 200 20462 "-" "Mozilla/5.0 (Linux; Android 6.0.1; Nexus 5X Build/MMB29P) AppleWebKit/537.36 (KHTML, like Gecko) Chrome/151.0.7922.173 Mobile Safari/537.36 (compatible; GoogleOther)"
66.249.68.200 - - [09/Sep/2026:01:25:29 +0200] "GET /?r=f2nfwcbbck31epk HTTP/1.1" 200 20462 "-" "Mozilla/5.0 (Linux; Android 6.0.1; Nexus 5X Build/MMB29P) AppleWebKit/537.36 (KHTML, like Gecko) Chrome/151.0.7922.173 Mobile Safari/537.36 (compatible; GoogleOther)"
66.249.68.199 - - [09/Sep/2026:01:26:25 +0200] "GET /?r=e2zh8onxo8n9zl4 HTTP/1.1" 200 20462 "-" "Mozilla/5.0 (Linux; Android 6.0.1; Nexus 5X Build/MMB29P) AppleWebKit/537.36 (KHTML, like Gecko) Chrome/151.0.7922.173 Mobile Safari/537.36 (compatible; GoogleOther)"
66.249.68.199 - - [09/Sep/2026:01:27:29 +0200] "GET /?r=e319y2p6empzwz6 HTTP/1.1" 200 20462 "-" "Mozilla/5.0 (Linux; Android 6.0.1; Nexus 5X Build/MMB29P) AppleWebKit/537.36 (KHTML, like Gecko) Chrome/151.0.7922.173 Mobile Safari/537.36 (compatible; GoogleOther)"
66.249.68.199 - - [09/Sep/2026:01:28:33 +0200] "GET /?r=euzj8on7o8n9pl4 HTTP/1.1" 200 20462 "-" "Mozilla/5.0 (Linux; Android 6.0.1; Nexus 5X Build/MMB29P) AppleWebKit/537.36 (KHTML, like Gecko) Chrome/151.0.7922.173 Mobile Safari/537.36 (compatible; GoogleOther)"
66.249.68.199 - - [09/Sep/2026:01:29:24 +0200] "GET /?r=f82abrqbr0igh4z_gkind14523986 HTTP/1.1" 503 20462 "-" "Mozilla/5.0 (Linux; Android 6.0.1; Nexus 5X Build/MMB29P) AppleWebKit/537.36 (KHTML, like Gecko) Chrome/151.0.7922.173 Mobile Safari/537.36 (compatible; Googlebot/2.1; +http://www.google.com/bot.html)"
66.249.68.200 - - [09/Sep/2026:01:32:38 +0200] "GET /?r=eg8hhxw4xhwinud HTTP/1.1" 200 20462 "-" "Mozilla/5.0 (Linux; Android 6.0.1; Nexus 5X Build/MMB29P) AppleWebKit/537.36 (KHTML, like Gecko) Chrome/151.0.7922.173 Mobile Safari/537.36 (compatible; GoogleOther)"
95.108.213.102 - - [09/Sep/2026:01:32:41 +0200] "GET /robots.txt HTTP/1.1" 200 93 "-" "Mozilla/5.0 (compatible; YandexBot/3.0; +http://yandex.com/bots)"
185.43.220.19 - - [09/Sep/2026:01:32:45 +0200] "POST /wp-cron.php?doing_wp_cron=1788910365.0956170558929443359375 HTTP/1.1" 200 - "-" "WordPress/7.1; https://bookmakery.ru"
77.88.47.20 - - [09/Sep/2026:01:32:42 +0200] "GET /obzor-bukmekera-leonbets/ HTTP/1.1" 200 20462 "-" "Mozilla/5.0 (compatible; YandexBot/3.0; +http://yandex.com/bots)"
66.249.68.199 - - [09/Sep/2026:01:33:16 +0200] "GET /?r=eegbdh44t14ezel HTTP/1.1" 200 20462 "-" "Mozilla/5.0 (Linux; Android 6.0.1; Nexus 5X Build/MMB29P) AppleWebKit/537.36 (KHTML, like Gecko) Chrome/151.0.7922.173 Mobile Safari/537.36 (compatible; GoogleOther)"
66.249.68.199 - - [09/Sep/2026:01:34:26 +0200] "GET /?r=fakyt98b9i0y1mh HTTP/1.1" 200 20462 "-" "Mozilla/5.0 (Linux; Android 6.0.1; Nexus 5X Build/MMB29P) AppleWebKit/537.36 (KHTML, like Gecko) Chrome/151.0.7922.173 Mobile Safari/537.36 (compatible; GoogleOther)"
66.249.68.199 - - [09/Sep/2026:01:34:52 +0200] "GET /?r=fp7e48vbkszl0xg HTTP/1.1" 200 20462 "-" "Mozilla/5.0 (Linux; Android 6.0.1; Nexus 5X Build/MMB29P) AppleWebKit/537.36 (KHTML, like Gecko) Chrome/151.0.7922.173 Mobile Safari/537.36 (compatible; GoogleOther)"
66.249.68.198 - - [09/Sep/2026:01:35:29 +0200] "GET /?r=ebxwial0yulju72 HTTP/1.1" 200 20462 "-" "Mozilla/5.0 (Linux; Android 6.0.1; Nexus 5X Build/MMB29P) AppleWebKit/537.36 (KHTML, like Gecko) Chrome/151.0.7922.173 Mobile Safari/537.36 (compatible; Googlebot/2.1; +http://www.google.com/bot.html)"
66.249.68.199 - - [09/Sep/2026:01:38:24 +0200] "GET /?r=fj9oumxbaodnenu HTTP/1.1" 200 20462 "-" "Mozilla/5.0 (Linux; Android 6.0.1; Nexus 5X Build/MMB29P) AppleWebKit/537.36 (KHTML, like Gecko) Chrome/151.0.7922.173 Mobile Safari/537.36 (compatible; GoogleOther)"
66.249.68.199 - - [09/Sep/2026:01:40:33 +0200] "GET /?r=f1pgmqdb21h3ffy HTTP/1.1" 200 20462 "-" "Mozilla/5.0 (Linux; Android 6.0.1; Nexus 5X Build/MMB29P) AppleWebKit/537.36 (KHTML, like Gecko) Chrome/151.0.7922.173 Mobile Safari/537.36 (compatible; Googlebot/2.1; +http://www.google.com/bot.html)"
66.249.68.199 - - [09/Sep/2026:01:41:09 +0200] "GET /?r=fnza8onbopfd51w_gkind14524026 HTTP/1.1" 200 20462 "-" "Mozilla/5.0 (Linux; Android 6.0.1; Nexus 5X Build/MMB29P) AppleWebKit/537.36 (KHTML, like Gecko) Chrome/151.0.7922.173 Mobile Safari/537.36 (compatible; GoogleOther)"
66.249.68.198 - - [09/Sep/2026:01:41:29 +0200] "GET /?r=f8wy5lkblocabyt HTTP/1.1" 200 20462 "-" "Mozilla/5.0 (Linux; Android 6.0.1; Nexus 5X Build/MMB29P) AppleWebKit/537.36 (KHTML, like Gecko) Chrome/151.0.7922.173 Mobile Safari/537.36 (compatible; GoogleOther)"
185.43.220.19 - - [09/Sep/2026:01:44:19 +0200] "POST /wp-cron.php?doing_wp_cron=1788911059.0864260196685791015625 HTTP/1.1" 200 - "-" "WordPress/7.1; https://bookmakery.ru"
188.154.178.118 - - [09/Sep/2026:01:44:16 +0200] "GET /wp-login.php HTTP/1.1" 200 13018 "-" "Mozilla/5.0 (Windows NT 10.0; Win64; x64) AppleWebKit/537.36 (KHTML, like Gecko) Chrome/151.0.0.0 Safari/537.36"
188.154.178.118 - - [09/Sep/2026:01:44:19 +0200] "POST /wp-login.php HTTP/1.1" 200 13502 "https://bookmakery.ru.livebookmakers.net/wp-login.php" "Mozilla/5.0 (Windows NT 10.0; Win64; x64) AppleWebKit/537.36 (KHTML, like Gecko) Chrome/151.0.0.0 Safari/537.36"
66.249.68.200 - - [09/Sep/2026:01:48:08 +0200] "GET /?r=fkfg0s3bg7jtlt0 HTTP/1.1" 200 20462 "-" "Mozilla/5.0 (Linux; Android 6.0.1; Nexus 5X Build/MMB29P) AppleWebKit/537.36 (KHTML, like Gecko) Chrome/151.0.7922.173 Mobile Safari/537.36 (compatible; Googlebot/2.1; +http://www.google.com/bot.html)"
66.249.68.200 - - [09/Sep/2026:01:49:03 +0200] "GET /?r=f191umxbacdn2nu HTTP/1.1" 200 20462 "-" "Mozilla/5.0 (Linux; Android 6.0.1; Nexus 5X Build/MMB29P) AppleWebKit/537.36 (KHTML, like Gecko) Chrome/151.0.7922.173 Mobile Safari/537.36 (compatible; GoogleOther)"
66.249.68.198 - - [09/Sep/2026:01:49:43 +0200] "GET /?r=ey03ldo41xomfa5_gkind14524018 HTTP/1.1" 200 20462 "-" "Mozilla/5.0 (Linux; Android 6.0.1; Nexus 5X Build/MMB29P) AppleWebKit/537.36 (KHTML, like Gecko) Chrome/151.0.7922.173 Mobile Safari/537.36 (compatible; GoogleOther)"
66.249.68.199 - - [09/Sep/2026:01:50:10 +0200] "GET /?r=fshcq65b6dxvdje HTTP/1.1" 200 20462 "-" "Mozilla/5.0 (Linux; Android 6.0.1; Nexus 5X Build/MMB29P) AppleWebKit/537.36 (KHTML, like Gecko) Chrome/151.0.7922.173 Mobile Safari/537.36 (compatible; Googlebot/2.1; +http://www.google.com/bot.html)"
66.249.68.199 - - [09/Sep/2026:01:50:17 +0200] "GET /?r=fu6nrjub7pakakr HTTP/1.1" 200 20462 "-" "Mozilla/5.0 (Linux; Android 6.0.1; Nexus 5X Build/MMB29P) AppleWebKit/537.36 (KHTML, like Gecko) Chrome/151.0.7922.173 Mobile Safari/537.36 (compatible; GoogleOther)"
35.185.19.70 - - [09/Sep/2026:01:51:42 +0200] "GET /.git/config HTTP/1.1" 302 - "-" "Mozilla/5.0 (Windows NT 10.0; Win64; x64) AppleWebKit/537.36 (KHTML, like Gecko) Chrome/128.0.0.0 Safari/537.36"
66.249.68.198 - - [09/Sep/2026:01:51:58 +0200] "GET /?r=fegedh4bt78uy6p HTTP/1.1" 200 20462 "-" "Mozilla/5.0 (Linux; Android 6.0.1; Nexus 5X Build/MMB29P) AppleWebKit/537.36 (KHTML, like Gecko) Chrome/151.0.7922.173 Mobile Safari/537.36 (compatible; GoogleOther)"
66.249.68.199 - - [09/Sep/2026:01:52:21 +0200] "GET /?r=epjogk74w47hsho HTTP/1.1" 200 20462 "-" "Mozilla/5.0 (Linux; Android 6.0.1; Nexus 5X Build/MMB29P) AppleWebKit/537.36 (KHTML, like Gecko) Chrome/151.0.7922.173 Mobile Safari/537.36 (compatible; GoogleOther)"
66.249.68.198 - - [09/Sep/2026:01:52:51 +0200] "GET /?r=er7048vyksv5u5c HTTP/1.1" 200 20462 "-" "Mozilla/5.0 (Linux; Android 6.0.1; Nexus 5X Build/MMB29P) AppleWebKit/537.36 (KHTML, like Gecko) Chrome/151.0.7922.173 Mobile Safari/537.36 (compatible; GoogleOther)"
66.249.68.200 - - [09/Sep/2026:01:53:54 +0200] "GET /?r=f0qezfebfc64lsn HTTP/1.1" 200 20462 "-" "Mozilla/5.0 (Linux; Android 6.0.1; Nexus 5X Build/MMB29P) AppleWebKit/537.36 (KHTML, like Gecko) Chrome/151.0.7922.173 Mobile Safari/537.36 (compatible; GoogleOther)"
66.249.68.199 - - [09/Sep/2026:01:54:05 +0200] "GET /?r=ex5heutxuetfrra HTTP/1.1" 200 20462 "-" "Mozilla/5.0 (Linux; Android 6.0.1; Nexus 5X Build/MMB29P) AppleWebKit/537.36 (KHTML, like Gecko) Chrome/151.0.7922.173 Mobile Safari/537.36 (compatible; Googlebot/2.1; +http://www.google.com/bot.html)"
66.249.68.199 - - [09/Sep/2026:01:54:58 +0200] "GET /?r=f9vdswjb8ln9hl4 HTTP/1.1" 200 20462 "-" "Mozilla/5.0 (Linux; Android 6.0.1; Nexus 5X Build/MMB29P) AppleWebKit/537.36 (KHTML, like Gecko) Chrome/151.0.7922.173 Mobile Safari/537.36 (compatible; GoogleOther)"
185.43.220.19 - - [09/Sep/2026:01:55:03 +0200] "POST /wp-cron.php?doing_wp_cron=1788911703.5913429260253906250000 HTTP/1.1" 200 - "-" "WordPress/7.1; https://bookmakery.ru"
89.153.37.154 - - [09/Sep/2026:01:54:57 +0200] "GET /wp-login.php HTTP/1.1" 200 12967 "-" "Mozilla/5.0 (Windows NT 10.0; Win64; x64) AppleWebKit/537.36 (KHTML, like Gecko) Chrome/151.0.0.0 Safari/537.36"
178.166.18.104 - - [09/Sep/2026:01:55:07 +0200] "GET /wp-json/wp/v2/users/me HTTP/1.1" 302 - "-" "Mozilla/5.0 (Windows NT 10.0; Win64; x64) AppleWebKit/537.36 (KHTML, like Gecko) Chrome/151.0.0.0 Safari/537.36"
66.249.68.198 - - [09/Sep/2026:01:56:02 +0200] "GET /?r=fvucf7ibvwy8z8f HTTP/1.1" 200 20462 "-" "Mozilla/5.0 (Linux; Android 6.0.1; Nexus 5X Build/MMB29P) AppleWebKit/537.36 (KHTML, like Gecko) Chrome/151.0.7922.173 Mobile Safari/537.36 (compatible; GoogleOther)"
66.249.68.200 - - [09/Sep/2026:01:57:01 +0200] "GET /?r=el5keut6uetfora HTTP/1.1" 200 20462 "-" "Mozilla/5.0 (Linux; Android 6.0.1; Nexus 5X Build/MMB29P) AppleWebKit/537.36 (KHTML, like Gecko) Chrome/151.0.7922.173 Mobile Safari/537.36 (compatible; GoogleOther)"
66.249.68.198 - - [09/Sep/2026:01:57:13 +0200] "GET /?r=e8uxf7iyvrigv4z HTTP/1.1" 200 20462 "-" "Mozilla/5.0 (Linux; Android 6.0.1; Nexus 5X Build/MMB29P) AppleWebKit/537.36 (KHTML, like Gecko) Chrome/151.0.7922.173 Mobile Safari/537.36 (compatible; GoogleOther)"
66.249.68.198 - - [09/Sep/2026:01:57:23 +0200] "GET /?r=ed6frju173usogb HTTP/1.1" 200 20462 "-" "Mozilla/5.0 (Linux; Android 6.0.1; Nexus 5X Build/MMB29P) AppleWebKit/537.36 (KHTML, like Gecko) Chrome/151.0.7922.173 Mobile Safari/537.36 (compatible; GoogleOther)"
66.249.68.199 - - [09/Sep/2026:01:58:16 +0200] "GET /?r=fuib3v6bjymwvw3 HTTP/1.1" 200 20462 "-" "Mozilla/5.0 (Linux; Android 6.0.1; Nexus 5X Build/MMB29P) AppleWebKit/537.36 (KHTML, like Gecko) Chrome/151.0.7922.173 Mobile Safari/537.36 (compatible; Googlebot/2.1; +http://www.google.com/bot.html)"
66.249.68.198 - - [09/Sep/2026:01:58:21 +0200] "GET /?r=fa4g15sbh8wifud HTTP/1.1" 200 20462 "-" "Mozilla/5.0 (Linux; Android 6.0.1; Nexus 5X Build/MMB29P) AppleWebKit/537.36 (KHTML, like Gecko) Chrome/151.0.7922.173 Mobile Safari/537.36 (compatible; GoogleOther)"
66.249.68.199 - - [09/Sep/2026:01:59:31 +0200] "GET /?r=eh31ogr740rpjd8_gkind14524006 HTTP/1.1" 200 20462 "-" "Mozilla/5.0 (Linux; Android 6.0.1; Nexus 5X Build/MMB29P) AppleWebKit/537.36 (KHTML, like Gecko) Chrome/151.0.7922.173 Mobile Safari/537.36 (compatible; GoogleOther)"
66.249.68.200 - - [09/Sep/2026:02:00:17 +0200] "GET /?r=e6e8n3263n2or0j HTTP/1.1" 200 20462 "-" "Mozilla/5.0 (Linux; Android 6.0.1; Nexus 5X Build/MMB29P) AppleWebKit/537.36 (KHTML, like Gecko) Chrome/151.0.7922.173 Mobile Safari/537.36 (compatible; GoogleOther)"
66.249.68.198 - - [09/Sep/2026:02:00:41 +0200] "GET /?r=eh31ogr740rpjd8_gkind14524002 HTTP/1.1" 200 20462 "-" "Mozilla/5.0 (Linux; Android 6.0.1; Nexus 5X Build/MMB29P) AppleWebKit/537.36 (KHTML, like Gecko) Chrome/151.0.7922.173 Mobile Safari/537.36 (compatible; GoogleOther)"
66.249.68.200 - - [09/Sep/2026:02:05:17 +0200] "GET /?r=emz18on0o8n9yl4 HTTP/1.1" 200 20462 "-" "Mozilla/5.0 (Linux; Android 6.0.1; Nexus 5X Build/MMB29P) AppleWebKit/537.36 (KHTML, like Gecko) Chrome/151.0.7922.173 Mobile Safari/537.36 (compatible; GoogleOther)"
185.43.220.19 - - [09/Sep/2026:02:05:34 +0200] "POST /wp-cron.php?doing_wp_cron=1788912334.5829520225524902343750 HTTP/1.1" 200 - "-" "WordPress/7.1; https://bookmakery.ru"
45.154.98.181 - - [09/Sep/2026:02:05:29 +0200] "POST /?rest_route=/batch/v1 HTTP/1.1" 207 16 "-" "Mozilla/5.0"
45.154.98.181 - - [09/Sep/2026:02:05:34 +0200] "POST /?rest_route=/batch/v1 HTTP/1.1" 503 468 "-" "Mozilla/5.0"
66.249.68.199 - - [09/Sep/2026:02:05:43 +0200] "GET /?r=e5yevzm5bjmwcw3 HTTP/1.1" 200 20462 "-" "Mozilla/5.0 (Linux; Android 6.0.1; Nexus 5X Build/MMB29P) AppleWebKit/537.36 (KHTML, like Gecko) Chrome/151.0.7922.173 Mobile Safari/537.36 (compatible; GoogleOther)"
45.154.98.181 - - [09/Sep/2026:02:05:41 +0200] "POST /wp-json/batch/v1 HTTP/1.1" 302 - "-" "Mozilla/5.0"
45.154.98.181 - - [09/Sep/2026:02:05:46 +0200] "POST /wp-json/batch/v1 HTTP/1.1" 302 - "-" "Mozilla/5.0"
66.249.68.200 - - [09/Sep/2026:02:06:23 +0200] "GET /?r=f82abrqbr0igh4z_gkind14524022 HTTP/1.1" 200 20462 "-" "Mozilla/5.0 (Linux; Android 6.0.1; Nexus 5X Build/MMB29P) AppleWebKit/537.36 (KHTML, like Gecko) Chrome/151.0.7922.173 Mobile Safari/537.36 (compatible; Googlebot/2.1; +http://www.google.com/bot.html)"
66.249.68.198 - - [09/Sep/2026:02:10:01 +0200] "GET /?r=fzaf7bybne2od0j_gkind14523998 HTTP/1.1" 200 20462 "-" "Mozilla/5.0 (Linux; Android 6.0.1; Nexus 5X Build/MMB29P) AppleWebKit/537.36 (KHTML, like Gecko) Chrome/151.0.7922.173 Mobile Safari/537.36 (compatible; GoogleOther)"
66.249.68.198 - - [09/Sep/2026:02:10:17 +0200] "GET /?r=e0klt9819t8u46p HTTP/1.1" 200 20462 "-" "Mozilla/5.0 (Linux; Android 6.0.1; Nexus 5X Build/MMB29P) AppleWebKit/537.36 (KHTML, like Gecko) Chrome/151.0.7922.173 Mobile Safari/537.36 (compatible; GoogleOther)"
66.249.68.200 - - [09/Sep/2026:02:12:26 +0200] "GET /?r=e2d4ae11qy1btbi HTTP/1.1" 200 20462 "-" "Mozilla/5.0 (Linux; Android 6.0.1; Nexus 5X Build/MMB29P) AppleWebKit/537.36 (KHTML, like Gecko) Chrome/151.0.7922.173 Mobile Safari/537.36 (compatible; GoogleOther)"
66.249.68.199 - - [09/Sep/2026:02:13:30 +0200] "GET /?r=fu9dumxbabdnjnu HTTP/1.1" 200 20462 "-" "Mozilla/5.0 (Linux; Android 6.0.1; Nexus 5X Build/MMB29P) AppleWebKit/537.36 (KHTML, like Gecko) Chrome/151.0.7922.173 Mobile Safari/537.36 (compatible; Googlebot/2.1; +http://www.google.com/bot.html)"
66.249.68.198 - - [09/Sep/2026:02:14:03 +0200] "GET /?r=fnlx6y9bm9pz3z6 HTTP/1.1" 200 20462 "-" "Mozilla/5.0 (Linux; Android 6.0.1; Nexus 5X Build/MMB29P) AppleWebKit/537.36 (KHTML, like Gecko) Chrome/151.0.7922.173 Mobile Safari/537.36 (compatible; GoogleOther)"
157.173.103.220 - - [09/Sep/2026:02:15:20 +0200] "GET / HTTP/1.1" 302 - "-" "Mozilla/5.0 (Windows NT 10.0; Win64; x64) AppleWebKit/537.36 (KHTML, like Gecko) Chrome/138.0.0.0 Safari/537.36"
66.249.68.200 - - [09/Sep/2026:02:18:33 +0200] "GET /?r=etbuk0zw0kzl4xg HTTP/1.1" 200 20462 "-" "Mozilla/5.0 (Linux; Android 6.0.1; Nexus 5X Build/MMB29P) AppleWebKit/537.36 (KHTML, like Gecko) Chrome/151.0.7922.173 Mobile Safari/537.36 (compatible; Googlebot/2.1; +http://www.google.com/bot.html)"
66.249.68.198 - - [09/Sep/2026:02:20:17 +0200] "GET /?r=fyxuialbyt1b5bi HTTP/1.1" 200 20462 "-" "Mozilla/5.0 (Linux; Android 6.0.1; Nexus 5X Build/MMB29P) AppleWebKit/537.36 (KHTML, like Gecko) Chrome/151.0.7922.173 Mobile Safari/537.36 (compatible; GoogleOther)"
66.249.68.198 - - [09/Sep/2026:02:23:42 +0200] "GET /?r=eijsgk7xw47hzho HTTP/1.1" 200 20462 "-" "Mozilla/5.0 (Linux; Android 6.0.1; Nexus 5X Build/MMB29P) AppleWebKit/537.36 (KHTML, like Gecko) Chrome/151.0.7922.173 Mobile Safari/537.36 (compatible; GoogleOther)"
66.249.68.199 - - [09/Sep/2026:02:26:12 +0200] "GET /?r=eucdxp05d90yomh HTTP/1.1" 200 20462 "-" "Mozilla/5.0 (Linux; Android 6.0.1; Nexus 5X Build/MMB29P) AppleWebKit/537.36 (KHTML, like Gecko) Chrome/151.0.7922.173 Mobile Safari/537.36 (compatible; Googlebot/2.1; +http://www.google.com/bot.html)"
66.249.68.200 - - [09/Sep/2026:02:29:51 +0200] "GET /?r=eghjq65w6q5rc3m HTTP/1.1" 200 20462 "-" "Mozilla/5.0 (Linux; Android 6.0.1; Nexus 5X Build/MMB29P) AppleWebKit/537.36 (KHTML, like Gecko) Chrome/151.0.7922.173 Mobile Safari/537.36 (compatible; GoogleOther)"
216.73.217.130 - - [09/Sep/2026:02:30:09 +0200] "GET /robots.txt HTTP/1.1" 200 93 "-" "Mozilla/5.0 AppleWebKit/537.36 (KHTML, like Gecko; compatible; ClaudeBot/1.0; [email protected])"
185.43.220.19 - - [09/Sep/2026:02:30:13 +0200] "POST /wp-cron.php?doing_wp_cron=1788913813.2143819332122802734375 HTTP/1.1" 200 - "-" "WordPress/7.1; https://bookmakery.ru"
216.73.217.130 - - [09/Sep/2026:02:30:10 +0200] "GET /index.php/sitemap.xml HTTP/1.1" 200 20462 "-" "Mozilla/5.0 AppleWebKit/537.36 (KHTML, like Gecko; compatible; ClaudeBot/1.0; [email protected])"
66.249.68.199 - - [09/Sep/2026:02:31:02 +0200] "GET /?r=es4j15s7hps2y29 HTTP/1.1" 200 20462 "-" "Mozilla/5.0 (Linux; Android 6.0.1; Nexus 5X Build/MMB29P) AppleWebKit/537.36 (KHTML, like Gecko) Chrome/151.0.7922.173 Mobile Safari/537.36 (compatible; GoogleOther)"
66.249.68.199 - - [09/Sep/2026:02:31:17 +0200] "GET /?r=exnywcb5cwbxh9s HTTP/1.1" 200 20462 "-" "Mozilla/5.0 (Linux; Android 6.0.1; Nexus 5X Build/MMB29P) AppleWebKit/537.36 (KHTML, like Gecko) Chrome/151.0.7922.173 Mobile Safari/537.36 (compatible; Googlebot/2.1; +http://www.google.com/bot.html)"
66.249.68.200 - - [09/Sep/2026:02:34:19 +0200] "GET /?r=e40sldo91xomka5 HTTP/1.1" 200 20462 "-" "Mozilla/5.0 (Linux; Android 6.0.1; Nexus 5X Build/MMB29P) AppleWebKit/537.36 (KHTML, like Gecko) Chrome/151.0.7922.173 Mobile Safari/537.36 (compatible; Googlebot/2.1; +http://www.google.com/bot.html)"
66.249.68.199 - - [09/Sep/2026:02:35:21 +0200] "GET /?r=fs1ay2pbe6tf6ra HTTP/1.1" 200 20462 "-" "Mozilla/5.0 (Linux; Android 6.0.1; Nexus 5X Build/MMB29P) AppleWebKit/537.36 (KHTML, like Gecko) Chrome/151.0.7922.173 Mobile Safari/537.36 (compatible; GoogleOther)"
66.249.68.198 - - [09/Sep/2026:02:35:22 +0200] "GET /?r=fkze8onbo8fd21w HTTP/1.1" 200 20462 "-" "Mozilla/5.0 (Linux; Android 6.0.1; Nexus 5X Build/MMB29P) AppleWebKit/537.36 (KHTML, like Gecko) Chrome/151.0.7922.173 Mobile Safari/537.36 (compatible; Googlebot/2.1; +http://www.google.com/bot.html)"
185.43.220.19 - - [09/Sep/2026:02:50:13 +0200] "POST /wp-cron.php?doing_wp_cron=1788915013.2827069759368896484375 HTTP/1.1" 200 - "-" "WordPress/7.1; https://bookmakery.ru"
82.57.37.242 - - [09/Sep/2026:02:50:07 +0200] "GET /wp-login.php HTTP/1.1" 200 13018 "-" "Mozilla/5.0 (Windows NT 10.0; Win64; x64) AppleWebKit/537.36 (KHTML, like Gecko) Chrome/151.0.0.0 Safari/537.36"
