66.249.68.198 - - [08/Sep/2026:17:34:37 +0200] "GET /?r=frbgk0zb0hrpxd8 HTTP/1.1" 404 75155 "-" "Mozilla/5.0 (Linux; Android 6.0.1; Nexus 5X Build/MMB29P) AppleWebKit/537.36 (KHTML, like Gecko) Chrome/151.0.7922.173 Mobile Safari/537.36 (compatible; GoogleOther)"
92.118.39.61 - - [08/Sep/2026:17:38:45 +0200] "GET / HTTP/1.1" 200 75037 "-" "domain-harvester/dev (+https://github.com/esc-city/domain-harvester)"
92.118.39.61 - - [08/Sep/2026:17:38:46 +0200] "GET /robots.txt HTTP/1.1" 200 93 "-" "domain-harvester/dev (+https://github.com/esc-city/domain-harvester)"
185.43.220.19 - - [08/Sep/2026:17:38:48 +0200] "POST /wp-cron.php?doing_wp_cron=1788881928.3560719490051269531250 HTTP/1.1" 200 - "-" "WordPress/7.1; https://bookmakery.ru"
92.118.39.61 - - [08/Sep/2026:17:38:47 +0200] "GET /39fe4308e7765489cf817683 HTTP/1.1" 301 - "-" "domain-harvester/dev (+https://github.com/esc-city/domain-harvester)"
92.118.39.61 - - [08/Sep/2026:17:38:48 +0200] "GET /39fe4308e7765489cf817683/ HTTP/1.1" 200 75037 "https://bookmakery.ru/39fe4308e7765489cf817683" "domain-harvester/dev (+https://github.com/esc-city/domain-harvester)"
66.249.68.198 - - [08/Sep/2026:17:39:12 +0200] "GET /?r=f52ebrqbraig54z HTTP/1.1" 404 75155 "-" "Mozilla/5.0 (Linux; Android 6.0.1; Nexus 5X Build/MMB29P) AppleWebKit/537.36 (KHTML, like Gecko) Chrome/151.0.7922.173 Mobile Safari/537.36 (compatible; GoogleOther)"
185.43.220.19 - - [08/Sep/2026:17:42:49 +0200] "POST /wp-cron.php?doing_wp_cron=1788882169.1743469238281250000000 HTTP/1.1" 200 - "-" "WordPress/7.1; https://bookmakery.ru"
66.249.68.198 - - [08/Sep/2026:17:42:41 +0200] "GET /?r=eu4615szhps2y29 HTTP/1.1" 404 75155 "-" "Mozilla/5.0 (Linux; Android 6.0.1; Nexus 5X Build/MMB29P) AppleWebKit/537.36 (KHTML, like Gecko) Chrome/151.0.7922.173 Mobile Safari/537.36 (compatible; GoogleOther)"
94.154.43.122 - - [08/Sep/2026:17:43:55 +0200] "GET /appsettings.json HTTP/1.1" 503 468 "-" "Mozilla/5.0 (Windows NT 10.0; Win64; x64) AppleWebKit/537.36 (KHTML, like Gecko) Chrome/147.0.0.0 Safari/537.36"
185.43.220.19 - - [08/Sep/2026:17:44:03 +0200] "POST /wp-cron.php?doing_wp_cron=1788882243.6737320423126220703125 HTTP/1.1" 200 - "-" "WordPress/7.1; https://bookmakery.ru"
94.154.43.146 - - [08/Sep/2026:17:43:55 +0200] "GET /appsettings.json HTTP/1.1" 301 - "-" "Mozilla/5.0 (Windows NT 10.0; Win64; x64) AppleWebKit/537.36 (KHTML, like Gecko) Chrome/147.0.0.0 Safari/537.36"
94.154.43.122 - - [08/Sep/2026:17:44:03 +0200] "GET /appsettings.json/ HTTP/1.1" 200 75037 "-" "Mozilla/5.0 (Windows NT 10.0; Win64; x64) AppleWebKit/537.36 (KHTML, like Gecko) Chrome/147.0.0.0 Safari/537.36"
66.249.68.198 - - [08/Sep/2026:17:44:09 +0200] "GET /?r=e188hxwwxhwilud HTTP/1.1" 404 75155 "-" "Mozilla/5.0 (Linux; Android 6.0.1; Nexus 5X Build/MMB29P) AppleWebKit/537.36 (KHTML, like Gecko) Chrome/151.0.7922.173 Mobile Safari/537.36 (compatible; GoogleOther)"
39.185.68.25 - - [08/Sep/2026:17:45:09 +0200] "GET /?rest_route=/wp/v2/posts&per_page=1 HTTP/1.1" 200 2024 "-" "Mozilla/5.0 (Windows NT 10.0; Win64; x64) AppleWebKit/537.36"
39.185.68.25 - - [08/Sep/2026:17:45:13 +0200] "GET /feed/ HTTP/1.1" 301 - "-" "Mozilla/5.0 (Windows NT 10.0; Win64; x64) AppleWebKit/537.36"
39.185.68.25 - - [08/Sep/2026:17:45:11 +0200] "GET / HTTP/1.1" 301 - "-" "Mozilla/5.0 (Windows NT 10.0; Win64; x64) AppleWebKit/537.36"
185.43.220.19 - - [08/Sep/2026:17:46:41 +0200] "POST /wp-cron.php?doing_wp_cron=1788882401.5972149372100830078125 HTTP/1.1" 200 - "-" "WordPress/7.1; https://bookmakery.ru"
66.249.68.198 - - [08/Sep/2026:17:46:40 +0200] "GET /?r=ezl66y96mi970vq HTTP/1.1" 404 75155 "-" "Mozilla/5.0 (Linux; Android 6.0.1; Nexus 5X Build/MMB29P) AppleWebKit/537.36 (KHTML, like Gecko) Chrome/151.0.7922.173 Mobile Safari/537.36 (compatible; GoogleOther)"
185.43.220.19 - - [08/Sep/2026:17:49:23 +0200] "POST /wp-cron.php?doing_wp_cron=1788882563.0872569084167480468750 HTTP/1.1" 200 - "-" "WordPress/7.1; https://bookmakery.ru"
66.249.68.200 - - [08/Sep/2026:17:49:15 +0200] "GET /?r=eofc0s34gc312pk HTTP/1.1" 404 75155 "-" "Mozilla/5.0 (Linux; Android 6.0.1; Nexus 5X Build/MMB29P) AppleWebKit/537.36 (KHTML, like Gecko) Chrome/151.0.7922.173 Mobile Safari/537.36 (compatible; GoogleOther)"
66.249.68.199 - - [08/Sep/2026:17:51:45 +0200] "GET /?r=eqvnswj18gjtnt0 HTTP/1.1" 404 75155 "-" "Mozilla/5.0 (Linux; Android 6.0.1; Nexus 5X Build/MMB29P) AppleWebKit/537.36 (KHTML, like Gecko) Chrome/151.0.7922.173 Mobile Safari/537.36 (compatible; GoogleOther)"
185.43.220.19 - - [08/Sep/2026:17:54:13 +0200] "POST /wp-cron.php?doing_wp_cron=1788882853.2253460884094238281250 HTTP/1.1" 200 - "-" "WordPress/7.1; https://bookmakery.ru"
66.249.68.199 - - [08/Sep/2026:17:54:11 +0200] "GET /?r=ekkwt98v9t8uu6p HTTP/1.1" 404 75155 "-" "Mozilla/5.0 (Linux; Android 6.0.1; Nexus 5X Build/MMB29P) AppleWebKit/537.36 (KHTML, like Gecko) Chrome/151.0.7922.173 Mobile Safari/537.36 (compatible; GoogleOther)"
98.80.130.239 - - [08/Sep/2026:17:56:43 +0200] "GET /index.php?rest_route=/wp/v2/comments HTTP/1.1" 404 1309 "-" "Mozilla/5.0 AppleWebKit/537.36 (KHTML, like Gecko; compatible; Amazonbot/0.1; +https://developer.amazon.com/support/amazonbot) Chrome/119.0.6045.214 Safari/537.36"
185.43.220.19 - - [08/Sep/2026:17:59:30 +0200] "POST /wp-cron.php?doing_wp_cron=1788883170.6950039863586425781250 HTTP/1.1" 200 - "-" "WordPress/7.1; https://bookmakery.ru"
66.249.68.199 - - [08/Sep/2026:17:59:14 +0200] "GET /?r=f5fg0s3bgijtut0 HTTP/1.1" 404 75037 "-" "Mozilla/5.0 (Linux; Android 6.0.1; Nexus 5X Build/MMB29P) AppleWebKit/537.36 (KHTML, like Gecko) Chrome/151.0.7922.173 Mobile Safari/537.36 (compatible; GoogleOther)"
66.249.68.199 - - [08/Sep/2026:17:59:36 +0200] "GET /?r=f43bogrb4j7hhho HTTP/1.1" 200 222530 "-" "Mozilla/5.0 (Linux; Android 6.0.1; Nexus 5X Build/MMB29P) AppleWebKit/537.36 (KHTML, like Gecko) Chrome/151.0.7922.173 Mobile Safari/537.36 (compatible; Googlebot/2.1; +http://www.google.com/bot.html)"
66.249.68.198 - - [08/Sep/2026:17:59:42 +0200] "GET /?r=enq5zfe1fze00cv HTTP/1.1" 200 231395 "-" "Mozilla/5.0 (Linux; Android 6.0.1; Nexus 5X Build/MMB29P) AppleWebKit/537.36 (KHTML, like Gecko) Chrome/151.0.7922.173 Mobile Safari/537.36 (compatible; Googlebot/2.1; +http://www.google.com/bot.html)"
185.43.220.19 - - [08/Sep/2026:18:00:27 +0200] "POST /wp-cron.php?doing_wp_cron=1788883227.8484671115875244140625 HTTP/1.1" 200 - "-" "WordPress/7.1; https://bookmakery.ru"
66.249.68.198 - - [08/Sep/2026:18:00:25 +0200] "GET /?r=euykvzm4bjmwxw3 HTTP/1.1" 404 75155 "-" "Mozilla/5.0 (Linux; Android 6.0.1; Nexus 5X Build/MMB29P) AppleWebKit/537.36 (KHTML, like Gecko) Chrome/151.0.7922.173 Mobile Safari/537.36 (compatible; GoogleOther)"
66.249.68.198 - - [08/Sep/2026:18:01:53 +0200] "GET /?r=emnvwcb3cwbxp9s HTTP/1.1" 404 75155 "-" "Mozilla/5.0 (Linux; Android 6.0.1; Nexus 5X Build/MMB29P) AppleWebKit/537.36 (KHTML, like Gecko) Chrome/151.0.7922.173 Mobile Safari/537.36 (compatible; GoogleOther)"
185.43.220.19 - - [08/Sep/2026:18:04:20 +0200] "POST /wp-cron.php?doing_wp_cron=1788883460.4001600742340087890625 HTTP/1.1" 200 - "-" "WordPress/7.1; https://bookmakery.ru"
66.249.68.199 - - [08/Sep/2026:18:04:19 +0200] "GET /?r=eh7648vzksv5f5c HTTP/1.1" 404 75155 "-" "Mozilla/5.0 (Linux; Android 6.0.1; Nexus 5X Build/MMB29P) AppleWebKit/537.36 (KHTML, like Gecko) Chrome/151.0.7922.173 Mobile Safari/537.36 (compatible; GoogleOther)"
185.43.220.19 - - [08/Sep/2026:18:06:51 +0200] "POST /wp-cron.php?doing_wp_cron=1788883611.7146990299224853515625 HTTP/1.1" 200 - "-" "WordPress/7.1; https://bookmakery.ru"
66.249.68.198 - - [08/Sep/2026:18:06:50 +0200] "GET /?r=etjygk79w47hdho HTTP/1.1" 404 75155 "-" "Mozilla/5.0 (Linux; Android 6.0.1; Nexus 5X Build/MMB29P) AppleWebKit/537.36 (KHTML, like Gecko) Chrome/151.0.7922.173 Mobile Safari/537.36 (compatible; GoogleOther)"
185.43.220.19 - - [08/Sep/2026:18:09:14 +0200] "POST /wp-cron.php?doing_wp_cron=1788883754.6867220401763916015625 HTTP/1.1" 200 - "-" "WordPress/7.1; https://bookmakery.ru"
34.148.186.62 - - [08/Sep/2026:18:09:12 +0200] "GET /.git/config HTTP/1.1" 301 - "-" "Mozilla/5.0 (Windows NT 10.0; Win64; x64) AppleWebKit/537.36 (KHTML, like Gecko) Chrome/128.0.0.0 Safari/537.36"
185.43.220.19 - - [08/Sep/2026:18:10:30 +0200] "POST /wp-cron.php?doing_wp_cron=1788883830.4972839355468750000000 HTTP/1.1" 200 - "-" "WordPress/7.1; https://bookmakery.ru"
66.249.68.199 - - [08/Sep/2026:18:10:27 +0200] "GET /?r=ef4m15s7hps2c29 HTTP/1.1" 404 75155 "-" "Mozilla/5.0 (Linux; Android 6.0.1; Nexus 5X Build/MMB29P) AppleWebKit/537.36 (KHTML, like Gecko) Chrome/151.0.7922.173 Mobile Safari/537.36 (compatible; GoogleOther)"
185.43.220.19 - - [08/Sep/2026:18:11:51 +0200] "POST /wp-cron.php?doing_wp_cron=1788883911.1382229328155517578125 HTTP/1.1" 200 - "-" "WordPress/7.1; https://bookmakery.ru"
66.249.68.198 - - [08/Sep/2026:18:11:49 +0200] "GET /?r=es6drju673usbgb HTTP/1.1" 404 75155 "-" "Mozilla/5.0 (Linux; Android 6.0.1; Nexus 5X Build/MMB29P) AppleWebKit/537.36 (KHTML, like Gecko) Chrome/151.0.7922.173 Mobile Safari/537.36 (compatible; GoogleOther)"
66.249.68.198 - - [08/Sep/2026:18:13:05 +0200] "GET /?r=fb0gldob1v4eoel HTTP/1.1" 404 75155 "-" "Mozilla/5.0 (Linux; Android 6.0.1; Nexus 5X Build/MMB29P) AppleWebKit/537.36 (KHTML, like Gecko) Chrome/151.0.7922.173 Mobile Safari/537.36 (compatible; GoogleOther)"
185.43.220.19 - - [08/Sep/2026:18:14:21 +0200] "POST /wp-cron.php?doing_wp_cron=1788884061.0647280216217041015625 HTTP/1.1" 200 - "-" "WordPress/7.1; https://bookmakery.ru"
66.249.68.198 - - [08/Sep/2026:18:14:19 +0200] "GET /?r=eew55lkzl5k6yi1 HTTP/1.1" 404 75155 "-" "Mozilla/5.0 (Linux; Android 6.0.1; Nexus 5X Build/MMB29P) AppleWebKit/537.36 (KHTML, like Gecko) Chrome/151.0.7922.173 Mobile Safari/537.36 (compatible; GoogleOther)"
66.249.68.199 - - [08/Sep/2026:18:14:31 +0200] "GET /toyu/top/CKmSpSfTop.jsp HTTP/1.1" 301 - "-" "Mozilla/5.0 (Linux; Android 6.0.1; Nexus 5X Build/MMB29P) AppleWebKit/537.36 (KHTML, like Gecko) Chrome/151.0.7922.173 Mobile Safari/537.36 (compatible; GoogleOther)"
185.43.220.19 - - [08/Sep/2026:18:14:52 +0200] "POST /wp-cron.php?doing_wp_cron=1788884092.9265120029449462890625 HTTP/1.1" 200 - "-" "WordPress/7.1; https://bookmakery.ru"
66.249.68.198 - - [08/Sep/2026:18:14:51 +0200] "GET /?r=fnza8onbopfd51w_gkind14524022 HTTP/1.1" 404 75239 "-" "Mozilla/5.0 (Linux; Android 6.0.1; Nexus 5X Build/MMB29P) AppleWebKit/537.36 (KHTML, like Gecko) Chrome/151.0.7922.173 Mobile Safari/537.36 (compatible; GoogleOther)"
185.43.220.19 - - [08/Sep/2026:18:15:31 +0200] "POST /wp-cron.php?doing_wp_cron=1788884131.4087359905242919921875 HTTP/1.1" 200 - "-" "WordPress/7.1; https://bookmakery.ru"
66.249.68.198 - - [08/Sep/2026:18:15:29 +0200] "GET /?r=emnzwcb8cwbx69s HTTP/1.1" 404 75155 "-" "Mozilla/5.0 (Linux; Android 6.0.1; Nexus 5X Build/MMB29P) AppleWebKit/537.36 (KHTML, like Gecko) Chrome/151.0.7922.173 Mobile Safari/537.36 (compatible; GoogleOther)"
66.249.68.198 - - [08/Sep/2026:18:16:45 +0200] "GET /?r=ev5ieut6uetf4ra HTTP/1.1" 404 75155 "-" "Mozilla/5.0 (Linux; Android 6.0.1; Nexus 5X Build/MMB29P) AppleWebKit/537.36 (KHTML, like Gecko) Chrome/151.0.7922.173 Mobile Safari/537.36 (compatible; GoogleOther)"
66.249.68.199 - - [08/Sep/2026:18:17:25 +0200] "GET /?r=fnza8onbopfd51w_gkind14524006 HTTP/1.1" 404 - "-" "Mozilla/5.0 (Linux; Android 6.0.1; Nexus 5X Build/MMB29P) AppleWebKit/537.36 (KHTML, like Gecko) Chrome/151.0.7922.173 Mobile Safari/537.36 (compatible; GoogleOther)"
185.43.220.19 - - [08/Sep/2026:18:21:46 +0200] "POST /wp-cron.php?doing_wp_cron=1788884506.6838970184326171875000 HTTP/1.1" 200 - "-" "WordPress/7.1; https://bookmakery.ru"
66.249.68.199 - - [08/Sep/2026:18:21:44 +0200] "GET /?r=ej9mumx9a6xvzje HTTP/1.1" 404 75155 "-" "Mozilla/5.0 (Linux; Android 6.0.1; Nexus 5X Build/MMB29P) AppleWebKit/537.36 (KHTML, like Gecko) Chrome/151.0.7922.173 Mobile Safari/537.36 (compatible; GoogleOther)"
66.249.68.200 - - [08/Sep/2026:18:24:02 +0200] "GET /?r=ekx2ialwyuljw72 HTTP/1.1" 200 248519 "-" "Mozilla/5.0 (Linux; Android 6.0.1; Nexus 5X Build/MMB29P) AppleWebKit/537.36 (KHTML, like Gecko) Chrome/151.0.7922.173 Mobile Safari/537.36 (compatible; Googlebot/2.1; +http://www.google.com/bot.html)"
185.43.220.19 - - [08/Sep/2026:18:24:16 +0200] "POST /wp-cron.php?doing_wp_cron=1788884656.2138850688934326171875 HTTP/1.1" 200 - "-" "WordPress/7.1; https://bookmakery.ru"
66.249.68.199 - - [08/Sep/2026:18:24:15 +0200] "GET /?r=ekdnae17qy1bnbi HTTP/1.1" 404 75155 "-" "Mozilla/5.0 (Linux; Android 6.0.1; Nexus 5X Build/MMB29P) AppleWebKit/537.36 (KHTML, like Gecko) Chrome/151.0.7922.173 Mobile Safari/537.36 (compatible; GoogleOther)"
185.43.220.19 - - [08/Sep/2026:18:26:21 +0200] "POST /wp-cron.php?doing_wp_cron=1788884781.5814609527587890625000 HTTP/1.1" 200 - "-" "WordPress/7.1; https://bookmakery.ru"
66.249.68.198 - - [08/Sep/2026:18:26:20 +0200] "GET /?r=f3zc8onbocfdc1w HTTP/1.1" 404 75155 "-" "Mozilla/5.0 (Linux; Android 6.0.1; Nexus 5X Build/MMB29P) AppleWebKit/537.36 (KHTML, like Gecko) Chrome/151.0.7922.173 Mobile Safari/537.36 (compatible; GoogleOther)"
66.249.68.198 - - [08/Sep/2026:18:26:30 +0200] "GET /?r=eatz2ihyi2h3efy HTTP/1.1" 404 75155 "-" "Mozilla/5.0 (Linux; Android 6.0.1; Nexus 5X Build/MMB29P) AppleWebKit/537.36 (KHTML, like Gecko) Chrome/151.0.7922.173 Mobile Safari/537.36 (compatible; GoogleOther)"
185.43.220.19 - - [08/Sep/2026:18:26:54 +0200] "POST /wp-cron.php?doing_wp_cron=1788884814.2158548831939697265625 HTTP/1.1" 200 - "-" "WordPress/7.1; https://bookmakery.ru"
66.249.68.198 - - [08/Sep/2026:18:26:52 +0200] "GET /?r=ft1fy2pbe5tf7ra HTTP/1.1" 404 75155 "-" "Mozilla/5.0 (Linux; Android 6.0.1; Nexus 5X Build/MMB29P) AppleWebKit/537.36 (KHTML, like Gecko) Chrome/151.0.7922.173 Mobile Safari/537.36 (compatible; GoogleOther)"
66.249.68.200 - - [08/Sep/2026:18:27:03 +0200] "GET /?r=fyecn32b3zussgb HTTP/1.1" 404 75155 "-" "Mozilla/5.0 (Linux; Android 6.0.1; Nexus 5X Build/MMB29P) AppleWebKit/537.36 (KHTML, like Gecko) Chrome/151.0.7922.173 Mobile Safari/537.36 (compatible; GoogleOther)"
185.43.220.19 - - [08/Sep/2026:18:27:47 +0200] "POST /wp-cron.php?doing_wp_cron=1788884867.8179340362548828125000 HTTP/1.1" 200 - "-" "WordPress/7.1; https://bookmakery.ru"
66.249.68.198 - - [08/Sep/2026:18:27:45 +0200] "GET /?r=feket98b9t0y8mh HTTP/1.1" 404 75155 "-" "Mozilla/5.0 (Linux; Android 6.0.1; Nexus 5X Build/MMB29P) AppleWebKit/537.36 (KHTML, like Gecko) Chrome/151.0.7922.173 Mobile Safari/537.36 (compatible; GoogleOther)"
185.43.220.19 - - [08/Sep/2026:18:28:54 +0200] "POST /wp-cron.php?doing_wp_cron=1788884934.7927238941192626953125 HTTP/1.1" 200 - "-" "WordPress/7.1; https://bookmakery.ru"
66.249.68.200 - - [08/Sep/2026:18:28:53 +0200] "GET /?r=ek8fhxw9xhwi8ud HTTP/1.1" 404 75155 "-" "Mozilla/5.0 (Linux; Android 6.0.1; Nexus 5X Build/MMB29P) AppleWebKit/537.36 (KHTML, like Gecko) Chrome/151.0.7922.173 Mobile Safari/537.36 (compatible; GoogleOther)"
66.249.68.198 - - [08/Sep/2026:18:29:05 +0200] "GET /?r=f9lg6y9bmlpzvz6 HTTP/1.1" 404 75155 "-" "Mozilla/5.0 (Linux; Android 6.0.1; Nexus 5X Build/MMB29P) AppleWebKit/537.36 (KHTML, like Gecko) Chrome/151.0.7922.173 Mobile Safari/537.36 (compatible; GoogleOther)"
66.249.68.198 - - [08/Sep/2026:18:29:15 +0200] "GET /?r=f6vjswjb8wn92l4 HTTP/1.1" 200 238284 "-" "Mozilla/5.0 (Linux; Android 6.0.1; Nexus 5X Build/MMB29P) AppleWebKit/537.36 (KHTML, like Gecko) Chrome/151.0.7922.173 Mobile Safari/537.36 (compatible; Googlebot/2.1; +http://www.google.com/bot.html)"
185.43.220.19 - - [08/Sep/2026:18:29:19 +0200] "POST /wp-cron.php?doing_wp_cron=1788884959.3483259677886962890625 HTTP/1.1" 200 - "-" "WordPress/7.1; https://bookmakery.ru"
66.249.68.198 - - [08/Sep/2026:18:29:18 +0200] "GET /?r=eng8dh44t14ehel HTTP/1.1" 404 75155 "-" "Mozilla/5.0 (Linux; Android 6.0.1; Nexus 5X Build/MMB29P) AppleWebKit/537.36 (KHTML, like Gecko) Chrome/151.0.7922.173 Mobile Safari/537.36 (compatible; GoogleOther)"
88.203.48.133 - - [08/Sep/2026:18:29:42 +0200] "GET /wp-login.php HTTP/1.1" 200 12967 "-" "Mozilla/5.0 (Windows NT 10.0; Win64; x64) AppleWebKit/537.36 (KHTML, like Gecko) Chrome/151.0.0.0 Safari/537.36"
185.43.220.19 - - [08/Sep/2026:18:29:50 +0200] "POST /wp-cron.php?doing_wp_cron=1788884990.4663679599761962890625 HTTP/1.1" 200 - "-" "WordPress/7.1; https://bookmakery.ru"
88.203.48.133 - - [08/Sep/2026:18:29:49 +0200] "POST /wp-login.php HTTP/1.1" 200 13451 "https://bookmakery.ru/wp-login.php" "Mozilla/5.0 (Windows NT 10.0; Win64; x64) AppleWebKit/537.36 (KHTML, like Gecko) Chrome/151.0.0.0 Safari/537.36"
185.43.220.19 - - [08/Sep/2026:18:30:30 +0200] "POST /wp-cron.php?doing_wp_cron=1788885030.4441609382629394531250 HTTP/1.1" 200 - "-" "WordPress/7.1; https://bookmakery.ru"
66.249.68.198 - - [08/Sep/2026:18:30:28 +0200] "GET /?r=ewia3v60jf64lsn HTTP/1.1" 404 75155 "-" "Mozilla/5.0 (Linux; Android 6.0.1; Nexus 5X Build/MMB29P) AppleWebKit/537.36 (KHTML, like Gecko) Chrome/151.0.7922.173 Mobile Safari/537.36 (compatible; GoogleOther)"
185.43.220.19 - - [08/Sep/2026:18:31:36 +0200] "POST /wp-cron.php?doing_wp_cron=1788885096.3050739765167236328125 HTTP/1.1" 200 - "-" "WordPress/7.1; https://bookmakery.ru"
66.249.68.200 - - [08/Sep/2026:18:31:33 +0200] "GET /?r=eyegn3293n2oy0j HTTP/1.1" 404 75155 "-" "Mozilla/5.0 (Linux; Android 6.0.1; Nexus 5X Build/MMB29P) AppleWebKit/537.36 (KHTML, like Gecko) Chrome/151.0.7922.173 Mobile Safari/537.36 (compatible; GoogleOther)"
185.43.220.19 - - [08/Sep/2026:18:31:50 +0200] "POST /wp-cron.php?doing_wp_cron=1788885110.1263210773468017578125 HTTP/1.1" 200 - "-" "WordPress/7.1; https://bookmakery.ru"
66.249.68.198 - - [08/Sep/2026:18:31:49 +0200] "GET /?r=e8hqq6556q5r13m HTTP/1.1" 404 75155 "-" "Mozilla/5.0 (Linux; Android 6.0.1; Nexus 5X Build/MMB29P) AppleWebKit/537.36 (KHTML, like Gecko) Chrome/151.0.7922.173 Mobile Safari/537.36 (compatible; GoogleOther)"
66.249.68.198 - - [08/Sep/2026:18:32:03 +0200] "GET /?r=eqdcae15qy1b9bi HTTP/1.1" 404 75155 "-" "Mozilla/5.0 (Linux; Android 6.0.1; Nexus 5X Build/MMB29P) AppleWebKit/537.36 (KHTML, like Gecko) Chrome/151.0.7922.173 Mobile Safari/537.36 (compatible; GoogleOther)"
185.43.220.19 - - [08/Sep/2026:18:33:24 +0200] "POST /wp-cron.php?doing_wp_cron=1788885204.2077538967132568359375 HTTP/1.1" 200 - "-" "WordPress/7.1; https://bookmakery.ru"
66.249.68.200 - - [08/Sep/2026:18:33:21 +0200] "GET /?r=ed6drju673us5gb HTTP/1.1" 404 75155 "-" "Mozilla/5.0 (Linux; Android 6.0.1; Nexus 5X Build/MMB29P) AppleWebKit/537.36 (KHTML, like Gecko) Chrome/151.0.7922.173 Mobile Safari/537.36 (compatible; GoogleOther)"
216.73.217.130 - - [08/Sep/2026:18:34:24 +0200] "GET /robots.txt HTTP/1.1" 200 93 "-" "Mozilla/5.0 AppleWebKit/537.36 (KHTML, like Gecko; compatible; ClaudeBot/1.0; [email protected])"
185.43.220.19 - - [08/Sep/2026:18:34:25 +0200] "POST /wp-cron.php?doing_wp_cron=1788885265.0908639430999755859375 HTTP/1.1" 200 - "-" "WordPress/7.1; https://bookmakery.ru"
66.249.68.199 - - [08/Sep/2026:18:34:20 +0200] "GET /?r=e2jegk74w47hqho HTTP/1.1" 404 75155 "-" "Mozilla/5.0 (Linux; Android 6.0.1; Nexus 5X Build/MMB29P) AppleWebKit/537.36 (KHTML, like Gecko) Chrome/151.0.7922.173 Mobile Safari/537.36 (compatible; GoogleOther)"
216.73.217.130 - - [08/Sep/2026:18:34:24 +0200] "GET /index.php/sitemap.xml HTTP/1.1" 503 468 "-" "Mozilla/5.0 AppleWebKit/537.36 (KHTML, like Gecko; compatible; ClaudeBot/1.0; [email protected])"
66.249.68.198 - - [08/Sep/2026:18:34:38 +0200] "GET /?r=fyuaf7ibvky8h8f HTTP/1.1" 404 75155 "-" "Mozilla/5.0 (Linux; Android 6.0.1; Nexus 5X Build/MMB29P) AppleWebKit/537.36 (KHTML, like Gecko) Chrome/151.0.7922.173 Mobile Safari/537.36 (compatible; GoogleOther)"
66.249.68.198 - - [08/Sep/2026:18:34:55 +0200] "GET /?r=eajigk79w47hfho HTTP/1.1" 404 75155 "-" "Mozilla/5.0 (Linux; Android 6.0.1; Nexus 5X Build/MMB29P) AppleWebKit/537.36 (KHTML, like Gecko) Chrome/151.0.7922.173 Mobile Safari/537.36 (compatible; GoogleOther)"
185.43.220.19 - - [08/Sep/2026:18:36:06 +0200] "POST /wp-cron.php?doing_wp_cron=1788885366.3125829696655273437500 HTTP/1.1" 200 - "-" "WordPress/7.1; https://bookmakery.ru"
66.249.68.199 - - [08/Sep/2026:18:36:03 +0200] "GET /?r=ev5meut1uetfzra HTTP/1.1" 404 75155 "-" "Mozilla/5.0 (Linux; Android 6.0.1; Nexus 5X Build/MMB29P) AppleWebKit/537.36 (KHTML, like Gecko) Chrome/151.0.7922.173 Mobile Safari/537.36 (compatible; GoogleOther)"
185.43.220.19 - - [08/Sep/2026:18:36:50 +0200] "POST /wp-cron.php?doing_wp_cron=1788885410.1149420738220214843750 HTTP/1.1" 200 - "-" "WordPress/7.1; https://bookmakery.ru"
66.249.68.198 - - [08/Sep/2026:18:36:46 +0200] "GET /?r=ef7a48v2ksv5m5c HTTP/1.1" 404 75155 "-" "Mozilla/5.0 (Linux; Android 6.0.1; Nexus 5X Build/MMB29P) AppleWebKit/537.36 (KHTML, like Gecko) Chrome/151.0.7922.173 Mobile Safari/537.36 (compatible; GoogleOther)"
185.43.220.19 - - [08/Sep/2026:18:38:00 +0200] "POST /wp-cron.php?doing_wp_cron=1788885480.6129291057586669921875 HTTP/1.1" 200 - "-" "WordPress/7.1; https://bookmakery.ru"
66.249.68.198 - - [08/Sep/2026:18:37:57 +0200] "GET /?r=fundwcbbcq31cpk HTTP/1.1" 404 75155 "-" "Mozilla/5.0 (Linux; Android 6.0.1; Nexus 5X Build/MMB29P) AppleWebKit/537.36 (KHTML, like Gecko) Chrome/151.0.7922.173 Mobile Safari/537.36 (compatible; GoogleOther)"
185.43.220.19 - - [08/Sep/2026:18:39:33 +0200] "POST /wp-cron.php?doing_wp_cron=1788885573.4817779064178466796875 HTTP/1.1" 200 - "-" "WordPress/7.1; https://bookmakery.ru"
66.249.68.200 - - [08/Sep/2026:18:39:29 +0200] "GET /?r=ebac7byxnvy848f HTTP/1.1" 404 75155 "-" "Mozilla/5.0 (Linux; Android 6.0.1; Nexus 5X Build/MMB29P) AppleWebKit/537.36 (KHTML, like Gecko) Chrome/151.0.7922.173 Mobile Safari/537.36 (compatible; GoogleOther)"
66.249.68.198 - - [08/Sep/2026:18:39:52 +0200] "GET /?r=focgxp0bdfgqaqx_gkind14524026 HTTP/1.1" 404 75239 "-" "Mozilla/5.0 (Linux; Android 6.0.1; Nexus 5X Build/MMB29P) AppleWebKit/537.36 (KHTML, like Gecko) Chrome/151.0.7922.173 Mobile Safari/537.36 (compatible; GoogleOther)"
178.184.82.188 - - [08/Sep/2026:18:40:15 +0200] "GET /wp-login.php HTTP/1.1" 200 13018 "-" "Mozilla/5.0 (Windows NT 10.0; Win64; x64) AppleWebKit/537.36 (KHTML, like Gecko) Chrome/151.0.0.0 Safari/537.36"
178.184.82.188 - - [08/Sep/2026:18:40:18 +0200] "POST /wp-login.php HTTP/1.1" 200 13502 "https://bookmakery.ru.livebookmakers.net/wp-login.php" "Mozilla/5.0 (Windows NT 10.0; Win64; x64) AppleWebKit/537.36 (KHTML, like Gecko) Chrome/151.0.0.0 Safari/537.36"
185.43.220.19 - - [08/Sep/2026:18:41:23 +0200] "POST /wp-cron.php?doing_wp_cron=1788885683.1924450397491455078125 HTTP/1.1" 200 - "-" "WordPress/7.1; https://bookmakery.ru"
66.249.68.199 - - [08/Sep/2026:18:41:18 +0200] "GET /?r=eb17y2pvempztz6 HTTP/1.1" 404 75155 "-" "Mozilla/5.0 (Linux; Android 6.0.1; Nexus 5X Build/MMB29P) AppleWebKit/537.36 (KHTML, like Gecko) Chrome/151.0.7922.173 Mobile Safari/537.36 (compatible; GoogleOther)"
66.249.68.198 - - [08/Sep/2026:18:41:42 +0200] "GET /?r=euknt9889t8ub6p HTTP/1.1" 200 229969 "-" "Mozilla/5.0 (Linux; Android 6.0.1; Nexus 5X Build/MMB29P) AppleWebKit/537.36 (KHTML, like Gecko) Chrome/151.0.7922.173 Mobile Safari/537.36 (compatible; Googlebot/2.1; +http://www.google.com/bot.html)"
66.249.68.200 - - [08/Sep/2026:18:42:21 +0200] "GET /?r=et0yldo81xom5a5 HTTP/1.1" 503 - "-" "Mozilla/5.0 (Linux; Android 6.0.1; Nexus 5X Build/MMB29P) AppleWebKit/537.36 (KHTML, like Gecko) Chrome/151.0.7922.173 Mobile Safari/537.36 (compatible; GoogleOther)"
66.249.68.198 - - [08/Sep/2026:18:43:01 +0200] "GET /?r=f7ccxp0bdpgqqqx HTTP/1.1" 503 - "-" "Mozilla/5.0 (Linux; Android 6.0.1; Nexus 5X Build/MMB29P) AppleWebKit/537.36 (KHTML, like Gecko) Chrome/151.0.7922.173 Mobile Safari/537.36 (compatible; GoogleOther)"
34.204.150.196 - - [08/Sep/2026:18:44:28 +0200] "GET /index.php?rest_route=/wp/v2/taxonomies/category HTTP/1.1" 503 - "-" "Mozilla/5.0 AppleWebKit/537.36 (KHTML, like Gecko; compatible; Amazonbot/0.1; +https://developer.amazon.com/support/amazonbot) Chrome/119.0.6045.214 Safari/537.36"
66.249.68.200 - - [08/Sep/2026:18:44:56 +0200] "GET /?r=enbek0z70kzlrxg HTTP/1.1" 503 - "-" "Mozilla/5.0 (Linux; Android 6.0.1; Nexus 5X Build/MMB29P) AppleWebKit/537.36 (KHTML, like Gecko) Chrome/151.0.7922.173 Mobile Safari/537.36 (compatible; GoogleOther)"
185.43.220.19 - - [08/Sep/2026:18:47:42 +0200] "POST /wp-cron.php?doing_wp_cron=1788886062.6087551116943359375000 HTTP/1.1" 200 - "-" "WordPress/7.1; https://bookmakery.ru"
66.249.68.198 - - [08/Sep/2026:18:47:40 +0200] "GET /?r=ea0yldo81xomva5 HTTP/1.1" 404 75155 "-" "Mozilla/5.0 (Linux; Android 6.0.1; Nexus 5X Build/MMB29P) AppleWebKit/537.36 (KHTML, like Gecko) Chrome/151.0.7922.173 Mobile Safari/537.36 (compatible; GoogleOther)"
185.43.220.19 - - [08/Sep/2026:18:50:10 +0200] "POST /wp-cron.php?doing_wp_cron=1788886210.9221069812774658203125 HTTP/1.1" 200 - "-" "WordPress/7.1; https://bookmakery.ru"
66.249.68.198 - - [08/Sep/2026:18:50:09 +0200] "GET /?r=fnza8onbopfd51w_gkind14524014 HTTP/1.1" 404 75239 "-" "Mozilla/5.0 (Linux; Android 6.0.1; Nexus 5X Build/MMB29P) AppleWebKit/537.36 (KHTML, like Gecko) Chrome/151.0.7922.173 Mobile Safari/537.36 (compatible; GoogleOther)"
185.43.220.19 - - [08/Sep/2026:18:50:23 +0200] "POST /wp-cron.php?doing_wp_cron=1788886223.8930170536041259765625 HTTP/1.1" 200 - "-" "WordPress/7.1; https://bookmakery.ru"
66.249.68.198 - - [08/Sep/2026:18:50:22 +0200] "GET /?r=fqygvzmbb5qcyo7 HTTP/1.1" 404 75155 "-" "Mozilla/5.0 (Linux; Android 6.0.1; Nexus 5X Build/MMB29P) AppleWebKit/537.36 (KHTML, like Gecko) Chrome/151.0.7922.173 Mobile Safari/537.36 (compatible; GoogleOther)"
185.43.220.19 - - [08/Sep/2026:18:51:26 +0200] "POST /wp-cron.php?doing_wp_cron=1788886286.5780200958251953125000 HTTP/1.1" 200 - "-" "WordPress/7.1; https://bookmakery.ru"
66.249.68.198 - - [08/Sep/2026:18:51:24 +0200] "GET /toyu/top/CKmSpSfTop.jsp/ HTTP/1.1" 404 75037 "-" "Mozilla/5.0 (Linux; Android 6.0.1; Nexus 5X Build/MMB29P) AppleWebKit/537.36 (KHTML, like Gecko) Chrome/151.0.7922.173 Mobile Safari/537.36 (compatible; GoogleOther)"
185.43.220.19 - - [08/Sep/2026:18:53:07 +0200] "POST /wp-cron.php?doing_wp_cron=1788886387.7983150482177734375000 HTTP/1.1" 200 - "-" "WordPress/7.1; https://bookmakery.ru"
66.249.68.199 - - [08/Sep/2026:18:53:05 +0200] "GET /?r=ewd3ae17qy1bnbi HTTP/1.1" 404 75155 "-" "Mozilla/5.0 (Linux; Android 6.0.1; Nexus 5X Build/MMB29P) AppleWebKit/537.36 (KHTML, like Gecko) Chrome/151.0.7922.173 Mobile Safari/537.36 (compatible; GoogleOther)"
66.249.68.200 - - [08/Sep/2026:18:54:09 +0200] "GET /?r=eumxjna3z7akwkr_gkind14524010 HTTP/1.1" 200 214297 "-" "Mozilla/5.0 (Linux; Android 6.0.1; Nexus 5X Build/MMB29P) AppleWebKit/537.36 (KHTML, like Gecko) Chrome/151.0.7922.173 Mobile Safari/537.36 (compatible; Googlebot/2.1; +http://www.google.com/bot.html)"
185.43.220.19 - - [08/Sep/2026:18:55:50 +0200] "POST /wp-cron.php?doing_wp_cron=1788886550.7619109153747558593750 HTTP/1.1" 200 - "-" "WordPress/7.1; https://bookmakery.ru"
66.249.68.198 - - [08/Sep/2026:18:55:49 +0200] "GET /?r=e8az7bywnvy898f HTTP/1.1" 404 75155 "-" "Mozilla/5.0 (Linux; Android 6.0.1; Nexus 5X Build/MMB29P) AppleWebKit/537.36 (KHTML, like Gecko) Chrome/151.0.7922.173 Mobile Safari/537.36 (compatible; GoogleOther)"
185.43.220.19 - - [08/Sep/2026:18:57:14 +0200] "POST /wp-cron.php?doing_wp_cron=1788886634.9311249256134033203125 HTTP/1.1" 200 - "-" "WordPress/7.1; https://bookmakery.ru"
66.249.68.200 - - [08/Sep/2026:18:57:13 +0200] "GET /?r=fhsgptgb5rk64i1 HTTP/1.1" 404 75155 "-" "Mozilla/5.0 (Linux; Android 6.0.1; Nexus 5X Build/MMB29P) AppleWebKit/537.36 (KHTML, like Gecko) Chrome/151.0.7922.173 Mobile Safari/537.36 (compatible; GoogleOther)"
185.43.220.19 - - [08/Sep/2026:18:58:31 +0200] "POST /wp-cron.php?doing_wp_cron=1788886710.9403150081634521484375 HTTP/1.1" 200 - "-" "WordPress/7.1; https://bookmakery.ru"
66.249.68.199 - - [08/Sep/2026:18:58:29 +0200] "GET /?r=ejj5gk72w47hqho HTTP/1.1" 404 75155 "-" "Mozilla/5.0 (Linux; Android 6.0.1; Nexus 5X Build/MMB29P) AppleWebKit/537.36 (KHTML, like Gecko) Chrome/151.0.7922.173 Mobile Safari/537.36 (compatible; GoogleOther)"
66.249.68.198 - - [08/Sep/2026:18:58:40 +0200] "GET /?r=ewsfptg75dgq2qx HTTP/1.1" 404 75155 "-" "Mozilla/5.0 (Linux; Android 6.0.1; Nexus 5X Build/MMB29P) AppleWebKit/537.36 (KHTML, like Gecko) Chrome/151.0.7922.173 Mobile Safari/537.36 (compatible; GoogleOther)"
185.43.220.19 - - [08/Sep/2026:18:59:08 +0200] "POST /wp-cron.php?doing_wp_cron=1788886748.0901861190795898437500 HTTP/1.1" 200 - "-" "WordPress/7.1; https://bookmakery.ru"
66.249.68.198 - - [08/Sep/2026:18:59:07 +0200] "GET /?r=eybtk0zv0kzlhxg HTTP/1.1" 404 75155 "-" "Mozilla/5.0 (Linux; Android 6.0.1; Nexus 5X Build/MMB29P) AppleWebKit/537.36 (KHTML, like Gecko) Chrome/151.0.7922.173 Mobile Safari/537.36 (compatible; GoogleOther)"
185.43.220.19 - - [08/Sep/2026:19:01:04 +0200] "POST /wp-cron.php?doing_wp_cron=1788886863.9982590675354003906250 HTTP/1.1" 200 - "-" "WordPress/7.1; https://bookmakery.ru"
66.249.68.198 - - [08/Sep/2026:19:01:02 +0200] "GET /?r=ed6urjuw73usvgb HTTP/1.1" 404 75155 "-" "Mozilla/5.0 (Linux; Android 6.0.1; Nexus 5X Build/MMB29P) AppleWebKit/537.36 (KHTML, like Gecko) Chrome/151.0.7922.173 Mobile Safari/537.36 (compatible; GoogleOther)"
66.249.68.198 - - [08/Sep/2026:19:01:15 +0200] "GET /?r=eh31ogry40rpad8 HTTP/1.1" 404 75155 "-" "Mozilla/5.0 (Linux; Android 6.0.1; Nexus 5X Build/MMB29P) AppleWebKit/537.36 (KHTML, like Gecko) Chrome/151.0.7922.173 Mobile Safari/537.36 (compatible; GoogleOther)"
185.43.220.19 - - [08/Sep/2026:19:02:58 +0200] "POST /wp-cron.php?doing_wp_cron=1788886978.7564198970794677734375 HTTP/1.1" 200 - "-" "WordPress/7.1; https://bookmakery.ru"
66.249.68.198 - - [08/Sep/2026:19:02:57 +0200] "GET /?r=fvrac4fbs7v5z5c HTTP/1.1" 404 75155 "-" "Mozilla/5.0 (Linux; Android 6.0.1; Nexus 5X Build/MMB29P) AppleWebKit/537.36 (KHTML, like Gecko) Chrome/151.0.7922.173 Mobile Safari/537.36 (compatible; GoogleOther)"
185.43.220.19 - - [08/Sep/2026:19:04:00 +0200] "POST /wp-cron.php?doing_wp_cron=1788887040.3881170749664306640625 HTTP/1.1" 200 - "-" "WordPress/7.1; https://bookmakery.ru"
66.249.68.199 - - [08/Sep/2026:19:03:58 +0200] "GET /?r=eji93v6yjf64lsn HTTP/1.1" 404 75155 "-" "Mozilla/5.0 (Linux; Android 6.0.1; Nexus 5X Build/MMB29P) AppleWebKit/537.36 (KHTML, like Gecko) Chrome/151.0.7922.173 Mobile Safari/537.36 (compatible; GoogleOther)"
185.43.220.19 - - [08/Sep/2026:19:06:45 +0200] "POST /wp-cron.php?doing_wp_cron=1788887205.9537160396575927734375 HTTP/1.1" 200 - "-" "WordPress/7.1; https://bookmakery.ru"
66.249.68.200 - - [08/Sep/2026:19:06:44 +0200] "GET /?r=e505ldoy1xomja5 HTTP/1.1" 404 75155 "-" "Mozilla/5.0 (Linux; Android 6.0.1; Nexus 5X Build/MMB29P) AppleWebKit/537.36 (KHTML, like Gecko) Chrome/151.0.7922.173 Mobile Safari/537.36 (compatible; GoogleOther)"
66.249.68.198 - - [08/Sep/2026:19:06:56 +0200] "GET /?r=f2la6y9bm8pzcz6 HTTP/1.1" 404 75155 "-" "Mozilla/5.0 (Linux; Android 6.0.1; Nexus 5X Build/MMB29P) AppleWebKit/537.36 (KHTML, like Gecko) Chrome/151.0.7922.173 Mobile Safari/537.36 (compatible; GoogleOther)"
185.43.220.19 - - [08/Sep/2026:19:09:26 +0200] "POST /wp-cron.php?doing_wp_cron=1788887366.6636149883270263671875 HTTP/1.1" 200 - "-" "WordPress/7.1; https://bookmakery.ru"
66.249.68.200 - - [08/Sep/2026:19:09:25 +0200] "GET /?r=ehv0swjy8gjtqt0 HTTP/1.1" 404 75155 "-" "Mozilla/5.0 (Linux; Android 6.0.1; Nexus 5X Build/MMB29P) AppleWebKit/537.36 (KHTML, like Gecko) Chrome/151.0.7922.173 Mobile Safari/537.36 (compatible; GoogleOther)"
66.249.68.199 - - [08/Sep/2026:19:11:58 +0200] "GET /?r=e81xy2p1empzhz6 HTTP/1.1" 200 236483 "-" "Mozilla/5.0 (Linux; Android 6.0.1; Nexus 5X Build/MMB29P) AppleWebKit/537.36 (KHTML, like Gecko) Chrome/151.0.7922.173 Mobile Safari/537.36 (compatible; Googlebot/2.1; +http://www.google.com/bot.html)"
185.43.220.19 - - [08/Sep/2026:19:12:10 +0200] "POST /wp-cron.php?doing_wp_cron=1788887530.1600849628448486328125 HTTP/1.1" 200 - "-" "WordPress/7.1; https://bookmakery.ru"
66.249.68.198 - - [08/Sep/2026:19:12:09 +0200] "GET /?r=ekfj0s3zgc31tpk HTTP/1.1" 404 75155 "-" "Mozilla/5.0 (Linux; Android 6.0.1; Nexus 5X Build/MMB29P) AppleWebKit/537.36 (KHTML, like Gecko) Chrome/151.0.7922.173 Mobile Safari/537.36 (compatible; GoogleOther)"
185.43.220.19 - - [08/Sep/2026:19:14:52 +0200] "POST /wp-cron.php?doing_wp_cron=1788887692.5647230148315429687500 HTTP/1.1" 200 - "-" "WordPress/7.1; https://bookmakery.ru"
66.249.68.198 - - [08/Sep/2026:19:14:51 +0200] "GET /?r=fo6arjub7iakvkr HTTP/1.1" 404 75155 "-" "Mozilla/5.0 (Linux; Android 6.0.1; Nexus 5X Build/MMB29P) AppleWebKit/537.36 (KHTML, like Gecko) Chrome/151.0.7922.173 Mobile Safari/537.36 (compatible; GoogleOther)"
66.249.68.200 - - [08/Sep/2026:19:15:09 +0200] "GET /?r=fx2dbrqbr9igo4z HTTP/1.1" 404 75155 "-" "Mozilla/5.0 (Linux; Android 6.0.1; Nexus 5X Build/MMB29P) AppleWebKit/537.36 (KHTML, like Gecko) Chrome/151.0.7922.173 Mobile Safari/537.36 (compatible; GoogleOther)"
185.43.220.19 - - [08/Sep/2026:19:15:23 +0200] "POST /wp-cron.php?doing_wp_cron=1788887723.1902689933776855468750 HTTP/1.1" 200 - "-" "WordPress/7.1; https://bookmakery.ru"
66.249.68.198 - - [08/Sep/2026:19:15:21 +0200] "GET /?r=f4ydvzmbb0qcxo7 HTTP/1.1" 404 75155 "-" "Mozilla/5.0 (Linux; Android 6.0.1; Nexus 5X Build/MMB29P) AppleWebKit/537.36 (KHTML, like Gecko) Chrome/151.0.7922.173 Mobile Safari/537.36 (compatible; GoogleOther)"
185.43.220.19 - - [08/Sep/2026:19:17:10 +0200] "POST /wp-cron.php?doing_wp_cron=1788887829.8515911102294921875000 HTTP/1.1" 200 - "-" "WordPress/7.1; https://bookmakery.ru"
66.249.68.200 - - [08/Sep/2026:19:17:06 +0200] "GET /?r=evc1xp0wd90ypmh HTTP/1.1" 404 75155 "-" "Mozilla/5.0 (Linux; Android 6.0.1; Nexus 5X Build/MMB29P) AppleWebKit/537.36 (KHTML, like Gecko) Chrome/151.0.7922.173 Mobile Safari/537.36 (compatible; GoogleOther)"
185.43.220.19 - - [08/Sep/2026:19:17:39 +0200] "POST /wp-cron.php?doing_wp_cron=1788887859.5941319465637207031250 HTTP/1.1" 200 - "-" "WordPress/7.1; https://bookmakery.ru"
66.249.68.198 - - [08/Sep/2026:19:17:36 +0200] "GET /?r=ej4815s1hps2y29 HTTP/1.1" 404 75155 "-" "Mozilla/5.0 (Linux; Android 6.0.1; Nexus 5X Build/MMB29P) AppleWebKit/537.36 (KHTML, like Gecko) Chrome/151.0.7922.173 Mobile Safari/537.36 (compatible; GoogleOther)"
185.43.220.19 - - [08/Sep/2026:19:21:37 +0200] "POST /wp-cron.php?doing_wp_cron=1788888097.7071681022644042968750 HTTP/1.1" 200 - "-" "WordPress/7.1; https://bookmakery.ru"
66.249.68.199 - - [08/Sep/2026:19:21:35 +0200] "GET /?r=fa1cy2pbe5tfxra HTTP/1.1" 404 75155 "-" "Mozilla/5.0 (Linux; Android 6.0.1; Nexus 5X Build/MMB29P) AppleWebKit/537.36 (KHTML, like Gecko) Chrome/151.0.7922.173 Mobile Safari/537.36 (compatible; GoogleOther)"
185.43.220.19 - - [08/Sep/2026:19:23:14 +0200] "POST /wp-cron.php?doing_wp_cron=1788888194.1088728904724121093750 HTTP/1.1" 200 - "-" "WordPress/7.1; https://bookmakery.ru"
66.249.68.198 - - [08/Sep/2026:19:23:12 +0200] "GET /?r=fgheq65b6exvyje HTTP/1.1" 404 75155 "-" "Mozilla/5.0 (Linux; Android 6.0.1; Nexus 5X Build/MMB29P) AppleWebKit/537.36 (KHTML, like Gecko) Chrome/151.0.7922.173 Mobile Safari/537.36 (compatible; GoogleOther)"
185.43.220.19 - - [08/Sep/2026:19:25:46 +0200] "POST /wp-cron.php?doing_wp_cron=1788888346.2487308979034423828125 HTTP/1.1" 200 - "-" "WordPress/7.1; https://bookmakery.ru"
66.249.68.200 - - [08/Sep/2026:19:25:44 +0200] "GET /?r=enqizfeyfze0lcv HTTP/1.1" 404 75155 "-" "Mozilla/5.0 (Linux; Android 6.0.1; Nexus 5X Build/MMB29P) AppleWebKit/537.36 (KHTML, like Gecko) Chrome/151.0.7922.173 Mobile Safari/537.36 (compatible; GoogleOther)"
185.43.220.19 - - [08/Sep/2026:19:26:31 +0200] "POST /wp-cron.php?doing_wp_cron=1788888391.8898909091949462890625 HTTP/1.1" 200 - "-" "WordPress/7.1; https://bookmakery.ru"
66.249.68.198 - - [08/Sep/2026:19:26:30 +0200] "GET /?r=eb7y48v3ksv5v5c HTTP/1.1" 404 75155 "-" "Mozilla/5.0 (Linux; Android 6.0.1; Nexus 5X Build/MMB29P) AppleWebKit/537.36 (KHTML, like Gecko) Chrome/151.0.7922.173 Mobile Safari/537.36 (compatible; GoogleOther)"
66.249.68.198 - - [08/Sep/2026:19:26:39 +0200] "GET /?r=ek2nbrq2rbqcvo7 HTTP/1.1" 404 75155 "-" "Mozilla/5.0 (Linux; Android 6.0.1; Nexus 5X Build/MMB29P) AppleWebKit/537.36 (KHTML, like Gecko) Chrome/151.0.7922.173 Mobile Safari/537.36 (compatible; GoogleOther)"
185.43.220.19 - - [08/Sep/2026:19:26:50 +0200] "POST /wp-cron.php?doing_wp_cron=1788888410.0734310150146484375000 HTTP/1.1" 200 - "-" "WordPress/7.1; https://bookmakery.ru"
66.249.68.198 - - [08/Sep/2026:19:26:48 +0200] "GET /?r=enz08on5o8n9dl4 HTTP/1.1" 404 75155 "-" "Mozilla/5.0 (Linux; Android 6.0.1; Nexus 5X Build/MMB29P) AppleWebKit/537.36 (KHTML, like Gecko) Chrome/151.0.7922.173 Mobile Safari/537.36 (compatible; GoogleOther)"
66.249.68.199 - - [08/Sep/2026:19:28:30 +0200] "GET /?r=e81xy2p1empzhz6_gkind14523982 HTTP/1.1" 200 212077 "-" "Mozilla/5.0 (Linux; Android 6.0.1; Nexus 5X Build/MMB29P) AppleWebKit/537.36 (KHTML, like Gecko) Chrome/151.0.7922.173 Mobile Safari/537.36 (compatible; Googlebot/2.1; +http://www.google.com/bot.html)"
185.43.220.19 - - [08/Sep/2026:19:28:33 +0200] "POST /wp-cron.php?doing_wp_cron=1788888513.6783449649810791015625 HTTP/1.1" 200 - "-" "WordPress/7.1; https://bookmakery.ru"
66.249.68.199 - - [08/Sep/2026:19:28:32 +0200] "GET /?r=f23fogrb4p7h3ho HTTP/1.1" 404 75155 "-" "Mozilla/5.0 (Linux; Android 6.0.1; Nexus 5X Build/MMB29P) AppleWebKit/537.36 (KHTML, like Gecko) Chrome/151.0.7922.173 Mobile Safari/537.36 (compatible; GoogleOther)"
66.249.68.198 - - [08/Sep/2026:19:28:41 +0200] "GET /?r=e8ll6y9zmi97zvq HTTP/1.1" 404 75155 "-" "Mozilla/5.0 (Linux; Android 6.0.1; Nexus 5X Build/MMB29P) AppleWebKit/537.36 (KHTML, like Gecko) Chrome/151.0.7922.173 Mobile Safari/537.36 (compatible; GoogleOther)"
185.43.220.19 - - [08/Sep/2026:19:29:54 +0200] "POST /wp-cron.php?doing_wp_cron=1788888594.1373360157012939453125 HTTP/1.1" 200 - "-" "WordPress/7.1; https://bookmakery.ru"
66.249.68.198 - - [08/Sep/2026:19:29:52 +0200] "GET /?r=evrfc4fzsofdj1w HTTP/1.1" 404 75155 "-" "Mozilla/5.0 (Linux; Android 6.0.1; Nexus 5X Build/MMB29P) AppleWebKit/537.36 (KHTML, like Gecko) Chrome/151.0.7922.173 Mobile Safari/537.36 (compatible; GoogleOther)"
185.43.220.19 - - [08/Sep/2026:19:31:12 +0200] "POST /wp-cron.php?doing_wp_cron=1788888672.7223329544067382812500 HTTP/1.1" 200 - "-" "WordPress/7.1; https://bookmakery.ru"
66.249.68.198 - - [08/Sep/2026:19:31:10 +0200] "GET /?r=fundwcbbc931fpk HTTP/1.1" 404 75155 "-" "Mozilla/5.0 (Linux; Android 6.0.1; Nexus 5X Build/MMB29P) AppleWebKit/537.36 (KHTML, like Gecko) Chrome/151.0.7922.173 Mobile Safari/537.36 (compatible; GoogleOther)"
185.43.220.19 - - [08/Sep/2026:19:31:49 +0200] "POST /wp-cron.php?doing_wp_cron=1788888709.6200160980224609375000 HTTP/1.1" 200 - "-" "WordPress/7.1; https://bookmakery.ru"
66.249.68.198 - - [08/Sep/2026:19:31:48 +0200] "GET /?r=fzqazfebf264tsn HTTP/1.1" 404 75155 "-" "Mozilla/5.0 (Linux; Android 6.0.1; Nexus 5X Build/MMB29P) AppleWebKit/537.36 (KHTML, like Gecko) Chrome/151.0.7922.173 Mobile Safari/537.36 (compatible; GoogleOther)"
66.249.68.198 - - [08/Sep/2026:19:32:01 +0200] "GET /?r=em5reut9uetfpra HTTP/1.1" 404 75155 "-" "Mozilla/5.0 (Linux; Android 6.0.1; Nexus 5X Build/MMB29P) AppleWebKit/537.36 (KHTML, like Gecko) Chrome/151.0.7922.173 Mobile Safari/537.36 (compatible; GoogleOther)"
66.249.68.200 - - [08/Sep/2026:19:33:43 +0200] "GET /?r=ft8fhxwbxpomea5 HTTP/1.1" 404 75155 "-" "Mozilla/5.0 (Linux; Android 6.0.1; Nexus 5X Build/MMB29P) AppleWebKit/537.36 (KHTML, like Gecko) Chrome/151.0.7922.173 Mobile Safari/537.36 (compatible; GoogleOther)"
66.249.68.200 - - [08/Sep/2026:19:33:45 +0200] "GET /?r=e3l26y91mi97nvq HTTP/1.1" 200 228031 "-" "Mozilla/5.0 (Linux; Android 6.0.1; Nexus 5X Build/MMB29P) AppleWebKit/537.36 (KHTML, like Gecko) Chrome/151.0.7922.173 Mobile Safari/537.36 (compatible; Googlebot/2.1; +http://www.google.com/bot.html)"
185.43.220.19 - - [08/Sep/2026:19:33:55 +0200] "POST /wp-cron.php?doing_wp_cron=1788888835.0321469306945800781250 HTTP/1.1" 200 - "-" "WordPress/7.1; https://bookmakery.ru"
66.249.68.198 - - [08/Sep/2026:19:33:53 +0200] "GET /?r=fwwg5lkbldcakyt HTTP/1.1" 404 75155 "-" "Mozilla/5.0 (Linux; Android 6.0.1; Nexus 5X Build/MMB29P) AppleWebKit/537.36 (KHTML, like Gecko) Chrome/151.0.7922.173 Mobile Safari/537.36 (compatible; GoogleOther)"
185.43.220.19 - - [08/Sep/2026:19:35:44 +0200] "POST /wp-cron.php?doing_wp_cron=1788888944.4039170742034912109375 HTTP/1.1" 200 - "-" "WordPress/7.1; https://bookmakery.ru"
66.249.68.198 - - [08/Sep/2026:19:35:42 +0200] "GET /?r=fdsbptgb5ok6xi1 HTTP/1.1" 404 75155 "-" "Mozilla/5.0 (Linux; Android 6.0.1; Nexus 5X Build/MMB29P) AppleWebKit/537.36 (KHTML, like Gecko) Chrome/151.0.7922.173 Mobile Safari/537.36 (compatible; GoogleOther)"
185.43.220.19 - - [08/Sep/2026:19:36:39 +0200] "POST /wp-cron.php?doing_wp_cron=1788888999.8739459514617919921875 HTTP/1.1" 200 - "-" "WordPress/7.1; https://bookmakery.ru"
66.249.68.198 - - [08/Sep/2026:19:36:38 +0200] "GET /?r=fk0gldob1b4eiel HTTP/1.1" 404 75155 "-" "Mozilla/5.0 (Linux; Android 6.0.1; Nexus 5X Build/MMB29P) AppleWebKit/537.36 (KHTML, like Gecko) Chrome/151.0.7922.173 Mobile Safari/537.36 (compatible; GoogleOther)"
185.43.220.19 - - [08/Sep/2026:19:37:23 +0200] "POST /wp-cron.php?doing_wp_cron=1788889043.0986471176147460937500 HTTP/1.1" 200 - "-" "WordPress/7.1; https://bookmakery.ru"
66.249.68.199 - - [08/Sep/2026:19:37:20 +0200] "GET /?r=enq5zfe1fze00cv_gkind14524002 HTTP/1.1" 404 75239 "-" "Mozilla/5.0 (Linux; Android 6.0.1; Nexus 5X Build/MMB29P) AppleWebKit/537.36 (KHTML, like Gecko) Chrome/151.0.7922.173 Mobile Safari/537.36 (compatible; GoogleOther)"
66.249.68.199 - - [08/Sep/2026:19:37:34 +0200] "GET /?r=eenwwcb7cwbxl9s HTTP/1.1" 404 75155 "-" "Mozilla/5.0 (Linux; Android 6.0.1; Nexus 5X Build/MMB29P) AppleWebKit/537.36 (KHTML, like Gecko) Chrome/151.0.7922.173 Mobile Safari/537.36 (compatible; GoogleOther)"
66.249.68.198 - - [08/Sep/2026:19:38:07 +0200] "GET /?r=etb7k0zv0kzlfxg HTTP/1.1" 200 242575 "-" "Mozilla/5.0 (Linux; Android 6.0.1; Nexus 5X Build/MMB29P) AppleWebKit/537.36 (KHTML, like Gecko) Chrome/151.0.7922.173 Mobile Safari/537.36 (compatible; Googlebot/2.1; +http://www.google.com/bot.html)"
185.43.220.19 - - [08/Sep/2026:19:39:21 +0200] "POST /wp-cron.php?doing_wp_cron=1788889161.4310970306396484375000 HTTP/1.1" 200 - "-" "WordPress/7.1; https://bookmakery.ru"
66.249.68.200 - - [08/Sep/2026:19:39:20 +0200] "GET /?r=fy5eeutbu5ljd72 HTTP/1.1" 404 75155 "-" "Mozilla/5.0 (Linux; Android 6.0.1; Nexus 5X Build/MMB29P) AppleWebKit/537.36 (KHTML, like Gecko) Chrome/151.0.7922.173 Mobile Safari/537.36 (compatible; GoogleOther)"
66.249.68.199 - - [08/Sep/2026:19:39:29 +0200] "GET /?r=e154eut8uetf6ra HTTP/1.1" 404 75155 "-" "Mozilla/5.0 (Linux; Android 6.0.1; Nexus 5X Build/MMB29P) AppleWebKit/537.36 (KHTML, like Gecko) Chrome/151.0.7922.173 Mobile Safari/537.36 (compatible; GoogleOther)"
185.43.220.19 - - [08/Sep/2026:19:40:10 +0200] "POST /wp-cron.php?doing_wp_cron=1788889210.6962430477142333984375 HTTP/1.1" 200 - "-" "WordPress/7.1; https://bookmakery.ru"
66.249.68.198 - - [08/Sep/2026:19:40:09 +0200] "GET /?r=e3q9zfevfze0ycv HTTP/1.1" 404 75155 "-" "Mozilla/5.0 (Linux; Android 6.0.1; Nexus 5X Build/MMB29P) AppleWebKit/537.36 (KHTML, like Gecko) Chrome/151.0.7922.173 Mobile Safari/537.36 (compatible; GoogleOther)"
185.43.220.19 - - [08/Sep/2026:19:40:23 +0200] "POST /wp-cron.php?doing_wp_cron=1788889223.5074579715728759765625 HTTP/1.1" 200 - "-" "WordPress/7.1; https://bookmakery.ru"
185.252.220.149 - - [08/Sep/2026:19:40:21 +0200] "GET /wp-login.php HTTP/1.1" 200 12967 "-" "Mozilla/5.0 (Windows NT 10.0; Win64; x64) AppleWebKit/537.36 (KHTML, like Gecko) Chrome/151.0.0.0 Safari/537.36"
185.252.220.149 - - [08/Sep/2026:19:40:24 +0200] "POST /wp-login.php HTTP/1.1" 200 13451 "https://bookmakery.ru/wp-login.php" "Mozilla/5.0 (Windows NT 10.0; Win64; x64) AppleWebKit/537.36 (KHTML, like Gecko) Chrome/151.0.0.0 Safari/537.36"
185.43.220.19 - - [08/Sep/2026:19:41:26 +0200] "POST /wp-cron.php?doing_wp_cron=1788889286.4568300247192382812500 HTTP/1.1" 200 - "-" "WordPress/7.1; https://bookmakery.ru"
66.249.68.199 - - [08/Sep/2026:19:41:24 +0200] "GET /?r=erh4q6576q5rd3m HTTP/1.1" 404 75155 "-" "Mozilla/5.0 (Linux; Android 6.0.1; Nexus 5X Build/MMB29P) AppleWebKit/537.36 (KHTML, like Gecko) Chrome/151.0.7922.173 Mobile Safari/537.36 (compatible; GoogleOther)"
185.43.220.19 - - [08/Sep/2026:19:42:05 +0200] "POST /wp-cron.php?doing_wp_cron=1788889325.6823499202728271484375 HTTP/1.1" 200 - "-" "WordPress/7.1; https://bookmakery.ru"
66.249.68.198 - - [08/Sep/2026:19:42:04 +0200] "GET /?r=fn0dldob174e0el HTTP/1.1" 404 75155 "-" "Mozilla/5.0 (Linux; Android 6.0.1; Nexus 5X Build/MMB29P) AppleWebKit/537.36 (KHTML, like Gecko) Chrome/151.0.7922.173 Mobile Safari/537.36 (compatible; GoogleOther)"
185.43.220.19 - - [08/Sep/2026:19:43:33 +0200] "POST /wp-cron.php?doing_wp_cron=1788889413.6921420097351074218750 HTTP/1.1" 200 - "-" "WordPress/7.1; https://bookmakery.ru"
66.249.68.199 - - [08/Sep/2026:19:43:32 +0200] "GET /?r=fejegk7bwebx49s HTTP/1.1" 404 75155 "-" "Mozilla/5.0 (Linux; Android 6.0.1; Nexus 5X Build/MMB29P) AppleWebKit/537.36 (KHTML, like Gecko) Chrome/151.0.7922.173 Mobile Safari/537.36 (compatible; GoogleOther)"
185.43.220.19 - - [08/Sep/2026:19:45:03 +0200] "POST /wp-cron.php?doing_wp_cron=1788889503.9189870357513427734375 HTTP/1.1" 200 - "-" "WordPress/7.1; https://bookmakery.ru"
66.249.68.200 - - [08/Sep/2026:19:45:02 +0200] "GET /?r=f3rgc4fbsmv5y5c HTTP/1.1" 404 75155 "-" "Mozilla/5.0 (Linux; Android 6.0.1; Nexus 5X Build/MMB29P) AppleWebKit/537.36 (KHTML, like Gecko) Chrome/151.0.7922.173 Mobile Safari/537.36 (compatible; GoogleOther)"
185.43.220.19 - - [08/Sep/2026:19:45:16 +0200] "POST /wp-cron.php?doing_wp_cron=1788889516.9396970272064208984375 HTTP/1.1" 200 - "-" "WordPress/7.1; https://bookmakery.ru"
66.249.68.200 - - [08/Sep/2026:19:45:15 +0200] "GET /?r=ebaa7by1nvy888f HTTP/1.1" 404 75155 "-" "Mozilla/5.0 (Linux; Android 6.0.1; Nexus 5X Build/MMB29P) AppleWebKit/537.36 (KHTML, like Gecko) Chrome/151.0.7922.173 Mobile Safari/537.36 (compatible; GoogleOther)"
66.249.68.199 - - [08/Sep/2026:19:45:26 +0200] "GET /?r=ftbek0zb0jrpbd8 HTTP/1.1" 404 75155 "-" "Mozilla/5.0 (Linux; Android 6.0.1; Nexus 5X Build/MMB29P) AppleWebKit/537.36 (KHTML, like Gecko) Chrome/151.0.7922.173 Mobile Safari/537.36 (compatible; GoogleOther)"
66.249.68.199 - - [08/Sep/2026:19:45:40 +0200] "GET /?r=ffkut98b9x0yimh HTTP/1.1" 404 75155 "-" "Mozilla/5.0 (Linux; Android 6.0.1; Nexus 5X Build/MMB29P) AppleWebKit/537.36 (KHTML, like Gecko) Chrome/151.0.7922.173 Mobile Safari/537.36 (compatible; GoogleOther)"
185.43.220.19 - - [08/Sep/2026:19:46:30 +0200] "POST /wp-cron.php?doing_wp_cron=1788889590.9417679309844970703125 HTTP/1.1" 200 - "-" "WordPress/7.1; https://bookmakery.ru"
66.249.68.200 - - [08/Sep/2026:19:46:29 +0200] "GET /?r=e8i13v65jf64qsn HTTP/1.1" 404 75155 "-" "Mozilla/5.0 (Linux; Android 6.0.1; Nexus 5X Build/MMB29P) AppleWebKit/537.36 (KHTML, like Gecko) Chrome/151.0.7922.173 Mobile Safari/537.36 (compatible; GoogleOther)"
185.43.220.19 - - [08/Sep/2026:19:48:00 +0200] "POST /wp-cron.php?doing_wp_cron=1788889679.9922349452972412109375 HTTP/1.1" 200 - "-" "WordPress/7.1; https://bookmakery.ru"
66.249.68.200 - - [08/Sep/2026:19:47:57 +0200] "GET /?r=eds4ptg45dgqdqx HTTP/1.1" 404 75155 "-" "Mozilla/5.0 (Linux; Android 6.0.1; Nexus 5X Build/MMB29P) AppleWebKit/537.36 (KHTML, like Gecko) Chrome/151.0.7922.173 Mobile Safari/537.36 (compatible; GoogleOther)"
185.43.220.19 - - [08/Sep/2026:19:49:28 +0200] "POST /wp-cron.php?doing_wp_cron=1788889768.2317669391632080078125 HTTP/1.1" 200 - "-" "WordPress/7.1; https://bookmakery.ru"
66.249.68.199 - - [08/Sep/2026:19:49:26 +0200] "GET /?r=ev5ieutwuetfira HTTP/1.1" 404 75155 "-" "Mozilla/5.0 (Linux; Android 6.0.1; Nexus 5X Build/MMB29P) AppleWebKit/537.36 (KHTML, like Gecko) Chrome/151.0.7922.173 Mobile Safari/537.36 (compatible; GoogleOther)"
66.249.68.198 - - [08/Sep/2026:19:49:44 +0200] "GET /?r=e00jldo11xomka5 HTTP/1.1" 404 75155 "-" "Mozilla/5.0 (Linux; Android 6.0.1; Nexus 5X Build/MMB29P) AppleWebKit/537.36 (KHTML, like Gecko) Chrome/151.0.7922.173 Mobile Safari/537.36 (compatible; GoogleOther)"
185.43.220.19 - - [08/Sep/2026:19:49:53 +0200] "POST /wp-cron.php?doing_wp_cron=1788889793.3749639987945556640625 HTTP/1.1" 200 - "-" "WordPress/7.1; https://bookmakery.ru"
62.144.224.235 - - [08/Sep/2026:19:49:52 +0200] "GET /wp-login.php HTTP/1.1" 200 13018 "-" "Mozilla/5.0 (Windows NT 10.0; Win64; x64) AppleWebKit/537.36 (KHTML, like Gecko) Chrome/151.0.0.0 Safari/537.36"
62.144.224.235 - - [08/Sep/2026:19:49:53 +0200] "POST /wp-login.php HTTP/1.1" 200 13502 "https://bookmakery.ru.livebookmakers.net/wp-login.php" "Mozilla/5.0 (Windows NT 10.0; Win64; x64) AppleWebKit/537.36 (KHTML, like Gecko) Chrome/151.0.0.0 Safari/537.36"
66.249.68.198 - - [08/Sep/2026:19:50:29 +0200] "GET /?r=e8hqq6556q5r13m HTTP/1.1" 404 75155 "-" "Mozilla/5.0 (Linux; Android 6.0.1; Nexus 5X Build/MMB29P) AppleWebKit/537.36 (KHTML, like Gecko) Chrome/151.0.7922.173 Mobile Safari/537.36 (compatible; GoogleOther)"
66.249.68.199 - - [08/Sep/2026:19:50:55 +0200] "GET /?r=fxbvk0zb0frpfd8 HTTP/1.1" 404 75155 "-" "Mozilla/5.0 (Linux; Android 6.0.1; Nexus 5X Build/MMB29P) AppleWebKit/537.36 (KHTML, like Gecko) Chrome/151.0.7922.173 Mobile Safari/537.36 (compatible; GoogleOther)"
185.43.220.19 - - [08/Sep/2026:19:52:25 +0200] "POST /wp-cron.php?doing_wp_cron=1788889945.2427480220794677734375 HTTP/1.1" 200 - "-" "WordPress/7.1; https://bookmakery.ru"
66.249.68.198 - - [08/Sep/2026:19:52:23 +0200] "GET /?r=ekntwcbzcwbxd9s HTTP/1.1" 404 75155 "-" "Mozilla/5.0 (Linux; Android 6.0.1; Nexus 5X Build/MMB29P) AppleWebKit/537.36 (KHTML, like Gecko) Chrome/151.0.7922.173 Mobile Safari/537.36 (compatible; GoogleOther)"
185.43.220.19 - - [08/Sep/2026:19:53:56 +0200] "POST /wp-cron.php?doing_wp_cron=1788890036.4854691028594970703125 HTTP/1.1" 200 - "-" "WordPress/7.1; https://bookmakery.ru"
