185.43.220.19 - - [08/Sep/2026:15:48:18 +0200] "POST /wp-cron.php?doing_wp_cron=1788875298.6784110069274902343750 HTTP/1.1" 200 - "-" "WordPress/7.1; https://bookmakery.ru"
49.206.26.34 - - [08/Sep/2026:15:48:17 +0200] "GET / HTTP/1.1" 200 75037 "-" "Mozilla/5.0 (Windows NT 10.0; Win64; x64) AppleWebKit/537.36 (KHTML, like Gecko) Chrome/127.0.0.0 Safari/537.36"
49.206.26.34 - - [08/Sep/2026:15:48:29 +0200] "GET / HTTP/1.1" 200 75037 "-" "Mozilla/5.0 (Windows NT 10.0; Win64; x64) AppleWebKit/537.36 (KHTML, like Gecko) Chrome/127.0.0.0 Safari/537.36"
185.43.220.19 - - [08/Sep/2026:15:48:39 +0200] "POST /wp-cron.php?doing_wp_cron=1788875319.5923559665679931640625 HTTP/1.1" 200 - "-" "WordPress/7.1; https://bookmakery.ru"
66.249.68.198 - - [08/Sep/2026:15:48:37 +0200] "GET /?r=eii13v64jf645sn HTTP/1.1" 404 75155 "-" "Mozilla/5.0 (Linux; Android 6.0.1; Nexus 5X Build/MMB29P) AppleWebKit/537.36 (KHTML, like Gecko) Chrome/151.0.7922.173 Mobile Safari/537.36 (compatible; GoogleOther)"
185.43.220.19 - - [08/Sep/2026:15:49:28 +0200] "POST /wp-cron.php?doing_wp_cron=1788875368.0888628959655761718750 HTTP/1.1" 200 - "-" "WordPress/7.1; https://bookmakery.ru"
66.249.68.200 - - [08/Sep/2026:15:49:26 +0200] "GET /?r=eb1ry2p9empz7z6 HTTP/1.1" 404 75155 "-" "Mozilla/5.0 (Linux; Android 6.0.1; Nexus 5X Build/MMB29P) AppleWebKit/537.36 (KHTML, like Gecko) Chrome/151.0.7922.173 Mobile Safari/537.36 (compatible; GoogleOther)"
185.43.220.19 - - [08/Sep/2026:15:50:23 +0200] "POST /wp-cron.php?doing_wp_cron=1788875423.2990360260009765625000 HTTP/1.1" 200 - "-" "WordPress/7.1; https://bookmakery.ru"
66.249.68.199 - - [08/Sep/2026:15:50:21 +0200] "GET /?r=ee0gldo11xomga5 HTTP/1.1" 404 75155 "-" "Mozilla/5.0 (Linux; Android 6.0.1; Nexus 5X Build/MMB29P) AppleWebKit/537.36 (KHTML, like Gecko) Chrome/151.0.7922.173 Mobile Safari/537.36 (compatible; GoogleOther)"
185.43.220.19 - - [08/Sep/2026:15:51:05 +0200] "POST /wp-cron.php?doing_wp_cron=1788875465.3803310394287109375000 HTTP/1.1" 200 - "-" "WordPress/7.1; https://bookmakery.ru"
66.249.68.200 - - [08/Sep/2026:15:51:03 +0200] "GET /?r=ebc6xp04d90ydmh HTTP/1.1" 404 75155 "-" "Mozilla/5.0 (Linux; Android 6.0.1; Nexus 5X Build/MMB29P) AppleWebKit/537.36 (KHTML, like Gecko) Chrome/151.0.7922.173 Mobile Safari/537.36 (compatible; GoogleOther)"
185.43.220.19 - - [08/Sep/2026:15:51:54 +0200] "POST /wp-cron.php?doing_wp_cron=1788875514.7952280044555664062500 HTTP/1.1" 200 - "-" "WordPress/7.1; https://bookmakery.ru"
66.249.68.198 - - [08/Sep/2026:15:51:52 +0200] "GET /?r=fq7f48vbkgzlyxg HTTP/1.1" 404 75155 "-" "Mozilla/5.0 (Linux; Android 6.0.1; Nexus 5X Build/MMB29P) AppleWebKit/537.36 (KHTML, like Gecko) Chrome/151.0.7922.173 Mobile Safari/537.36 (compatible; GoogleOther)"
185.43.220.19 - - [08/Sep/2026:15:52:42 +0200] "POST /wp-cron.php?doing_wp_cron=1788875562.4664750099182128906250 HTTP/1.1" 200 - "-" "WordPress/7.1; https://bookmakery.ru"
66.249.68.199 - - [08/Sep/2026:15:52:40 +0200] "GET /?r=fpjygk7bw5bx99s HTTP/1.1" 404 75155 "-" "Mozilla/5.0 (Linux; Android 6.0.1; Nexus 5X Build/MMB29P) AppleWebKit/537.36 (KHTML, like Gecko) Chrome/151.0.7922.173 Mobile Safari/537.36 (compatible; GoogleOther)"
51.68.163.208 - - [08/Sep/2026:15:53:04 +0200] "GET /wp-content/plugins/background-image-cropper/background-image-cropper.js HTTP/1.1" 301 - "-" "Mozilla/5.0 (Windows NT 10.0; Win64; x64; rv:149.0) Gecko/20100101 Firefox/149.0"
51.68.163.208 - - [08/Sep/2026:15:53:05 +0200] "GET /wp-content/plugins/background-image-cropper/background-image-cropper.js/ HTTP/1.1" 200 75037 "-" "Mozilla/5.0 (Windows NT 10.0; Win64; x64; rv:149.0) Gecko/20100101 Firefox/149.0"
66.249.68.198 - - [08/Sep/2026:15:53:35 +0200] "GET /?r=e0iw3v6yjf64nsn HTTP/1.1" 404 75155 "-" "Mozilla/5.0 (Linux; Android 6.0.1; Nexus 5X Build/MMB29P) AppleWebKit/537.36 (KHTML, like Gecko) Chrome/151.0.7922.173 Mobile Safari/537.36 (compatible; GoogleOther)"
185.43.220.19 - - [08/Sep/2026:15:54:23 +0200] "POST /wp-cron.php?doing_wp_cron=1788875663.1431319713592529296875 HTTP/1.1" 200 - "-" "WordPress/7.1; https://bookmakery.ru"
66.249.68.199 - - [08/Sep/2026:15:54:21 +0200] "GET /?r=fwkgt98b9b0y2mh HTTP/1.1" 404 75155 "-" "Mozilla/5.0 (Linux; Android 6.0.1; Nexus 5X Build/MMB29P) AppleWebKit/537.36 (KHTML, like Gecko) Chrome/151.0.7922.173 Mobile Safari/537.36 (compatible; GoogleOther)"
185.43.220.19 - - [08/Sep/2026:15:55:08 +0200] "POST /wp-cron.php?doing_wp_cron=1788875708.4677081108093261718750 HTTP/1.1" 200 - "-" "WordPress/7.1; https://bookmakery.ru"
66.249.68.198 - - [08/Sep/2026:15:55:06 +0200] "GET /?r=edcexp01d90y6mh HTTP/1.1" 404 75155 "-" "Mozilla/5.0 (Linux; Android 6.0.1; Nexus 5X Build/MMB29P) AppleWebKit/537.36 (KHTML, like Gecko) Chrome/151.0.7922.173 Mobile Safari/537.36 (compatible; GoogleOther)"
185.43.220.19 - - [08/Sep/2026:15:55:19 +0200] "POST /wp-cron.php?doing_wp_cron=1788875719.7614469528198242187500 HTTP/1.1" 200 - "-" "WordPress/7.1; https://bookmakery.ru"
66.249.68.198 - - [08/Sep/2026:15:55:18 +0200] "GET /?r=fzybvzmbbdqcso7 HTTP/1.1" 404 75155 "-" "Mozilla/5.0 (Linux; Android 6.0.1; Nexus 5X Build/MMB29P) AppleWebKit/537.36 (KHTML, like Gecko) Chrome/151.0.7922.173 Mobile Safari/537.36 (compatible; GoogleOther)"
185.43.220.19 - - [08/Sep/2026:15:55:56 +0200] "POST /wp-cron.php?doing_wp_cron=1788875756.7737789154052734375000 HTTP/1.1" 200 - "-" "WordPress/7.1; https://bookmakery.ru"
66.249.68.198 - - [08/Sep/2026:15:55:55 +0200] "GET /?r=f63cogrb447hyho HTTP/1.1" 404 75155 "-" "Mozilla/5.0 (Linux; Android 6.0.1; Nexus 5X Build/MMB29P) AppleWebKit/537.36 (KHTML, like Gecko) Chrome/151.0.7922.173 Mobile Safari/537.36 (compatible; GoogleOther)"
66.249.68.199 - - [08/Sep/2026:15:56:10 +0200] "GET /?r=eyxpial0yuljk72 HTTP/1.1" 404 75155 "-" "Mozilla/5.0 (Linux; Android 6.0.1; Nexus 5X Build/MMB29P) AppleWebKit/537.36 (KHTML, like Gecko) Chrome/151.0.7922.173 Mobile Safari/537.36 (compatible; GoogleOther)"
185.43.220.19 - - [08/Sep/2026:15:56:48 +0200] "POST /wp-cron.php?doing_wp_cron=1788875808.0437800884246826171875 HTTP/1.1" 200 - "-" "WordPress/7.1; https://bookmakery.ru"
66.249.68.198 - - [08/Sep/2026:15:56:45 +0200] "GET /?r=f0newcbbct31fpk HTTP/1.1" 404 75155 "-" "Mozilla/5.0 (Linux; Android 6.0.1; Nexus 5X Build/MMB29P) AppleWebKit/537.36 (KHTML, like Gecko) Chrome/151.0.7922.173 Mobile Safari/537.36 (compatible; GoogleOther)"
66.249.68.198 - - [08/Sep/2026:15:57:11 +0200] "GET /?r=e2pnmqd52adn9nu_gkind14524002 HTTP/1.1" 200 213448 "-" "Mozilla/5.0 (Linux; Android 6.0.1; Nexus 5X Build/MMB29P) AppleWebKit/537.36 (KHTML, like Gecko) Chrome/151.0.7922.173 Mobile Safari/537.36 (compatible; Googlebot/2.1; +http://www.google.com/bot.html)"
185.43.220.19 - - [08/Sep/2026:15:57:42 +0200] "POST /wp-cron.php?doing_wp_cron=1788875862.3835129737854003906250 HTTP/1.1" 200 - "-" "WordPress/7.1; https://bookmakery.ru"
66.249.68.198 - - [08/Sep/2026:15:57:40 +0200] "GET /?r=fz9bumxba4dninu HTTP/1.1" 404 75155 "-" "Mozilla/5.0 (Linux; Android 6.0.1; Nexus 5X Build/MMB29P) AppleWebKit/537.36 (KHTML, like Gecko) Chrome/151.0.7922.173 Mobile Safari/537.36 (compatible; GoogleOther)"
185.43.220.19 - - [08/Sep/2026:15:57:57 +0200] "POST /wp-cron.php?doing_wp_cron=1788875877.2317929267883300781250 HTTP/1.1" 200 - "-" "WordPress/7.1; https://bookmakery.ru"
66.249.68.198 - - [08/Sep/2026:15:57:54 +0200] "GET /?r=e14m15sxhps2u29 HTTP/1.1" 404 75155 "-" "Mozilla/5.0 (Linux; Android 6.0.1; Nexus 5X Build/MMB29P) AppleWebKit/537.36 (KHTML, like Gecko) Chrome/151.0.7922.173 Mobile Safari/537.36 (compatible; GoogleOther)"
185.43.220.19 - - [08/Sep/2026:15:58:24 +0200] "POST /wp-cron.php?doing_wp_cron=1788875904.1792149543762207031250 HTTP/1.1" 200 - "-" "WordPress/7.1; https://bookmakery.ru"
66.249.68.199 - - [08/Sep/2026:15:58:21 +0200] "GET /?r=fe4f15sbhtwi4ud HTTP/1.1" 404 75155 "-" "Mozilla/5.0 (Linux; Android 6.0.1; Nexus 5X Build/MMB29P) AppleWebKit/537.36 (KHTML, like Gecko) Chrome/151.0.7922.173 Mobile Safari/537.36 (compatible; GoogleOther)"
185.43.220.19 - - [08/Sep/2026:15:58:48 +0200] "POST /wp-cron.php?doing_wp_cron=1788875928.3000850677490234375000 HTTP/1.1" 200 - "-" "WordPress/7.1; https://bookmakery.ru"
66.249.68.198 - - [08/Sep/2026:15:58:46 +0200] "GET /?r=ehuqf7izvrig24z HTTP/1.1" 404 75155 "-" "Mozilla/5.0 (Linux; Android 6.0.1; Nexus 5X Build/MMB29P) AppleWebKit/537.36 (KHTML, like Gecko) Chrome/151.0.7922.173 Mobile Safari/537.36 (compatible; GoogleOther)"
185.43.220.19 - - [08/Sep/2026:15:59:14 +0200] "POST /wp-cron.php?doing_wp_cron=1788875954.8943369388580322265625 HTTP/1.1" 200 - "-" "WordPress/7.1; https://bookmakery.ru"
66.249.68.198 - - [08/Sep/2026:15:59:10 +0200] "GET /?r=eqtq2ihxi2h3hfy HTTP/1.1" 404 75155 "-" "Mozilla/5.0 (Linux; Android 6.0.1; Nexus 5X Build/MMB29P) AppleWebKit/537.36 (KHTML, like Gecko) Chrome/151.0.7922.173 Mobile Safari/537.36 (compatible; GoogleOther)"
185.43.220.19 - - [08/Sep/2026:16:00:03 +0200] "POST /wp-cron.php?doing_wp_cron=1788876003.7939260005950927734375 HTTP/1.1" 200 - "-" "WordPress/7.1; https://bookmakery.ru"
66.249.68.200 - - [08/Sep/2026:15:59:58 +0200] "GET /?r=ev7s48v3ksv5f5c HTTP/1.1" 404 75155 "-" "Mozilla/5.0 (Linux; Android 6.0.1; Nexus 5X Build/MMB29P) AppleWebKit/537.36 (KHTML, like Gecko) Chrome/151.0.7922.173 Mobile Safari/537.36 (compatible; GoogleOther)"
185.43.220.19 - - [08/Sep/2026:16:01:01 +0200] "POST /wp-cron.php?doing_wp_cron=1788876061.2910759449005126953125 HTTP/1.1" 200 - "-" "WordPress/7.1; https://bookmakery.ru"
66.249.68.199 - - [08/Sep/2026:16:00:56 +0200] "GET /?r=enyovzm7bjmwqw3 HTTP/1.1" 404 75155 "-" "Mozilla/5.0 (Linux; Android 6.0.1; Nexus 5X Build/MMB29P) AppleWebKit/537.36 (KHTML, like Gecko) Chrome/151.0.7922.173 Mobile Safari/537.36 (compatible; GoogleOther)"
66.249.68.200 - - [08/Sep/2026:16:01:22 +0200] "GET /?r=e90vldo61xomva5 HTTP/1.1" 404 75155 "-" "Mozilla/5.0 (Linux; Android 6.0.1; Nexus 5X Build/MMB29P) AppleWebKit/537.36 (KHTML, like Gecko) Chrome/151.0.7922.173 Mobile Safari/537.36 (compatible; GoogleOther)"
66.249.68.200 - - [08/Sep/2026:16:01:48 +0200] "GET /?r=ftpfmqdb2sh3afy HTTP/1.1" 404 75037 "-" "Mozilla/5.0 (Linux; Android 6.0.1; Nexus 5X Build/MMB29P) AppleWebKit/537.36 (KHTML, like Gecko) Chrome/151.0.7922.173 Mobile Safari/537.36 (compatible; GoogleOther)"
185.43.220.19 - - [08/Sep/2026:16:02:28 +0200] "POST /wp-cron.php?doing_wp_cron=1788876148.3879721164703369140625 HTTP/1.1" 200 - "-" "WordPress/7.1; https://bookmakery.ru"
66.249.68.198 - - [08/Sep/2026:16:02:24 +0200] "GET /?r=efg6dh4vt14eoel HTTP/1.1" 404 75155 "-" "Mozilla/5.0 (Linux; Android 6.0.1; Nexus 5X Build/MMB29P) AppleWebKit/537.36 (KHTML, like Gecko) Chrome/151.0.7922.173 Mobile Safari/537.36 (compatible; GoogleOther)"
185.43.220.19 - - [08/Sep/2026:16:03:27 +0200] "POST /wp-cron.php?doing_wp_cron=1788876207.2921710014343261718750 HTTP/1.1" 200 - "-" "WordPress/7.1; https://bookmakery.ru"
66.249.68.198 - - [08/Sep/2026:16:03:24 +0200] "GET /?r=etpamqd92adnjnu HTTP/1.1" 404 75155 "-" "Mozilla/5.0 (Linux; Android 6.0.1; Nexus 5X Build/MMB29P) AppleWebKit/537.36 (KHTML, like Gecko) Chrome/151.0.7922.173 Mobile Safari/537.36 (compatible; GoogleOther)"
66.249.68.199 - - [08/Sep/2026:16:04:01 +0200] "GET /?r=ejww5lk9l5k6yi1 HTTP/1.1" 503 - "-" "Mozilla/5.0 (Linux; Android 6.0.1; Nexus 5X Build/MMB29P) AppleWebKit/537.36 (KHTML, like Gecko) Chrome/151.0.7922.173 Mobile Safari/537.36 (compatible; GoogleOther)"
66.249.68.198 - - [08/Sep/2026:16:04:38 +0200] "GET /?r=ez8zhxw3xhwikud HTTP/1.1" 503 - "-" "Mozilla/5.0 (Linux; Android 6.0.1; Nexus 5X Build/MMB29P) AppleWebKit/537.36 (KHTML, like Gecko) Chrome/151.0.7922.173 Mobile Safari/537.36 (compatible; GoogleOther)"
185.43.220.19 - - [08/Sep/2026:16:06:13 +0200] "POST /wp-cron.php?doing_wp_cron=1788876373.7771670818328857421875 HTTP/1.1" 200 - "-" "WordPress/7.1; https://bookmakery.ru"
66.249.68.198 - - [08/Sep/2026:16:06:03 +0200] "GET /?r=ebvtswjz8gjtrt0 HTTP/1.1" 404 75037 "-" "Mozilla/5.0 (Linux; Android 6.0.1; Nexus 5X Build/MMB29P) AppleWebKit/537.36 (KHTML, like Gecko) Chrome/151.0.7922.173 Mobile Safari/537.36 (compatible; GoogleOther)"
66.249.68.199 - - [08/Sep/2026:16:06:47 +0200] "GET /?r=fzxcialby21bobi HTTP/1.1" 404 75155 "-" "Mozilla/5.0 (Linux; Android 6.0.1; Nexus 5X Build/MMB29P) AppleWebKit/537.36 (KHTML, like Gecko) Chrome/151.0.7922.173 Mobile Safari/537.36 (compatible; GoogleOther)"
66.249.68.198 - - [08/Sep/2026:16:07:28 +0200] "GET /?r=e23kogr440rpyd8 HTTP/1.1" 404 75155 "-" "Mozilla/5.0 (Linux; Android 6.0.1; Nexus 5X Build/MMB29P) AppleWebKit/537.36 (KHTML, like Gecko) Chrome/151.0.7922.173 Mobile Safari/537.36 (compatible; GoogleOther)"
185.43.220.19 - - [08/Sep/2026:16:08:10 +0200] "POST /wp-cron.php?doing_wp_cron=1788876489.9902310371398925781250 HTTP/1.1" 200 - "-" "WordPress/7.1; https://bookmakery.ru"
66.249.68.200 - - [08/Sep/2026:16:08:05 +0200] "GET /?r=fqrcc4fbstv5r5c HTTP/1.1" 404 75155 "-" "Mozilla/5.0 (Linux; Android 6.0.1; Nexus 5X Build/MMB29P) AppleWebKit/537.36 (KHTML, like Gecko) Chrome/151.0.7922.173 Mobile Safari/537.36 (compatible; GoogleOther)"
185.43.220.19 - - [08/Sep/2026:16:09:15 +0200] "POST /wp-cron.php?doing_wp_cron=1788876555.3849830627441406250000 HTTP/1.1" 200 - "-" "WordPress/7.1; https://bookmakery.ru"
66.249.68.200 - - [08/Sep/2026:16:09:13 +0200] "GET /?r=e73gogry40rpid8 HTTP/1.1" 404 75155 "-" "Mozilla/5.0 (Linux; Android 6.0.1; Nexus 5X Build/MMB29P) AppleWebKit/537.36 (KHTML, like Gecko) Chrome/151.0.7922.173 Mobile Safari/537.36 (compatible; GoogleOther)"
185.43.220.19 - - [08/Sep/2026:16:09:44 +0200] "POST /wp-cron.php?doing_wp_cron=1788876584.7746489048004150390625 HTTP/1.1" 200 - "-" "WordPress/7.1; https://bookmakery.ru"
66.249.68.199 - - [08/Sep/2026:16:09:43 +0200] "GET /?r=fp5eeutbuoljy72 HTTP/1.1" 404 75155 "-" "Mozilla/5.0 (Linux; Android 6.0.1; Nexus 5X Build/MMB29P) AppleWebKit/537.36 (KHTML, like Gecko) Chrome/151.0.7922.173 Mobile Safari/537.36 (compatible; GoogleOther)"
185.43.220.19 - - [08/Sep/2026:16:10:12 +0200] "POST /wp-cron.php?doing_wp_cron=1788876612.7726941108703613281250 HTTP/1.1" 200 - "-" "WordPress/7.1; https://bookmakery.ru"
66.249.68.200 - - [08/Sep/2026:16:10:10 +0200] "GET /?r=e7heq6576q5rh3m HTTP/1.1" 404 75155 "-" "Mozilla/5.0 (Linux; Android 6.0.1; Nexus 5X Build/MMB29P) AppleWebKit/537.36 (KHTML, like Gecko) Chrome/151.0.7922.173 Mobile Safari/537.36 (compatible; GoogleOther)"
66.249.68.198 - - [08/Sep/2026:16:10:35 +0200] "GET /?r=eeg2dh4xt14egel HTTP/1.1" 404 75155 "-" "Mozilla/5.0 (Linux; Android 6.0.1; Nexus 5X Build/MMB29P) AppleWebKit/537.36 (KHTML, like Gecko) Chrome/151.0.7922.173 Mobile Safari/537.36 (compatible; GoogleOther)"
185.43.220.19 - - [08/Sep/2026:16:11:24 +0200] "POST /wp-cron.php?doing_wp_cron=1788876684.2019391059875488281250 HTTP/1.1" 200 - "-" "WordPress/7.1; https://bookmakery.ru"
66.249.68.198 - - [08/Sep/2026:16:11:22 +0200] "GET /?r=ffuff7ibvmy8p8f HTTP/1.1" 404 75155 "-" "Mozilla/5.0 (Linux; Android 6.0.1; Nexus 5X Build/MMB29P) AppleWebKit/537.36 (KHTML, like Gecko) Chrome/151.0.7922.173 Mobile Safari/537.36 (compatible; GoogleOther)"
185.43.220.19 - - [08/Sep/2026:16:12:07 +0200] "POST /wp-cron.php?doing_wp_cron=1788876727.6860370635986328125000 HTTP/1.1" 200 - "-" "WordPress/7.1; https://bookmakery.ru"
66.249.68.200 - - [08/Sep/2026:16:12:04 +0200] "GET /?r=ecpamqd62adnqnu HTTP/1.1" 404 75155 "-" "Mozilla/5.0 (Linux; Android 6.0.1; Nexus 5X Build/MMB29P) AppleWebKit/537.36 (KHTML, like Gecko) Chrome/151.0.7922.173 Mobile Safari/537.36 (compatible; GoogleOther)"
185.43.220.19 - - [08/Sep/2026:16:12:28 +0200] "POST /wp-cron.php?doing_wp_cron=1788876748.0836119651794433593750 HTTP/1.1" 200 - "-" "WordPress/7.1; https://bookmakery.ru"
66.249.68.199 - - [08/Sep/2026:16:12:25 +0200] "GET /?r=euxaial3yuljj72 HTTP/1.1" 404 75155 "-" "Mozilla/5.0 (Linux; Android 6.0.1; Nexus 5X Build/MMB29P) AppleWebKit/537.36 (KHTML, like Gecko) Chrome/151.0.7922.173 Mobile Safari/537.36 (compatible; GoogleOther)"
185.43.220.19 - - [08/Sep/2026:16:13:06 +0200] "POST /wp-cron.php?doing_wp_cron=1788876786.3858690261840820312500 HTTP/1.1" 200 - "-" "WordPress/7.1; https://bookmakery.ru"
66.249.68.198 - - [08/Sep/2026:16:13:05 +0200] "GET /?r=f6za8onbovfdx1w HTTP/1.1" 404 75155 "-" "Mozilla/5.0 (Linux; Android 6.0.1; Nexus 5X Build/MMB29P) AppleWebKit/537.36 (KHTML, like Gecko) Chrome/151.0.7922.173 Mobile Safari/537.36 (compatible; GoogleOther)"
90.64.194.254 - - [08/Sep/2026:16:13:14 +0200] "GET /wp-login.php HTTP/1.1" 200 12967 "-" "Mozilla/5.0 (Windows NT 10.0; Win64; x64) AppleWebKit/537.36 (KHTML, like Gecko) Chrome/151.0.0.0 Safari/537.36"
185.43.220.19 - - [08/Sep/2026:16:13:18 +0200] "POST /wp-cron.php?doing_wp_cron=1788876798.8784670829772949218750 HTTP/1.1" 200 - "-" "WordPress/7.1; https://bookmakery.ru"
90.64.194.254 - - [08/Sep/2026:16:13:17 +0200] "POST /wp-login.php HTTP/1.1" 200 13451 "https://bookmakery.ru/wp-login.php" "Mozilla/5.0 (Windows NT 10.0; Win64; x64) AppleWebKit/537.36 (KHTML, like Gecko) Chrome/151.0.0.0 Safari/537.36"
66.249.68.199 - - [08/Sep/2026:16:13:22 +0200] "GET /?r=es2tbrqyrbqcno7 HTTP/1.1" 404 75155 "-" "Mozilla/5.0 (Linux; Android 6.0.1; Nexus 5X Build/MMB29P) AppleWebKit/537.36 (KHTML, like Gecko) Chrome/151.0.7922.173 Mobile Safari/537.36 (compatible; GoogleOther)"
185.43.220.19 - - [08/Sep/2026:16:13:41 +0200] "POST /wp-cron.php?doing_wp_cron=1788876821.8520638942718505859375 HTTP/1.1" 200 - "-" "WordPress/7.1; https://bookmakery.ru"
66.249.68.198 - - [08/Sep/2026:16:13:40 +0200] "GET /?r=e1at7by7nvy8a8f HTTP/1.1" 404 75155 "-" "Mozilla/5.0 (Linux; Android 6.0.1; Nexus 5X Build/MMB29P) AppleWebKit/537.36 (KHTML, like Gecko) Chrome/151.0.7922.173 Mobile Safari/537.36 (compatible; GoogleOther)"
185.43.220.19 - - [08/Sep/2026:16:13:58 +0200] "POST /wp-cron.php?doing_wp_cron=1788876838.8719320297241210937500 HTTP/1.1" 200 - "-" "WordPress/7.1; https://bookmakery.ru"
66.249.68.198 - - [08/Sep/2026:16:13:57 +0200] "GET /?r=flqfzfebfy64xsn HTTP/1.1" 404 75155 "-" "Mozilla/5.0 (Linux; Android 6.0.1; Nexus 5X Build/MMB29P) AppleWebKit/537.36 (KHTML, like Gecko) Chrome/151.0.7922.173 Mobile Safari/537.36 (compatible; GoogleOther)"
66.249.68.198 - - [08/Sep/2026:16:14:13 +0200] "GET /?r=exi13v6yjf645sn HTTP/1.1" 404 75155 "-" "Mozilla/5.0 (Linux; Android 6.0.1; Nexus 5X Build/MMB29P) AppleWebKit/537.36 (KHTML, like Gecko) Chrome/151.0.7922.173 Mobile Safari/537.36 (compatible; GoogleOther)"
185.43.220.19 - - [08/Sep/2026:16:14:49 +0200] "POST /wp-cron.php?doing_wp_cron=1788876889.7865080833435058593750 HTTP/1.1" 200 - "-" "WordPress/7.1; https://bookmakery.ru"
66.249.68.198 - - [08/Sep/2026:16:14:47 +0200] "GET /contents/renga/ HTTP/1.1" 404 75037 "-" "Mozilla/5.0 (Linux; Android 6.0.1; Nexus 5X Build/MMB29P) AppleWebKit/537.36 (KHTML, like Gecko) Chrome/151.0.7922.173 Mobile Safari/537.36 (compatible; GoogleOther)"
185.43.220.19 - - [08/Sep/2026:16:15:27 +0200] "POST /wp-cron.php?doing_wp_cron=1788876927.0864610671997070312500 HTTP/1.1" 200 - "-" "WordPress/7.1; https://bookmakery.ru"
66.249.68.200 - - [08/Sep/2026:16:15:23 +0200] "GET /?r=eig9dh45t14e4el HTTP/1.1" 404 75155 "-" "Mozilla/5.0 (Linux; Android 6.0.1; Nexus 5X Build/MMB29P) AppleWebKit/537.36 (KHTML, like Gecko) Chrome/151.0.7922.173 Mobile Safari/537.36 (compatible; GoogleOther)"
66.249.68.199 - - [08/Sep/2026:16:16:36 +0200] "GET /?r=fosgptgb5ek6hi1 HTTP/1.1" 503 - "-" "Mozilla/5.0 (Linux; Android 6.0.1; Nexus 5X Build/MMB29P) AppleWebKit/537.36 (KHTML, like Gecko) Chrome/151.0.7922.173 Mobile Safari/537.36 (compatible; GoogleOther)"
66.249.68.198 - - [08/Sep/2026:16:17:15 +0200] "GET /?r=euykvzm4bjmwxw3 HTTP/1.1" 503 - "-" "Mozilla/5.0 (Linux; Android 6.0.1; Nexus 5X Build/MMB29P) AppleWebKit/537.36 (KHTML, like Gecko) Chrome/151.0.7922.173 Mobile Safari/537.36 (compatible; GoogleOther)"
185.43.220.19 - - [08/Sep/2026:16:18:03 +0200] "POST /wp-cron.php?doing_wp_cron=1788877083.2878019809722900390625 HTTP/1.1" 200 - "-" "WordPress/7.1; https://bookmakery.ru"
66.249.68.199 - - [08/Sep/2026:16:17:57 +0200] "GET /?r=f3zf8onbocfdc1w HTTP/1.1" 404 75155 "-" "Mozilla/5.0 (Linux; Android 6.0.1; Nexus 5X Build/MMB29P) AppleWebKit/537.36 (KHTML, like Gecko) Chrome/151.0.7922.173 Mobile Safari/537.36 (compatible; GoogleOther)"
66.249.68.198 - - [08/Sep/2026:16:18:39 +0200] "GET /?r=e6y5vzm2bjmwjw3 HTTP/1.1" 404 75155 "-" "Mozilla/5.0 (Linux; Android 6.0.1; Nexus 5X Build/MMB29P) AppleWebKit/537.36 (KHTML, like Gecko) Chrome/151.0.7922.173 Mobile Safari/537.36 (compatible; GoogleOther)"
66.249.68.199 - - [08/Sep/2026:16:19:57 +0200] "GET /?r=enwh5lkyl5k63i1 HTTP/1.1" 503 - "-" "Mozilla/5.0 (Linux; Android 6.0.1; Nexus 5X Build/MMB29P) AppleWebKit/537.36 (KHTML, like Gecko) Chrome/151.0.7922.173 Mobile Safari/537.36 (compatible; GoogleOther)"
66.249.68.199 - - [08/Sep/2026:16:20:41 +0200] "GET /?r=epg8dh42t14ebel HTTP/1.1" 404 75155 "-" "Mozilla/5.0 (Linux; Android 6.0.1; Nexus 5X Build/MMB29P) AppleWebKit/537.36 (KHTML, like Gecko) Chrome/151.0.7922.173 Mobile Safari/537.36 (compatible; GoogleOther)"
185.43.220.19 - - [08/Sep/2026:16:22:41 +0200] "POST /wp-cron.php?doing_wp_cron=1788877361.5045039653778076171875 HTTP/1.1" 200 - "-" "WordPress/7.1; https://bookmakery.ru"
66.249.68.198 - - [08/Sep/2026:16:22:39 +0200] "GET /?r=fmdcae1bq15r93m HTTP/1.1" 404 75155 "-" "Mozilla/5.0 (Linux; Android 6.0.1; Nexus 5X Build/MMB29P) AppleWebKit/537.36 (KHTML, like Gecko) Chrome/151.0.7922.173 Mobile Safari/537.36 (compatible; GoogleOther)"
66.249.68.200 - - [08/Sep/2026:16:23:10 +0200] "GET /?r=e8hbq6576q5rr3m HTTP/1.1" 200 246142 "-" "Mozilla/5.0 (Linux; Android 6.0.1; Nexus 5X Build/MMB29P) AppleWebKit/537.36 (KHTML, like Gecko) Chrome/151.0.7922.173 Mobile Safari/537.36 (compatible; Googlebot/2.1; +http://www.google.com/bot.html)"
185.43.220.19 - - [08/Sep/2026:16:23:26 +0200] "POST /wp-cron.php?doing_wp_cron=1788877406.3735520839691162109375 HTTP/1.1" 200 - "-" "WordPress/7.1; https://bookmakery.ru"
66.249.68.198 - - [08/Sep/2026:16:23:16 +0200] "GET /?r=e6vjswjx8gjtzt0 HTTP/1.1" 404 75037 "-" "Mozilla/5.0 (Linux; Android 6.0.1; Nexus 5X Build/MMB29P) AppleWebKit/537.36 (KHTML, like Gecko) Chrome/151.0.7922.173 Mobile Safari/537.36 (compatible; GoogleOther)"
185.43.220.19 - - [08/Sep/2026:16:24:29 +0200] "POST /wp-cron.php?doing_wp_cron=1788877469.5806550979614257812500 HTTP/1.1" 200 - "-" "WordPress/7.1; https://bookmakery.ru"
66.249.68.200 - - [08/Sep/2026:16:24:27 +0200] "GET /?r=fp3dogrb4c7hkho HTTP/1.1" 404 75155 "-" "Mozilla/5.0 (Linux; Android 6.0.1; Nexus 5X Build/MMB29P) AppleWebKit/537.36 (KHTML, like Gecko) Chrome/151.0.7922.173 Mobile Safari/537.36 (compatible; GoogleOther)"
93.37.203.76 - - [08/Sep/2026:16:24:30 +0200] "GET /wp-login.php HTTP/1.1" 200 13018 "-" "Mozilla/5.0 (Windows NT 10.0; Win64; x64) AppleWebKit/537.36 (KHTML, like Gecko) Chrome/151.0.0.0 Safari/537.36"
79.21.130.131 - - [08/Sep/2026:16:24:37 +0200] "POST /wp-login.php HTTP/1.1" 200 13502 "https://bookmakery.ru.livebookmakers.net/wp-login.php" "Mozilla/5.0 (Windows NT 10.0; Win64; x64) AppleWebKit/537.36 (KHTML, like Gecko) Chrome/151.0.0.0 Safari/537.36"
66.249.68.198 - - [08/Sep/2026:16:24:58 +0200] "GET /?r=edxgialwyulja72 HTTP/1.1" 404 75155 "-" "Mozilla/5.0 (Linux; Android 6.0.1; Nexus 5X Build/MMB29P) AppleWebKit/537.36 (KHTML, like Gecko) Chrome/151.0.7922.173 Mobile Safari/537.36 (compatible; GoogleOther)"
185.43.220.19 - - [08/Sep/2026:16:25:29 +0200] "POST /wp-cron.php?doing_wp_cron=1788877529.9043760299682617187500 HTTP/1.1" 200 - "-" "WordPress/7.1; https://bookmakery.ru"
66.249.68.198 - - [08/Sep/2026:16:25:28 +0200] "GET /?r=fk6arjub71akukr HTTP/1.1" 404 75155 "-" "Mozilla/5.0 (Linux; Android 6.0.1; Nexus 5X Build/MMB29P) AppleWebKit/537.36 (KHTML, like Gecko) Chrome/151.0.7922.173 Mobile Safari/537.36 (compatible; GoogleOther)"
185.43.220.19 - - [08/Sep/2026:16:26:24 +0200] "POST /wp-cron.php?doing_wp_cron=1788877584.6041610240936279296875 HTTP/1.1" 200 - "-" "WordPress/7.1; https://bookmakery.ru"
66.249.68.198 - - [08/Sep/2026:16:26:22 +0200] "GET /?r=e4iy3v68jf64psn HTTP/1.1" 404 75155 "-" "Mozilla/5.0 (Linux; Android 6.0.1; Nexus 5X Build/MMB29P) AppleWebKit/537.36 (KHTML, like Gecko) Chrome/151.0.7922.173 Mobile Safari/537.36 (compatible; GoogleOther)"
185.43.220.19 - - [08/Sep/2026:16:26:49 +0200] "POST /wp-cron.php?doing_wp_cron=1788877608.9893679618835449218750 HTTP/1.1" 200 - "-" "WordPress/7.1; https://bookmakery.ru"
66.249.68.198 - - [08/Sep/2026:16:26:47 +0200] "GET /?r=feqczfebfp64qsn HTTP/1.1" 404 75155 "-" "Mozilla/5.0 (Linux; Android 6.0.1; Nexus 5X Build/MMB29P) AppleWebKit/537.36 (KHTML, like Gecko) Chrome/151.0.7922.173 Mobile Safari/537.36 (compatible; GoogleOther)"
185.43.220.19 - - [08/Sep/2026:16:27:13 +0200] "POST /wp-cron.php?doing_wp_cron=1788877633.5834059715270996093750 HTTP/1.1" 200 - "-" "WordPress/7.1; https://bookmakery.ru"
3.208.156.9 - - [08/Sep/2026:16:27:11 +0200] "GET /index.php?rest_route=/wp/v2/comments/1 HTTP/1.1" 404 1307 "-" "Mozilla/5.0 AppleWebKit/537.36 (KHTML, like Gecko; compatible; Amazonbot/0.1; +https://developer.amazon.com/support/amazonbot) Chrome/119.0.6045.214 Safari/537.36"
185.43.220.19 - - [08/Sep/2026:16:27:55 +0200] "POST /wp-cron.php?doing_wp_cron=1788877675.5000259876251220703125 HTTP/1.1" 200 - "-" "WordPress/7.1; https://bookmakery.ru"
66.249.68.198 - - [08/Sep/2026:16:27:53 +0200] "GET /?r=fp6frjub75akwkr HTTP/1.1" 404 75155 "-" "Mozilla/5.0 (Linux; Android 6.0.1; Nexus 5X Build/MMB29P) AppleWebKit/537.36 (KHTML, like Gecko) Chrome/151.0.7922.173 Mobile Safari/537.36 (compatible; GoogleOther)"
66.249.68.200 - - [08/Sep/2026:16:28:13 +0200] "GET /?r=ehog91cxplcaiyt HTTP/1.1" 404 75155 "-" "Mozilla/5.0 (Linux; Android 6.0.1; Nexus 5X Build/MMB29P) AppleWebKit/537.36 (KHTML, like Gecko) Chrome/151.0.7922.173 Mobile Safari/537.36 (compatible; GoogleOther)"
185.43.220.19 - - [08/Sep/2026:16:28:35 +0200] "POST /wp-cron.php?doing_wp_cron=1788877715.3739099502563476562500 HTTP/1.1" 200 - "-" "WordPress/7.1; https://bookmakery.ru"
66.249.68.198 - - [08/Sep/2026:16:28:33 +0200] "GET /?r=ezuyf7i6vrigx4z HTTP/1.1" 404 75155 "-" "Mozilla/5.0 (Linux; Android 6.0.1; Nexus 5X Build/MMB29P) AppleWebKit/537.36 (KHTML, like Gecko) Chrome/151.0.7922.173 Mobile Safari/537.36 (compatible; GoogleOther)"
185.43.220.19 - - [08/Sep/2026:16:28:54 +0200] "POST /wp-cron.php?doing_wp_cron=1788877734.5166850090026855468750 HTTP/1.1" 200 - "-" "WordPress/7.1; https://bookmakery.ru"
66.249.68.198 - - [08/Sep/2026:16:28:52 +0200] "GET /?r=eg3cogrx40rpzd8 HTTP/1.1" 404 75155 "-" "Mozilla/5.0 (Linux; Android 6.0.1; Nexus 5X Build/MMB29P) AppleWebKit/537.36 (KHTML, like Gecko) Chrome/151.0.7922.173 Mobile Safari/537.36 (compatible; GoogleOther)"
66.249.68.198 - - [08/Sep/2026:16:29:10 +0200] "GET /?r=f83aogrb4r7hlho HTTP/1.1" 404 75155 "-" "Mozilla/5.0 (Linux; Android 6.0.1; Nexus 5X Build/MMB29P) AppleWebKit/537.36 (KHTML, like Gecko) Chrome/151.0.7922.173 Mobile Safari/537.36 (compatible; GoogleOther)"
185.43.220.19 - - [08/Sep/2026:16:29:32 +0200] "POST /wp-cron.php?doing_wp_cron=1788877772.4782269001007080078125 HTTP/1.1" 200 - "-" "WordPress/7.1; https://bookmakery.ru"
66.249.68.198 - - [08/Sep/2026:16:29:29 +0200] "GET /?r=eib0k0z70kzl1xg HTTP/1.1" 404 75155 "-" "Mozilla/5.0 (Linux; Android 6.0.1; Nexus 5X Build/MMB29P) AppleWebKit/537.36 (KHTML, like Gecko) Chrome/151.0.7922.173 Mobile Safari/537.36 (compatible; GoogleOther)"
185.43.220.19 - - [08/Sep/2026:16:29:52 +0200] "POST /wp-cron.php?doing_wp_cron=1788877792.8860909938812255859375 HTTP/1.1" 200 - "-" "WordPress/7.1; https://bookmakery.ru"
66.249.68.198 - - [08/Sep/2026:16:29:48 +0200] "GET /?r=forac4fbsfv5p5c HTTP/1.1" 404 75155 "-" "Mozilla/5.0 (Linux; Android 6.0.1; Nexus 5X Build/MMB29P) AppleWebKit/537.36 (KHTML, like Gecko) Chrome/151.0.7922.173 Mobile Safari/537.36 (compatible; GoogleOther)"
66.249.68.200 - - [08/Sep/2026:16:30:09 +0200] "GET /?r=fxqbzfebfi649sn HTTP/1.1" 404 75155 "-" "Mozilla/5.0 (Linux; Android 6.0.1; Nexus 5X Build/MMB29P) AppleWebKit/537.36 (KHTML, like Gecko) Chrome/151.0.7922.173 Mobile Safari/537.36 (compatible; GoogleOther)"
185.43.220.19 - - [08/Sep/2026:16:30:31 +0200] "POST /wp-cron.php?doing_wp_cron=1788877831.5746350288391113281250 HTTP/1.1" 200 - "-" "WordPress/7.1; https://bookmakery.ru"
66.249.68.199 - - [08/Sep/2026:16:30:28 +0200] "GET /?r=e4septg55dgqwqx HTTP/1.1" 404 75155 "-" "Mozilla/5.0 (Linux; Android 6.0.1; Nexus 5X Build/MMB29P) AppleWebKit/537.36 (KHTML, like Gecko) Chrome/151.0.7922.173 Mobile Safari/537.36 (compatible; GoogleOther)"
134.209.195.190 - - [08/Sep/2026:16:30:36 +0200] "GET / HTTP/1.1" 301 - "-" "Mozilla/5.0 (compatible; ForestEngine/1.0; +https://forestengine.net/)"
185.43.220.19 - - [08/Sep/2026:16:30:49 +0200] "POST /wp-cron.php?doing_wp_cron=1788877849.8976519107818603515625 HTTP/1.1" 200 - "-" "WordPress/7.1; https://bookmakery.ru"
66.249.68.198 - - [08/Sep/2026:16:30:48 +0200] "GET /?r=fm4g15sbhgwifud HTTP/1.1" 404 75155 "-" "Mozilla/5.0 (Linux; Android 6.0.1; Nexus 5X Build/MMB29P) AppleWebKit/537.36 (KHTML, like Gecko) Chrome/151.0.7922.173 Mobile Safari/537.36 (compatible; GoogleOther)"
185.43.220.19 - - [08/Sep/2026:16:31:08 +0200] "POST /wp-cron.php?doing_wp_cron=1788877868.1861629486083984375000 HTTP/1.1" 200 - "-" "WordPress/7.1; https://bookmakery.ru"
66.249.68.199 - - [08/Sep/2026:16:31:07 +0200] "GET /?r=e0clxp0zd90yimh HTTP/1.1" 404 75155 "-" "Mozilla/5.0 (Linux; Android 6.0.1; Nexus 5X Build/MMB29P) AppleWebKit/537.36 (KHTML, like Gecko) Chrome/151.0.7922.173 Mobile Safari/537.36 (compatible; GoogleOther)"
66.249.68.198 - - [08/Sep/2026:16:31:41 +0200] "GET /?r=fbrbc4fbs3v5r5c HTTP/1.1" 404 75155 "-" "Mozilla/5.0 (Linux; Android 6.0.1; Nexus 5X Build/MMB29P) AppleWebKit/537.36 (KHTML, like Gecko) Chrome/151.0.7922.173 Mobile Safari/537.36 (compatible; GoogleOther)"
66.249.68.198 - - [08/Sep/2026:16:31:57 +0200] "GET /?r=erbxk0zw0kzlkxg HTTP/1.1" 404 75155 "-" "Mozilla/5.0 (Linux; Android 6.0.1; Nexus 5X Build/MMB29P) AppleWebKit/537.36 (KHTML, like Gecko) Chrome/151.0.7922.173 Mobile Safari/537.36 (compatible; GoogleOther)"
185.43.220.19 - - [08/Sep/2026:16:32:16 +0200] "POST /wp-cron.php?doing_wp_cron=1788877936.2724289894104003906250 HTTP/1.1" 200 - "-" "WordPress/7.1; https://bookmakery.ru"
66.249.68.198 - - [08/Sep/2026:16:32:13 +0200] "GET /?r=fd6arjub7saknkr HTTP/1.1" 404 75155 "-" "Mozilla/5.0 (Linux; Android 6.0.1; Nexus 5X Build/MMB29P) AppleWebKit/537.36 (KHTML, like Gecko) Chrome/151.0.7922.173 Mobile Safari/537.36 (compatible; GoogleOther)"
66.249.68.198 - - [08/Sep/2026:16:32:30 +0200] "GET /?r=ejz48onyo8n9el4 HTTP/1.1" 404 75155 "-" "Mozilla/5.0 (Linux; Android 6.0.1; Nexus 5X Build/MMB29P) AppleWebKit/537.36 (KHTML, like Gecko) Chrome/151.0.7922.173 Mobile Safari/537.36 (compatible; GoogleOther)"
66.249.68.198 - - [08/Sep/2026:16:32:45 +0200] "GET /?r=ep1jy2p0empziz6 HTTP/1.1" 404 75155 "-" "Mozilla/5.0 (Linux; Android 6.0.1; Nexus 5X Build/MMB29P) AppleWebKit/537.36 (KHTML, like Gecko) Chrome/151.0.7922.173 Mobile Safari/537.36 (compatible; GoogleOther)"
185.43.220.19 - - [08/Sep/2026:16:33:03 +0200] "POST /wp-cron.php?doing_wp_cron=1788877983.1310150623321533203125 HTTP/1.1" 200 - "-" "WordPress/7.1; https://bookmakery.ru"
66.249.68.200 - - [08/Sep/2026:16:33:01 +0200] "GET /?r=ehduae1yqy1b8bi HTTP/1.1" 404 75155 "-" "Mozilla/5.0 (Linux; Android 6.0.1; Nexus 5X Build/MMB29P) AppleWebKit/537.36 (KHTML, like Gecko) Chrome/151.0.7922.173 Mobile Safari/537.36 (compatible; GoogleOther)"
185.43.220.19 - - [08/Sep/2026:16:34:00 +0200] "POST /wp-cron.php?doing_wp_cron=1788878040.2925300598144531250000 HTTP/1.1" 200 - "-" "WordPress/7.1; https://bookmakery.ru"
66.249.68.198 - - [08/Sep/2026:16:33:58 +0200] "GET /?r=fiemn32b3nus0gb HTTP/1.1" 404 75155 "-" "Mozilla/5.0 (Linux; Android 6.0.1; Nexus 5X Build/MMB29P) AppleWebKit/537.36 (KHTML, like Gecko) Chrome/151.0.7922.173 Mobile Safari/537.36 (compatible; GoogleOther)"
66.249.68.198 - - [08/Sep/2026:16:34:15 +0200] "GET /?r=ema97by9nvy8i8f HTTP/1.1" 404 75155 "-" "Mozilla/5.0 (Linux; Android 6.0.1; Nexus 5X Build/MMB29P) AppleWebKit/537.36 (KHTML, like Gecko) Chrome/151.0.7922.173 Mobile Safari/537.36 (compatible; GoogleOther)"
185.43.220.19 - - [08/Sep/2026:16:35:39 +0200] "POST /wp-cron.php?doing_wp_cron=1788878139.8716089725494384765625 HTTP/1.1" 200 - "-" "WordPress/7.1; https://bookmakery.ru"
66.249.68.199 - - [08/Sep/2026:16:35:36 +0200] "GET /?r=eyxzialwyuljs72 HTTP/1.1" 404 75155 "-" "Mozilla/5.0 (Linux; Android 6.0.1; Nexus 5X Build/MMB29P) AppleWebKit/537.36 (KHTML, like Gecko) Chrome/151.0.7922.173 Mobile Safari/537.36 (compatible; GoogleOther)"
185.43.220.19 - - [08/Sep/2026:16:37:14 +0200] "POST /wp-cron.php?doing_wp_cron=1788878234.6740670204162597656250 HTTP/1.1" 200 - "-" "WordPress/7.1; https://bookmakery.ru"
66.249.68.199 - - [08/Sep/2026:16:37:13 +0200] "GET /?r=enclxp09d90yimh HTTP/1.1" 404 75155 "-" "Mozilla/5.0 (Linux; Android 6.0.1; Nexus 5X Build/MMB29P) AppleWebKit/537.36 (KHTML, like Gecko) Chrome/151.0.7922.173 Mobile Safari/537.36 (compatible; GoogleOther)"
66.249.68.198 - - [08/Sep/2026:16:37:37 +0200] "GET /?r=e1efn3253n2oo0j HTTP/1.1" 503 - "-" "Mozilla/5.0 (Linux; Android 6.0.1; Nexus 5X Build/MMB29P) AppleWebKit/537.36 (KHTML, like Gecko) Chrome/151.0.7922.173 Mobile Safari/537.36 (compatible; GoogleOther)"
66.249.68.200 - - [08/Sep/2026:16:38:02 +0200] "GET /?r=erom91czplca0yt HTTP/1.1" 503 - "-" "Mozilla/5.0 (Linux; Android 6.0.1; Nexus 5X Build/MMB29P) AppleWebKit/537.36 (KHTML, like Gecko) Chrome/151.0.7922.173 Mobile Safari/537.36 (compatible; GoogleOther)"
185.43.220.19 - - [08/Sep/2026:16:39:37 +0200] "POST /wp-cron.php?doing_wp_cron=1788878377.1736450195312500000000 HTTP/1.1" 200 - "-" "WordPress/7.1; https://bookmakery.ru"
34.9.174.190 - - [08/Sep/2026:16:39:26 +0200] "GET /.git/config HTTP/1.1" 301 - "-" "Mozilla/5.0 (Windows NT 10.0; Win64; x64) AppleWebKit/537.36 (KHTML, like Gecko) Chrome/128.0.0.0 Safari/537.36"
185.43.220.19 - - [08/Sep/2026:16:40:06 +0200] "POST /wp-cron.php?doing_wp_cron=1788878406.2804861068725585937500 HTTP/1.1" 200 - "-" "WordPress/7.1; https://bookmakery.ru"
66.249.68.199 - - [08/Sep/2026:16:40:00 +0200] "GET /?r=espcmqd52adn5nu HTTP/1.1" 404 75155 "-" "Mozilla/5.0 (Linux; Android 6.0.1; Nexus 5X Build/MMB29P) AppleWebKit/537.36 (KHTML, like Gecko) Chrome/151.0.7922.173 Mobile Safari/537.36 (compatible; GoogleOther)"
66.249.68.198 - - [08/Sep/2026:16:40:09 +0200] "GET /?r=fzaf7bybne2od0j HTTP/1.1" 200 222574 "-" "Mozilla/5.0 (Linux; Android 6.0.1; Nexus 5X Build/MMB29P) AppleWebKit/537.36 (KHTML, like Gecko) Chrome/151.0.7922.173 Mobile Safari/537.36 (compatible; Googlebot/2.1; +http://www.google.com/bot.html)"
66.249.68.198 - - [08/Sep/2026:16:41:28 +0200] "GET /?r=eoddae1wqy1b4bi HTTP/1.1" 503 - "-" "Mozilla/5.0 (Linux; Android 6.0.1; Nexus 5X Build/MMB29P) AppleWebKit/537.36 (KHTML, like Gecko) Chrome/151.0.7922.173 Mobile Safari/537.36 (compatible; GoogleOther)"
185.43.220.19 - - [08/Sep/2026:16:43:52 +0200] "POST /wp-cron.php?doing_wp_cron=1788878632.6503651142120361328125 HTTP/1.1" 200 - "-" "WordPress/7.1; https://bookmakery.ru"
66.249.68.198 - - [08/Sep/2026:16:43:49 +0200] "GET /?r=fshfq65b65xvpje HTTP/1.1" 404 75155 "-" "Mozilla/5.0 (Linux; Android 6.0.1; Nexus 5X Build/MMB29P) AppleWebKit/537.36 (KHTML, like Gecko) Chrome/151.0.7922.173 Mobile Safari/537.36 (compatible; GoogleOther)"
185.43.220.19 - - [08/Sep/2026:16:46:22 +0200] "POST /wp-cron.php?doing_wp_cron=1788878781.9726350307464599609375 HTTP/1.1" 200 - "-" "WordPress/7.1; https://bookmakery.ru"
66.249.68.200 - - [08/Sep/2026:16:46:12 +0200] "GET /?r=ewa47by5nvy8i8f HTTP/1.1" 503 - "-" "Mozilla/5.0 (Linux; Android 6.0.1; Nexus 5X Build/MMB29P) AppleWebKit/537.36 (KHTML, like Gecko) Chrome/151.0.7922.173 Mobile Safari/537.36 (compatible; GoogleOther)"
66.249.68.198 - - [08/Sep/2026:16:48:26 +0200] "GET /?r=eumxjna3z7akwkr HTTP/1.1" 200 240565 "-" "Mozilla/5.0 (Linux; Android 6.0.1; Nexus 5X Build/MMB29P) AppleWebKit/537.36 (KHTML, like Gecko) Chrome/151.0.7922.173 Mobile Safari/537.36 (compatible; Googlebot/2.1; +http://www.google.com/bot.html)"
66.249.68.198 - - [08/Sep/2026:16:48:36 +0200] "GET /?r=f2newcbbcv315pk HTTP/1.1" 200 228743 "-" "Mozilla/5.0 (Linux; Android 6.0.1; Nexus 5X Build/MMB29P) AppleWebKit/537.36 (KHTML, like Gecko) Chrome/151.0.7922.173 Mobile Safari/537.36 (compatible; Googlebot/2.1; +http://www.google.com/bot.html)"
216.73.217.130 - - [08/Sep/2026:16:49:07 +0200] "GET /robots.txt HTTP/1.1" 200 93 "-" "Mozilla/5.0 AppleWebKit/537.36 (KHTML, like Gecko; compatible; ClaudeBot/1.0; [email protected])"
216.73.217.130 - - [08/Sep/2026:16:49:08 +0200] "GET /index.php/sitemap.xml HTTP/1.1" 503 468 "-" "Mozilla/5.0 AppleWebKit/537.36 (KHTML, like Gecko; compatible; ClaudeBot/1.0; [email protected])"
185.43.220.19 - - [08/Sep/2026:16:51:11 +0200] "POST /wp-cron.php?doing_wp_cron=1788879071.7015490531921386718750 HTTP/1.1" 200 - "-" "WordPress/7.1; https://bookmakery.ru"
66.249.68.199 - - [08/Sep/2026:16:50:57 +0200] "GET /?r=exmxjna6z7aktkr HTTP/1.1" 404 75037 "-" "Mozilla/5.0 (Linux; Android 6.0.1; Nexus 5X Build/MMB29P) AppleWebKit/537.36 (KHTML, like Gecko) Chrome/151.0.7922.173 Mobile Safari/537.36 (compatible; GoogleOther)"
185.43.220.19 - - [08/Sep/2026:16:51:45 +0200] "POST /wp-cron.php?doing_wp_cron=1788879105.5016000270843505859375 HTTP/1.1" 200 - "-" "WordPress/7.1; https://bookmakery.ru"
66.249.68.198 - - [08/Sep/2026:16:51:42 +0200] "GET /?r=eeh8q6516q5r93m HTTP/1.1" 404 75155 "-" "Mozilla/5.0 (Linux; Android 6.0.1; Nexus 5X Build/MMB29P) AppleWebKit/537.36 (KHTML, like Gecko) Chrome/151.0.7922.173 Mobile Safari/537.36 (compatible; GoogleOther)"
185.43.220.19 - - [08/Sep/2026:16:53:14 +0200] "POST /wp-cron.php?doing_wp_cron=1788879194.8905150890350341796875 HTTP/1.1" 200 - "-" "WordPress/7.1; https://bookmakery.ru"
66.249.68.199 - - [08/Sep/2026:16:53:12 +0200] "GET /?r=ep53eut1uetfnra HTTP/1.1" 404 75155 "-" "Mozilla/5.0 (Linux; Android 6.0.1; Nexus 5X Build/MMB29P) AppleWebKit/537.36 (KHTML, like Gecko) Chrome/151.0.7922.173 Mobile Safari/537.36 (compatible; GoogleOther)"
66.249.68.198 - - [08/Sep/2026:16:55:38 +0200] "GET /?r=ey7i48v6ksv5o5c HTTP/1.1" 503 - "-" "Mozilla/5.0 (Linux; Android 6.0.1; Nexus 5X Build/MMB29P) AppleWebKit/537.36 (KHTML, like Gecko) Chrome/151.0.7922.173 Mobile Safari/537.36 (compatible; GoogleOther)"
66.249.68.198 - - [08/Sep/2026:16:58:34 +0200] "GET /?r=fpgbdh4btf8uo6p HTTP/1.1" 503 - "-" "Mozilla/5.0 (Linux; Android 6.0.1; Nexus 5X Build/MMB29P) AppleWebKit/537.36 (KHTML, like Gecko) Chrome/151.0.7922.173 Mobile Safari/537.36 (compatible; GoogleOther)"
185.43.220.19 - - [08/Sep/2026:16:59:38 +0200] "POST /wp-cron.php?doing_wp_cron=1788879578.2882730960845947265625 HTTP/1.1" 200 - "-" "WordPress/7.1; https://bookmakery.ru"
66.249.68.199 - - [08/Sep/2026:16:59:36 +0200] "GET /?r=e4g2dh4zt14eeel HTTP/1.1" 404 75155 "-" "Mozilla/5.0 (Linux; Android 6.0.1; Nexus 5X Build/MMB29P) AppleWebKit/537.36 (KHTML, like Gecko) Chrome/151.0.7922.173 Mobile Safari/537.36 (compatible; GoogleOther)"
185.43.220.19 - - [08/Sep/2026:17:00:33 +0200] "POST /wp-cron.php?doing_wp_cron=1788879633.6085419654846191406250 HTTP/1.1" 200 - "-" "WordPress/7.1; https://bookmakery.ru"
66.249.68.199 - - [08/Sep/2026:17:00:31 +0200] "GET /?r=fa3bogrb4s7heho HTTP/1.1" 404 75155 "-" "Mozilla/5.0 (Linux; Android 6.0.1; Nexus 5X Build/MMB29P) AppleWebKit/537.36 (KHTML, like Gecko) Chrome/151.0.7922.173 Mobile Safari/537.36 (compatible; GoogleOther)"
66.249.68.200 - - [08/Sep/2026:17:01:21 +0200] "GET /?r=e0ls6y95mi97lvq HTTP/1.1" 503 - "-" "Mozilla/5.0 (Linux; Android 6.0.1; Nexus 5X Build/MMB29P) AppleWebKit/537.36 (KHTML, like Gecko) Chrome/151.0.7922.173 Mobile Safari/537.36 (compatible; GoogleOther)"
185.43.220.19 - - [08/Sep/2026:17:03:04 +0200] "POST /wp-cron.php?doing_wp_cron=1788879784.8841850757598876953125 HTTP/1.1" 200 - "-" "WordPress/7.1; https://bookmakery.ru"
66.249.68.199 - - [08/Sep/2026:17:03:03 +0200] "GET /?r=fmgbdh4btv8u66p HTTP/1.1" 404 75155 "-" "Mozilla/5.0 (Linux; Android 6.0.1; Nexus 5X Build/MMB29P) AppleWebKit/537.36 (KHTML, like Gecko) Chrome/151.0.7922.173 Mobile Safari/537.36 (compatible; GoogleOther)"
185.43.220.19 - - [08/Sep/2026:17:03:47 +0200] "POST /wp-cron.php?doing_wp_cron=1788879827.8478760719299316406250 HTTP/1.1" 200 - "-" "WordPress/7.1; https://bookmakery.ru"
66.249.68.198 - - [08/Sep/2026:17:03:46 +0200] "GET /?r=eu7348v6ksv5k5c HTTP/1.1" 404 75155 "-" "Mozilla/5.0 (Linux; Android 6.0.1; Nexus 5X Build/MMB29P) AppleWebKit/537.36 (KHTML, like Gecko) Chrome/151.0.7922.173 Mobile Safari/537.36 (compatible; GoogleOther)"
66.249.68.198 - - [08/Sep/2026:17:05:24 +0200] "GET /?r=et5jeutzuetfpra HTTP/1.1" 200 243343 "-" "Mozilla/5.0 (Linux; Android 6.0.1; Nexus 5X Build/MMB29P) AppleWebKit/537.36 (KHTML, like Gecko) Chrome/151.0.7922.173 Mobile Safari/537.36 (compatible; Googlebot/2.1; +http://www.google.com/bot.html)"
185.43.220.19 - - [08/Sep/2026:17:07:00 +0200] "POST /wp-cron.php?doing_wp_cron=1788880020.6736490726470947265625 HTTP/1.1" 200 - "-" "WordPress/7.1; https://bookmakery.ru"
66.249.68.198 - - [08/Sep/2026:17:06:55 +0200] "GET /?r=e3o191c1plca2yt HTTP/1.1" 404 75155 "-" "Mozilla/5.0 (Linux; Android 6.0.1; Nexus 5X Build/MMB29P) AppleWebKit/537.36 (KHTML, like Gecko) Chrome/151.0.7922.173 Mobile Safari/537.36 (compatible; GoogleOther)"
66.249.68.199 - - [08/Sep/2026:17:08:10 +0200] "GET /?r=f3lg6y9bmcpzyz6 HTTP/1.1" 404 75155 "-" "Mozilla/5.0 (Linux; Android 6.0.1; Nexus 5X Build/MMB29P) AppleWebKit/537.36 (KHTML, like Gecko) Chrome/151.0.7922.173 Mobile Safari/537.36 (compatible; GoogleOther)"
66.249.68.198 - - [08/Sep/2026:17:08:53 +0200] "GET /?r=fx5deutbuzljx72 HTTP/1.1" 503 - "-" "Mozilla/5.0 (Linux; Android 6.0.1; Nexus 5X Build/MMB29P) AppleWebKit/537.36 (KHTML, like Gecko) Chrome/151.0.7922.173 Mobile Safari/537.36 (compatible; GoogleOther)"
66.249.68.198 - - [08/Sep/2026:17:09:25 +0200] "GET /?r=ezgudh4yt14ebel HTTP/1.1" 200 223043 "-" "Mozilla/5.0 (Linux; Android 6.0.1; Nexus 5X Build/MMB29P) AppleWebKit/537.36 (KHTML, like Gecko) Chrome/151.0.7922.173 Mobile Safari/537.36 (compatible; Googlebot/2.1; +http://www.google.com/bot.html)"
185.43.220.19 - - [08/Sep/2026:17:09:34 +0200] "POST /wp-cron.php?doing_wp_cron=1788880174.1906371116638183593750 HTTP/1.1" 200 - "-" "WordPress/7.1; https://bookmakery.ru"
66.249.68.198 - - [08/Sep/2026:17:09:32 +0200] "GET /?r=eeh6q65z6q5r73m HTTP/1.1" 404 75155 "-" "Mozilla/5.0 (Linux; Android 6.0.1; Nexus 5X Build/MMB29P) AppleWebKit/537.36 (KHTML, like Gecko) Chrome/151.0.7922.173 Mobile Safari/537.36 (compatible; GoogleOther)"
66.249.68.198 - - [08/Sep/2026:17:10:30 +0200] "GET /?r=eq7v48v8ksv5u5c HTTP/1.1" 200 244465 "-" "Mozilla/5.0 (Linux; Android 6.0.1; Nexus 5X Build/MMB29P) AppleWebKit/537.36 (KHTML, like Gecko) Chrome/151.0.7922.173 Mobile Safari/537.36 (compatible; Googlebot/2.1; +http://www.google.com/bot.html)"
185.43.220.19 - - [08/Sep/2026:17:10:37 +0200] "POST /wp-cron.php?doing_wp_cron=1788880237.2029619216918945312500 HTTP/1.1" 200 - "-" "WordPress/7.1; https://bookmakery.ru"
66.249.68.198 - - [08/Sep/2026:17:10:35 +0200] "GET /?r=flkgt98b970yomh HTTP/1.1" 404 75155 "-" "Mozilla/5.0 (Linux; Android 6.0.1; Nexus 5X Build/MMB29P) AppleWebKit/537.36 (KHTML, like Gecko) Chrome/151.0.7922.173 Mobile Safari/537.36 (compatible; GoogleOther)"
185.43.220.19 - - [08/Sep/2026:17:11:54 +0200] "POST /wp-cron.php?doing_wp_cron=1788880314.5724229812622070312500 HTTP/1.1" 200 - "-" "WordPress/7.1; https://bookmakery.ru"
66.249.68.198 - - [08/Sep/2026:17:11:53 +0200] "GET /?r=fxwa5lkblhca6yt HTTP/1.1" 404 75155 "-" "Mozilla/5.0 (Linux; Android 6.0.1; Nexus 5X Build/MMB29P) AppleWebKit/537.36 (KHTML, like Gecko) Chrome/151.0.7922.173 Mobile Safari/537.36 (compatible; GoogleOther)"
185.43.220.19 - - [08/Sep/2026:17:14:30 +0200] "POST /wp-cron.php?doing_wp_cron=1788880470.8889050483703613281250 HTTP/1.1" 200 - "-" "WordPress/7.1; https://bookmakery.ru"
66.249.68.199 - - [08/Sep/2026:17:14:29 +0200] "GET /?r=e2pnmqd52adn9nu HTTP/1.1" 404 75155 "-" "Mozilla/5.0 (Linux; Android 6.0.1; Nexus 5X Build/MMB29P) AppleWebKit/537.36 (KHTML, like Gecko) Chrome/151.0.7922.173 Mobile Safari/537.36 (compatible; GoogleOther)"
185.43.220.19 - - [08/Sep/2026:17:14:53 +0200] "POST /wp-cron.php?doing_wp_cron=1788880493.7115330696105957031250 HTTP/1.1" 200 - "-" "WordPress/7.1; https://bookmakery.ru"
66.249.68.198 - - [08/Sep/2026:17:14:48 +0200] "GET /?r=ehbrk0zv0kzlfxg HTTP/1.1" 404 75037 "-" "Mozilla/5.0 (Linux; Android 6.0.1; Nexus 5X Build/MMB29P) AppleWebKit/537.36 (KHTML, like Gecko) Chrome/151.0.7922.173 Mobile Safari/537.36 (compatible; GoogleOther)"
185.43.220.19 - - [08/Sep/2026:17:20:13 +0200] "POST /wp-cron.php?doing_wp_cron=1788880813.8564660549163818359375 HTTP/1.1" 200 - "-" "WordPress/7.1; https://bookmakery.ru"
66.249.68.198 - - [08/Sep/2026:17:20:12 +0200] "GET /?r=e7oz91c0plcahyt HTTP/1.1" 404 75155 "-" "Mozilla/5.0 (Linux; Android 6.0.1; Nexus 5X Build/MMB29P) AppleWebKit/537.36 (KHTML, like Gecko) Chrome/151.0.7922.173 Mobile Safari/537.36 (compatible; GoogleOther)"
66.249.68.198 - - [08/Sep/2026:17:20:27 +0200] "GET /?r=e1rqc4f6sofd21w HTTP/1.1" 404 75155 "-" "Mozilla/5.0 (Linux; Android 6.0.1; Nexus 5X Build/MMB29P) AppleWebKit/537.36 (KHTML, like Gecko) Chrome/151.0.7922.173 Mobile Safari/537.36 (compatible; GoogleOther)"
185.43.220.19 - - [08/Sep/2026:17:21:19 +0200] "POST /wp-cron.php?doing_wp_cron=1788880879.4773271083831787109375 HTTP/1.1" 200 - "-" "WordPress/7.1; https://bookmakery.ru"
92.206.121.216 - - [08/Sep/2026:17:21:18 +0200] "GET /wp-login.php HTTP/1.1" 200 12967 "-" "Mozilla/5.0 (Windows NT 10.0; Win64; x64) AppleWebKit/537.36 (KHTML, like Gecko) Chrome/151.0.0.0 Safari/537.36"
89.247.164.71 - - [08/Sep/2026:17:21:24 +0200] "POST /wp-login.php HTTP/1.1" 200 13451 "https://bookmakery.ru/wp-login.php" "Mozilla/5.0 (Windows NT 10.0; Win64; x64) AppleWebKit/537.36 (KHTML, like Gecko) Chrome/151.0.0.0 Safari/537.36"
185.43.220.19 - - [08/Sep/2026:17:25:03 +0200] "POST /wp-cron.php?doing_wp_cron=1788881103.1353139877319335937500 HTTP/1.1" 200 - "-" "WordPress/7.1; https://bookmakery.ru"
66.249.68.200 - - [08/Sep/2026:17:25:01 +0200] "GET /?r=fwygvzmbbpqcao7 HTTP/1.1" 404 75155 "-" "Mozilla/5.0 (Linux; Android 6.0.1; Nexus 5X Build/MMB29P) AppleWebKit/537.36 (KHTML, like Gecko) Chrome/151.0.7922.173 Mobile Safari/537.36 (compatible; GoogleOther)"
69.165.67.149 - - [08/Sep/2026:17:25:40 +0200] "GET /index.php?rest_route=/wp/v2/posts&per_page=100&_fields=id%2Ccomment_status&page=1 HTTP/1.1" 200 34 "https://bookmakery.ru" "Mozilla/5.0 (Linux; Android 5.0; SM-G900P Build/LRX21T) AppleWebKit/537.36 (KHTML, like Gecko) Chrome/49.0.2521.1888 Mobile Safari/537.36"
69.165.67.149 - - [08/Sep/2026:17:25:41 +0200] "POST /wp-comments-post.php HTTP/1.1" 500 2812 "https://bookmakery.ru" "Mozilla/5.0 (Linux; Android 5.0; SM-G900P Build/LRX21T) AppleWebKit/537.36 (KHTML, like Gecko) Chrome/49.0.2521.1888 Mobile Safari/537.36"
185.43.220.19 - - [08/Sep/2026:17:25:50 +0200] "POST /wp-cron.php?doing_wp_cron=1788881150.0224928855895996093750 HTTP/1.1" 200 - "-" "WordPress/7.1; https://bookmakery.ru"
69.165.67.149 - - [08/Sep/2026:17:25:49 +0200] "POST /wp-comments-post.php HTTP/1.1" 500 2812 "https://bookmakery.ru" "Mozilla/5.0 (Linux; Android 5.0; SM-G900P Build/LRX21T) AppleWebKit/537.36 (KHTML, like Gecko) Chrome/49.0.2521.1888 Mobile Safari/537.36"
66.249.68.198 - - [08/Sep/2026:17:25:52 +0200] "GET /?r=fb6frjub7iaklkr HTTP/1.1" 404 75155 "-" "Mozilla/5.0 (Linux; Android 6.0.1; Nexus 5X Build/MMB29P) AppleWebKit/537.36 (KHTML, like Gecko) Chrome/151.0.7922.173 Mobile Safari/537.36 (compatible; GoogleOther)"
69.165.67.149 - - [08/Sep/2026:17:26:02 +0200] "POST /wp-comments-post.php HTTP/1.1" 500 2812 "https://bookmakery.ru" "Mozilla/5.0 (Linux; Android 5.0; SM-G900P Build/LRX21T) AppleWebKit/537.36 (KHTML, like Gecko) Chrome/49.0.2521.1888 Mobile Safari/537.36"
66.249.68.198 - - [08/Sep/2026:17:26:28 +0200] "GET /?r=em54eut9uetfdra HTTP/1.1" 404 75155 "-" "Mozilla/5.0 (Linux; Android 6.0.1; Nexus 5X Build/MMB29P) AppleWebKit/537.36 (KHTML, like Gecko) Chrome/151.0.7922.173 Mobile Safari/537.36 (compatible; GoogleOther)"
66.249.68.198 - - [08/Sep/2026:17:29:09 +0200] "GET /?r=e0hrq6516q5r13m HTTP/1.1" 404 75155 "-" "Mozilla/5.0 (Linux; Android 6.0.1; Nexus 5X Build/MMB29P) AppleWebKit/537.36 (KHTML, like Gecko) Chrome/151.0.7922.173 Mobile Safari/537.36 (compatible; GoogleOther)"
185.43.220.19 - - [08/Sep/2026:17:29:50 +0200] "POST /wp-cron.php?doing_wp_cron=1788881390.0004930496215820312500 HTTP/1.1" 200 - "-" "WordPress/7.1; https://bookmakery.ru"
66.249.68.198 - - [08/Sep/2026:17:29:48 +0200] "GET /?r=ecnjwcbxcwbxr9s HTTP/1.1" 404 75155 "-" "Mozilla/5.0 (Linux; Android 6.0.1; Nexus 5X Build/MMB29P) AppleWebKit/537.36 (KHTML, like Gecko) Chrome/151.0.7922.173 Mobile Safari/537.36 (compatible; GoogleOther)"
66.249.68.198 - - [08/Sep/2026:17:32:13 +0200] "GET /?r=etzh8on6o8n9ql4 HTTP/1.1" 200 235574 "-" "Mozilla/5.0 (Linux; Android 6.0.1; Nexus 5X Build/MMB29P) AppleWebKit/537.36 (KHTML, like Gecko) Chrome/151.0.7922.173 Mobile Safari/537.36 (compatible; Googlebot/2.1; +http://www.google.com/bot.html)"
66.249.68.198 - - [08/Sep/2026:17:32:19 +0200] "GET /?r=focgxp0bdfgqaqx HTTP/1.1" 200 246434 "-" "Mozilla/5.0 (Linux; Android 6.0.1; Nexus 5X Build/MMB29P) AppleWebKit/537.36 (KHTML, like Gecko) Chrome/151.0.7922.173 Mobile Safari/537.36 (compatible; Googlebot/2.1; +http://www.google.com/bot.html)"
66.249.68.198 - - [08/Sep/2026:17:33:26 +0200] "GET /?r=eflw6y9wmi976vq HTTP/1.1" 200 236889 "-" "Mozilla/5.0 (Linux; Android 6.0.1; Nexus 5X Build/MMB29P) AppleWebKit/537.36 (KHTML, like Gecko) Chrome/151.0.7922.173 Mobile Safari/537.36 (compatible; Googlebot/2.1; +http://www.google.com/bot.html)"
