66.249.68.198 - - [09/Sep/2026:06:06:20 +0200] "GET /?r=e6qkzfe8fze0tcv HTTP/1.1" 200 20462 "-" "Mozilla/5.0 (Linux; Android 6.0.1; Nexus 5X Build/MMB29P) AppleWebKit/537.36 (KHTML, like Gecko) Chrome/151.0.7922.173 Mobile Safari/537.36 (compatible; GoogleOther)"
66.249.68.198 - - [09/Sep/2026:06:08:30 +0200] "GET /?r=f82abrqbr0igh4z_gkind14523982 HTTP/1.1" 200 20462 "-" "Mozilla/5.0 (Linux; Android 6.0.1; Nexus 5X Build/MMB29P) AppleWebKit/537.36 (KHTML, like Gecko) Chrome/151.0.7922.173 Mobile Safari/537.36 (compatible; Googlebot/2.1; +http://www.google.com/bot.html)"
46.106.32.139 - - [09/Sep/2026:06:08:48 +0200] "GET / HTTP/1.1" 302 - "https://www.google.com/" "Mozilla/5.0 (Linux; Android 10; K) AppleWebKit/537.36 (KHTML, like Gecko) Chrome/151.0.0.0 Mobile Safari/537.36"
66.249.68.198 - - [09/Sep/2026:06:09:48 +0200] "GET /?r=ew4115szhps2629 HTTP/1.1" 200 20462 "-" "Mozilla/5.0 (Linux; Android 6.0.1; Nexus 5X Build/MMB29P) AppleWebKit/537.36 (KHTML, like Gecko) Chrome/151.0.7922.173 Mobile Safari/537.36 (compatible; GoogleOther)"
66.249.68.198 - - [09/Sep/2026:06:10:59 +0200] "GET /?r=fc2fbrqbroigx4z HTTP/1.1" 200 20462 "-" "Mozilla/5.0 (Linux; Android 6.0.1; Nexus 5X Build/MMB29P) AppleWebKit/537.36 (KHTML, like Gecko) Chrome/151.0.7922.173 Mobile Safari/537.36 (compatible; GoogleOther)"
66.249.68.200 - - [09/Sep/2026:06:14:59 +0200] "GET /?r=e6y5vzm2bjmwjw3_gkind14524026 HTTP/1.1" 508 288 "-" "Mozilla/5.0 (Linux; Android 6.0.1; Nexus 5X Build/MMB29P) AppleWebKit/537.36 (KHTML, like Gecko) Chrome/151.0.7922.173 Mobile Safari/537.36 (compatible; GoogleOther)"
66.249.68.198 - - [09/Sep/2026:06:15:13 +0200] "GET /?r=ejkpt9899t8uy6p_gkind14524002 HTTP/1.1" 200 20462 "-" "Mozilla/5.0 (Linux; Android 6.0.1; Nexus 5X Build/MMB29P) AppleWebKit/537.36 (KHTML, like Gecko) Chrome/151.0.7922.173 Mobile Safari/537.36 (compatible; GoogleOther)"
66.249.68.198 - - [09/Sep/2026:06:15:25 +0200] "GET /?r=eygddh48t14ebel HTTP/1.1" 200 20462 "-" "Mozilla/5.0 (Linux; Android 6.0.1; Nexus 5X Build/MMB29P) AppleWebKit/537.36 (KHTML, like Gecko) Chrome/151.0.7922.173 Mobile Safari/537.36 (compatible; GoogleOther)"
66.249.68.198 - - [09/Sep/2026:06:15:40 +0200] "GET /?r=ev2jbrq5rbqcco7 HTTP/1.1" 200 20462 "-" "Mozilla/5.0 (Linux; Android 6.0.1; Nexus 5X Build/MMB29P) AppleWebKit/537.36 (KHTML, like Gecko) Chrome/151.0.7922.173 Mobile Safari/537.36 (compatible; GoogleOther)"
66.249.68.198 - - [09/Sep/2026:06:16:16 +0200] "GET /?r=ejkpt9899t8uy6p_gkind14524026 HTTP/1.1" 200 20462 "-" "Mozilla/5.0 (Linux; Android 6.0.1; Nexus 5X Build/MMB29P) AppleWebKit/537.36 (KHTML, like Gecko) Chrome/151.0.7922.173 Mobile Safari/537.36 (compatible; GoogleOther)"
66.249.68.199 - - [09/Sep/2026:06:16:41 +0200] "GET /?r=e24815s4hps2b29 HTTP/1.1" 200 20462 "-" "Mozilla/5.0 (Linux; Android 6.0.1; Nexus 5X Build/MMB29P) AppleWebKit/537.36 (KHTML, like Gecko) Chrome/151.0.7922.173 Mobile Safari/537.36 (compatible; Googlebot/2.1; +http://www.google.com/bot.html)"
66.249.68.198 - - [09/Sep/2026:06:16:42 +0200] "GET /?r=emc6xp09d90y8mh HTTP/1.1" 200 20462 "-" "Mozilla/5.0 (Linux; Android 6.0.1; Nexus 5X Build/MMB29P) AppleWebKit/537.36 (KHTML, like Gecko) Chrome/151.0.7922.173 Mobile Safari/537.36 (compatible; Googlebot/2.1; +http://www.google.com/bot.html)"
66.249.68.199 - - [09/Sep/2026:06:16:43 +0200] "GET /?r=eqln6y91mi971vq HTTP/1.1" 200 20462 "-" "Mozilla/5.0 (Linux; Android 6.0.1; Nexus 5X Build/MMB29P) AppleWebKit/537.36 (KHTML, like Gecko) Chrome/151.0.7922.173 Mobile Safari/537.36 (compatible; GoogleOther)"
66.249.68.198 - - [09/Sep/2026:06:16:47 +0200] "GET /?r=e9smptg65dgqzqx_gkind14523982 HTTP/1.1" 200 20462 "-" "Mozilla/5.0 (Linux; Android 6.0.1; Nexus 5X Build/MMB29P) AppleWebKit/537.36 (KHTML, like Gecko) Chrome/151.0.7922.173 Mobile Safari/537.36 (compatible; Googlebot/2.1; +http://www.google.com/bot.html)"
66.249.68.198 - - [09/Sep/2026:06:16:48 +0200] "GET /?r=f3nawcbbcm31ipk HTTP/1.1" 200 20462 "-" "Mozilla/5.0 (Linux; Android 6.0.1; Nexus 5X Build/MMB29P) AppleWebKit/537.36 (KHTML, like Gecko) Chrome/151.0.7922.173 Mobile Safari/537.36 (compatible; Googlebot/2.1; +http://www.google.com/bot.html)"
185.194.151.187 - - [09/Sep/2026:06:16:56 +0200] "GET /wp-json/wp/v2/users/me HTTP/1.1" 503 468 "-" "Mozilla/5.0 (Windows NT 10.0; Win64; x64) AppleWebKit/537.36 (KHTML, like Gecko) Chrome/151.0.0.0 Safari/537.36"
86.38.98.64 - - [09/Sep/2026:06:16:44 +0200] "GET /wp-login.php HTTP/1.1" 503 - "-" "Mozilla/5.0 (Windows NT 10.0; Win64; x64) AppleWebKit/537.36 (KHTML, like Gecko) Chrome/151.0.0.0 Safari/537.36"
66.249.68.200 - - [09/Sep/2026:06:17:32 +0200] "GET /?r=enm3jna9z7ak4kr HTTP/1.1" 200 20462 "-" "Mozilla/5.0 (Linux; Android 6.0.1; Nexus 5X Build/MMB29P) AppleWebKit/537.36 (KHTML, like Gecko) Chrome/151.0.7922.173 Mobile Safari/537.36 (compatible; Googlebot/2.1; +http://www.google.com/bot.html)"
66.249.68.199 - - [09/Sep/2026:06:20:25 +0200] "GET /?r=ep2gbrq9rbqc4o7 HTTP/1.1" 200 20462 "-" "Mozilla/5.0 (Linux; Android 6.0.1; Nexus 5X Build/MMB29P) AppleWebKit/537.36 (KHTML, like Gecko) Chrome/151.0.7922.173 Mobile Safari/537.36 (compatible; Googlebot/2.1; +http://www.google.com/bot.html)"
66.249.68.199 - - [09/Sep/2026:06:24:33 +0200] "GET /?r=fh3gogrb4c7hcho HTTP/1.1" 200 20462 "-" "Mozilla/5.0 (Linux; Android 6.0.1; Nexus 5X Build/MMB29P) AppleWebKit/537.36 (KHTML, like Gecko) Chrome/151.0.7922.173 Mobile Safari/537.36 (compatible; GoogleOther)"
66.249.68.199 - - [09/Sep/2026:06:29:05 +0200] "GET /?r=e2pnmqd52adn9nu HTTP/1.1" 200 20462 "-" "Mozilla/5.0 (Linux; Android 6.0.1; Nexus 5X Build/MMB29P) AppleWebKit/537.36 (KHTML, like Gecko) Chrome/151.0.7922.173 Mobile Safari/537.36 (compatible; Googlebot/2.1; +http://www.google.com/bot.html)"
66.249.68.199 - - [09/Sep/2026:06:29:12 +0200] "GET /?r=ei3kogr940rp7d8 HTTP/1.1" 200 20462 "-" "Mozilla/5.0 (Linux; Android 6.0.1; Nexus 5X Build/MMB29P) AppleWebKit/537.36 (KHTML, like Gecko) Chrome/151.0.7922.173 Mobile Safari/537.36 (compatible; Googlebot/2.1; +http://www.google.com/bot.html)"
66.249.68.200 - - [09/Sep/2026:06:31:18 +0200] "GET /?r=eql76y98mi97wvq HTTP/1.1" 200 20462 "-" "Mozilla/5.0 (Linux; Android 6.0.1; Nexus 5X Build/MMB29P) AppleWebKit/537.36 (KHTML, like Gecko) Chrome/151.0.7922.173 Mobile Safari/537.36 (compatible; Googlebot/2.1; +http://www.google.com/bot.html)"
66.249.68.198 - - [09/Sep/2026:06:31:46 +0200] "GET /?r=emhiq6516q5r53m HTTP/1.1" 200 20462 "-" "Mozilla/5.0 (Linux; Android 6.0.1; Nexus 5X Build/MMB29P) AppleWebKit/537.36 (KHTML, like Gecko) Chrome/151.0.7922.173 Mobile Safari/537.36 (compatible; Googlebot/2.1; +http://www.google.com/bot.html)"
185.43.220.19 - - [09/Sep/2026:06:34:42 +0200] "POST /wp-cron.php?doing_wp_cron=1788928482.3253939151763916015625 HTTP/1.1" 200 - "-" "WordPress/7.1; https://bookmakery.ru"
89.92.25.245 - - [09/Sep/2026:06:34:37 +0200] "GET /obzor-bukmekera-liga-stavok/ HTTP/1.1" 302 - "-" "Mozilla/5.0 (Macintosh; Intel Mac OS X 10_15_7) AppleWebKit/537.36 (KHTML, like Gecko) Chrome/142.0.0.0 Safari/537.36"
149.107.244.130 - - [09/Sep/2026:06:34:40 +0200] "GET /obzor-bukmekera-1hstavka/ HTTP/1.1" 302 - "-" "Mozilla/5.0 (Macintosh; Intel Mac OS X 10_15_7) AppleWebKit/537.36 (KHTML, like Gecko) Chrome/146.0.0.0 Safari/537.36"
66.249.68.200 - - [09/Sep/2026:06:35:14 +0200] "GET /?r=fqcaxp0bd7gq6qx HTTP/1.1" 200 20462 "-" "Mozilla/5.0 (Linux; Android 6.0.1; Nexus 5X Build/MMB29P) AppleWebKit/537.36 (KHTML, like Gecko) Chrome/151.0.7922.173 Mobile Safari/537.36 (compatible; GoogleOther)"
66.249.68.199 - - [09/Sep/2026:06:35:21 +0200] "GET /?r=fihbq65b6yxv6je HTTP/1.1" 200 20462 "-" "Mozilla/5.0 (Linux; Android 6.0.1; Nexus 5X Build/MMB29P) AppleWebKit/537.36 (KHTML, like Gecko) Chrome/151.0.7922.173 Mobile Safari/537.36 (compatible; GoogleOther)"
66.249.68.198 - - [09/Sep/2026:06:36:58 +0200] "GET /?r=e9sqptgx5dgqeqx HTTP/1.1" 200 20462 "-" "Mozilla/5.0 (Linux; Android 6.0.1; Nexus 5X Build/MMB29P) AppleWebKit/537.36 (KHTML, like Gecko) Chrome/151.0.7922.173 Mobile Safari/537.36 (compatible; GoogleOther)"
66.249.68.200 - - [09/Sep/2026:06:37:25 +0200] "GET /?r=fdxeialbye1bwbi_gkind14524006 HTTP/1.1" 200 20462 "-" "Mozilla/5.0 (Linux; Android 6.0.1; Nexus 5X Build/MMB29P) AppleWebKit/537.36 (KHTML, like Gecko) Chrome/151.0.7922.173 Mobile Safari/537.36 (compatible; GoogleOther)"
185.43.220.19 - - [09/Sep/2026:06:37:41 +0200] "POST /wp-cron.php?doing_wp_cron=1788928661.0168180465698242187500 HTTP/1.1" 200 - "-" "WordPress/7.1; https://bookmakery.ru"
44.209.89.189 - - [09/Sep/2026:06:37:35 +0200] "GET /index.php?rest_route=/ HTTP/1.1" 200 476214 "-" "Mozilla/5.0 AppleWebKit/537.36 (KHTML, like Gecko; compatible; Amazonbot/0.1; +https://developer.amazon.com/support/amazonbot) Chrome/119.0.6045.214 Safari/537.36"
66.249.68.198 - - [09/Sep/2026:06:38:20 +0200] "GET /?r=fqie3v6bjymwrw3 HTTP/1.1" 200 20462 "-" "Mozilla/5.0 (Linux; Android 6.0.1; Nexus 5X Build/MMB29P) AppleWebKit/537.36 (KHTML, like Gecko) Chrome/151.0.7922.173 Mobile Safari/537.36 (compatible; GoogleOther)"
66.249.68.198 - - [09/Sep/2026:06:38:25 +0200] "GET /?r=e8bik0z00kzlqxg HTTP/1.1" 200 20462 "-" "Mozilla/5.0 (Linux; Android 6.0.1; Nexus 5X Build/MMB29P) AppleWebKit/537.36 (KHTML, like Gecko) Chrome/151.0.7922.173 Mobile Safari/537.36 (compatible; GoogleOther)"
66.249.68.200 - - [09/Sep/2026:06:39:10 +0200] "GET /?r=ea0hldo61xomta5 HTTP/1.1" 200 20462 "-" "Mozilla/5.0 (Linux; Android 6.0.1; Nexus 5X Build/MMB29P) AppleWebKit/537.36 (KHTML, like Gecko) Chrome/151.0.7922.173 Mobile Safari/537.36 (compatible; GoogleOther)"
216.73.217.130 - - [09/Sep/2026:06:47:57 +0200] "GET /robots.txt HTTP/1.1" 200 93 "-" "Mozilla/5.0 AppleWebKit/537.36 (KHTML, like Gecko; compatible; ClaudeBot/1.0; [email protected])"
216.73.217.130 - - [09/Sep/2026:06:47:58 +0200] "GET /index.php/sitemap.xml HTTP/1.1" 503 - "-" "Mozilla/5.0 AppleWebKit/537.36 (KHTML, like Gecko; compatible; ClaudeBot/1.0; [email protected])"
66.249.68.199 - - [09/Sep/2026:06:59:35 +0200] "GET /?r=er06ldo21xomra5_gkind14524010 HTTP/1.1" 200 20462 "-" "Mozilla/5.0 (Linux; Android 6.0.1; Nexus 5X Build/MMB29P) AppleWebKit/537.36 (KHTML, like Gecko) Chrome/151.0.7922.173 Mobile Safari/537.36 (compatible; Googlebot/2.1; +http://www.google.com/bot.html)"
176.219.41.110 - - [09/Sep/2026:07:01:07 +0200] "GET / HTTP/1.1" 302 - "https://www.google.com/" "Mozilla/5.0 (Linux; Android 10; K) AppleWebKit/537.36 (KHTML, like Gecko) Chrome/152.0.0.0 Mobile Safari/537.36"
66.249.68.199 - - [09/Sep/2026:07:05:41 +0200] "GET /?r=er06ldo21xomra5_gkind14524010 HTTP/1.1" 200 20462 "-" "Mozilla/5.0 (Linux; Android 6.0.1; Nexus 5X Build/MMB29P) AppleWebKit/537.36 (KHTML, like Gecko) Chrome/151.0.7922.173 Mobile Safari/537.36 (compatible; GoogleOther)"
185.43.220.19 - - [09/Sep/2026:07:11:33 +0200] "POST /wp-cron.php?doing_wp_cron=1788930693.0378549098968505859375 HTTP/1.1" 200 - "-" "WordPress/7.1; https://bookmakery.ru"
83.215.102.82 - - [09/Sep/2026:07:11:29 +0200] "GET /wp-login.php HTTP/1.1" 200 13018 "-" "Mozilla/5.0 (Windows NT 10.0; Win64; x64) AppleWebKit/537.36 (KHTML, like Gecko) Chrome/151.0.0.0 Safari/537.36"
83.215.102.82 - - [09/Sep/2026:07:11:34 +0200] "POST /wp-login.php HTTP/1.1" 200 13502 "https://bookmakery.ru.livebookmakers.net/wp-login.php" "Mozilla/5.0 (Windows NT 10.0; Win64; x64) AppleWebKit/537.36 (KHTML, like Gecko) Chrome/151.0.0.0 Safari/537.36"
66.249.68.200 - - [09/Sep/2026:07:12:29 +0200] "GET /?r=e9smptg65dgqzqx_gkind14523986 HTTP/1.1" 200 20462 "-" "Mozilla/5.0 (Linux; Android 6.0.1; Nexus 5X Build/MMB29P) AppleWebKit/537.36 (KHTML, like Gecko) Chrome/151.0.7922.173 Mobile Safari/537.36 (compatible; Googlebot/2.1; +http://www.google.com/bot.html)"
66.249.68.200 - - [09/Sep/2026:07:14:30 +0200] "GET /?r=ewwh5lk1l5k6oi1 HTTP/1.1" 200 20462 "-" "Mozilla/5.0 (Linux; Android 6.0.1; Nexus 5X Build/MMB29P) AppleWebKit/537.36 (KHTML, like Gecko) Chrome/151.0.7922.173 Mobile Safari/537.36 (compatible; GoogleOther)"
185.43.220.19 - - [09/Sep/2026:07:14:48 +0200] "POST /wp-cron.php?doing_wp_cron=1788930888.2671759128570556640625 HTTP/1.1" 200 - "-" "WordPress/7.1; https://bookmakery.ru"
66.249.68.198 - - [09/Sep/2026:07:14:45 +0200] "GET /?page_id=2 HTTP/1.1" 200 76249 "-" "Mozilla/5.0 (Linux; Android 6.0.1; Nexus 5X Build/MMB29P) AppleWebKit/537.36 (KHTML, like Gecko) Chrome/151.0.7922.173 Mobile Safari/537.36 (compatible; Googlebot/2.1; +http://www.google.com/bot.html)"
66.249.68.198 - - [09/Sep/2026:07:15:21 +0200] "GET /wp-includes/js/dist/script-modules/interactivity/index.min.js?ver=efaa5193bbad9c60ffd1 HTTP/1.1" 200 40106 "https://bookmakery.ru/?page_id=2" "Mozilla/5.0 (Linux; Android 6.0.1; Nexus 5X Build/MMB29P) AppleWebKit/537.36 (KHTML, like Gecko) Chrome/151.0.7922.173 Mobile Safari/537.36 (compatible; Googlebot/2.1; +http://www.google.com/bot.html)"
66.249.68.199 - - [09/Sep/2026:07:15:25 +0200] "GET /?r=ef8ehxw1xhwiaud HTTP/1.1" 200 20462 "-" "Mozilla/5.0 (Linux; Android 6.0.1; Nexus 5X Build/MMB29P) AppleWebKit/537.36 (KHTML, like Gecko) Chrome/151.0.7922.173 Mobile Safari/537.36 (compatible; GoogleOther)"
66.249.68.200 - - [09/Sep/2026:07:19:11 +0200] "GET /?r=ezm6jna6z7akdkr HTTP/1.1" 200 20462 "-" "Mozilla/5.0 (Linux; Android 6.0.1; Nexus 5X Build/MMB29P) AppleWebKit/537.36 (KHTML, like Gecko) Chrome/151.0.7922.173 Mobile Safari/537.36 (compatible; GoogleOther)"
51.81.111.122 - - [09/Sep/2026:07:20:08 +0200] "GET /robots.txt HTTP/1.1" 200 93 "-" "Mozilla/5.0 (compatible; AhrefsBot/7.0; +http://ahrefs.com/robot/)"
185.43.220.19 - - [09/Sep/2026:07:20:24 +0200] "POST /wp-cron.php?doing_wp_cron=1788931223.9357531070709228515625 HTTP/1.1" 200 - "-" "WordPress/7.1; https://bookmakery.ru"
51.81.104.47 - - [09/Sep/2026:07:20:18 +0200] "GET /william-hill/ HTTP/1.1" 200 20462 "-" "Mozilla/5.0 (compatible; AhrefsBot/7.0; +http://ahrefs.com/robot/)"
66.249.68.199 - - [09/Sep/2026:07:21:46 +0200] "GET /?r=efa97byznvy8y8f_gkind14524002 HTTP/1.1" 200 20462 "-" "Mozilla/5.0 (Linux; Android 6.0.1; Nexus 5X Build/MMB29P) AppleWebKit/537.36 (KHTML, like Gecko) Chrome/151.0.7922.173 Mobile Safari/537.36 (compatible; Googlebot/2.1; +http://www.google.com/bot.html)"
83.131.115.77 - - [09/Sep/2026:07:23:32 +0200] "GET /wp-json/wp/v2/users/me HTTP/1.1" 503 468 "-" "Mozilla/5.0 (Windows NT 10.0; Win64; x64) AppleWebKit/537.36 (KHTML, like Gecko) Chrome/151.0.0.0 Safari/537.36"
66.249.68.199 - - [09/Sep/2026:07:27:27 +0200] "GET /?r=ey03ldo41xomfa5_gkind14524026 HTTP/1.1" 200 20462 "-" "Mozilla/5.0 (Linux; Android 6.0.1; Nexus 5X Build/MMB29P) AppleWebKit/537.36 (KHTML, like Gecko) Chrome/151.0.7922.173 Mobile Safari/537.36 (compatible; GoogleOther)"
66.249.68.199 - - [09/Sep/2026:07:30:58 +0200] "GET /?r=e9wd5lk9l5k6ii1 HTTP/1.1" 200 20462 "-" "Mozilla/5.0 (Linux; Android 6.0.1; Nexus 5X Build/MMB29P) AppleWebKit/537.36 (KHTML, like Gecko) Chrome/151.0.7922.173 Mobile Safari/537.36 (compatible; Googlebot/2.1; +http://www.google.com/bot.html)"
51.68.107.151 - - [09/Sep/2026:07:38:36 +0200] "GET /robots.txt HTTP/1.1" 200 93 "-" "Mozilla/5.0 (compatible; MJ12bot/v2.0.5; http://mj12bot.com/)"
51.68.107.151 - - [09/Sep/2026:07:38:36 +0200] "GET / HTTP/1.1" 200 20462 "-" "Mozilla/5.0 (compatible; MJ12bot/v2.0.5; http://mj12bot.com/)"
66.249.68.200 - - [09/Sep/2026:07:43:36 +0200] "GET /?r=e6y5vzm2bjmwjw3_gkind14523986 HTTP/1.1" 200 20462 "-" "Mozilla/5.0 (Linux; Android 6.0.1; Nexus 5X Build/MMB29P) AppleWebKit/537.36 (KHTML, like Gecko) Chrome/151.0.7922.173 Mobile Safari/537.36 (compatible; Googlebot/2.1; +http://www.google.com/bot.html)"
66.249.68.198 - - [09/Sep/2026:07:46:09 +0200] "GET /?r=em54eut9uetfdra HTTP/1.1" 200 20462 "-" "Mozilla/5.0 (Linux; Android 6.0.1; Nexus 5X Build/MMB29P) AppleWebKit/537.36 (KHTML, like Gecko) Chrome/151.0.7922.173 Mobile Safari/537.36 (compatible; Googlebot/2.1; +http://www.google.com/bot.html)"
66.249.68.199 - - [09/Sep/2026:07:51:33 +0200] "GET /?r=e7zq8on2o8n96l4 HTTP/1.1" 200 20462 "-" "Mozilla/5.0 (Linux; Android 6.0.1; Nexus 5X Build/MMB29P) AppleWebKit/537.36 (KHTML, like Gecko) Chrome/151.0.7922.173 Mobile Safari/537.36 (compatible; Googlebot/2.1; +http://www.google.com/bot.html)"
66.249.68.200 - - [09/Sep/2026:07:54:38 +0200] "GET /?r=fl6brjub7zakmkr HTTP/1.1" 200 20462 "-" "Mozilla/5.0 (Linux; Android 6.0.1; Nexus 5X Build/MMB29P) AppleWebKit/537.36 (KHTML, like Gecko) Chrome/151.0.7922.173 Mobile Safari/537.36 (compatible; Googlebot/2.1; +http://www.google.com/bot.html)"
185.43.220.19 - - [09/Sep/2026:07:56:26 +0200] "POST /wp-cron.php?doing_wp_cron=1788933385.9286670684814453125000 HTTP/1.1" 200 - "-" "WordPress/7.1; https://bookmakery.ru"
119.13.108.69 - - [09/Sep/2026:07:56:19 +0200] "GET /favicon.ico HTTP/1.1" 302 - "-" "Mozilla/5.0 (Macintosh; Intel Mac OS X 10_15_7) AppleWebKit/537.36 (KHTML, like Gecko) Chrome/110.0.0.0 Safari/537.36"
66.249.68.198 - - [09/Sep/2026:07:56:35 +0200] "GET /?r=eeip3v6zjf648sn HTTP/1.1" 200 20462 "-" "Mozilla/5.0 (Linux; Android 6.0.1; Nexus 5X Build/MMB29P) AppleWebKit/537.36 (KHTML, like Gecko) Chrome/151.0.7922.173 Mobile Safari/537.36 (compatible; Googlebot/2.1; +http://www.google.com/bot.html)"
159.138.99.163 - - [09/Sep/2026:07:56:40 +0200] "GET /favicon.ico HTTP/1.1" 302 - "-" "Mozilla/5.0 (Macintosh; Intel Mac OS X 10_15_7) AppleWebKit/537.36 (KHTML, like Gecko) Chrome/110.0.0.0 Safari/537.36"
66.249.68.200 - - [09/Sep/2026:07:57:52 +0200] "GET /?r=e6j0gk7zw47hpho HTTP/1.1" 200 20462 "-" "Mozilla/5.0 (Linux; Android 6.0.1; Nexus 5X Build/MMB29P) AppleWebKit/537.36 (KHTML, like Gecko) Chrome/151.0.7922.173 Mobile Safari/537.36 (compatible; Googlebot/2.1; +http://www.google.com/bot.html)"
66.249.68.200 - - [09/Sep/2026:07:57:53 +0200] "GET /?r=ebkst98v9t8uo6p HTTP/1.1" 200 20462 "-" "Mozilla/5.0 (Linux; Android 6.0.1; Nexus 5X Build/MMB29P) AppleWebKit/537.36 (KHTML, like Gecko) Chrome/151.0.7922.173 Mobile Safari/537.36 (compatible; Googlebot/2.1; +http://www.google.com/bot.html)"
44.221.227.90 - - [09/Sep/2026:08:07:03 +0200] "GET /wp-comments-post.php HTTP/1.1" 405 - "-" "Mozilla/5.0 AppleWebKit/537.36 (KHTML, like Gecko; compatible; Amazonbot/0.1; +https://developer.amazon.com/support/amazonbot) Chrome/119.0.6045.214 Safari/537.36"
66.249.68.198 - - [09/Sep/2026:08:08:47 +0200] "GET /?r=ez23brqzrbqcmo7 HTTP/1.1" 200 20462 "-" "Mozilla/5.0 (Linux; Android 6.0.1; Nexus 5X Build/MMB29P) AppleWebKit/537.36 (KHTML, like Gecko) Chrome/151.0.7922.173 Mobile Safari/537.36 (compatible; Googlebot/2.1; +http://www.google.com/bot.html)"
66.249.68.200 - - [09/Sep/2026:08:10:35 +0200] "GET /?r=easiptg35dgqiqx HTTP/1.1" 200 20462 "-" "Mozilla/5.0 (Linux; Android 6.0.1; Nexus 5X Build/MMB29P) AppleWebKit/537.36 (KHTML, like Gecko) Chrome/151.0.7922.173 Mobile Safari/537.36 (compatible; Googlebot/2.1; +http://www.google.com/bot.html)"
66.249.68.199 - - [09/Sep/2026:08:11:27 +0200] "GET /?r=ebqqzfe6fze0hcv HTTP/1.1" 200 20462 "-" "Mozilla/5.0 (Linux; Android 6.0.1; Nexus 5X Build/MMB29P) AppleWebKit/537.36 (KHTML, like Gecko) Chrome/151.0.7922.173 Mobile Safari/537.36 (compatible; GoogleOther)"
66.249.68.198 - - [09/Sep/2026:08:11:53 +0200] "GET /?r=ee1zy2p4empzkz6 HTTP/1.1" 200 20462 "-" "Mozilla/5.0 (Linux; Android 6.0.1; Nexus 5X Build/MMB29P) AppleWebKit/537.36 (KHTML, like Gecko) Chrome/151.0.7922.173 Mobile Safari/537.36 (compatible; Googlebot/2.1; +http://www.google.com/bot.html)"
66.249.68.198 - - [09/Sep/2026:08:19:01 +0200] "GET /?r=f79bumxba6dnwnu HTTP/1.1" 200 20462 "-" "Mozilla/5.0 (Linux; Android 6.0.1; Nexus 5X Build/MMB29P) AppleWebKit/537.36 (KHTML, like Gecko) Chrome/151.0.7922.173 Mobile Safari/537.36 (compatible; Googlebot/2.1; +http://www.google.com/bot.html)"
66.249.68.198 - - [09/Sep/2026:08:24:23 +0200] "GET /?r=e6y5vzm2bjmwjw3_gkind14524022 HTTP/1.1" 200 20462 "-" "Mozilla/5.0 (Linux; Android 6.0.1; Nexus 5X Build/MMB29P) AppleWebKit/537.36 (KHTML, like Gecko) Chrome/151.0.7922.173 Mobile Safari/537.36 (compatible; GoogleOther)"
66.249.68.198 - - [09/Sep/2026:08:25:10 +0200] "GET /?r=egzi8on1o8n9zl4 HTTP/1.1" 200 20462 "-" "Mozilla/5.0 (Linux; Android 6.0.1; Nexus 5X Build/MMB29P) AppleWebKit/537.36 (KHTML, like Gecko) Chrome/151.0.7922.173 Mobile Safari/537.36 (compatible; Googlebot/2.1; +http://www.google.com/bot.html)"
176.227.116.51 - - [09/Sep/2026:08:25:32 +0200] "GET / HTTP/1.1" 302 - "https://www.google.com/" "Mozilla/5.0 (Linux; Android 10; K) AppleWebKit/537.36 (KHTML, like Gecko) Chrome/152.0.0.0 Mobile Safari/537.36"
66.249.68.199 - - [09/Sep/2026:08:26:21 +0200] "GET /?r=fvid3v6bjgmwzw3 HTTP/1.1" 200 20462 "-" "Mozilla/5.0 (Linux; Android 6.0.1; Nexus 5X Build/MMB29P) AppleWebKit/537.36 (KHTML, like Gecko) Chrome/151.0.7922.173 Mobile Safari/537.36 (compatible; Googlebot/2.1; +http://www.google.com/bot.html)"
66.249.68.199 - - [09/Sep/2026:08:26:52 +0200] "GET /?r=e04o15s5hps2s29 HTTP/1.1" 200 20462 "-" "Mozilla/5.0 (Linux; Android 6.0.1; Nexus 5X Build/MMB29P) AppleWebKit/537.36 (KHTML, like Gecko) Chrome/151.0.7922.173 Mobile Safari/537.36 (compatible; Googlebot/2.1; +http://www.google.com/bot.html)"
66.249.68.200 - - [09/Sep/2026:08:27:01 +0200] "GET /?r=e9smptg65dgqzqx_gkind14523990 HTTP/1.1" 200 20462 "-" "Mozilla/5.0 (Linux; Android 6.0.1; Nexus 5X Build/MMB29P) AppleWebKit/537.36 (KHTML, like Gecko) Chrome/151.0.7922.173 Mobile Safari/537.36 (compatible; GoogleOther)"
66.249.68.199 - - [09/Sep/2026:08:29:56 +0200] "GET /?r=expsmqd52adn7nu HTTP/1.1" 200 20462 "-" "Mozilla/5.0 (Linux; Android 6.0.1; Nexus 5X Build/MMB29P) AppleWebKit/537.36 (KHTML, like Gecko) Chrome/151.0.7922.173 Mobile Safari/537.36 (compatible; Googlebot/2.1; +http://www.google.com/bot.html)"
66.249.68.199 - - [09/Sep/2026:08:29:58 +0200] "GET /?r=f0ucf7ibv2y8v8f HTTP/1.1" 200 20462 "-" "Mozilla/5.0 (Linux; Android 6.0.1; Nexus 5X Build/MMB29P) AppleWebKit/537.36 (KHTML, like Gecko) Chrome/151.0.7922.173 Mobile Safari/537.36 (compatible; Googlebot/2.1; +http://www.google.com/bot.html)"
66.249.68.199 - - [09/Sep/2026:08:30:06 +0200] "GET /?r=ex4c15s8hps2129 HTTP/1.1" 200 20462 "-" "Mozilla/5.0 (Linux; Android 6.0.1; Nexus 5X Build/MMB29P) AppleWebKit/537.36 (KHTML, like Gecko) Chrome/151.0.7922.173 Mobile Safari/537.36 (compatible; Googlebot/2.1; +http://www.google.com/bot.html)"
185.43.220.19 - - [09/Sep/2026:08:31:34 +0200] "POST /wp-cron.php?doing_wp_cron=1788935492.8376250267028808593750 HTTP/1.1" 200 - "-" "WordPress/7.1; https://bookmakery.ru"
92.41.158.80 - - [09/Sep/2026:08:31:28 +0200] "GET /wp-login.php HTTP/1.1" 200 12967 "-" "Mozilla/5.0 (Windows NT 10.0; Win64; x64) AppleWebKit/537.36 (KHTML, like Gecko) Chrome/151.0.0.0 Safari/537.36"
86.130.177.23 - - [09/Sep/2026:08:31:33 +0200] "GET /wp-json/wp/v2/users/me HTTP/1.1" 302 - "-" "Mozilla/5.0 (Windows NT 10.0; Win64; x64) AppleWebKit/537.36 (KHTML, like Gecko) Chrome/151.0.0.0 Safari/537.36"
66.249.68.198 - - [09/Sep/2026:08:35:01 +0200] "GET /?r=ekzr8on5o8n9jl4 HTTP/1.1" 200 20462 "-" "Mozilla/5.0 (Linux; Android 6.0.1; Nexus 5X Build/MMB29P) AppleWebKit/537.36 (KHTML, like Gecko) Chrome/151.0.7922.173 Mobile Safari/537.36 (compatible; Googlebot/2.1; +http://www.google.com/bot.html)"
100.29.155.89 - - [09/Sep/2026:08:39:21 +0200] "GET / HTTP/1.1" 302 - "-" "Mozilla/5.0 AppleWebKit/537.36 (KHTML, like Gecko; compatible; Amazonbot/0.1; +https://developer.amazon.com/support/amazonbot) Chrome/119.0.6045.214 Safari/537.36"
44.217.155.199 - - [09/Sep/2026:08:40:23 +0200] "GET / HTTP/1.1" 302 - "-" "Mozilla/5.0 (Macintosh; Intel Mac OS X 10_15_7) AppleWebKit/605.1.15 (KHTML, like Gecko) Chrome/139.0.0.0 Safari/605.1.15"
176.227.116.51 - - [09/Sep/2026:08:40:23 +0200] "GET / HTTP/1.1" 302 - "https://www.google.com/" "Mozilla/5.0 (Linux; Android 10; K) AppleWebKit/537.36 (KHTML, like Gecko) Chrome/152.0.0.0 Mobile Safari/537.36"
78.170.97.228 - - [09/Sep/2026:08:41:19 +0200] "GET / HTTP/1.1" 302 - "https://www.google.com/" "Mozilla/5.0 (Linux; Android 10; K) AppleWebKit/537.36 (KHTML, like Gecko) Chrome/152.0.0.0 Mobile Safari/537.36"
151.250.5.112 - - [09/Sep/2026:08:45:37 +0200] "GET / HTTP/1.1" 302 - "https://www.google.com/" "Mozilla/5.0 (Linux; Android 10; K) AppleWebKit/537.36 (KHTML, like Gecko) Chrome/152.0.0.0 Mobile Safari/537.36"
216.73.217.130 - - [09/Sep/2026:08:47:50 +0200] "GET /robots.txt HTTP/1.1" 200 93 "-" "Mozilla/5.0 AppleWebKit/537.36 (KHTML, like Gecko; compatible; ClaudeBot/1.0; [email protected])"
185.43.220.19 - - [09/Sep/2026:08:47:57 +0200] "POST /wp-cron.php?doing_wp_cron=1788936477.1402690410614013671875 HTTP/1.1" 200 - "-" "WordPress/7.1; https://bookmakery.ru"
216.73.217.130 - - [09/Sep/2026:08:47:52 +0200] "GET /index.php/sitemap.xml HTTP/1.1" 200 20462 "-" "Mozilla/5.0 AppleWebKit/537.36 (KHTML, like Gecko; compatible; ClaudeBot/1.0; [email protected])"
66.249.68.199 - - [09/Sep/2026:08:50:04 +0200] "GET /?r=ebeqn32w3n2oj0j HTTP/1.1" 200 20462 "-" "Mozilla/5.0 (Linux; Android 6.0.1; Nexus 5X Build/MMB29P) AppleWebKit/537.36 (KHTML, like Gecko) Chrome/151.0.7922.173 Mobile Safari/537.36 (compatible; Googlebot/2.1; +http://www.google.com/bot.html)"
66.249.68.200 - - [09/Sep/2026:08:54:06 +0200] "GET /?r=e8sjptg75dgq2qx HTTP/1.1" 200 20462 "-" "Mozilla/5.0 (Linux; Android 6.0.1; Nexus 5X Build/MMB29P) AppleWebKit/537.36 (KHTML, like Gecko) Chrome/151.0.7922.173 Mobile Safari/537.36 (compatible; GoogleOther)"
174.228.224.109 - - [09/Sep/2026:08:58:09 +0200] "GET / HTTP/1.1" 302 - "https://www.google.com/" "Mozilla/5.0 (iPhone; CPU iPhone OS 26_6_1 like Mac OS X) AppleWebKit/605.1.15 (KHTML, like Gecko) CriOS/152.0.7977.64 Mobile/15E148 Safari/604.1"
185.43.220.19 - - [09/Sep/2026:09:14:55 +0200] "POST /wp-cron.php?doing_wp_cron=1788938095.5561931133270263671875 HTTP/1.1" 200 - "-" "WordPress/7.1; https://bookmakery.ru"
45.67.119.65 - - [09/Sep/2026:09:14:52 +0200] "GET /wp-login.php HTTP/1.1" 200 12967 "-" "Mozilla/5.0 (Windows NT 10.0; Win64; x64) AppleWebKit/537.36 (KHTML, like Gecko) Chrome/151.0.0.0 Safari/537.36"
217.19.223.180 - - [09/Sep/2026:09:14:56 +0200] "POST /wp-login.php HTTP/1.1" 200 13433 "https://bookmakery.ru/wp-login.php" "Mozilla/5.0 (Windows NT 10.0; Win64; x64) AppleWebKit/537.36 (KHTML, like Gecko) Chrome/151.0.0.0 Safari/537.36"
66.249.68.198 - - [09/Sep/2026:09:16:25 +0200] "GET /?r=e1csxp0zd90ygmh HTTP/1.1" 200 20462 "-" "Mozilla/5.0 (Linux; Android 6.0.1; Nexus 5X Build/MMB29P) AppleWebKit/537.36 (KHTML, like Gecko) Chrome/151.0.7922.173 Mobile Safari/537.36 (compatible; Googlebot/2.1; +http://www.google.com/bot.html)"
185.43.220.19 - - [09/Sep/2026:09:22:14 +0200] "POST /wp-cron.php?doing_wp_cron=1788938534.6401538848876953125000 HTTP/1.1" 200 - "-" "WordPress/7.1; https://bookmakery.ru"
51.81.105.20 - - [09/Sep/2026:09:22:12 +0200] "GET /winner/ HTTP/1.1" 200 20462 "-" "Mozilla/5.0 (compatible; AhrefsBot/7.0; +http://ahrefs.com/robot/)"
185.43.220.19 - - [09/Sep/2026:09:32:29 +0200] "POST /wp-cron.php?doing_wp_cron=1788939149.4335579872131347656250 HTTP/1.1" 200 - "-" "WordPress/7.1; https://bookmakery.ru"
34.38.178.180 - - [09/Sep/2026:09:32:21 +0200] "GET /.git/config HTTP/1.1" 302 - "-" "Mozilla/5.0 (Linux; Android 16; Pixel 10) AppleWebKit/537.36 (KHTML, like Gecko) Chrome/138.0.0.0 Mobile Safari/537.36"
34.38.178.180 - - [09/Sep/2026:09:32:29 +0200] "GET /.git/credentials HTTP/1.1" 302 - "-" "Mozilla/5.0 (Linux; Android 16; Pixel 10) AppleWebKit/537.36 (KHTML, like Gecko) Chrome/138.0.0.0 Mobile Safari/537.36"
34.38.178.180 - - [09/Sep/2026:09:32:33 +0200] "GET /.git-credentials HTTP/1.1" 302 - "-" "Mozilla/5.0 (Linux; Android 16; Pixel 10) AppleWebKit/537.36 (KHTML, like Gecko) Chrome/138.0.0.0 Mobile Safari/537.36"
34.38.178.180 - - [09/Sep/2026:09:32:37 +0200] "GET /.gitconfig HTTP/1.1" 302 - "-" "Mozilla/5.0 (Linux; Android 16; Pixel 10) AppleWebKit/537.36 (KHTML, like Gecko) Chrome/138.0.0.0 Mobile Safari/537.36"
34.38.178.180 - - [09/Sep/2026:09:32:41 +0200] "GET /.netrc HTTP/1.1" 302 - "-" "Mozilla/5.0 (Linux; Android 16; Pixel 10) AppleWebKit/537.36 (KHTML, like Gecko) Chrome/138.0.0.0 Mobile Safari/537.36"
185.43.220.19 - - [09/Sep/2026:09:32:50 +0200] "POST /wp-cron.php?doing_wp_cron=1788939170.7241730690002441406250 HTTP/1.1" 200 - "-" "WordPress/7.1; https://bookmakery.ru"
34.38.178.180 - - [09/Sep/2026:09:32:46 +0200] "GET /_netrc HTTP/1.1" 302 - "-" "Mozilla/5.0 (Linux; Android 16; Pixel 10) AppleWebKit/537.36 (KHTML, like Gecko) Chrome/138.0.0.0 Mobile Safari/537.36"
34.38.178.180 - - [09/Sep/2026:09:32:51 +0200] "GET /.npmrc HTTP/1.1" 302 - "-" "Mozilla/5.0 (Linux; Android 16; Pixel 10) AppleWebKit/537.36 (KHTML, like Gecko) Chrome/138.0.0.0 Mobile Safari/537.36"
34.38.178.180 - - [09/Sep/2026:09:32:54 +0200] "GET /.yarnrc HTTP/1.1" 302 - "-" "Mozilla/5.0 (Linux; Android 16; Pixel 10) AppleWebKit/537.36 (KHTML, like Gecko) Chrome/138.0.0.0 Mobile Safari/537.36"
34.38.178.180 - - [09/Sep/2026:09:32:56 +0200] "GET /.composer/auth.json HTTP/1.1" 302 - "-" "Mozilla/5.0 (Linux; Android 16; Pixel 10) AppleWebKit/537.36 (KHTML, like Gecko) Chrome/138.0.0.0 Mobile Safari/537.36"
34.38.178.180 - - [09/Sep/2026:09:32:59 +0200] "GET /composer/auth.json HTTP/1.1" 503 468 "-" "Mozilla/5.0 (Linux; Android 16; Pixel 10) AppleWebKit/537.36 (KHTML, like Gecko) Chrome/138.0.0.0 Mobile Safari/537.36"
34.38.178.180 - - [09/Sep/2026:09:33:03 +0200] "GET /.config/gh/hosts.yml HTTP/1.1" 302 - "-" "Mozilla/5.0 (Linux; Android 16; Pixel 10) AppleWebKit/537.36 (KHTML, like Gecko) Chrome/138.0.0.0 Mobile Safari/537.36"
34.38.178.180 - - [09/Sep/2026:09:33:08 +0200] "GET /config/git-credentials HTTP/1.1" 302 - "-" "Mozilla/5.0 (Linux; Android 16; Pixel 10) AppleWebKit/537.36 (KHTML, like Gecko) Chrome/138.0.0.0 Mobile Safari/537.36"
34.38.178.180 - - [09/Sep/2026:09:33:11 +0200] "GET /.env HTTP/1.1" 302 - "-" "Mozilla/5.0 (Linux; Android 16; Pixel 10) AppleWebKit/537.36 (KHTML, like Gecko) Chrome/138.0.0.0 Mobile Safari/537.36"
34.38.178.180 - - [09/Sep/2026:09:33:14 +0200] "GET /.env.local HTTP/1.1" 302 - "-" "Mozilla/5.0 (Linux; Android 16; Pixel 10) AppleWebKit/537.36 (KHTML, like Gecko) Chrome/138.0.0.0 Mobile Safari/537.36"
185.43.220.19 - - [09/Sep/2026:09:33:19 +0200] "POST /wp-cron.php?doing_wp_cron=1788939199.0427360534667968750000 HTTP/1.1" 200 - "-" "WordPress/7.1; https://bookmakery.ru"
34.38.178.180 - - [09/Sep/2026:09:33:16 +0200] "GET /.env.production HTTP/1.1" 302 - "-" "Mozilla/5.0 (Linux; Android 16; Pixel 10) AppleWebKit/537.36 (KHTML, like Gecko) Chrome/138.0.0.0 Mobile Safari/537.36"
34.38.178.180 - - [09/Sep/2026:09:33:19 +0200] "GET /config.json HTTP/1.1" 302 - "-" "Mozilla/5.0 (Linux; Android 16; Pixel 10) AppleWebKit/537.36 (KHTML, like Gecko) Chrome/138.0.0.0 Mobile Safari/537.36"
66.249.68.198 - - [09/Sep/2026:09:34:36 +0200] "GET /?r=e8k7t9899t8uw6p HTTP/1.1" 200 20462 "-" "Mozilla/5.0 (Linux; Android 6.0.1; Nexus 5X Build/MMB29P) AppleWebKit/537.36 (KHTML, like Gecko) Chrome/151.0.7922.173 Mobile Safari/537.36 (compatible; Googlebot/2.1; +http://www.google.com/bot.html)"
66.249.68.200 - - [09/Sep/2026:09:43:29 +0200] "GET /?r=fvsfptgb5xk6ui1 HTTP/1.1" 200 20462 "-" "Mozilla/5.0 (Linux; Android 6.0.1; Nexus 5X Build/MMB29P) AppleWebKit/537.36 (KHTML, like Gecko) Chrome/151.0.7922.173 Mobile Safari/537.36 (compatible; Googlebot/2.1; +http://www.google.com/bot.html)"
66.249.68.199 - - [09/Sep/2026:09:43:34 +0200] "GET /?r=e9btk0zx0kzl9xg HTTP/1.1" 200 20462 "-" "Mozilla/5.0 (Linux; Android 6.0.1; Nexus 5X Build/MMB29P) AppleWebKit/537.36 (KHTML, like Gecko) Chrome/151.0.7922.173 Mobile Safari/537.36 (compatible; Googlebot/2.1; +http://www.google.com/bot.html)"
185.43.220.19 - - [09/Sep/2026:09:43:34 +0200] "POST /wp-cron.php?doing_wp_cron=1788939814.6339170932769775390625 HTTP/1.1" 200 - "-" "WordPress/7.1; https://bookmakery.ru"
51.81.111.9 - - [09/Sep/2026:09:43:31 +0200] "GET /betfair/ HTTP/1.1" 200 20462 "-" "Mozilla/5.0 (compatible; AhrefsBot/7.0; +http://ahrefs.com/robot/)"
185.43.220.19 - - [09/Sep/2026:09:59:20 +0200] "POST /wp-cron.php?doing_wp_cron=1788940760.2360739707946777343750 HTTP/1.1" 200 - "-" "WordPress/7.1; https://bookmakery.ru"
51.81.111.64 - - [09/Sep/2026:09:59:14 +0200] "GET /10bet/ HTTP/1.1" 200 20462 "-" "Mozilla/5.0 (compatible; AhrefsBot/7.0; +http://ahrefs.com/robot/)"
176.89.156.219 - - [09/Sep/2026:09:59:33 +0200] "GET / HTTP/1.1" 302 - "https://www.google.com/" "Mozilla/5.0 (Linux; Android 10; K) AppleWebKit/537.36 (KHTML, like Gecko) Chrome/152.0.0.0 Mobile Safari/537.36"
94.154.43.164 - - [09/Sep/2026:10:01:40 +0200] "GET /config.json HTTP/1.1" 503 468 "-" "Mozilla/5.0 (Windows NT 10.0; Win64; x64) AppleWebKit/537.36 (KHTML, like Gecko) Chrome/147.0.0.0 Safari/537.36"
185.43.220.19 - - [09/Sep/2026:10:01:53 +0200] "POST /wp-cron.php?doing_wp_cron=1788940913.2248599529266357421875 HTTP/1.1" 200 - "-" "WordPress/7.1; https://bookmakery.ru"
94.154.43.84 - - [09/Sep/2026:10:01:39 +0200] "GET /config.json HTTP/1.1" 302 - "-" "Mozilla/5.0 (Windows NT 10.0; Win64; x64) AppleWebKit/537.36 (KHTML, like Gecko) Chrome/147.0.0.0 Safari/537.36"
185.43.220.19 - - [09/Sep/2026:10:07:03 +0200] "POST /wp-cron.php?doing_wp_cron=1788941223.4303319454193115234375 HTTP/1.1" 200 - "-" "WordPress/7.1; https://bookmakery.ru"
73.143.42.61 - - [09/Sep/2026:10:06:57 +0200] "GET /wp-login.php HTTP/1.1" 200 12967 "-" "Mozilla/5.0 (Windows NT 10.0; Win64; x64) AppleWebKit/537.36 (KHTML, like Gecko) Chrome/152.0.0.0 Safari/537.36"
75.64.176.233 - - [09/Sep/2026:10:07:04 +0200] "POST /wp-login.php HTTP/1.1" 200 13433 "https://bookmakery.ru/wp-login.php" "Mozilla/5.0 (Windows NT 10.0; Win64; x64) AppleWebKit/537.36 (KHTML, like Gecko) Chrome/152.0.0.0 Safari/537.36"
51.81.110.18 - - [09/Sep/2026:10:11:36 +0200] "GET /obzor-bukmekera-marafon/ HTTP/1.1" 200 20462 "-" "Mozilla/5.0 (compatible; AhrefsBot/7.0; +http://ahrefs.com/robot/)"
103.160.213.174 - - [09/Sep/2026:10:12:41 +0200] "GET / HTTP/1.1" 302 - "-" "wp2shell-rce/1.0"
103.160.213.174 - - [09/Sep/2026:10:12:45 +0200] "GET / HTTP/1.1" 302 - "-" "wp2shell-rce/1.0"
185.43.220.19 - - [09/Sep/2026:10:12:51 +0200] "POST /wp-cron.php?doing_wp_cron=1788941570.9277079105377197265625 HTTP/1.1" 200 - "-" "WordPress/7.1; https://bookmakery.ru"
103.160.213.174 - - [09/Sep/2026:10:12:46 +0200] "POST /?rest_route=/batch/v1 HTTP/1.1" 400 220 "-" "wp2shell-rce/1.0"
103.160.213.174 - - [09/Sep/2026:10:12:51 +0200] "GET / HTTP/1.1" 302 - "-" "Mozilla/5.0 (Windows NT 10.0; Win64; x64) AppleWebKit/537.36 (KHTML, like Gecko) Chrome/126.0 Safari/537.36"
185.43.220.19 - - [09/Sep/2026:10:13:28 +0200] "POST /wp-cron.php?doing_wp_cron=1788941607.9320299625396728515625 HTTP/1.1" 200 - "-" "WordPress/7.1; https://bookmakery.ru"
210.10.76.242 - - [09/Sep/2026:10:13:16 +0200] "GET /wp-login.php HTTP/1.1" 200 13018 "-" "Mozilla/5.0 (Windows NT 10.0; Win64; x64) AppleWebKit/537.36 (KHTML, like Gecko) Chrome/148.0.0.0 Safari/537.36"
66.249.68.199 - - [09/Sep/2026:10:21:30 +0200] "GET /?r=ew9gumx4a6xvsje HTTP/1.1" 200 20462 "-" "Mozilla/5.0 (Linux; Android 6.0.1; Nexus 5X Build/MMB29P) AppleWebKit/537.36 (KHTML, like Gecko) Chrome/151.0.7922.173 Mobile Safari/537.36 (compatible; GoogleOther)"
66.249.68.200 - - [09/Sep/2026:10:25:32 +0200] "GET /?r=e2d4ae11qy1btbi HTTP/1.1" 200 20462 "-" "Mozilla/5.0 (Linux; Android 6.0.1; Nexus 5X Build/MMB29P) AppleWebKit/537.36 (KHTML, like Gecko) Chrome/151.0.7922.173 Mobile Safari/537.36 (compatible; Googlebot/2.1; +http://www.google.com/bot.html)"
43.173.132.94 - - [09/Sep/2026:10:33:22 +0200] "GET /robots.txt HTTP/1.1" 200 93 "-" "Mozilla/5.0 (Macintosh; Intel Mac OS X 10_15_7) AppleWebKit/537.36 (KHTML, like Gecko) Chrome/129.0.0.0 Safari/537.36"
216.73.217.130 - - [09/Sep/2026:10:45:02 +0200] "GET /robots.txt HTTP/1.1" 200 93 "-" "Mozilla/5.0 AppleWebKit/537.36 (KHTML, like Gecko; compatible; ClaudeBot/1.0; [email protected])"
185.43.220.19 - - [09/Sep/2026:10:45:06 +0200] "POST /wp-cron.php?doing_wp_cron=1788943506.4492769241333007812500 HTTP/1.1" 200 - "-" "WordPress/7.1; https://bookmakery.ru"
216.73.217.130 - - [09/Sep/2026:10:45:02 +0200] "GET /index.php/sitemap.xml HTTP/1.1" 200 20462 "-" "Mozilla/5.0 AppleWebKit/537.36 (KHTML, like Gecko; compatible; ClaudeBot/1.0; [email protected])"
138.75.39.185 - - [09/Sep/2026:10:50:57 +0200] "GET /wp-login.php HTTP/1.1" 503 - "-" "Mozilla/5.0 (Windows NT 10.0; Win64; x64) AppleWebKit/537.36 (KHTML, like Gecko) Chrome/148.0.0.0 Safari/537.36"
3.18.186.238 - - [09/Sep/2026:11:00:10 +0200] "GET / HTTP/1.1" 302 - "-" "visionheight.com/scan Mozilla/5.0 (Macintosh; Intel Mac OS X 10_15_7) Chrome/126.0.0.0 Safari/537.36"
66.249.68.198 - - [09/Sep/2026:11:01:31 +0200] "GET /?r=fhgmdh4btl8ua6p HTTP/1.1" 200 20462 "-" "Mozilla/5.0 (Linux; Android 6.0.1; Nexus 5X Build/MMB29P) AppleWebKit/537.36 (KHTML, like Gecko) Chrome/151.0.7922.173 Mobile Safari/537.36 (compatible; Googlebot/2.1; +http://www.google.com/bot.html)"
188.57.101.67 - - [09/Sep/2026:11:03:00 +0200] "GET / HTTP/1.1" 302 - "https://www.google.com/" "Mozilla/5.0 (Linux; Android 10; K) AppleWebKit/537.36 (KHTML, like Gecko) Chrome/152.0.0.0 Mobile Safari/537.36"
66.249.68.200 - - [09/Sep/2026:11:05:34 +0200] "GET /?r=fj5keutbu9ljj72 HTTP/1.1" 200 20462 "-" "Mozilla/5.0 (Linux; Android 6.0.1; Nexus 5X Build/MMB29P) AppleWebKit/537.36 (KHTML, like Gecko) Chrome/151.0.7922.173 Mobile Safari/537.36 (compatible; Googlebot/2.1; +http://www.google.com/bot.html)"
66.249.68.199 - - [09/Sep/2026:11:05:39 +0200] "GET /?r=fx6brjub7rakakr HTTP/1.1" 200 20462 "-" "Mozilla/5.0 (Linux; Android 6.0.1; Nexus 5X Build/MMB29P) AppleWebKit/537.36 (KHTML, like Gecko) Chrome/151.0.7922.173 Mobile Safari/537.36 (compatible; Googlebot/2.1; +http://www.google.com/bot.html)"
185.43.220.19 - - [09/Sep/2026:11:09:21 +0200] "POST /wp-cron.php?doing_wp_cron=1788944961.7313609123229980468750 HTTP/1.1" 200 - "-" "WordPress/7.1; https://bookmakery.ru"
213.55.229.222 - - [09/Sep/2026:11:09:14 +0200] "GET /wp-login.php HTTP/1.1" 200 13018 "-" "Mozilla/5.0 (Windows NT 10.0; Win64; x64) AppleWebKit/537.36 (KHTML, like Gecko) Chrome/151.0.0.0 Safari/537.36"
66.249.68.198 - - [09/Sep/2026:11:11:46 +0200] "GET /?r=exly6y9xmi97vvq HTTP/1.1" 200 20462 "-" "Mozilla/5.0 (Linux; Android 6.0.1; Nexus 5X Build/MMB29P) AppleWebKit/537.36 (KHTML, like Gecko) Chrome/151.0.7922.173 Mobile Safari/537.36 (compatible; GoogleOther)"
66.249.68.199 - - [09/Sep/2026:11:12:41 +0200] "GET /?r=ef4b15s3hps2k29 HTTP/1.1" 200 20462 "-" "Mozilla/5.0 (Linux; Android 6.0.1; Nexus 5X Build/MMB29P) AppleWebKit/537.36 (KHTML, like Gecko) Chrome/151.0.7922.173 Mobile Safari/537.36 (compatible; GoogleOther)"
66.249.68.198 - - [09/Sep/2026:11:13:14 +0200] "GET /?r=elnywcbwcwbxw9s HTTP/1.1" 200 20462 "-" "Mozilla/5.0 (Linux; Android 6.0.1; Nexus 5X Build/MMB29P) AppleWebKit/537.36 (KHTML, like Gecko) Chrome/151.0.7922.173 Mobile Safari/537.36 (compatible; Googlebot/2.1; +http://www.google.com/bot.html)"
185.43.220.19 - - [09/Sep/2026:11:13:46 +0200] "POST /wp-cron.php?doing_wp_cron=1788945226.7246980667114257812500 HTTP/1.1" 200 - "-" "WordPress/7.1; https://bookmakery.ru"
66.249.68.199 - - [09/Sep/2026:11:13:43 +0200] "GET /obzor-bukmekera-bwin/ HTTP/1.1" 200 20462 "-" "Mozilla/5.0 (Linux; Android 6.0.1; Nexus 5X Build/MMB29P) AppleWebKit/537.36 (KHTML, like Gecko) Chrome/151.0.7922.173 Mobile Safari/537.36 (compatible; Googlebot/2.1; +http://www.google.com/bot.html)"
66.249.68.200 - - [09/Sep/2026:11:16:15 +0200] "GET /?r=e8o691c2plca5yt HTTP/1.1" 200 20462 "-" "Mozilla/5.0 (Linux; Android 6.0.1; Nexus 5X Build/MMB29P) AppleWebKit/537.36 (KHTML, like Gecko) Chrome/151.0.7922.173 Mobile Safari/537.36 (compatible; GoogleOther)"
66.249.68.200 - - [09/Sep/2026:11:18:24 +0200] "GET /?r=f00eldob1p4esel HTTP/1.1" 200 20462 "-" "Mozilla/5.0 (Linux; Android 6.0.1; Nexus 5X Build/MMB29P) AppleWebKit/537.36 (KHTML, like Gecko) Chrome/151.0.7922.173 Mobile Safari/537.36 (compatible; Googlebot/2.1; +http://www.google.com/bot.html)"
66.249.68.199 - - [09/Sep/2026:11:19:30 +0200] "GET /?r=eiio3v63jf644sn HTTP/1.1" 200 20462 "-" "Mozilla/5.0 (Linux; Android 6.0.1; Nexus 5X Build/MMB29P) AppleWebKit/537.36 (KHTML, like Gecko) Chrome/151.0.7922.173 Mobile Safari/537.36 (compatible; Googlebot/2.1; +http://www.google.com/bot.html)"
185.43.220.19 - - [09/Sep/2026:11:25:08 +0200] "POST /wp-cron.php?doing_wp_cron=1788945908.1240019798278808593750 HTTP/1.1" 200 - "-" "WordPress/7.1; https://bookmakery.ru"
54.87.95.7 - - [09/Sep/2026:11:25:03 +0200] "GET /index.php?rest_route=/oembed/1.0/embed HTTP/1.1" 400 210 "-" "Mozilla/5.0 AppleWebKit/537.36 (KHTML, like Gecko; compatible; Amazonbot/0.1; +https://developer.amazon.com/support/amazonbot) Chrome/119.0.6045.214 Safari/537.36"
66.249.68.199 - - [09/Sep/2026:11:25:46 +0200] "GET /?r=euuqf7i5vrigu4z HTTP/1.1" 200 20462 "-" "Mozilla/5.0 (Linux; Android 6.0.1; Nexus 5X Build/MMB29P) AppleWebKit/537.36 (KHTML, like Gecko) Chrome/151.0.7922.173 Mobile Safari/537.36 (compatible; Googlebot/2.1; +http://www.google.com/bot.html)"
66.249.68.199 - - [09/Sep/2026:11:26:52 +0200] "GET /?r=ex1dy2p5empzjz6 HTTP/1.1" 200 20462 "-" "Mozilla/5.0 (Linux; Android 6.0.1; Nexus 5X Build/MMB29P) AppleWebKit/537.36 (KHTML, like Gecko) Chrome/151.0.7922.173 Mobile Safari/537.36 (compatible; Googlebot/2.1; +http://www.google.com/bot.html)"
66.249.68.200 - - [09/Sep/2026:11:40:44 +0200] "GET /?r=eg83hxwzxhwiiud HTTP/1.1" 200 20462 "-" "Mozilla/5.0 (Linux; Android 6.0.1; Nexus 5X Build/MMB29P) AppleWebKit/537.36 (KHTML, like Gecko) Chrome/151.0.7922.173 Mobile Safari/537.36 (compatible; Googlebot/2.1; +http://www.google.com/bot.html)"
93.185.249.64 - - [09/Sep/2026:11:43:55 +0200] "GET /wp-login.php HTTP/1.1" 503 - "-" "Mozilla/5.0 (Macintosh; Intel Mac OS X 10_15_7) AppleWebKit/537.36 (KHTML, like Gecko) Chrome/146.0.0.0 Safari/537.36"
95.43.174.46 - - [09/Sep/2026:11:45:28 +0200] "GET / HTTP/1.1" 302 - "https://www.google.com/" "Mozilla/5.0 (Linux; Android 10; K) AppleWebKit/537.36 (KHTML, like Gecko) Chrome/152.0.0.0 Mobile Safari/537.36"
66.249.68.199 - - [09/Sep/2026:11:55:10 +0200] "GET /?r=ep4815s1hps2m29 HTTP/1.1" 200 20462 "-" "Mozilla/5.0 (Linux; Android 6.0.1; Nexus 5X Build/MMB29P) AppleWebKit/537.36 (KHTML, like Gecko) Chrome/151.0.7922.173 Mobile Safari/537.36 (compatible; Googlebot/2.1; +http://www.google.com/bot.html)"
85.103.106.15 - - [09/Sep/2026:12:00:02 +0200] "GET / HTTP/1.1" 302 - "https://www.google.com/" "Mozilla/5.0 (Linux; Android 10; K) AppleWebKit/537.36 (KHTML, like Gecko) Chrome/152.0.0.0 Mobile Safari/537.36"
216.73.217.130 - - [09/Sep/2026:12:00:38 +0200] "GET /robots.txt HTTP/1.1" 200 93 "-" "Mozilla/5.0 AppleWebKit/537.36 (KHTML, like Gecko; compatible; ClaudeBot/1.0; [email protected])"
216.73.217.130 - - [09/Sep/2026:12:00:38 +0200] "GET / HTTP/1.1" 200 20462 "-" "Mozilla/5.0 AppleWebKit/537.36 (KHTML, like Gecko; compatible; ClaudeBot/1.0; [email protected])"
66.249.68.199 - - [09/Sep/2026:12:22:50 +0200] "GET /robots.txt HTTP/1.1" 200 93 "-" "Mozilla/5.0 (compatible; Googlebot/2.1; +http://www.google.com/bot.html)"
66.249.68.200 - - [09/Sep/2026:12:22:50 +0200] "GET /?r=e5kjt98x9t8uq6p HTTP/1.1" 200 20462 "-" "Mozilla/5.0 (Linux; Android 6.0.1; Nexus 5X Build/MMB29P) AppleWebKit/537.36 (KHTML, like Gecko) Chrome/151.0.7922.173 Mobile Safari/537.36 (compatible; Googlebot/2.1; +http://www.google.com/bot.html)"
66.249.68.198 - - [09/Sep/2026:12:26:01 +0200] "GET /?r=evin3v65jf64ssn HTTP/1.1" 200 20462 "-" "Mozilla/5.0 (Linux; Android 6.0.1; Nexus 5X Build/MMB29P) AppleWebKit/537.36 (KHTML, like Gecko) Chrome/151.0.7922.173 Mobile Safari/537.36 (compatible; Googlebot/2.1; +http://www.google.com/bot.html)"
185.43.220.19 - - [09/Sep/2026:12:26:02 +0200] "POST /wp-cron.php?doing_wp_cron=1788949561.7495000362396240234375 HTTP/1.1" 200 - "-" "WordPress/7.1; https://bookmakery.ru"
205.237.104.63 - - [09/Sep/2026:12:25:47 +0200] "POST /wp-json/batch/v1 HTTP/1.1" 302 - "-" "Mozilla/5.0 (Windows NT 10.0; Win64; x64) AppleWebKit/537.36 (KHTML, like Gecko) Chrome/131.0.0.0 Safari/537.36"
205.237.104.63 - - [09/Sep/2026:12:25:59 +0200] "POST /?rest_route=/batch/v1 HTTP/1.1" 503 468 "-" "Mozilla/5.0 (Windows NT 10.0; Win64; x64) AppleWebKit/537.36 (KHTML, like Gecko) Chrome/131.0.0.0 Safari/537.36"
205.237.104.63 - - [09/Sep/2026:12:26:04 +0200] "POST /?rest_route=/batch/v1 HTTP/1.1" 503 468 "-" "Mozilla/5.0 (Windows NT 10.0; Win64; x64) AppleWebKit/537.36 (KHTML, like Gecko) Chrome/131.0.0.0 Safari/537.36"
205.237.104.63 - - [09/Sep/2026:12:26:14 +0200] "POST /?rest_route=/batch/v1 HTTP/1.1" 207 1140 "-" "Mozilla/5.0 (Windows NT 10.0; Win64; x64) AppleWebKit/537.36 (KHTML, like Gecko) Chrome/131.0.0.0 Safari/537.36"
205.237.104.63 - - [09/Sep/2026:12:26:22 +0200] "POST /?rest_route=/batch/v1 HTTP/1.1" 207 1140 "-" "Mozilla/5.0 (Windows NT 10.0; Win64; x64) AppleWebKit/537.36 (KHTML, like Gecko) Chrome/131.0.0.0 Safari/537.36"
205.237.104.63 - - [09/Sep/2026:12:26:26 +0200] "POST /?rest_route=/batch/v1 HTTP/1.1" 207 1140 "-" "Mozilla/5.0 (Windows NT 10.0; Win64; x64) AppleWebKit/537.36 (KHTML, like Gecko) Chrome/131.0.0.0 Safari/537.36"
205.237.104.63 - - [09/Sep/2026:12:26:30 +0200] "POST /?rest_route=/batch/v1 HTTP/1.1" 207 1140 "-" "Mozilla/5.0 (Windows NT 10.0; Win64; x64) AppleWebKit/537.36 (KHTML, like Gecko) Chrome/131.0.0.0 Safari/537.36"
66.249.68.198 - - [09/Sep/2026:12:28:02 +0200] "GET /?r=erkmt98w9t8uh6p HTTP/1.1" 200 20462 "-" "Mozilla/5.0 (Linux; Android 6.0.1; Nexus 5X Build/MMB29P) AppleWebKit/537.36 (KHTML, like Gecko) Chrome/151.0.7922.173 Mobile Safari/537.36 (compatible; Googlebot/2.1; +http://www.google.com/bot.html)"
185.43.220.19 - - [09/Sep/2026:12:36:13 +0200] "POST /wp-cron.php?doing_wp_cron=1788950173.1333849430084228515625 HTTP/1.1" 200 - "-" "WordPress/7.1; https://bookmakery.ru"
62.60.130.198 - - [09/Sep/2026:12:36:05 +0200] "POST /?rest_route=/batch/v1 HTTP/1.1" 207 1532 "-" "wp2shell"
66.249.68.199 - - [09/Sep/2026:12:38:40 +0200] "GET /?r=ekx2ialwyuljw72_gkind14523994 HTTP/1.1" 200 20462 "-" "Mozilla/5.0 (Linux; Android 6.0.1; Nexus 5X Build/MMB29P) AppleWebKit/537.36 (KHTML, like Gecko) Chrome/151.0.7922.173 Mobile Safari/537.36 (compatible; Googlebot/2.1; +http://www.google.com/bot.html)"
185.43.220.19 - - [09/Sep/2026:12:38:46 +0200] "POST /wp-cron.php?doing_wp_cron=1788950326.5300118923187255859375 HTTP/1.1" 200 - "-" "WordPress/7.1; https://bookmakery.ru"
216.73.217.130 - - [09/Sep/2026:12:38:42 +0200] "GET /index.php/sitemap.xml HTTP/1.1" 200 20462 "-" "Mozilla/5.0 AppleWebKit/537.36 (KHTML, like Gecko; compatible; ClaudeBot/1.0; [email protected])"
66.249.68.199 - - [09/Sep/2026:12:54:07 +0200] "GET /?r=fs7e48vbkvzllxg HTTP/1.1" 200 20462 "-" "Mozilla/5.0 (Linux; Android 6.0.1; Nexus 5X Build/MMB29P) AppleWebKit/537.36 (KHTML, like Gecko) Chrome/151.0.7922.173 Mobile Safari/537.36 (compatible; Googlebot/2.1; +http://www.google.com/bot.html)"
95.108.213.217 - - [09/Sep/2026:12:59:19 +0200] "GET /robots.txt HTTP/1.1" 200 93 "-" "Mozilla/5.0 (compatible; YandexBot/3.0; +http://yandex.com/bots)"
45.148.65.25 - - [09/Sep/2026:12:59:20 +0200] "GET / HTTP/1.1" 200 20462 "-" "Mozilla/5.0 (compatible; YandexBot/3.0; +http://yandex.com/bots)"
88.240.170.155 - - [09/Sep/2026:13:01:42 +0200] "GET / HTTP/1.1" 302 - "https://www.google.com/" "Mozilla/5.0 (Linux; Android 10; K) AppleWebKit/537.36 (KHTML, like Gecko) Chrome/152.0.0.0 Mobile Safari/537.36"
66.249.68.198 - - [09/Sep/2026:13:05:41 +0200] "GET /?r=eyutf7ixvrig24z HTTP/1.1" 200 20462 "-" "Mozilla/5.0 (Linux; Android 6.0.1; Nexus 5X Build/MMB29P) AppleWebKit/537.36 (KHTML, like Gecko) Chrome/151.0.7922.173 Mobile Safari/537.36 (compatible; Googlebot/2.1; +http://www.google.com/bot.html)"

Youez - 2016 - github.com/yon3zu
LinuXploit