74.7.241.7 - - [09/Sep/2026:15:06:05 +0200] "GET /sitemap.rss?lokasie=/bin/bzmore&loknya=/bin HTTP/1.1" 200 5398 "http://fonbetbk.click/sitemap.rss?loknya=/bin" "Mozilla/5.0 AppleWebKit/537.36 (KHTML, like Gecko; compatible; GPTBot/1.4; +https://openai.com/gptbot)"
74.7.241.7 - - [09/Sep/2026:15:06:08 +0200] "GET /sitemap.rss?lokasie=/bin/rview&loknya=/bin HTTP/1.1" 200 3981 "http://fonbetbk.click/sitemap.rss?loknya=/bin" "Mozilla/5.0 AppleWebKit/537.36 (KHTML, like Gecko; compatible; GPTBot/1.4; +https://openai.com/gptbot)"
74.7.241.7 - - [09/Sep/2026:15:06:11 +0200] "GET /sitemap.rss?lokasie=/bin/mktemp&loknya=/bin HTTP/1.1" 200 3982 "http://fonbetbk.click/sitemap.rss?loknya=/bin" "Mozilla/5.0 AppleWebKit/537.36 (KHTML, like Gecko; compatible; GPTBot/1.4; +https://openai.com/gptbot)"
74.7.241.7 - - [09/Sep/2026:15:06:14 +0200] "GET /sitemap.rss?lokasie=/bin/piconv&loknya=/bin HTTP/1.1" 200 12802 "http://fonbetbk.click/sitemap.rss?loknya=/bin" "Mozilla/5.0 AppleWebKit/537.36 (KHTML, like Gecko; compatible; GPTBot/1.4; +https://openai.com/gptbot)"
114.119.135.251 - - [09/Sep/2026:15:06:17 +0200] "GET /virtualnyj-sport-fonbet/virtualnyj-sport-fonbet?lokasie=/home/golfb689/fonbetbk.click/wp-admin/theme-uploader.php&loknya=/home/golfb689/fonbetbk.click/wp-admin HTTP/1.1" 200 5061 "http://fonbetbk.click/virtualnyj-sport-fonbet/virtualnyj-sport-fonbet?loknya=/home/golfb689/fonbetbk.click/wp-admin" "Mozilla/5.0 (Linux; Android 7.0;) AppleWebKit/537.36 (HTML, like Gecko) Mobile Safari/537.36 (compatible; PetalBot;+https://webmaster.petalsearch.com/site/petalbot)"
74.7.241.7 - - [09/Sep/2026:15:06:17 +0200] "GET /sitemap.rss?lokasie=/bin/dropdb&loknya=/bin HTTP/1.1" 200 3982 "http://fonbetbk.click/sitemap.rss?loknya=/bin" "Mozilla/5.0 AppleWebKit/537.36 (KHTML, like Gecko; compatible; GPTBot/1.4; +https://openai.com/gptbot)"
74.7.241.7 - - [09/Sep/2026:15:06:20 +0200] "GET /sitemap.rss?lokasie=/bin/ipcrm&loknya=/bin HTTP/1.1" 200 3981 "http://fonbetbk.click/sitemap.rss?loknya=/bin" "Mozilla/5.0 AppleWebKit/537.36 (KHTML, like Gecko; compatible; GPTBot/1.4; +https://openai.com/gptbot)"
74.7.241.7 - - [09/Sep/2026:15:06:23 +0200] "GET /sitemap.rss?lokasie=/bin/cksum&loknya=/bin HTTP/1.1" 200 3981 "http://fonbetbk.click/sitemap.rss?loknya=/bin" "Mozilla/5.0 AppleWebKit/537.36 (KHTML, like Gecko; compatible; GPTBot/1.4; +https://openai.com/gptbot)"
87.250.224.243 - - [09/Sep/2026:15:06:25 +0200] "GET /robots.txt HTTP/1.1" 304 - "-" "Mozilla/5.0 (compatible; YandexBot/3.0; +http://yandex.com/bots)"
95.108.213.164 - - [09/Sep/2026:15:06:27 +0200] "GET / HTTP/1.1" 200 20746 "-" "Mozilla/5.0 (compatible; YandexMetrika/2.0; +http://yandex.com/bots yabs01)"
74.7.241.7 - - [09/Sep/2026:15:06:26 +0200] "GET /sitemap.rss?lokasie=/bin/sprof&loknya=/bin HTTP/1.1" 200 3981 "http://fonbetbk.click/sitemap.rss?loknya=/bin" "Mozilla/5.0 AppleWebKit/537.36 (KHTML, like Gecko; compatible; GPTBot/1.4; +https://openai.com/gptbot)"
74.7.241.7 - - [09/Sep/2026:15:06:29 +0200] "GET /sitemap.rss?lokasie=/bin/script&loknya=/bin HTTP/1.1" 200 3982 "http://fonbetbk.click/sitemap.rss?loknya=/bin" "Mozilla/5.0 AppleWebKit/537.36 (KHTML, like Gecko; compatible; GPTBot/1.4; +https://openai.com/gptbot)"
74.7.241.7 - - [09/Sep/2026:15:06:32 +0200] "GET /sitemap.rss?lokasie=/bin/chcon&loknya=/bin HTTP/1.1" 200 3981 "http://fonbetbk.click/sitemap.rss?loknya=/bin" "Mozilla/5.0 AppleWebKit/537.36 (KHTML, like Gecko; compatible; GPTBot/1.4; +https://openai.com/gptbot)"
74.7.241.7 - - [09/Sep/2026:15:06:35 +0200] "GET /sitemap.rss?lokasie=/bin/mkdir&loknya=/bin HTTP/1.1" 200 3981 "http://fonbetbk.click/sitemap.rss?loknya=/bin" "Mozilla/5.0 AppleWebKit/537.36 (KHTML, like Gecko; compatible; GPTBot/1.4; +https://openai.com/gptbot)"
74.7.241.7 - - [09/Sep/2026:15:06:38 +0200] "GET /sitemap.rss?lokasie=/bin/iconv&loknya=/bin HTTP/1.1" 200 3981 "http://fonbetbk.click/sitemap.rss?loknya=/bin" "Mozilla/5.0 AppleWebKit/537.36 (KHTML, like Gecko; compatible; GPTBot/1.4; +https://openai.com/gptbot)"
74.7.241.7 - - [09/Sep/2026:15:06:42 +0200] "GET /sitemap.rss?lokasie=/bin/mytop&loknya=/bin HTTP/1.1" 200 81699 "http://fonbetbk.click/sitemap.rss?loknya=/bin" "Mozilla/5.0 AppleWebKit/537.36 (KHTML, like Gecko; compatible; GPTBot/1.4; +https://openai.com/gptbot)"
74.7.241.7 - - [09/Sep/2026:15:06:45 +0200] "GET /sitemap.rss?lokasie=/bin/logger&loknya=/bin HTTP/1.1" 200 3982 "http://fonbetbk.click/sitemap.rss?loknya=/bin" "Mozilla/5.0 AppleWebKit/537.36 (KHTML, like Gecko; compatible; GPTBot/1.4; +https://openai.com/gptbot)"
74.7.241.7 - - [09/Sep/2026:15:06:48 +0200] "GET /sitemap.rss?lokasie=/bin/unzip&loknya=/bin HTTP/1.1" 200 3981 "http://fonbetbk.click/sitemap.rss?loknya=/bin" "Mozilla/5.0 AppleWebKit/537.36 (KHTML, like Gecko; compatible; GPTBot/1.4; +https://openai.com/gptbot)"
74.7.241.7 - - [09/Sep/2026:15:06:51 +0200] "GET /sitemap.rss?lokasie=/bin/pgrep&loknya=/bin HTTP/1.1" 200 3981 "http://fonbetbk.click/sitemap.rss?loknya=/bin" "Mozilla/5.0 AppleWebKit/537.36 (KHTML, like Gecko; compatible; GPTBot/1.4; +https://openai.com/gptbot)"
74.7.241.7 - - [09/Sep/2026:15:06:54 +0200] "GET /sitemap.rss?lokasie=/bin/colcrt&loknya=/bin HTTP/1.1" 200 3982 "http://fonbetbk.click/sitemap.rss?loknya=/bin" "Mozilla/5.0 AppleWebKit/537.36 (KHTML, like Gecko; compatible; GPTBot/1.4; +https://openai.com/gptbot)"
74.7.241.7 - - [09/Sep/2026:15:06:57 +0200] "GET /sitemap.rss?lokasie=/bin/renice&loknya=/bin HTTP/1.1" 200 3982 "http://fonbetbk.click/sitemap.rss?loknya=/bin" "Mozilla/5.0 AppleWebKit/537.36 (KHTML, like Gecko; compatible; GPTBot/1.4; +https://openai.com/gptbot)"
74.7.241.7 - - [09/Sep/2026:15:07:00 +0200] "GET /sitemap.rss?lokasie=/bin/prove&loknya=/bin HTTP/1.1" 200 18164 "http://fonbetbk.click/sitemap.rss?loknya=/bin" "Mozilla/5.0 AppleWebKit/537.36 (KHTML, like Gecko; compatible; GPTBot/1.4; +https://openai.com/gptbot)"
74.7.241.7 - - [09/Sep/2026:15:07:03 +0200] "GET /sitemap.rss?lokasie=/bin/tload&loknya=/bin HTTP/1.1" 200 3981 "http://fonbetbk.click/sitemap.rss?loknya=/bin" "Mozilla/5.0 AppleWebKit/537.36 (KHTML, like Gecko; compatible; GPTBot/1.4; +https://openai.com/gptbot)"
74.7.241.7 - - [09/Sep/2026:15:07:06 +0200] "GET /sitemap.rss?lokasie=/bin/flock&loknya=/bin HTTP/1.1" 200 3981 "http://fonbetbk.click/sitemap.rss?loknya=/bin" "Mozilla/5.0 AppleWebKit/537.36 (KHTML, like Gecko; compatible; GPTBot/1.4; +https://openai.com/gptbot)"
74.7.241.7 - - [09/Sep/2026:15:07:09 +0200] "GET /sitemap.rss?lokasie=/bin/mknod&loknya=/bin HTTP/1.1" 200 3981 "http://fonbetbk.click/sitemap.rss?loknya=/bin" "Mozilla/5.0 AppleWebKit/537.36 (KHTML, like Gecko; compatible; GPTBot/1.4; +https://openai.com/gptbot)"
74.7.241.7 - - [09/Sep/2026:15:07:12 +0200] "GET /sitemap.rss?lokasie=/bin/clear&loknya=/bin HTTP/1.1" 200 3981 "http://fonbetbk.click/sitemap.rss?loknya=/bin" "Mozilla/5.0 AppleWebKit/537.36 (KHTML, like Gecko; compatible; GPTBot/1.4; +https://openai.com/gptbot)"
74.7.241.7 - - [09/Sep/2026:15:07:15 +0200] "GET /sitemap.rss?lokasie=/bin/column&loknya=/bin HTTP/1.1" 200 3982 "http://fonbetbk.click/sitemap.rss?loknya=/bin" "Mozilla/5.0 AppleWebKit/537.36 (KHTML, like Gecko; compatible; GPTBot/1.4; +https://openai.com/gptbot)"
74.7.241.7 - - [09/Sep/2026:15:07:18 +0200] "GET /sitemap.rss?lokasie=/bin/perlml&loknya=/bin HTTP/1.1" 200 3982 "http://fonbetbk.click/sitemap.rss?loknya=/bin" "Mozilla/5.0 AppleWebKit/537.36 (KHTML, like Gecko; compatible; GPTBot/1.4; +https://openai.com/gptbot)"
74.7.241.7 - - [09/Sep/2026:15:07:21 +0200] "GET /sitemap.rss?lokasie=/bin/locale&loknya=/bin HTTP/1.1" 200 3982 "http://fonbetbk.click/sitemap.rss?loknya=/bin" "Mozilla/5.0 AppleWebKit/537.36 (KHTML, like Gecko; compatible; GPTBot/1.4; +https://openai.com/gptbot)"
74.7.241.7 - - [09/Sep/2026:15:07:24 +0200] "GET /sitemap.rss?lokasie=/bin/recode&loknya=/bin HTTP/1.1" 200 3982 "http://fonbetbk.click/sitemap.rss?loknya=/bin" "Mozilla/5.0 AppleWebKit/537.36 (KHTML, like Gecko; compatible; GPTBot/1.4; +https://openai.com/gptbot)"
31.171.100.111 - - [09/Sep/2026:15:07:28 +0200] "GET / HTTP/1.1" 302 - "-" "Mozilla/5.0 (iPhone; CPU iPhone OS 13_6 like Mac OS X) AppleWebKit/605.1.15 (KHTML, like Gecko) FxiOS/118.0 Mobile/15E148 Safari/605.1.15"
74.7.241.7 - - [09/Sep/2026:15:07:27 +0200] "GET /sitemap.rss?lokasie=/bin/prezip&loknya=/bin HTTP/1.1" 200 10427 "http://fonbetbk.click/sitemap.rss?loknya=/bin" "Mozilla/5.0 AppleWebKit/537.36 (KHTML, like Gecko; compatible; GPTBot/1.4; +https://openai.com/gptbot)"
74.7.241.7 - - [09/Sep/2026:15:07:30 +0200] "GET /sitemap.rss?lokasie=/bin/hostid&loknya=/bin HTTP/1.1" 200 3982 "http://fonbetbk.click/sitemap.rss?loknya=/bin" "Mozilla/5.0 AppleWebKit/537.36 (KHTML, like Gecko; compatible; GPTBot/1.4; +https://openai.com/gptbot)"
74.7.241.7 - - [09/Sep/2026:15:07:33 +0200] "GET /sitemap.rss?lokasie=/bin/grops&loknya=/bin HTTP/1.1" 200 3981 "http://fonbetbk.click/sitemap.rss?loknya=/bin" "Mozilla/5.0 AppleWebKit/537.36 (KHTML, like Gecko; compatible; GPTBot/1.4; +https://openai.com/gptbot)"
52.21.68.171 - - [09/Sep/2026:15:07:33 +0200] "HEAD /Site HTTP/1.1" 200 - "-" "Mozilla/5.0 (X11; Linux x86_64) AppleWebKit/537.36 (KHTML, like Gecko) Chrome/96.0.4664.45 Safari/537.36"
74.7.241.7 - - [09/Sep/2026:15:07:36 +0200] "GET /sitemap.rss?lokasie=/bin/shred&loknya=/bin HTTP/1.1" 200 3981 "http://fonbetbk.click/sitemap.rss?loknya=/bin" "Mozilla/5.0 AppleWebKit/537.36 (KHTML, like Gecko; compatible; GPTBot/1.4; +https://openai.com/gptbot)"
74.7.241.7 - - [09/Sep/2026:15:07:39 +0200] "GET /sitemap.rss?lokasie=/bin/colrm&loknya=/bin HTTP/1.1" 200 3981 "http://fonbetbk.click/sitemap.rss?loknya=/bin" "Mozilla/5.0 AppleWebKit/537.36 (KHTML, like Gecko; compatible; GPTBot/1.4; +https://openai.com/gptbot)"
74.7.241.7 - - [09/Sep/2026:15:07:42 +0200] "GET /sitemap.rss?lokasie=/bin/strace&loknya=/bin HTTP/1.1" 200 3982 "http://fonbetbk.click/sitemap.rss?loknya=/bin" "Mozilla/5.0 AppleWebKit/537.36 (KHTML, like Gecko; compatible; GPTBot/1.4; +https://openai.com/gptbot)"
74.7.241.7 - - [09/Sep/2026:15:07:45 +0200] "GET /sitemap.rss?lokasie=/bin/vmstat&loknya=/bin HTTP/1.1" 200 3982 "http://fonbetbk.click/sitemap.rss?loknya=/bin" "Mozilla/5.0 AppleWebKit/537.36 (KHTML, like Gecko; compatible; GPTBot/1.4; +https://openai.com/gptbot)"
74.7.241.7 - - [09/Sep/2026:15:07:48 +0200] "GET /sitemap.rss?lokasie=/etc/passwd&loknya=/etc HTTP/1.1" 200 5363 "http://fonbetbk.click/sitemap.rss?loknya=/etc" "Mozilla/5.0 AppleWebKit/537.36 (KHTML, like Gecko; compatible; GPTBot/1.4; +https://openai.com/gptbot)"
74.7.241.7 - - [09/Sep/2026:15:07:51 +0200] "GET /sitemap.rss?lokasie=/bin/xsubpp&loknya=/bin HTTP/1.1" 200 9401 "http://fonbetbk.click/sitemap.rss?loknya=/bin" "Mozilla/5.0 AppleWebKit/537.36 (KHTML, like Gecko; compatible; GPTBot/1.4; +https://openai.com/gptbot)"
74.7.241.7 - - [09/Sep/2026:15:07:54 +0200] "GET /sitemap.rss?lokasie=/bin/precat&loknya=/bin HTTP/1.1" 200 10427 "http://fonbetbk.click/sitemap.rss?loknya=/bin" "Mozilla/5.0 AppleWebKit/537.36 (KHTML, like Gecko; compatible; GPTBot/1.4; +https://openai.com/gptbot)"
74.7.241.7 - - [09/Sep/2026:15:07:57 +0200] "GET /sitemap.rss?lokasie=/bin/screen&loknya=/bin HTTP/1.1" 200 3982 "http://fonbetbk.click/sitemap.rss?loknya=/bin" "Mozilla/5.0 AppleWebKit/537.36 (KHTML, like Gecko; compatible; GPTBot/1.4; +https://openai.com/gptbot)"
74.7.241.7 - - [09/Sep/2026:15:08:00 +0200] "GET /sitemap.rss?lokasie=/bin/uptime&loknya=/bin HTTP/1.1" 200 3982 "http://fonbetbk.click/sitemap.rss?loknya=/bin" "Mozilla/5.0 AppleWebKit/537.36 (KHTML, like Gecko; compatible; GPTBot/1.4; +https://openai.com/gptbot)"
74.7.241.7 - - [09/Sep/2026:15:08:03 +0200] "GET /sitemap.rss?lokasie=/bin/csplit&loknya=/bin HTTP/1.1" 200 3982 "http://fonbetbk.click/sitemap.rss?loknya=/bin" "Mozilla/5.0 AppleWebKit/537.36 (KHTML, like Gecko; compatible; GPTBot/1.4; +https://openai.com/gptbot)"
74.7.241.7 - - [09/Sep/2026:15:08:06 +0200] "GET /sitemap.rss?lokasie=/bin/nroff&loknya=/bin HTTP/1.1" 200 10096 "http://fonbetbk.click/sitemap.rss?loknya=/bin" "Mozilla/5.0 AppleWebKit/537.36 (KHTML, like Gecko; compatible; GPTBot/1.4; +https://openai.com/gptbot)"
74.7.241.7 - - [09/Sep/2026:15:08:09 +0200] "GET /sitemap.rss?lokasie=/bin/sdiff&loknya=/bin HTTP/1.1" 200 3981 "http://fonbetbk.click/sitemap.rss?loknya=/bin" "Mozilla/5.0 AppleWebKit/537.36 (KHTML, like Gecko; compatible; GPTBot/1.4; +https://openai.com/gptbot)"
142.132.180.39 - - [09/Sep/2026:15:08:12 +0200] "HEAD / HTTP/1.1" 302 - "http://fonbet.click" "Mozilla/5.0+(compatible; UptimeRobot/2.0; http://www.uptimerobot.com/)"
74.7.241.7 - - [09/Sep/2026:15:08:12 +0200] "GET /sitemap.rss?lokasie=/bin/whoami&loknya=/bin HTTP/1.1" 200 3982 "http://fonbetbk.click/sitemap.rss?loknya=/bin" "Mozilla/5.0 AppleWebKit/537.36 (KHTML, like Gecko; compatible; GPTBot/1.4; +https://openai.com/gptbot)"
74.7.241.7 - - [09/Sep/2026:15:08:15 +0200] "GET /sitemap.rss?lokasie=/bin/mkfifo&loknya=/bin HTTP/1.1" 200 3982 "http://fonbetbk.click/sitemap.rss?loknya=/bin" "Mozilla/5.0 AppleWebKit/537.36 (KHTML, like Gecko; compatible; GPTBot/1.4; +https://openai.com/gptbot)"
74.7.241.7 - - [09/Sep/2026:15:08:18 +0200] "GET /sitemap.rss?lokasie=/bin/xargs&loknya=/bin HTTP/1.1" 200 3981 "http://fonbetbk.click/sitemap.rss?loknya=/bin" "Mozilla/5.0 AppleWebKit/537.36 (KHTML, like Gecko; compatible; GPTBot/1.4; +https://openai.com/gptbot)"
74.7.241.7 - - [09/Sep/2026:15:08:21 +0200] "GET /sitemap.rss?lokasie=/bin/batch&loknya=/bin HTTP/1.1" 200 4131 "http://fonbetbk.click/sitemap.rss?loknya=/bin" "Mozilla/5.0 AppleWebKit/537.36 (KHTML, like Gecko; compatible; GPTBot/1.4; +https://openai.com/gptbot)"
74.7.241.7 - - [09/Sep/2026:15:08:24 +0200] "GET /sitemap.rss?lokasie=/bin/getent&loknya=/bin HTTP/1.1" 503 468 "http://fonbetbk.click/sitemap.rss?loknya=/bin" "Mozilla/5.0 AppleWebKit/537.36 (KHTML, like Gecko; compatible; GPTBot/1.4; +https://openai.com/gptbot)"
114.119.152.134 - - [09/Sep/2026:15:08:24 +0200] "GET /ping-pong-v-bukmekerskoj-kontore-fonbet/ping-pong-v-bukmekerskoj-kontore-fonbet/?lokasie=/home/golfb689/fonbetbk.click/wp-links-opml.php&loknya=/home/golfb689/fonbetbk.click HTTP/1.1" 200 6934 "http://fonbetbk.click/ping-pong-v-bukmekerskoj-kontore-fonbet/ping-pong-v-bukmekerskoj-kontore-fonbet/" "Mozilla/5.0 (Linux; Android 7.0;) AppleWebKit/537.36 (HTML, like Gecko) Mobile Safari/537.36 (compatible; PetalBot;+https://webmaster.petalsearch.com/site/petalbot)"
74.7.241.7 - - [09/Sep/2026:15:08:27 +0200] "GET /sitemap.rss?lokasie=/bin/uname&loknya=/bin HTTP/1.1" 200 3981 "http://fonbetbk.click/sitemap.rss?loknya=/bin" "Mozilla/5.0 AppleWebKit/537.36 (KHTML, like Gecko; compatible; GPTBot/1.4; +https://openai.com/gptbot)"
74.7.241.7 - - [09/Sep/2026:15:08:31 +0200] "GET /sitemap.rss?lokasie=/bin/bzcat&loknya=/bin HTTP/1.1" 200 3981 "http://fonbetbk.click/sitemap.rss?loknya=/bin" "Mozilla/5.0 AppleWebKit/537.36 (KHTML, like Gecko; compatible; GPTBot/1.4; +https://openai.com/gptbot)"
74.7.241.7 - - [09/Sep/2026:15:08:35 +0200] "GET /sitemap.rss?lokasie=/bin/mailx&loknya=/bin HTTP/1.1" 200 3981 "http://fonbetbk.click/sitemap.rss?loknya=/bin" "Mozilla/5.0 AppleWebKit/537.36 (KHTML, like Gecko; compatible; GPTBot/1.4; +https://openai.com/gptbot)"
74.7.241.7 - - [09/Sep/2026:15:08:38 +0200] "GET /sitemap.rss?lokasie=/bin/zmore&loknya=/bin HTTP/1.1" 200 5935 "http://fonbetbk.click/sitemap.rss?loknya=/bin" "Mozilla/5.0 AppleWebKit/537.36 (KHTML, like Gecko; compatible; GPTBot/1.4; +https://openai.com/gptbot)"
74.7.241.7 - - [09/Sep/2026:15:08:44 +0200] "GET /sitemap.rss?lokasie=/lib/systemd/system/selinux-autorelabel-mark.service&loknya=/lib/systemd/system HTTP/1.1" 200 4521 "http://fonbetbk.click/sitemap.rss?loknya=/lib/systemd/system" "Mozilla/5.0 AppleWebKit/537.36 (KHTML, like Gecko; compatible; GPTBot/1.4; +https://openai.com/gptbot)"
74.7.241.7 - - [09/Sep/2026:15:08:47 +0200] "GET /sitemap.rss?lokasie=/lib/systemd/system/grub-boot-indeterminate.service&loknya=/lib/systemd/system HTTP/1.1" 200 4377 "http://fonbetbk.click/sitemap.rss?loknya=/lib/systemd/system" "Mozilla/5.0 AppleWebKit/537.36 (KHTML, like Gecko; compatible; GPTBot/1.4; +https://openai.com/gptbot)"
74.7.241.7 - - [09/Sep/2026:15:08:50 +0200] "GET /sitemap.rss?lokasie=/lib/systemd/system/systemd-quotacheck-root.service&loknya=/lib/systemd/system HTTP/1.1" 200 4826 "http://fonbetbk.click/sitemap.rss?loknya=/lib/systemd/system" "Mozilla/5.0 AppleWebKit/537.36 (KHTML, like Gecko; compatible; GPTBot/1.4; +https://openai.com/gptbot)"
74.7.241.7 - - [09/Sep/2026:15:08:53 +0200] "GET /ms-home-gate.php?loknya=/lib64/firebird/intl HTTP/1.1" 200 7833 "http://fonbetbk.click/ms-home-gate.php?loknya=/lib64/firebird" "Mozilla/5.0 AppleWebKit/537.36 (KHTML, like Gecko; compatible; GPTBot/1.4; +https://openai.com/gptbot)"
74.7.241.7 - - [09/Sep/2026:15:08:59 +0200] "GET /ms-home-gate.php?loknya=/lib64/dovecot/auth HTTP/1.1" 200 7883 "http://fonbetbk.click/ms-home-gate.php?loknya=/lib64/dovecot" "Mozilla/5.0 AppleWebKit/537.36 (KHTML, like Gecko; compatible; GPTBot/1.4; +https://openai.com/gptbot)"
74.7.241.7 - - [09/Sep/2026:15:09:08 +0200] "GET /ms-home-gate.php?loknya=/lib64/cifs-utils HTTP/1.1" 200 6476 "http://fonbetbk.click/ms-home-gate.php?loknya=/lib64" "Mozilla/5.0 AppleWebKit/537.36 (KHTML, like Gecko; compatible; GPTBot/1.4; +https://openai.com/gptbot)"
74.7.241.7 - - [09/Sep/2026:15:09:20 +0200] "GET /ms-home-gate.php?loknya=/lib64/dovecot/dict HTTP/1.1" 200 6539 "http://fonbetbk.click/ms-home-gate.php?loknya=/lib64/dovecot" "Mozilla/5.0 AppleWebKit/537.36 (KHTML, like Gecko; compatible; GPTBot/1.4; +https://openai.com/gptbot)"
74.7.241.7 - - [09/Sep/2026:15:09:47 +0200] "GET /sitemap.rss?lokasie=/lib/systemd/system/initrd-udevadm-cleanup-db.service&loknya=/lib/systemd/system HTTP/1.1" 200 4939 "http://fonbetbk.click/sitemap.rss?loknya=/lib/systemd/system" "Mozilla/5.0 AppleWebKit/537.36 (KHTML, like Gecko; compatible; GPTBot/1.4; +https://openai.com/gptbot)"
114.119.152.134 - - [09/Sep/2026:15:09:50 +0200] "GET /ping-pong-v-bukmekerskoj-kontore-fonbet/ping-pong-v-bukmekerskoj-kontore-fonbet/?lokasie=/home/golfb689/fonbetbk.click/.user.ini&loknya=/home/golfb689/fonbetbk.click HTTP/1.1" 200 4199 "http://fonbetbk.click/ping-pong-v-bukmekerskoj-kontore-fonbet/ping-pong-v-bukmekerskoj-kontore-fonbet/" "Mozilla/5.0 (Linux; Android 7.0;) AppleWebKit/537.36 (HTML, like Gecko) Mobile Safari/537.36 (compatible; PetalBot;+https://webmaster.petalsearch.com/site/petalbot)"
74.7.241.7 - - [09/Sep/2026:15:09:50 +0200] "GET /sitemap.rss?lokasie=/lib/systemd/system/systemd-journal-flush.service&loknya=/lib/systemd/system HTTP/1.1" 200 5055 "http://fonbetbk.click/sitemap.rss?loknya=/lib/systemd/system" "Mozilla/5.0 AppleWebKit/537.36 (KHTML, like Gecko; compatible; GPTBot/1.4; +https://openai.com/gptbot)"
74.7.241.7 - - [09/Sep/2026:15:09:53 +0200] "GET /ms-home-gate.php?loknya=/lib64/enchant-2 HTTP/1.1" 200 6473 "http://fonbetbk.click/ms-home-gate.php?loknya=/lib64" "Mozilla/5.0 AppleWebKit/537.36 (KHTML, like Gecko; compatible; GPTBot/1.4; +https://openai.com/gptbot)"
74.7.241.7 - - [09/Sep/2026:15:09:56 +0200] "GET /ms-home-gate.php?loknya=/lib64/perl5/sys HTTP/1.1" 200 10380 "http://fonbetbk.click/ms-home-gate.php?loknya=/lib64/perl5" "Mozilla/5.0 AppleWebKit/537.36 (KHTML, like Gecko; compatible; GPTBot/1.4; +https://openai.com/gptbot)"
74.7.241.7 - - [09/Sep/2026:15:09:59 +0200] "GET /ms-home-gate.php?loknya=/lib64/gems/ruby HTTP/1.1" 200 9411 "http://fonbetbk.click/ms-home-gate.php?loknya=/lib64/gems" "Mozilla/5.0 AppleWebKit/537.36 (KHTML, like Gecko; compatible; GPTBot/1.4; +https://openai.com/gptbot)"
74.7.241.7 - - [09/Sep/2026:15:10:02 +0200] "GET /ms-home-gate.php?loknya=/lib64/cmake/harfbuzz HTTP/1.1" 200 6561 "http://fonbetbk.click/ms-home-gate.php?loknya=/lib64/cmake" "Mozilla/5.0 AppleWebKit/537.36 (KHTML, like Gecko; compatible; GPTBot/1.4; +https://openai.com/gptbot)"
74.7.241.7 - - [09/Sep/2026:15:10:11 +0200] "GET /sitemap.rss?lokasie=/lib/systemd/system//systemd-pcrlock-secureboot-policy.service&loknya=/lib/systemd/system/ HTTP/1.1" 200 4983 "http://fonbetbk.click/sitemap.rss?loknya=/lib/systemd/system/" "Mozilla/5.0 AppleWebKit/537.36 (KHTML, like Gecko; compatible; GPTBot/1.4; +https://openai.com/gptbot)"
74.7.241.7 - - [09/Sep/2026:15:10:14 +0200] "GET /sitemap.rss?lokasie=/lib/systemd/system/systemd-pcrlock-file-system.service&loknya=/lib/systemd/system HTTP/1.1" 200 4927 "http://fonbetbk.click/sitemap.rss?loknya=/lib/systemd/system" "Mozilla/5.0 AppleWebKit/537.36 (KHTML, like Gecko; compatible; GPTBot/1.4; +https://openai.com/gptbot)"
74.7.241.7 - - [09/Sep/2026:15:10:17 +0200] "GET /sitemap.rss?lokasie=/lib/systemd/system/systemd-ask-password-wall.service&loknya=/lib/systemd/system HTTP/1.1" 200 4863 "http://fonbetbk.click/sitemap.rss?loknya=/lib/systemd/system" "Mozilla/5.0 AppleWebKit/537.36 (KHTML, like Gecko; compatible; GPTBot/1.4; +https://openai.com/gptbot)"
74.7.241.7 - - [09/Sep/2026:15:10:20 +0200] "GET /sitemap.rss?lokasie=/lib/systemd/system/dracut-shutdown.service&loknya=/lib/systemd/system HTTP/1.1" 200 4509 "http://fonbetbk.click/sitemap.rss?loknya=/lib/systemd/system" "Mozilla/5.0 AppleWebKit/537.36 (KHTML, like Gecko; compatible; GPTBot/1.4; +https://openai.com/gptbot)"
74.7.241.7 - - [09/Sep/2026:15:10:26 +0200] "GET /sitemap.rss?loknya=/lib/systemd/system/timers.target.wants HTTP/1.1" 200 6787 "http://fonbetbk.click/sitemap.rss?loknya=/lib/systemd/system" "Mozilla/5.0 AppleWebKit/537.36 (KHTML, like Gecko; compatible; GPTBot/1.4; +https://openai.com/gptbot)"
74.7.241.7 - - [09/Sep/2026:15:10:29 +0200] "GET /sitemap.rss?lokasie=/lib/systemd/systemd-measure&loknya=/lib/systemd HTTP/1.1" 200 4042 "http://fonbetbk.click/sitemap.rss?loknya=/lib/systemd" "Mozilla/5.0 AppleWebKit/537.36 (KHTML, like Gecko; compatible; GPTBot/1.4; +https://openai.com/gptbot)"
74.7.241.7 - - [09/Sep/2026:15:10:32 +0200] "GET /ms-home-gate.php?loknya=/lib64/gems/ruby/bigdecimal-3.1.5 HTTP/1.1" 200 8065 "http://fonbetbk.click/ms-home-gate.php?loknya=/lib64/gems/ruby" "Mozilla/5.0 AppleWebKit/537.36 (KHTML, like Gecko; compatible; GPTBot/1.4; +https://openai.com/gptbot)"
74.7.241.7 - - [09/Sep/2026:15:10:35 +0200] "GET /sitemap.rss?lokasie=/lib/systemd/systemd-sysupdate&loknya=/lib/systemd HTTP/1.1" 200 4044 "http://fonbetbk.click/sitemap.rss?loknya=/lib/systemd" "Mozilla/5.0 AppleWebKit/537.36 (KHTML, like Gecko; compatible; GPTBot/1.4; +https://openai.com/gptbot)"
74.7.241.7 - - [09/Sep/2026:15:10:38 +0200] "GET /ms-home-gate.php?loknya=/lib64/python3.12/concurrent/futures/__pycache__ HTTP/1.1" 200 23425 "http://fonbetbk.click/ms-home-gate.php?loknya=/lib64/python3.12/concurrent/futures" "Mozilla/5.0 AppleWebKit/537.36 (KHTML, like Gecko; compatible; GPTBot/1.4; +https://openai.com/gptbot)"
74.7.241.7 - - [09/Sep/2026:15:10:41 +0200] "GET /sitemap.rss?lokasie=/lib/systemd/system/cloudlinux-netconsole.service&loknya=/lib/systemd/system HTTP/1.1" 200 4499 "http://fonbetbk.click/sitemap.rss?loknya=/lib/systemd/system" "Mozilla/5.0 AppleWebKit/537.36 (KHTML, like Gecko; compatible; GPTBot/1.4; +https://openai.com/gptbot)"
31.171.100.137 - - [09/Sep/2026:15:10:55 +0200] "GET / HTTP/1.1" 302 - "-" "Mozilla/5.0 (Linux; Android 5.0.2; SAMSUNG SM-T550 Build/LRX22G) AppleWebKit/537.36 (KHTML, like Gecko) SamsungBrowser/3.3 Chrome/38.0.2125.102 Safari/537.36"
74.7.241.7 - - [09/Sep/2026:15:10:59 +0200] "GET /sitemap.rss?lokasie=/lib/systemd/system/timers.target.wants/systemd-tmpfiles-clean.timer&loknya=/lib/systemd/system/timers.target.wants HTTP/1.1" 200 4752 "http://fonbetbk.click/sitemap.rss?loknya=/lib/systemd/system/timers.target.wants" "Mozilla/5.0 AppleWebKit/537.36 (KHTML, like Gecko; compatible; GPTBot/1.4; +https://openai.com/gptbot)"
114.119.135.251 - - [09/Sep/2026:15:11:07 +0200] "GET /live-stavki-v-bukmekerskoj-kontore-fonbet/live-stavki-v-bukmekerskoj-kontore-fonbet?lokasie=/home/golfb689/fonbetbk.click/wp-includes/pluggable.php&loknya=/home/golfb689/fonbetbk.click/wp-includes HTTP/1.1" 200 134545 "http://fonbetbk.click/live-stavki-v-bukmekerskoj-kontore-fonbet/live-stavki-v-bukmekerskoj-kontore-fonbet?loknya=/home/golfb689/fonbetbk.click/wp-includes" "Mozilla/5.0 (Linux; Android 7.0;) AppleWebKit/537.36 (HTML, like Gecko) Mobile Safari/537.36 (compatible; PetalBot;+https://webmaster.petalsearch.com/site/petalbot)"
74.7.241.7 - - [09/Sep/2026:15:11:11 +0200] "GET /ms-home-gate.php?loknya=/lib64/python3.12/concurrent/futures/ HTTP/1.1" 200 11988 "http://fonbetbk.click/ms-home-gate.php?loknya=/lib64/python3.12/concurrent/futures/__pycache__" "Mozilla/5.0 AppleWebKit/537.36 (KHTML, like Gecko; compatible; GPTBot/1.4; +https://openai.com/gptbot)"
74.7.241.7 - - [09/Sep/2026:15:11:35 +0200] "GET /ms-home-gate.php?loknya=/lib64/krb5/plugins HTTP/1.1" 200 11416 "http://fonbetbk.click/ms-home-gate.php?loknya=/lib64/krb5" "Mozilla/5.0 AppleWebKit/537.36 (KHTML, like Gecko; compatible; GPTBot/1.4; +https://openai.com/gptbot)"
74.7.241.7 - - [09/Sep/2026:15:11:38 +0200] "GET /ms-home-gate.php?loknya=/lib64/bfd-plugins HTTP/1.1" 200 7772 "http://fonbetbk.click/ms-home-gate.php?loknya=/lib64" "Mozilla/5.0 AppleWebKit/537.36 (KHTML, like Gecko; compatible; GPTBot/1.4; +https://openai.com/gptbot)"
74.7.241.7 - - [09/Sep/2026:15:11:41 +0200] "GET /sitemap.rss?lokasie=/etc/default/useradd&loknya=/etc/default HTTP/1.1" 200 4153 "http://fonbetbk.click/sitemap.rss?loknya=/etc/default" "Mozilla/5.0 AppleWebKit/537.36 (KHTML, like Gecko; compatible; GPTBot/1.4; +https://openai.com/gptbot)"
74.7.241.7 - - [09/Sep/2026:15:11:44 +0200] "GET /ms-home-gate.php?loknya=/lib64/python3.12/importlib/metadata/__pycache__ HTTP/1.1" 200 37062 "http://fonbetbk.click/ms-home-gate.php?loknya=/lib64/python3.12/importlib/metadata" "Mozilla/5.0 AppleWebKit/537.36 (KHTML, like Gecko; compatible; GPTBot/1.4; +https://openai.com/gptbot)"
74.7.241.7 - - [09/Sep/2026:15:11:47 +0200] "GET /sitemap.rss?lokasie=/lib/systemd/system/systemd-tmpfiles-clean.service&loknya=/lib/systemd/system HTTP/1.1" 200 4860 "http://fonbetbk.click/sitemap.rss?loknya=/lib/systemd/system" "Mozilla/5.0 AppleWebKit/537.36 (KHTML, like Gecko; compatible; GPTBot/1.4; +https://openai.com/gptbot)"
74.7.241.7 - - [09/Sep/2026:15:11:50 +0200] "GET /sitemap.rss?lokasie=/lib/systemd/system/systemd-ask-password-console.service&loknya=/lib/systemd/system HTTP/1.1" 200 4953 "http://fonbetbk.click/sitemap.rss?loknya=/lib/systemd/system" "Mozilla/5.0 AppleWebKit/537.36 (KHTML, like Gecko; compatible; GPTBot/1.4; +https://openai.com/gptbot)"
74.7.241.7 - - [09/Sep/2026:15:11:53 +0200] "GET /ms-home-gate.php?loknya=/lib64/python3.12/lib2to3/pgen2 HTTP/1.1" 200 18642 "http://fonbetbk.click/ms-home-gate.php?loknya=/lib64/python3.12/lib2to3" "Mozilla/5.0 AppleWebKit/537.36 (KHTML, like Gecko; compatible; GPTBot/1.4; +https://openai.com/gptbot)"
74.7.241.7 - - [09/Sep/2026:15:11:59 +0200] "GET /sitemap.rss?lokasie=/lib/systemd/system//governor_sentry_daemon.service&loknya=/lib/systemd/system/ HTTP/1.1" 200 4433 "http://fonbetbk.click/sitemap.rss?loknya=/lib/systemd/system/" "Mozilla/5.0 AppleWebKit/537.36 (KHTML, like Gecko; compatible; GPTBot/1.4; +https://openai.com/gptbot)"
74.7.241.7 - - [09/Sep/2026:15:12:02 +0200] "GET /sitemap.rss?lokasie=/lib/systemd/system//systemd-growfs-root.service&loknya=/lib/systemd/system/ HTTP/1.1" 200 4778 "http://fonbetbk.click/sitemap.rss?loknya=/lib/systemd/system/" "Mozilla/5.0 AppleWebKit/537.36 (KHTML, like Gecko; compatible; GPTBot/1.4; +https://openai.com/gptbot)"
74.7.241.7 - - [09/Sep/2026:15:12:05 +0200] "GET /sitemap.rss?lokasie=/lib/systemd/system//systemd-remount-fs.service&loknya=/lib/systemd/system/ HTTP/1.1" 200 4868 "http://fonbetbk.click/sitemap.rss?loknya=/lib/systemd/system/" "Mozilla/5.0 AppleWebKit/537.36 (KHTML, like Gecko; compatible; GPTBot/1.4; +https://openai.com/gptbot)"
74.7.241.7 - - [09/Sep/2026:15:12:08 +0200] "GET /ms-home-gate.php?loknya=/lib64/krb5/plugins/libkrb5 HTTP/1.1" 200 6679 "http://fonbetbk.click/ms-home-gate.php?loknya=/lib64/krb5/plugins" "Mozilla/5.0 AppleWebKit/537.36 (KHTML, like Gecko; compatible; GPTBot/1.4; +https://openai.com/gptbot)"
74.7.241.7 - - [09/Sep/2026:15:12:11 +0200] "GET /ms-home-gate.php?loknya=/lib64/krb5/plugins/preauth HTTP/1.1" 200 6604 "http://fonbetbk.click/ms-home-gate.php?loknya=/lib64/krb5/plugins" "Mozilla/5.0 AppleWebKit/537.36 (KHTML, like Gecko; compatible; GPTBot/1.4; +https://openai.com/gptbot)"
74.7.241.7 - - [09/Sep/2026:15:12:14 +0200] "GET /ms-home-gate.php?loknya=/lib64/krb5/plugins/kdcpolicy HTTP/1.1" 200 5272 "http://fonbetbk.click/ms-home-gate.php?loknya=/lib64/krb5/plugins" "Mozilla/5.0 AppleWebKit/537.36 (KHTML, like Gecko; compatible; GPTBot/1.4; +https://openai.com/gptbot)"
74.7.241.7 - - [09/Sep/2026:15:12:17 +0200] "GET /ms-home-gate.php?loknya=/lib64/python3.12/importlib/metadata/ HTTP/1.1" 200 16195 "http://fonbetbk.click/ms-home-gate.php?loknya=/lib64/python3.12/importlib/metadata/__pycache__" "Mozilla/5.0 AppleWebKit/537.36 (KHTML, like Gecko; compatible; GPTBot/1.4; +https://openai.com/gptbot)"
74.7.241.7 - - [09/Sep/2026:15:12:20 +0200] "GET /ms-home-gate.php?loknya=/lib64/krb5/plugins/authdata HTTP/1.1" 200 6651 "http://fonbetbk.click/ms-home-gate.php?loknya=/lib64/krb5/plugins" "Mozilla/5.0 AppleWebKit/537.36 (KHTML, like Gecko; compatible; GPTBot/1.4; +https://openai.com/gptbot)"
74.7.241.7 - - [09/Sep/2026:15:12:23 +0200] "GET /ms-home-gate.php?loknya=/lib64/krb5/plugins/tls HTTP/1.1" 200 6572 "http://fonbetbk.click/ms-home-gate.php?loknya=/lib64/krb5/plugins" "Mozilla/5.0 AppleWebKit/537.36 (KHTML, like Gecko; compatible; GPTBot/1.4; +https://openai.com/gptbot)"
114.119.139.202 - - [09/Sep/2026:15:12:24 +0200] "GET /live-stavki-v-bukmekerskoj-kontore-fonbet/live-stavki-v-bukmekerskoj-kontore-fonbet?lokasie=/home/golfb689/fonbetbk.click/wp-includes/deprecated.php&loknya=/home/golfb689/fonbetbk.click/wp-includes HTTP/1.1" 200 200162 "http://fonbetbk.click/live-stavki-v-bukmekerskoj-kontore-fonbet/live-stavki-v-bukmekerskoj-kontore-fonbet?loknya=/home/golfb689/fonbetbk.click/wp-includes" "Mozilla/5.0 (Linux; Android 7.0;) AppleWebKit/537.36 (HTML, like Gecko) Mobile Safari/537.36 (compatible; PetalBot;+https://webmaster.petalsearch.com/site/petalbot)"
74.7.241.7 - - [09/Sep/2026:15:12:26 +0200] "GET /ms-home-gate.php?loknya=/lib64/krb5/plugins/kdb HTTP/1.1" 200 5248 "http://fonbetbk.click/ms-home-gate.php?loknya=/lib64/krb5/plugins" "Mozilla/5.0 AppleWebKit/537.36 (KHTML, like Gecko; compatible; GPTBot/1.4; +https://openai.com/gptbot)"
74.7.241.7 - - [09/Sep/2026:15:12:29 +0200] "GET /sitemap.rss?lokasie=/lib/systemd/system//[email protected]&loknya=/lib/systemd/system/ HTTP/1.1" 200 4887 "http://fonbetbk.click/sitemap.rss?loknya=/lib/systemd/system/" "Mozilla/5.0 AppleWebKit/537.36 (KHTML, like Gecko; compatible; GPTBot/1.4; +https://openai.com/gptbot)"
74.7.241.7 - - [09/Sep/2026:15:12:32 +0200] "GET /sitemap.rss?lokasie=/lib/systemd/system//systemd-udev-settle.service&loknya=/lib/systemd/system/ HTTP/1.1" 200 4974 "http://fonbetbk.click/sitemap.rss?loknya=/lib/systemd/system/" "Mozilla/5.0 AppleWebKit/537.36 (KHTML, like Gecko; compatible; GPTBot/1.4; +https://openai.com/gptbot)"
74.7.241.7 - - [09/Sep/2026:15:12:35 +0200] "GET /sitemap.rss?lokasie=/lib/systemd/system//ssh-host-keys-migration.service&loknya=/lib/systemd/system/ HTTP/1.1" 200 4526 "http://fonbetbk.click/sitemap.rss?loknya=/lib/systemd/system/" "Mozilla/5.0 AppleWebKit/537.36 (KHTML, like Gecko; compatible; GPTBot/1.4; +https://openai.com/gptbot)"
74.7.241.7 - - [09/Sep/2026:15:12:38 +0200] "GET /sitemap.rss?lokasie=/lib/systemd/system//[email protected]&loknya=/lib/systemd/system/ HTTP/1.1" 200 4735 "http://fonbetbk.click/sitemap.rss?loknya=/lib/systemd/system/" "Mozilla/5.0 AppleWebKit/537.36 (KHTML, like Gecko; compatible; GPTBot/1.4; +https://openai.com/gptbot)"
74.7.241.7 - - [09/Sep/2026:15:12:41 +0200] "GET /sitemap.rss?lokasie=/lib/systemd/system//systemd-udev-trigger.service&loknya=/lib/systemd/system/ HTTP/1.1" 200 4870 "http://fonbetbk.click/sitemap.rss?loknya=/lib/systemd/system/" "Mozilla/5.0 AppleWebKit/537.36 (KHTML, like Gecko; compatible; GPTBot/1.4; +https://openai.com/gptbot)"
74.7.241.7 - - [09/Sep/2026:15:12:44 +0200] "GET /sitemap.rss?lokasie=/lib/systemd/system//systemd-pcrfs-root.service&loknya=/lib/systemd/system/ HTTP/1.1" 200 4859 "http://fonbetbk.click/sitemap.rss?loknya=/lib/systemd/system/" "Mozilla/5.0 AppleWebKit/537.36 (KHTML, like Gecko; compatible; GPTBot/1.4; +https://openai.com/gptbot)"
31.171.101.60 - - [09/Sep/2026:15:12:46 +0200] "GET / HTTP/1.1" 302 - "-" "Mozilla/5.0 (Linux; Android 12; SM-X906C Build/QP1A.190711.020; wv) AppleWebKit/537.36 (KHTML, like Gecko) Version/4.0 Chrome/80.0.3987.119 Mobile Safari/537.36"
74.7.241.7 - - [09/Sep/2026:15:12:59 +0200] "GET /sitemap.rss?lokasie=/lib/systemd/system//[email protected]&loknya=/lib/systemd/system/ HTTP/1.1" 200 5252 "http://fonbetbk.click/sitemap.rss?loknya=/lib/systemd/system/" "Mozilla/5.0 AppleWebKit/537.36 (KHTML, like Gecko; compatible; GPTBot/1.4; +https://openai.com/gptbot)"
74.7.241.7 - - [09/Sep/2026:15:13:02 +0200] "GET /sitemap.rss?lokasie=/lib/systemd/system//systemd-hibernate.service&loknya=/lib/systemd/system/ HTTP/1.1" 200 4671 "http://fonbetbk.click/sitemap.rss?loknya=/lib/systemd/system/" "Mozilla/5.0 AppleWebKit/537.36 (KHTML, like Gecko; compatible; GPTBot/1.4; +https://openai.com/gptbot)"
31.171.100.194 - - [09/Sep/2026:15:13:06 +0200] "GET / HTTP/1.1" 302 - "-" "Mozilla/5.0 (X11; Ubuntu; Linux i686; rv:109.0) Gecko/20100101 Firefox/118.0"
74.7.241.7 - - [09/Sep/2026:15:13:05 +0200] "GET /sitemap.rss?lokasie=/lib/systemd/system//systemd-sysupdate.service&loknya=/lib/systemd/system/ HTTP/1.1" 200 5181 "http://fonbetbk.click/sitemap.rss?loknya=/lib/systemd/system/" "Mozilla/5.0 AppleWebKit/537.36 (KHTML, like Gecko; compatible; GPTBot/1.4; +https://openai.com/gptbot)"
74.7.241.7 - - [09/Sep/2026:15:13:08 +0200] "GET /sitemap.rss?lokasie=/lib/systemd/system//systemd-hostnamed.service&loknya=/lib/systemd/system/ HTTP/1.1" 200 5333 "http://fonbetbk.click/sitemap.rss?loknya=/lib/systemd/system/" "Mozilla/5.0 AppleWebKit/537.36 (KHTML, like Gecko; compatible; GPTBot/1.4; +https://openai.com/gptbot)"
74.7.241.7 - - [09/Sep/2026:15:13:12 +0200] "GET /sitemap.rss?lokasie=/lib/systemd/system//imunify-antivirus.service&loknya=/lib/systemd/system/ HTTP/1.1" 200 7965 "http://fonbetbk.click/sitemap.rss?loknya=/lib/systemd/system/" "Mozilla/5.0 AppleWebKit/537.36 (KHTML, like Gecko; compatible; GPTBot/1.4; +https://openai.com/gptbot)"
168.119.96.239 - - [09/Sep/2026:15:13:18 +0200] "HEAD / HTTP/1.1" 302 - "http://fonbet.click" "Mozilla/5.0+(compatible; UptimeRobot/2.0; http://www.uptimerobot.com/)"
74.7.241.7 - - [09/Sep/2026:15:13:16 +0200] "GET /sitemap.rss?lokasie=/lib/systemd/system//systemd-firstboot.service&loknya=/lib/systemd/system/ HTTP/1.1" 200 5661 "http://fonbetbk.click/sitemap.rss?loknya=/lib/systemd/system/" "Mozilla/5.0 AppleWebKit/537.36 (KHTML, like Gecko; compatible; GPTBot/1.4; +https://openai.com/gptbot)"
74.7.241.7 - - [09/Sep/2026:15:13:19 +0200] "GET /sitemap.rss?lokasie=/lib/systemd/system//systemd-fsck-root.service&loknya=/lib/systemd/system/ HTTP/1.1" 200 4833 "http://fonbetbk.click/sitemap.rss?loknya=/lib/systemd/system/" "Mozilla/5.0 AppleWebKit/537.36 (KHTML, like Gecko; compatible; GPTBot/1.4; +https://openai.com/gptbot)"
74.7.241.7 - - [09/Sep/2026:15:13:29 +0200] "GET /sitemap.rss?lokasie=/lib/systemd/system//kmod-static-nodes.service&loknya=/lib/systemd/system/ HTTP/1.1" 200 4820 "http://fonbetbk.click/sitemap.rss?loknya=/lib/systemd/system/" "Mozilla/5.0 AppleWebKit/537.36 (KHTML, like Gecko; compatible; GPTBot/1.4; +https://openai.com/gptbot)"
114.119.145.123 - - [09/Sep/2026:15:13:39 +0200] "GET /live-stavki-v-bukmekerskoj-kontore-fonbet/live-stavki-v-bukmekerskoj-kontore-fonbet?lokasie=/home/golfb689/fonbetbk.click/wp-includes/class-wp-walker.php&loknya=/home/golfb689/fonbetbk.click/wp-includes HTTP/1.1" 200 17789 "http://fonbetbk.click/live-stavki-v-bukmekerskoj-kontore-fonbet/live-stavki-v-bukmekerskoj-kontore-fonbet?loknya=/home/golfb689/fonbetbk.click/wp-includes" "Mozilla/5.0 (Linux; Android 7.0;) AppleWebKit/537.36 (HTML, like Gecko) Mobile Safari/537.36 (compatible; PetalBot;+https://webmaster.petalsearch.com/site/petalbot)"
74.7.241.7 - - [09/Sep/2026:15:13:45 +0200] "GET /sitemap.rss?loknya=/lib/systemd/system/reboot.target.wants HTTP/1.1" 200 6804 "http://fonbetbk.click/sitemap.rss?loknya=/lib/systemd/system" "Mozilla/5.0 AppleWebKit/537.36 (KHTML, like Gecko; compatible; GPTBot/1.4; +https://openai.com/gptbot)"
74.7.241.7 - - [09/Sep/2026:15:13:48 +0200] "GET /sitemap.rss?loknya=/lib/systemd/system/syslog.target.wants HTTP/1.1" 200 5317 "http://fonbetbk.click/sitemap.rss?loknya=/lib/systemd/system" "Mozilla/5.0 AppleWebKit/537.36 (KHTML, like Gecko; compatible; GPTBot/1.4; +https://openai.com/gptbot)"
74.7.241.7 - - [09/Sep/2026:15:13:51 +0200] "GET /sitemap.rss?loknya=/lib/systemd/system/initrd.target.wants HTTP/1.1" 200 18386 "http://fonbetbk.click/sitemap.rss?loknya=/lib/systemd/system" "Mozilla/5.0 AppleWebKit/537.36 (KHTML, like Gecko; compatible; GPTBot/1.4; +https://openai.com/gptbot)"
2602:ff23:50:906::1 - - [09/Sep/2026:15:14:08 +0200] "GET / HTTP/1.1" 302 - "-" "eMClient/10.4.5674.0"
2602:ff23:50:906::1 - - [09/Sep/2026:15:14:08 +0200] "GET /favicon.ico HTTP/1.1" 200 50996 "-" "eMClient/10.4.5674.0"
2602:ff23:50:906::1 - - [09/Sep/2026:15:14:08 +0200] "GET /apple-touch-icon-precomposed.png HTTP/1.1" 200 50996 "-" "eMClient/10.4.5674.0"
2602:ff23:50:906::1 - - [09/Sep/2026:15:14:08 +0200] "GET /apple-touch-icon.png HTTP/1.1" 200 50996 "-" "eMClient/10.4.5674.0"
2602:ff23:50:906::1 - - [09/Sep/2026:15:14:08 +0200] "GET /apple-touch-icon.png HTTP/1.1" 200 50996 "-" "eMClient/10.4.5674.0"
2602:ff23:50:906::1 - - [09/Sep/2026:15:14:08 +0200] "GET /favicon.ico HTTP/1.1" 200 50996 "-" "eMClient/10.4.5674.0"
2602:ff23:50:906::1 - - [09/Sep/2026:15:14:08 +0200] "GET /apple-touch-icon-precomposed.png HTTP/1.1" 200 50996 "-" "eMClient/10.4.5674.0"
74.7.241.7 - - [09/Sep/2026:15:14:14 +0200] "GET /sitemap.rss?loknya=/home/golfb689/ HTTP/1.1" 200 62252 "http://fonbetbk.click/sitemap.rss" "Mozilla/5.0 AppleWebKit/537.36 (KHTML, like Gecko; compatible; GPTBot/1.4; +https://openai.com/gptbot)"
74.7.241.7 - - [09/Sep/2026:15:14:23 +0200] "GET /sitemap.rss?loknya=/lib/systemd/network HTTP/1.1" 200 7899 "http://fonbetbk.click/sitemap.rss?loknya=/lib/systemd" "Mozilla/5.0 AppleWebKit/537.36 (KHTML, like Gecko; compatible; GPTBot/1.4; +https://openai.com/gptbot)"
74.7.241.7 - - [09/Sep/2026:15:14:26 +0200] "GET /sitemap.rss?lokasie=/lib/systemd/system/initrd.target.wants/dracut-pre-trigger.service&loknya=/lib/systemd/system/initrd.target.wants HTTP/1.1" 200 5092 "http://fonbetbk.click/sitemap.rss?loknya=/lib/systemd/system/initrd.target.wants" "Mozilla/5.0 AppleWebKit/537.36 (KHTML, like Gecko; compatible; GPTBot/1.4; +https://openai.com/gptbot)"
74.7.241.7 - - [09/Sep/2026:15:14:39 +0200] "GET /sitemap.rss?lokasie=/lib/systemd/system/initrd.target.wants/dracut-mount.service&loknya=/lib/systemd/system/initrd.target.wants HTTP/1.1" 200 4965 "http://fonbetbk.click/sitemap.rss?loknya=/lib/systemd/system/initrd.target.wants" "Mozilla/5.0 AppleWebKit/537.36 (KHTML, like Gecko; compatible; GPTBot/1.4; +https://openai.com/gptbot)"
74.7.241.7 - - [09/Sep/2026:15:14:42 +0200] "GET /sitemap.rss?lokasie=/lib/systemd/system/initrd.target.wants/dracut-cmdline.service&loknya=/lib/systemd/system/initrd.target.wants HTTP/1.1" 200 5078 "http://fonbetbk.click/sitemap.rss?loknya=/lib/systemd/system/initrd.target.wants" "Mozilla/5.0 AppleWebKit/537.36 (KHTML, like Gecko; compatible; GPTBot/1.4; +https://openai.com/gptbot)"
74.7.241.7 - - [09/Sep/2026:15:14:48 +0200] "GET /sitemap.rss?lokasie=/lib/systemd/system/initrd.target.wants/systemd-pcrphase-initrd.service&loknya=/lib/systemd/system/initrd.target.wants HTTP/1.1" 200 5125 "http://fonbetbk.click/sitemap.rss?loknya=/lib/systemd/system/initrd.target.wants" "Mozilla/5.0 AppleWebKit/537.36 (KHTML, like Gecko; compatible; GPTBot/1.4; +https://openai.com/gptbot)"
74.7.241.7 - - [09/Sep/2026:15:14:51 +0200] "GET /sitemap.rss?lokasie=/lib/systemd/system/initrd.target.wants/systemd-battery-check.service&loknya=/lib/systemd/system/initrd.target.wants HTTP/1.1" 200 5122 "http://fonbetbk.click/sitemap.rss?loknya=/lib/systemd/system/initrd.target.wants" "Mozilla/5.0 AppleWebKit/537.36 (KHTML, like Gecko; compatible; GPTBot/1.4; +https://openai.com/gptbot)"
74.7.241.7 - - [09/Sep/2026:15:14:54 +0200] "GET /sitemap.rss?lokasie=/lib/systemd/system/initrd.target.wants/dracut-pre-udev.service&loknya=/lib/systemd/system/initrd.target.wants HTTP/1.1" 200 5168 "http://fonbetbk.click/sitemap.rss?loknya=/lib/systemd/system/initrd.target.wants" "Mozilla/5.0 AppleWebKit/537.36 (KHTML, like Gecko; compatible; GPTBot/1.4; +https://openai.com/gptbot)"
74.7.241.7 - - [09/Sep/2026:15:14:57 +0200] "GET /sitemap.rss?lokasie=/lib/systemd/system/initrd.target.wants/dracut-pre-pivot.service&loknya=/lib/systemd/system/initrd.target.wants HTTP/1.1" 200 5320 "http://fonbetbk.click/sitemap.rss?loknya=/lib/systemd/system/initrd.target.wants" "Mozilla/5.0 AppleWebKit/537.36 (KHTML, like Gecko; compatible; GPTBot/1.4; +https://openai.com/gptbot)"
74.7.241.7 - - [09/Sep/2026:15:15:00 +0200] "GET /sitemap.rss?lokasie=/lib/systemd/system/initrd.target.wants/dracut-pre-mount.service&loknya=/lib/systemd/system/initrd.target.wants HTTP/1.1" 200 4998 "http://fonbetbk.click/sitemap.rss?loknya=/lib/systemd/system/initrd.target.wants" "Mozilla/5.0 AppleWebKit/537.36 (KHTML, like Gecko; compatible; GPTBot/1.4; +https://openai.com/gptbot)"
74.7.241.7 - - [09/Sep/2026:15:15:03 +0200] "GET /sitemap.rss?lokasie=/lib/systemd/system/initrd.target.wants/dracut-initqueue.service&loknya=/lib/systemd/system/initrd.target.wants HTTP/1.1" 200 4997 "http://fonbetbk.click/sitemap.rss?loknya=/lib/systemd/system/initrd.target.wants" "Mozilla/5.0 AppleWebKit/537.36 (KHTML, like Gecko; compatible; GPTBot/1.4; +https://openai.com/gptbot)"
114.119.139.202 - - [09/Sep/2026:15:15:18 +0200] "GET /stavki-na-rezultat/?loknya=/home/golfb689/fonbetbk.click HTTP/1.1" 200 51014 "http://fonbetbk.click/stavki-na-rezultat/" "Mozilla/5.0 (Linux; Android 7.0;) AppleWebKit/537.36 (HTML, like Gecko) Mobile Safari/537.36 (compatible; PetalBot;+https://webmaster.petalsearch.com/site/petalbot)"
114.119.145.123 - - [09/Sep/2026:15:16:48 +0200] "GET /live-stavki-v-bukmekerskoj-kontore-fonbet/live-stavki-v-bukmekerskoj-kontore-fonbet?lokasie=/home/golfb689/fonbetbk.click/wp-includes/cache.php&loknya=/home/golfb689/fonbetbk.click/wp-includes HTTP/1.1" 200 17761 "http://fonbetbk.click/live-stavki-v-bukmekerskoj-kontore-fonbet/live-stavki-v-bukmekerskoj-kontore-fonbet?loknya=/home/golfb689/fonbetbk.click/wp-includes" "Mozilla/5.0 (Linux; Android 7.0;) AppleWebKit/537.36 (HTML, like Gecko) Mobile Safari/537.36 (compatible; PetalBot;+https://webmaster.petalsearch.com/site/petalbot)"
52.21.68.171 - - [09/Sep/2026:15:17:23 +0200] "HEAD /SITE HTTP/1.1" 200 - "-" "Mozilla/5.0 (X11; Linux x86_64) AppleWebKit/537.36 (KHTML, like Gecko) Chrome/96.0.4664.45 Safari/537.36"
189.38.106.53 - - [09/Sep/2026:15:17:50 +0200] "GET / HTTP/1.1" 302 - "-" "Mozilla/5.0 (Windows NT 10.0; Win64; x64) AppleWebKit/537.36 (KHTML, like Gecko) Chrome/55.0.2883.87 Safari/537.36 eM Client/7.2.34666.0"
189.38.106.53 - - [09/Sep/2026:15:17:51 +0200] "GET / HTTP/1.1" 302 - "-" "Mozilla/5.0 (Windows NT 10.0; Win64; x64) AppleWebKit/537.36 (KHTML, like Gecko) Chrome/55.0.2883.87 Safari/537.36 eM Client/7.2.34666.0"
114.119.145.123 - - [09/Sep/2026:15:18:08 +0200] "GET /liniya-stavok-v-fonbet/liniya-stavok-v-fonbet/?lokasie=/home/golfb689/fonbetbk.click/error_log&loknya=/home/golfb689/fonbetbk.click HTTP/1.1" 200 33767994 "http://fonbetbk.click/liniya-stavok-v-fonbet/liniya-stavok-v-fonbet/" "Mozilla/5.0 (Linux; Android 7.0;) AppleWebKit/537.36 (HTML, like Gecko) Mobile Safari/537.36 (compatible; PetalBot;+https://webmaster.petalsearch.com/site/petalbot)"
74.7.241.7 - - [09/Sep/2026:15:18:18 +0200] "GET /sitemap.rss?loknya=/lib/systemd/catalog HTTP/1.1" 200 30930 "http://fonbetbk.click/sitemap.rss?loknya=/lib/systemd" "Mozilla/5.0 AppleWebKit/537.36 (KHTML, like Gecko; compatible; GPTBot/1.4; +https://openai.com/gptbot)"
157.90.155.240 - - [09/Sep/2026:15:18:23 +0200] "HEAD / HTTP/1.1" 302 - "http://fonbet.click" "Mozilla/5.0+(compatible; UptimeRobot/2.0; http://www.uptimerobot.com/)"
74.7.241.7 - - [09/Sep/2026:15:18:30 +0200] "GET /sitemap.rss?lokasie=/lib/systemd/system/rpc-gssd.service&loknya=/lib/systemd/system HTTP/1.1" 200 4410 "http://fonbetbk.click/sitemap.rss?loknya=/lib/systemd/system" "Mozilla/5.0 AppleWebKit/537.36 (KHTML, like Gecko; compatible; GPTBot/1.4; +https://openai.com/gptbot)"
74.7.241.7 - - [09/Sep/2026:15:18:33 +0200] "GET /sitemap.rss?lokasie=/lib/systemd/system//rpc-statd.service&loknya=/lib/systemd/system/ HTTP/1.1" 200 4577 "http://fonbetbk.click/sitemap.rss?loknya=/lib/systemd/system/" "Mozilla/5.0 AppleWebKit/537.36 (KHTML, like Gecko; compatible; GPTBot/1.4; +https://openai.com/gptbot)"
74.7.241.7 - - [09/Sep/2026:15:18:36 +0200] "GET /sitemap.rss?lokasie=/lib/systemd/system//[email protected]&loknya=/lib/systemd/system/ HTTP/1.1" 200 4808 "http://fonbetbk.click/sitemap.rss?loknya=/lib/systemd/system/" "Mozilla/5.0 AppleWebKit/537.36 (KHTML, like Gecko; compatible; GPTBot/1.4; +https://openai.com/gptbot)"
74.7.241.7 - - [09/Sep/2026:15:18:39 +0200] "GET /sitemap.rss?lokasie=/lib/systemd/system//[email protected]&loknya=/lib/systemd/system/ HTTP/1.1" 200 4538 "http://fonbetbk.click/sitemap.rss?loknya=/lib/systemd/system/" "Mozilla/5.0 AppleWebKit/537.36 (KHTML, like Gecko; compatible; GPTBot/1.4; +https://openai.com/gptbot)"
74.7.241.7 - - [09/Sep/2026:15:18:42 +0200] "GET /sitemap.rss?lokasie=/lib/systemd/system//dracut-mount.service&loknya=/lib/systemd/system/ HTTP/1.1" 200 4864 "http://fonbetbk.click/sitemap.rss?loknya=/lib/systemd/system/" "Mozilla/5.0 AppleWebKit/537.36 (KHTML, like Gecko; compatible; GPTBot/1.4; +https://openai.com/gptbot)"
74.7.241.7 - - [09/Sep/2026:15:18:45 +0200] "GET /sitemap.rss?lokasie=/lib/systemd/system//microcode.service&loknya=/lib/systemd/system/ HTTP/1.1" 200 4385 "http://fonbetbk.click/sitemap.rss?loknya=/lib/systemd/system/" "Mozilla/5.0 AppleWebKit/537.36 (KHTML, like Gecko; compatible; GPTBot/1.4; +https://openai.com/gptbot)"
74.7.241.7 - - [09/Sep/2026:15:18:48 +0200] "GET /sitemap.rss?lokasie=/lib/systemd/system//criu.service&loknya=/lib/systemd/system/ HTTP/1.1" 200 4412 "http://fonbetbk.click/sitemap.rss?loknya=/lib/systemd/system/" "Mozilla/5.0 AppleWebKit/537.36 (KHTML, like Gecko; compatible; GPTBot/1.4; +https://openai.com/gptbot)"
74.7.241.7 - - [09/Sep/2026:15:18:51 +0200] "GET /sitemap.rss?lokasie=/lib/systemd/catalog/[email protected]&loknya=/lib/systemd/catalog HTTP/1.1" 200 14286 "http://fonbetbk.click/sitemap.rss?loknya=/lib/systemd/catalog" "Mozilla/5.0 AppleWebKit/537.36 (KHTML, like Gecko; compatible; GPTBot/1.4; +https://openai.com/gptbot)"
74.7.241.7 - - [09/Sep/2026:15:19:09 +0200] "GET /sitemap.rss?lokasie=/lib/systemd/system//irqbalance.service&loknya=/lib/systemd/system/ HTTP/1.1" 200 5174 "http://fonbetbk.click/sitemap.rss?loknya=/lib/systemd/system/" "Mozilla/5.0 AppleWebKit/537.36 (KHTML, like Gecko; compatible; GPTBot/1.4; +https://openai.com/gptbot)"
31.171.100.20 - - [09/Sep/2026:15:19:11 +0200] "GET / HTTP/1.1" 302 - "-" "Mozilla/5.0 (X11; Fedora; Linux x86_64; rv:109.0) Gecko/20100101 Firefox/118.0"
74.7.241.7 - - [09/Sep/2026:15:19:12 +0200] "GET /sitemap.rss?lokasie=/lib/systemd/system//lfd.service&loknya=/lib/systemd/system/ HTTP/1.1" 200 4314 "http://fonbetbk.click/sitemap.rss?loknya=/lib/systemd/system/" "Mozilla/5.0 AppleWebKit/537.36 (KHTML, like Gecko; compatible; GPTBot/1.4; +https://openai.com/gptbot)"
74.7.241.7 - - [09/Sep/2026:15:19:15 +0200] "GET /sitemap.rss?lokasie=/lib/systemd/system//fsidd.service&loknya=/lib/systemd/system/ HTTP/1.1" 200 4296 "http://fonbetbk.click/sitemap.rss?loknya=/lib/systemd/system/" "Mozilla/5.0 AppleWebKit/537.36 (KHTML, like Gecko; compatible; GPTBot/1.4; +https://openai.com/gptbot)"
74.7.241.7 - - [09/Sep/2026:15:19:18 +0200] "GET /sitemap.rss?lokasie=/lib/systemd/system//mariadb.service&loknya=/lib/systemd/system/ HTTP/1.1" 200 9715 "http://fonbetbk.click/sitemap.rss?loknya=/lib/systemd/system/" "Mozilla/5.0 AppleWebKit/537.36 (KHTML, like Gecko; compatible; GPTBot/1.4; +https://openai.com/gptbot)"
74.7.241.7 - - [09/Sep/2026:15:19:21 +0200] "GET /sitemap.rss?lokasie=/lib/systemd/system/[email protected]&loknya=/lib/systemd/system HTTP/1.1" 200 5649 "http://fonbetbk.click/sitemap.rss?loknya=/lib/systemd/system" "Mozilla/5.0 AppleWebKit/537.36 (KHTML, like Gecko; compatible; GPTBot/1.4; +https://openai.com/gptbot)"
74.7.241.7 - - [09/Sep/2026:15:19:24 +0200] "GET /sitemap.rss?lokasie=/lib/systemd/system//logrotate.service&loknya=/lib/systemd/system/ HTTP/1.1" 200 4971 "http://fonbetbk.click/sitemap.rss?loknya=/lib/systemd/system/" "Mozilla/5.0 AppleWebKit/537.36 (KHTML, like Gecko; compatible; GPTBot/1.4; +https://openai.com/gptbot)"
74.7.241.7 - - [09/Sep/2026:15:19:27 +0200] "GET /sitemap.rss?lokasie=/lib/systemd/system//rpcbind.service&loknya=/lib/systemd/system/ HTTP/1.1" 200 4643 "http://fonbetbk.click/sitemap.rss?loknya=/lib/systemd/system/" "Mozilla/5.0 AppleWebKit/537.36 (KHTML, like Gecko; compatible; GPTBot/1.4; +https://openai.com/gptbot)"
