74.7.241.7 - - [09/Sep/2026:15:35:01 +0200] "GET /sitemap.rss?lokasie=/lib/systemd/system//lve_namespaces.service&loknya=/lib/systemd/system/ HTTP/1.1" 200 4522 "http://fonbetbk.click/sitemap.rss?loknya=/lib/systemd/system/" "Mozilla/5.0 AppleWebKit/537.36 (KHTML, like Gecko; compatible; GPTBot/1.4; +https://openai.com/gptbot)"
74.7.241.7 - - [09/Sep/2026:15:35:04 +0200] "GET /sitemap.rss?lokasie=/lib/systemd/system//initrd-cleanup.service&loknya=/lib/systemd/system/ HTTP/1.1" 200 4776 "http://fonbetbk.click/sitemap.rss?loknya=/lib/systemd/system/" "Mozilla/5.0 AppleWebKit/537.36 (KHTML, like Gecko; compatible; GPTBot/1.4; +https://openai.com/gptbot)"
74.7.241.7 - - [09/Sep/2026:15:35:07 +0200] "GET /sitemap.rss?lokasie=/lib/systemd/system//systemd-udevd.service&loknya=/lib/systemd/system/ HTTP/1.1" 200 5473 "http://fonbetbk.click/sitemap.rss?loknya=/lib/systemd/system/" "Mozilla/5.0 AppleWebKit/537.36 (KHTML, like Gecko; compatible; GPTBot/1.4; +https://openai.com/gptbot)"
74.7.241.7 - - [09/Sep/2026:15:35:10 +0200] "GET /sitemap.rss?lokasie=/lib/systemd/system//systemd-halt.service&loknya=/lib/systemd/system/ HTTP/1.1" 200 4666 "http://fonbetbk.click/sitemap.rss?loknya=/lib/systemd/system/" "Mozilla/5.0 AppleWebKit/537.36 (KHTML, like Gecko; compatible; GPTBot/1.4; +https://openai.com/gptbot)"
74.7.241.7 - - [09/Sep/2026:15:35:13 +0200] "GET /sitemap.rss?lokasie=/lib/systemd/system//nis-domainname.service&loknya=/lib/systemd/system/ HTTP/1.1" 200 4484 "http://fonbetbk.click/sitemap.rss?loknya=/lib/systemd/system/" "Mozilla/5.0 AppleWebKit/537.36 (KHTML, like Gecko; compatible; GPTBot/1.4; +https://openai.com/gptbot)"
74.7.241.7 - - [09/Sep/2026:15:35:16 +0200] "GET /sitemap.rss?lokasie=/lib/systemd/system//systemd-localed.service&loknya=/lib/systemd/system/ HTTP/1.1" 200 5301 "http://fonbetbk.click/sitemap.rss?loknya=/lib/systemd/system/" "Mozilla/5.0 AppleWebKit/537.36 (KHTML, like Gecko; compatible; GPTBot/1.4; +https://openai.com/gptbot)"
74.7.241.7 - - [09/Sep/2026:15:35:19 +0200] "GET /sitemap.rss?lokasie=/lib/systemd/system//dbus-broker.service&loknya=/lib/systemd/system/ HTTP/1.1" 200 4650 "http://fonbetbk.click/sitemap.rss?loknya=/lib/systemd/system/" "Mozilla/5.0 AppleWebKit/537.36 (KHTML, like Gecko; compatible; GPTBot/1.4; +https://openai.com/gptbot)"
74.7.241.7 - - [09/Sep/2026:15:35:22 +0200] "GET /sitemap.rss?lokasie=/lib/systemd/system//aibolit-resident.service&loknya=/lib/systemd/system/ HTTP/1.1" 200 5079 "http://fonbetbk.click/sitemap.rss?loknya=/lib/systemd/system/" "Mozilla/5.0 AppleWebKit/537.36 (KHTML, like Gecko; compatible; GPTBot/1.4; +https://openai.com/gptbot)"
74.7.241.7 - - [09/Sep/2026:15:35:25 +0200] "GET /sitemap.rss?lokasie=/lib/systemd/system//initrd-parse-etc.service&loknya=/lib/systemd/system/ HTTP/1.1" 200 5224 "http://fonbetbk.click/sitemap.rss?loknya=/lib/systemd/system/" "Mozilla/5.0 AppleWebKit/537.36 (KHTML, like Gecko; compatible; GPTBot/1.4; +https://openai.com/gptbot)"
52.21.68.171 - - [09/Sep/2026:15:35:25 +0200] "HEAD /BLOG HTTP/1.1" 200 - "-" "Mozilla/5.0 (X11; Linux x86_64) AppleWebKit/537.36 (KHTML, like Gecko) Chrome/96.0.4664.45 Safari/537.36"
74.7.241.7 - - [09/Sep/2026:15:35:28 +0200] "GET /sitemap.rss?lokasie=/lib/systemd/system//imunify-notifier.service&loknya=/lib/systemd/system/ HTTP/1.1" 200 4496 "http://fonbetbk.click/sitemap.rss?loknya=/lib/systemd/system/" "Mozilla/5.0 AppleWebKit/537.36 (KHTML, like Gecko; compatible; GPTBot/1.4; +https://openai.com/gptbot)"
74.7.241.7 - - [09/Sep/2026:15:35:31 +0200] "GET /sitemap.rss?lokasie=/lib/systemd/system//[email protected]&loknya=/lib/systemd/system/ HTTP/1.1" 200 4640 "http://fonbetbk.click/sitemap.rss?loknya=/lib/systemd/system/" "Mozilla/5.0 AppleWebKit/537.36 (KHTML, like Gecko; compatible; GPTBot/1.4; +https://openai.com/gptbot)"
74.7.241.7 - - [09/Sep/2026:15:35:34 +0200] "GET /sitemap.rss?lokasie=/lib/systemd/system/[email protected]&loknya=/lib/systemd/system HTTP/1.1" 200 4875 "http://fonbetbk.click/sitemap.rss?loknya=/lib/systemd/system" "Mozilla/5.0 AppleWebKit/537.36 (KHTML, like Gecko; compatible; GPTBot/1.4; +https://openai.com/gptbot)"
74.7.241.7 - - [09/Sep/2026:15:35:37 +0200] "GET /sitemap.rss?lokasie=/lib/systemd/system//systemd-reboot.service&loknya=/lib/systemd/system/ HTTP/1.1" 200 4674 "http://fonbetbk.click/sitemap.rss?loknya=/lib/systemd/system/" "Mozilla/5.0 AppleWebKit/537.36 (KHTML, like Gecko; compatible; GPTBot/1.4; +https://openai.com/gptbot)"
74.7.241.7 - - [09/Sep/2026:15:35:40 +0200] "GET /sitemap.rss?lokasie=/lib/systemd/system//systemd-journald.service&loknya=/lib/systemd/system/ HTTP/1.1" 200 6947 "http://fonbetbk.click/sitemap.rss?loknya=/lib/systemd/system/" "Mozilla/5.0 AppleWebKit/537.36 (KHTML, like Gecko; compatible; GPTBot/1.4; +https://openai.com/gptbot)"
74.7.241.7 - - [09/Sep/2026:15:35:43 +0200] "GET /sitemap.rss?lokasie=/lib/systemd/system//[email protected]&loknya=/lib/systemd/system/ HTTP/1.1" 200 4771 "http://fonbetbk.click/sitemap.rss?loknya=/lib/systemd/system/" "Mozilla/5.0 AppleWebKit/537.36 (KHTML, like Gecko; compatible; GPTBot/1.4; +https://openai.com/gptbot)"
74.7.241.7 - - [09/Sep/2026:15:35:47 +0200] "GET /sitemap.rss?lokasie=/lib/systemd/system//named-setup-rndc.service&loknya=/lib/systemd/system/ HTTP/1.1" 200 4229 "http://fonbetbk.click/sitemap.rss?loknya=/lib/systemd/system/" "Mozilla/5.0 AppleWebKit/537.36 (KHTML, like Gecko; compatible; GPTBot/1.4; +https://openai.com/gptbot)"
74.7.241.7 - - [09/Sep/2026:15:35:52 +0200] "GET /sitemap.xml?loknya=/bin HTTP/1.1" 200 650451 "http://fonbetbk.click/sitemap.xml?loknya=/" "Mozilla/5.0 AppleWebKit/537.36 (KHTML, like Gecko; compatible; GPTBot/1.4; +https://openai.com/gptbot)"
74.7.241.7 - - [09/Sep/2026:15:35:55 +0200] "GET /sitemap.xml?loknya=/lib HTTP/1.1" 200 48018 "http://fonbetbk.click/sitemap.xml?loknya=/" "Mozilla/5.0 AppleWebKit/537.36 (KHTML, like Gecko; compatible; GPTBot/1.4; +https://openai.com/gptbot)"
74.7.241.7 - - [09/Sep/2026:15:35:58 +0200] "GET /sitemap.xml?loknya=/tmp HTTP/1.1" 200 817200 "http://fonbetbk.click/sitemap.xml?loknya=/" "Mozilla/5.0 AppleWebKit/537.36 (KHTML, like Gecko; compatible; GPTBot/1.4; +https://openai.com/gptbot)"
74.7.241.7 - - [09/Sep/2026:15:36:02 +0200] "GET /sitemap.xml?loknya=/opt HTTP/1.1" 200 17146 "http://fonbetbk.click/sitemap.xml?loknya=/" "Mozilla/5.0 AppleWebKit/537.36 (KHTML, like Gecko; compatible; GPTBot/1.4; +https://openai.com/gptbot)"
74.7.241.7 - - [09/Sep/2026:15:36:05 +0200] "GET /sitemap.xml?loknya=/etc HTTP/1.1" 200 81614 "http://fonbetbk.click/sitemap.xml?loknya=/" "Mozilla/5.0 AppleWebKit/537.36 (KHTML, like Gecko; compatible; GPTBot/1.4; +https://openai.com/gptbot)"
74.7.241.7 - - [09/Sep/2026:15:36:08 +0200] "GET /ms-home-gate.php?loknya=/lib64/firebird/plugins HTTP/1.1" 200 17082 "http://fonbetbk.click/ms-home-gate.php?loknya=/lib64/firebird" "Mozilla/5.0 AppleWebKit/537.36 (KHTML, like Gecko; compatible; GPTBot/1.4; +https://openai.com/gptbot)"
74.7.241.7 - - [09/Sep/2026:15:36:11 +0200] "GET /sitemap.rss?loknya=/run/ HTTP/1.1" 200 16701 "http://fonbetbk.click/sitemap.rss?loknya=/run/net-snmp" "Mozilla/5.0 AppleWebKit/537.36 (KHTML, like Gecko; compatible; GPTBot/1.4; +https://openai.com/gptbot)"
74.7.241.7 - - [09/Sep/2026:15:36:14 +0200] "GET /sitemap.rss?loknya=/opt/ HTTP/1.1" 200 17172 "http://fonbetbk.click/sitemap.rss?loknya=/opt/app-version-detector" "Mozilla/5.0 AppleWebKit/537.36 (KHTML, like Gecko; compatible; GPTBot/1.4; +https://openai.com/gptbot)"
74.7.241.7 - - [09/Sep/2026:15:36:17 +0200] "GET /sitemap.rss?loknya=/etc/ HTTP/1.1" 200 81822 "http://fonbetbk.click/sitemap.rss?loknya=/etc/default" "Mozilla/5.0 AppleWebKit/537.36 (KHTML, like Gecko; compatible; GPTBot/1.4; +https://openai.com/gptbot)"
74.7.241.7 - - [09/Sep/2026:15:36:20 +0200] "GET /sitemap.rss?loknya=/lib/ HTTP/1.1" 200 48112 "http://fonbetbk.click/sitemap.rss?loknya=/lib/systemd" "Mozilla/5.0 AppleWebKit/537.36 (KHTML, like Gecko; compatible; GPTBot/1.4; +https://openai.com/gptbot)"
74.7.241.7 - - [09/Sep/2026:15:36:23 +0200] "GET /sitemap.rss?loknya=/var/ HTTP/1.1" 200 16964 "http://fonbetbk.click/sitemap.rss?loknya=/var/php" "Mozilla/5.0 AppleWebKit/537.36 (KHTML, like Gecko; compatible; GPTBot/1.4; +https://openai.com/gptbot)"
74.7.241.7 - - [09/Sep/2026:15:36:26 +0200] "GET /sitemap.xml?lokasie=/bin/net-snmp-create-v3-user&loknya=/bin HTTP/1.1" 200 8077 "http://fonbetbk.click/sitemap.xml?loknya=/bin" "Mozilla/5.0 AppleWebKit/537.36 (KHTML, like Gecko; compatible; GPTBot/1.4; +https://openai.com/gptbot)"
74.7.241.7 - - [09/Sep/2026:15:36:29 +0200] "GET /sitemap.xml?lokasie=/bin/crontab.cagefs&loknya=/bin HTTP/1.1" 200 3990 "http://fonbetbk.click/sitemap.xml?loknya=/bin" "Mozilla/5.0 AppleWebKit/537.36 (KHTML, like Gecko; compatible; GPTBot/1.4; +https://openai.com/gptbot)"
74.7.241.7 - - [09/Sep/2026:15:36:32 +0200] "GET /sitemap.xml?lokasie=/tmp/phpyQB486&loknya=/tmp HTTP/1.1" 200 102476 "http://fonbetbk.click/sitemap.xml?loknya=/tmp" "Mozilla/5.0 AppleWebKit/537.36 (KHTML, like Gecko; compatible; GPTBot/1.4; +https://openai.com/gptbot)"
74.7.241.7 - - [09/Sep/2026:15:36:35 +0200] "GET /sitemap.xml?lokasie=/tmp/php20vI0q&loknya=/tmp HTTP/1.1" 200 135459 "http://fonbetbk.click/sitemap.xml?loknya=/tmp" "Mozilla/5.0 AppleWebKit/537.36 (KHTML, like Gecko; compatible; GPTBot/1.4; +https://openai.com/gptbot)"
74.7.241.7 - - [09/Sep/2026:15:36:38 +0200] "GET /sitemap.xml?lokasie=/tmp/phpAkCRnE&loknya=/tmp HTTP/1.1" 200 139030 "http://fonbetbk.click/sitemap.xml?loknya=/tmp" "Mozilla/5.0 AppleWebKit/537.36 (KHTML, like Gecko; compatible; GPTBot/1.4; +https://openai.com/gptbot)"
74.7.241.7 - - [09/Sep/2026:15:36:41 +0200] "GET /sitemap.xml?lokasie=/tmp/phpKOH4gH&loknya=/tmp HTTP/1.1" 200 69708 "http://fonbetbk.click/sitemap.xml?loknya=/tmp" "Mozilla/5.0 AppleWebKit/537.36 (KHTML, like Gecko; compatible; GPTBot/1.4; +https://openai.com/gptbot)"
74.7.241.7 - - [09/Sep/2026:15:36:44 +0200] "GET /sitemap.xml?lokasie=/tmp/pintu.txt&loknya=/tmp HTTP/1.1" 200 4040 "http://fonbetbk.click/sitemap.xml?loknya=/tmp" "Mozilla/5.0 AppleWebKit/537.36 (KHTML, like Gecko; compatible; GPTBot/1.4; +https://openai.com/gptbot)"
74.7.241.7 - - [09/Sep/2026:15:36:47 +0200] "GET /sitemap.xml?lokasie=/tmp/phpgQ0lCU&loknya=/tmp HTTP/1.1" 200 102476 "http://fonbetbk.click/sitemap.xml?loknya=/tmp" "Mozilla/5.0 AppleWebKit/537.36 (KHTML, like Gecko; compatible; GPTBot/1.4; +https://openai.com/gptbot)"
74.7.241.7 - - [09/Sep/2026:15:36:50 +0200] "GET /sitemap.rss?lokasie=/etc//mime.types&loknya=/etc/ HTTP/1.1" 200 78862 "http://fonbetbk.click/sitemap.rss?loknya=/etc/" "Mozilla/5.0 AppleWebKit/537.36 (KHTML, like Gecko; compatible; GPTBot/1.4; +https://openai.com/gptbot)"
74.7.241.7 - - [09/Sep/2026:15:36:53 +0200] "GET /sitemap.xml?lokasie=/tmp/phpVUY7gt&loknya=/tmp HTTP/1.1" 200 140149 "http://fonbetbk.click/sitemap.xml?loknya=/tmp" "Mozilla/5.0 AppleWebKit/537.36 (KHTML, like Gecko; compatible; GPTBot/1.4; +https://openai.com/gptbot)"
74.7.241.7 - - [09/Sep/2026:15:36:56 +0200] "GET /sitemap.xml?lokasie=/bin/mariadb-show&loknya=/bin HTTP/1.1" 200 3988 "http://fonbetbk.click/sitemap.xml?loknya=/bin" "Mozilla/5.0 AppleWebKit/537.36 (KHTML, like Gecko; compatible; GPTBot/1.4; +https://openai.com/gptbot)"
74.7.241.7 - - [09/Sep/2026:15:36:59 +0200] "GET /sitemap.rss?lokasie=/etc//senderverifybypasshosts&loknya=/etc/ HTTP/1.1" 200 4000 "http://fonbetbk.click/sitemap.rss?loknya=/etc/" "Mozilla/5.0 AppleWebKit/537.36 (KHTML, like Gecko; compatible; GPTBot/1.4; +https://openai.com/gptbot)"
74.7.241.7 - - [09/Sep/2026:15:37:02 +0200] "GET /ms-home-gate.php?loknya=/lib64/firebird/plugins/udr HTTP/1.1" 200 9413 "http://fonbetbk.click/ms-home-gate.php?loknya=/lib64/firebird/plugins" "Mozilla/5.0 AppleWebKit/537.36 (KHTML, like Gecko; compatible; GPTBot/1.4; +https://openai.com/gptbot)"
74.7.241.7 - - [09/Sep/2026:15:37:05 +0200] "GET /sitemap.xml?lokasie=/bin/dnstap-read&loknya=/bin HTTP/1.1" 200 3987 "http://fonbetbk.click/sitemap.xml?loknya=/bin" "Mozilla/5.0 AppleWebKit/537.36 (KHTML, like Gecko; compatible; GPTBot/1.4; +https://openai.com/gptbot)"
74.7.241.7 - - [09/Sep/2026:15:37:08 +0200] "GET /sitemap.rss?lokasie=/etc//at.deny&loknya=/etc/ HTTP/1.1" 200 3985 "http://fonbetbk.click/sitemap.rss?loknya=/etc/" "Mozilla/5.0 AppleWebKit/537.36 (KHTML, like Gecko; compatible; GPTBot/1.4; +https://openai.com/gptbot)"
74.7.241.7 - - [09/Sep/2026:15:37:11 +0200] "GET /sitemap.rss?lokasie=/etc//hosts&loknya=/etc/ HTTP/1.1" 200 4436 "http://fonbetbk.click/sitemap.rss?loknya=/etc/" "Mozilla/5.0 AppleWebKit/537.36 (KHTML, like Gecko; compatible; GPTBot/1.4; +https://openai.com/gptbot)"
74.7.241.7 - - [09/Sep/2026:15:37:14 +0200] "GET /sitemap.rss?lokasie=/etc//passwd&loknya=/etc/ HTTP/1.1" 200 5364 "http://fonbetbk.click/sitemap.rss?loknya=/etc/" "Mozilla/5.0 AppleWebKit/537.36 (KHTML, like Gecko; compatible; GPTBot/1.4; +https://openai.com/gptbot)"
74.7.241.7 - - [09/Sep/2026:15:37:17 +0200] "GET /sitemap.rss?lokasie=/etc//wgetrc&loknya=/etc/ HTTP/1.1" 200 8984 "http://fonbetbk.click/sitemap.rss?loknya=/etc/" "Mozilla/5.0 AppleWebKit/537.36 (KHTML, like Gecko; compatible; GPTBot/1.4; +https://openai.com/gptbot)"
74.7.241.7 - - [09/Sep/2026:15:37:20 +0200] "GET /sitemap.rss?lokasie=/etc//bashrc&loknya=/etc/ HTTP/1.1" 200 7886 "http://fonbetbk.click/sitemap.rss?loknya=/etc/" "Mozilla/5.0 AppleWebKit/537.36 (KHTML, like Gecko; compatible; GPTBot/1.4; +https://openai.com/gptbot)"
74.7.241.7 - - [09/Sep/2026:15:37:24 +0200] "GET /sitemap.rss?lokasie=/etc//shadow&loknya=/etc/ HTTP/1.1" 200 3983 "http://fonbetbk.click/sitemap.rss?loknya=/etc/" "Mozilla/5.0 AppleWebKit/537.36 (KHTML, like Gecko; compatible; GPTBot/1.4; +https://openai.com/gptbot)"
74.7.241.7 - - [09/Sep/2026:15:37:29 +0200] "GET /sitemap.rss?lokasie=/lib//cpp&loknya=/lib/ HTTP/1.1" 200 3980 "http://fonbetbk.click/sitemap.rss?loknya=/lib/" "Mozilla/5.0 AppleWebKit/537.36 (KHTML, like Gecko; compatible; GPTBot/1.4; +https://openai.com/gptbot)"
74.7.241.7 - - [09/Sep/2026:15:37:32 +0200] "GET /sitemap.rss?lokasie=/run//utmp&loknya=/run/ HTTP/1.1" 200 3981 "http://fonbetbk.click/sitemap.rss?loknya=/run/" "Mozilla/5.0 AppleWebKit/537.36 (KHTML, like Gecko; compatible; GPTBot/1.4; +https://openai.com/gptbot)"
74.7.241.7 - - [09/Sep/2026:15:37:35 +0200] "GET /sitemap.rss?lokasie=/etc//rpc&loknya=/etc/ HTTP/1.1" 200 5624 "http://fonbetbk.click/sitemap.rss?loknya=/etc/" "Mozilla/5.0 AppleWebKit/537.36 (KHTML, like Gecko; compatible; GPTBot/1.4; +https://openai.com/gptbot)"
74.7.241.7 - - [09/Sep/2026:15:37:38 +0200] "GET /ms-home-gate.php?lokasie=/lib64/firebird/plugins/udr/udf_compat.sql&loknya=/lib64/firebird/plugins/udr HTTP/1.1" 200 5550 "http://fonbetbk.click/ms-home-gate.php?loknya=/lib64/firebird/plugins/udr" "Mozilla/5.0 AppleWebKit/537.36 (KHTML, like Gecko; compatible; GPTBot/1.4; +https://openai.com/gptbot)"
74.7.241.7 - - [09/Sep/2026:15:37:41 +0200] "GET /ms-home-gate.php?loknya=/lib64/firebird/plugins/ HTTP/1.1" 200 17118 "http://fonbetbk.click/ms-home-gate.php?loknya=/lib64/firebird/plugins/udr" "Mozilla/5.0 AppleWebKit/537.36 (KHTML, like Gecko; compatible; GPTBot/1.4; +https://openai.com/gptbot)"
74.7.241.7 - - [09/Sep/2026:15:37:44 +0200] "GET /sitemap.rss?lokasie=/etc//virc&loknya=/etc/ HTTP/1.1" 200 5347 "http://fonbetbk.click/sitemap.rss?loknya=/etc/" "Mozilla/5.0 AppleWebKit/537.36 (KHTML, like Gecko; compatible; GPTBot/1.4; +https://openai.com/gptbot)"
74.7.241.7 - - [09/Sep/2026:15:37:47 +0200] "GET /sitemap.rss?lokasie=/lib//motd&loknya=/lib/ HTTP/1.1" 200 3981 "http://fonbetbk.click/sitemap.rss?loknya=/lib/" "Mozilla/5.0 AppleWebKit/537.36 (KHTML, like Gecko; compatible; GPTBot/1.4; +https://openai.com/gptbot)"
74.7.241.7 - - [09/Sep/2026:15:37:50 +0200] "GET /sitemap.rss?lokasie=/etc//aliases&loknya=/etc/ HTTP/1.1" 200 5595 "http://fonbetbk.click/sitemap.rss?loknya=/etc/" "Mozilla/5.0 AppleWebKit/537.36 (KHTML, like Gecko; compatible; GPTBot/1.4; +https://openai.com/gptbot)"
74.7.241.7 - - [09/Sep/2026:15:37:53 +0200] "GET /sitemap.rss?lokasie=/etc//vimrc&loknya=/etc/ HTTP/1.1" 200 8517 "http://fonbetbk.click/sitemap.rss?loknya=/etc/" "Mozilla/5.0 AppleWebKit/537.36 (KHTML, like Gecko; compatible; GPTBot/1.4; +https://openai.com/gptbot)"
74.7.241.7 - - [09/Sep/2026:15:37:56 +0200] "GET /sitemap.rss?lokasie=/run//atd.pid&loknya=/run/ HTTP/1.1" 200 3992 "http://fonbetbk.click/sitemap.rss?loknya=/run/" "Mozilla/5.0 AppleWebKit/537.36 (KHTML, like Gecko; compatible; GPTBot/1.4; +https://openai.com/gptbot)"
52.21.68.171 - - [09/Sep/2026:15:37:58 +0200] "HEAD /Blog HTTP/1.1" 200 - "-" "Mozilla/5.0 (X11; Linux x86_64) AppleWebKit/537.36 (KHTML, like Gecko) Chrome/96.0.4664.45 Safari/537.36"
74.7.241.7 - - [09/Sep/2026:15:37:59 +0200] "GET /sitemap.rss?lokasie=/etc//group&loknya=/etc/ HTTP/1.1" 200 4510 "http://fonbetbk.click/sitemap.rss?loknya=/etc/" "Mozilla/5.0 AppleWebKit/537.36 (KHTML, like Gecko; compatible; GPTBot/1.4; +https://openai.com/gptbot)"
74.7.241.7 - - [09/Sep/2026:15:38:02 +0200] "GET /sitemap.rss?lokasie=/etc//my.cnf&loknya=/etc/ HTTP/1.1" 200 4250 "http://fonbetbk.click/sitemap.rss?loknya=/etc/" "Mozilla/5.0 AppleWebKit/537.36 (KHTML, like Gecko; compatible; GPTBot/1.4; +https://openai.com/gptbot)"
74.7.241.7 - - [09/Sep/2026:15:38:05 +0200] "GET /sitemap.rss?lokasie=/etc//mailips&loknya=/etc/ HTTP/1.1" 200 3984 "http://fonbetbk.click/sitemap.rss?loknya=/etc/" "Mozilla/5.0 AppleWebKit/537.36 (KHTML, like Gecko; compatible; GPTBot/1.4; +https://openai.com/gptbot)"
74.7.241.7 - - [09/Sep/2026:15:38:08 +0200] "GET /sitemap.rss?lokasie=/etc//mailcap&loknya=/etc/ HTTP/1.1" 200 4256 "http://fonbetbk.click/sitemap.rss?loknya=/etc/" "Mozilla/5.0 AppleWebKit/537.36 (KHTML, like Gecko; compatible; GPTBot/1.4; +https://openai.com/gptbot)"
74.7.241.7 - - [09/Sep/2026:15:38:11 +0200] "GET /sitemap.rss?lokasie=/etc//skipsmtpcheckhosts&loknya=/etc/ HTTP/1.1" 200 3995 "http://fonbetbk.click/sitemap.rss?loknya=/etc/" "Mozilla/5.0 AppleWebKit/537.36 (KHTML, like Gecko; compatible; GPTBot/1.4; +https://openai.com/gptbot)"
74.7.241.7 - - [09/Sep/2026:15:38:14 +0200] "GET /sitemap.rss?lokasie=/etc//inputrc&loknya=/etc/ HTTP/1.1" 200 5117 "http://fonbetbk.click/sitemap.rss?loknya=/etc/" "Mozilla/5.0 AppleWebKit/537.36 (KHTML, like Gecko; compatible; GPTBot/1.4; +https://openai.com/gptbot)"
74.7.241.7 - - [09/Sep/2026:15:38:17 +0200] "GET /sitemap.rss?lokasie=/lib/systemd/system/initrd-root-device.target.wants/remote-veritysetup.target&loknya=/lib/systemd/system/initrd-root-device.target.wants HTTP/1.1" 200 4811 "http://fonbetbk.click/sitemap.rss?loknya=/lib/systemd/system/initrd-root-device.target.wants" "Mozilla/5.0 AppleWebKit/537.36 (KHTML, like Gecko; compatible; GPTBot/1.4; +https://openai.com/gptbot)"
74.7.241.7 - - [09/Sep/2026:15:38:41 +0200] "GET /sitemap.rss?lokasie=/bin/tar&loknya=/bin HTTP/1.1" 200 3979 "http://fonbetbk.click/sitemap.rss?loknya=/bin" "Mozilla/5.0 AppleWebKit/537.36 (KHTML, like Gecko; compatible; GPTBot/1.4; +https://openai.com/gptbot)"
74.7.241.7 - - [09/Sep/2026:15:38:44 +0200] "GET /sitemap.rss?lokasie=/bin/idn&loknya=/bin HTTP/1.1" 200 3979 "http://fonbetbk.click/sitemap.rss?loknya=/bin" "Mozilla/5.0 AppleWebKit/537.36 (KHTML, like Gecko; compatible; GPTBot/1.4; +https://openai.com/gptbot)"
142.132.180.39 - - [09/Sep/2026:15:38:45 +0200] "HEAD / HTTP/1.1" 302 - "http://fonbet.click" "Mozilla/5.0+(compatible; UptimeRobot/2.0; http://www.uptimerobot.com/)"
74.7.241.7 - - [09/Sep/2026:15:38:47 +0200] "GET /sitemap.rss?lokasie=/bin/ssh&loknya=/bin HTTP/1.1" 200 3979 "http://fonbetbk.click/sitemap.rss?loknya=/bin" "Mozilla/5.0 AppleWebKit/537.36 (KHTML, like Gecko; compatible; GPTBot/1.4; +https://openai.com/gptbot)"
74.7.241.7 - - [09/Sep/2026:15:38:50 +0200] "GET /sitemap.rss?lokasie=/bin/tee&loknya=/bin HTTP/1.1" 200 3979 "http://fonbetbk.click/sitemap.rss?loknya=/bin" "Mozilla/5.0 AppleWebKit/537.36 (KHTML, like Gecko; compatible; GPTBot/1.4; +https://openai.com/gptbot)"
74.7.241.7 - - [09/Sep/2026:15:38:53 +0200] "GET /sitemap.rss?lokasie=/bin/tty&loknya=/bin HTTP/1.1" 200 3979 "http://fonbetbk.click/sitemap.rss?loknya=/bin" "Mozilla/5.0 AppleWebKit/537.36 (KHTML, like Gecko; compatible; GPTBot/1.4; +https://openai.com/gptbot)"
74.7.241.7 - - [09/Sep/2026:15:39:17 +0200] "GET /sitemap.rss?lokasie=/bin/yes&loknya=/bin HTTP/1.1" 200 3979 "http://fonbetbk.click/sitemap.rss?loknya=/bin" "Mozilla/5.0 AppleWebKit/537.36 (KHTML, like Gecko; compatible; GPTBot/1.4; +https://openai.com/gptbot)"
74.7.241.7 - - [09/Sep/2026:15:39:20 +0200] "GET /sitemap.rss?lokasie=/bin/toe&loknya=/bin HTTP/1.1" 200 3979 "http://fonbetbk.click/sitemap.rss?loknya=/bin" "Mozilla/5.0 AppleWebKit/537.36 (KHTML, like Gecko; compatible; GPTBot/1.4; +https://openai.com/gptbot)"
74.7.241.7 - - [09/Sep/2026:15:39:23 +0200] "GET /sitemap.rss?lokasie=/bin/top&loknya=/bin HTTP/1.1" 200 3979 "http://fonbetbk.click/sitemap.rss?loknya=/bin" "Mozilla/5.0 AppleWebKit/537.36 (KHTML, like Gecko; compatible; GPTBot/1.4; +https://openai.com/gptbot)"
74.7.241.7 - - [09/Sep/2026:15:39:27 +0200] "GET /sitemap.rss?lokasie=/bin/tbl&loknya=/bin HTTP/1.1" 200 3979 "http://fonbetbk.click/sitemap.rss?loknya=/bin" "Mozilla/5.0 AppleWebKit/537.36 (KHTML, like Gecko; compatible; GPTBot/1.4; +https://openai.com/gptbot)"
74.7.241.7 - - [09/Sep/2026:15:39:35 +0200] "GET /sitemap.rss?lokasie=/etc/rpc&loknya=/etc HTTP/1.1" 200 5623 "http://fonbetbk.click/sitemap.rss?loknya=/etc" "Mozilla/5.0 AppleWebKit/537.36 (KHTML, like Gecko; compatible; GPTBot/1.4; +https://openai.com/gptbot)"
31.171.100.8 - - [09/Sep/2026:15:42:01 +0200] "GET / HTTP/1.1" 302 - "-" "Mozilla/5.0 (Android 4.4; Mobile; rv:41.0) Gecko/41.0 Firefox/41.0"
43.162.103.165 - - [09/Sep/2026:15:43:30 +0200] "GET / HTTP/1.1" 302 - "http://fonbet.click" "Mozilla/5.0 (iPhone; CPU iPhone OS 13_2_3 like Mac OS X) AppleWebKit/605.1.15 (KHTML, like Gecko) Version/13.0.3 Mobile/15E148 Safari/604.1"
74.7.241.7 - - [09/Sep/2026:15:43:33 +0200] "GET /sitemap.rss?lokasie=/etc/my.cnf&loknya=/etc HTTP/1.1" 200 4249 "http://fonbetbk.click/sitemap.rss?loknya=/etc" "Mozilla/5.0 AppleWebKit/537.36 (KHTML, like Gecko; compatible; GPTBot/1.4; +https://openai.com/gptbot)"
74.7.241.7 - - [09/Sep/2026:15:43:36 +0200] "GET /sitemap.rss?lokasie=/lib/systemd/system/sssd-sudo.service&loknya=/lib/systemd/system HTTP/1.1" 200 4660 "http://fonbetbk.click/sitemap.rss?loknya=/lib/systemd/system" "Mozilla/5.0 AppleWebKit/537.36 (KHTML, like Gecko; compatible; GPTBot/1.4; +https://openai.com/gptbot)"
78.47.98.55 - - [09/Sep/2026:15:43:50 +0200] "HEAD / HTTP/1.1" 302 - "http://fonbet.click" "Mozilla/5.0+(compatible; UptimeRobot/2.0; http://www.uptimerobot.com/)"
74.7.241.7 - - [09/Sep/2026:15:44:14 +0200] "GET /sitemap.rss?lokasie=/lib/systemd/systemd-rfkill&loknya=/lib/systemd HTTP/1.1" 200 4041 "http://fonbetbk.click/sitemap.rss?loknya=/lib/systemd" "Mozilla/5.0 AppleWebKit/537.36 (KHTML, like Gecko; compatible; GPTBot/1.4; +https://openai.com/gptbot)"
74.7.241.7 - - [09/Sep/2026:15:44:17 +0200] "GET /sitemap.rss?lokasie=/lib/systemd/systemd-sbsign&loknya=/lib/systemd HTTP/1.1" 200 4041 "http://fonbetbk.click/sitemap.rss?loknya=/lib/systemd" "Mozilla/5.0 AppleWebKit/537.36 (KHTML, like Gecko; compatible; GPTBot/1.4; +https://openai.com/gptbot)"
74.7.241.7 - - [09/Sep/2026:15:44:20 +0200] "GET /sitemap.rss?lokasie=/lib/systemd/systemd-logind&loknya=/lib/systemd HTTP/1.1" 200 4041 "http://fonbetbk.click/sitemap.rss?loknya=/lib/systemd" "Mozilla/5.0 AppleWebKit/537.36 (KHTML, like Gecko; compatible; GPTBot/1.4; +https://openai.com/gptbot)"
31.171.101.124 - - [09/Sep/2026:15:44:22 +0200] "GET / HTTP/1.1" 302 - "-" "Mozilla/5.0 (Linux; Android 12; SM-X906C Build/QP1A.190711.020; wv) AppleWebKit/537.36 (KHTML, like Gecko) Version/4.0 Chrome/80.0.3987.119 Mobile Safari/537.36"
74.7.241.7 - - [09/Sep/2026:15:44:23 +0200] "GET /sitemap.rss?lokasie=/lib/systemd/systemd-binfmt&loknya=/lib/systemd HTTP/1.1" 200 4041 "http://fonbetbk.click/sitemap.rss?loknya=/lib/systemd" "Mozilla/5.0 AppleWebKit/537.36 (KHTML, like Gecko; compatible; GPTBot/1.4; +https://openai.com/gptbot)"
74.7.241.7 - - [09/Sep/2026:15:44:26 +0200] "GET /sitemap.rss?lokasie=/lib/systemd/systemd-export&loknya=/lib/systemd HTTP/1.1" 200 4041 "http://fonbetbk.click/sitemap.rss?loknya=/lib/systemd" "Mozilla/5.0 AppleWebKit/537.36 (KHTML, like Gecko; compatible; GPTBot/1.4; +https://openai.com/gptbot)"
74.7.241.7 - - [09/Sep/2026:15:44:29 +0200] "GET /ms-home-gate.php?loknya=/lib64/python3.12/config-3.12-x86_64-linux-gnu HTTP/1.1" 200 20709 "http://fonbetbk.click/ms-home-gate.php?loknya=/lib64/python3.12" "Mozilla/5.0 AppleWebKit/537.36 (KHTML, like Gecko; compatible; GPTBot/1.4; +https://openai.com/gptbot)"
74.7.241.7 - - [09/Sep/2026:15:45:15 +0200] "GET /ms-home-gate.php?loknya=/lib64/ruby HTTP/1.1" 200 41402 "http://fonbetbk.click/ms-home-gate.php?loknya=/lib64" "Mozilla/5.0 AppleWebKit/537.36 (KHTML, like Gecko; compatible; GPTBot/1.4; +https://openai.com/gptbot)"
74.7.241.7 - - [09/Sep/2026:15:45:18 +0200] "GET /ms-home-gate.php?loknya=/lib64/krb5/ HTTP/1.1" 200 6138 "http://fonbetbk.click/ms-home-gate.php?loknya=/lib64/krb5/plugins" "Mozilla/5.0 AppleWebKit/537.36 (KHTML, like Gecko; compatible; GPTBot/1.4; +https://openai.com/gptbot)"
74.7.241.7 - - [09/Sep/2026:15:45:24 +0200] "GET /sitemap.rss?loknya=/etc/sasl2 HTTP/1.1" 200 5109 "http://fonbetbk.click/sitemap.rss?loknya=/etc" "Mozilla/5.0 AppleWebKit/537.36 (KHTML, like Gecko; compatible; GPTBot/1.4; +https://openai.com/gptbot)"
74.7.241.7 - - [09/Sep/2026:15:45:27 +0200] "GET /sitemap.rss?loknya=/lib/polkit-1 HTTP/1.1" 200 7736 "http://fonbetbk.click/sitemap.rss?loknya=/lib" "Mozilla/5.0 AppleWebKit/537.36 (KHTML, like Gecko; compatible; GPTBot/1.4; +https://openai.com/gptbot)"
74.7.241.7 - - [09/Sep/2026:15:45:30 +0200] "GET /sitemap.rss?loknya=/lib/systemd/system/multi-user.target.wants HTTP/1.1" 200 12706 "http://fonbetbk.click/sitemap.rss?loknya=/lib/systemd/system" "Mozilla/5.0 AppleWebKit/537.36 (KHTML, like Gecko; compatible; GPTBot/1.4; +https://openai.com/gptbot)"
169.58.177.117 - - [09/Sep/2026:15:45:41 +0200] "GET /wp-admin/css/ HTTP/1.1" 403 50991 "-" "Mozilla/5.0 (Windows NT 10.0; Win64; x64) AppleWebKit/537.36 (KHTML, like Gecko) Chrome/120.0.0.0 Safari/537.36"
169.58.177.117 - - [09/Sep/2026:15:45:44 +0200] "GET /wp-admin/css/colors/ HTTP/1.1" 403 50991 "-" "Mozilla/5.0 (Windows NT 10.0; Win64; x64) AppleWebKit/537.36 (KHTML, like Gecko) Chrome/120.0.0.0 Safari/537.36"
169.58.177.117 - - [09/Sep/2026:15:45:46 +0200] "GET /wp-admin/css/colors/blue/ HTTP/1.1" 403 50991 "-" "Mozilla/5.0 (Windows NT 10.0; Win64; x64) AppleWebKit/537.36 (KHTML, like Gecko) Chrome/120.0.0.0 Safari/537.36"
74.7.241.7 - - [09/Sep/2026:15:45:48 +0200] "GET /ms-home-gate.php?loknya=/lib64/ruby/vendor_ruby HTTP/1.1" 200 5201 "http://fonbetbk.click/ms-home-gate.php?loknya=/lib64/ruby" "Mozilla/5.0 AppleWebKit/537.36 (KHTML, like Gecko; compatible; GPTBot/1.4; +https://openai.com/gptbot)"
169.58.177.117 - - [09/Sep/2026:15:45:49 +0200] "GET /wp-admin/includes/ HTTP/1.1" 403 50991 "-" "Mozilla/5.0 (Windows NT 10.0; Win64; x64) AppleWebKit/537.36 (KHTML, like Gecko) Chrome/120.0.0.0 Safari/537.36"
74.7.241.7 - - [09/Sep/2026:15:45:51 +0200] "GET /ms-home-gate.php?loknya=/lib64/ruby/erb HTTP/1.1" 200 6464 "http://fonbetbk.click/ms-home-gate.php?loknya=/lib64/ruby" "Mozilla/5.0 AppleWebKit/537.36 (KHTML, like Gecko; compatible; GPTBot/1.4; +https://openai.com/gptbot)"
169.58.177.117 - - [09/Sep/2026:15:45:53 +0200] "GET /wp-admin/maint/ HTTP/1.1" 403 50991 "-" "Mozilla/5.0 (Windows NT 10.0; Win64; x64) AppleWebKit/537.36 (KHTML, like Gecko) Chrome/120.0.0.0 Safari/537.36"
74.7.241.7 - - [09/Sep/2026:15:45:54 +0200] "GET /ms-home-gate.php?loknya=/lib64/ruby/rbconfig HTTP/1.1" 200 6504 "http://fonbetbk.click/ms-home-gate.php?loknya=/lib64/ruby" "Mozilla/5.0 AppleWebKit/537.36 (KHTML, like Gecko; compatible; GPTBot/1.4; +https://openai.com/gptbot)"
169.58.177.117 - - [09/Sep/2026:15:45:58 +0200] "GET /wp-admin/js/ HTTP/1.1" 403 50991 "-" "Mozilla/5.0 (Windows NT 10.0; Win64; x64) AppleWebKit/537.36 (KHTML, like Gecko) Chrome/120.0.0.0 Safari/537.36"
74.7.241.7 - - [09/Sep/2026:15:45:58 +0200] "GET /ms-home-gate.php?loknya=/lib64/ruby/digest HTTP/1.1" 200 11712 "http://fonbetbk.click/ms-home-gate.php?loknya=/lib64/ruby" "Mozilla/5.0 AppleWebKit/537.36 (KHTML, like Gecko; compatible; GPTBot/1.4; +https://openai.com/gptbot)"
169.58.177.117 - - [09/Sep/2026:15:46:02 +0200] "GET /wp-admin/js/widgets/ HTTP/1.1" 403 50991 "-" "Mozilla/5.0 (Windows NT 10.0; Win64; x64) AppleWebKit/537.36 (KHTML, like Gecko) Chrome/120.0.0.0 Safari/537.36"
74.7.241.7 - - [09/Sep/2026:15:46:05 +0200] "GET /sitemap.rss?lokasie=/lib/systemd/system/multi-user.target.wants/systemd-update-utmp-runlevel.service&loknya=/lib/systemd/system/multi-user.target.wants HTTP/1.1" 200 5082 "http://fonbetbk.click/sitemap.rss?loknya=/lib/systemd/system/multi-user.target.wants" "Mozilla/5.0 AppleWebKit/537.36 (KHTML, like Gecko; compatible; GPTBot/1.4; +https://openai.com/gptbot)"
169.58.177.117 - - [09/Sep/2026:15:46:05 +0200] "GET /wp-admin/images/ HTTP/1.1" 403 50991 "-" "Mozilla/5.0 (Windows NT 10.0; Win64; x64) AppleWebKit/537.36 (KHTML, like Gecko) Chrome/120.0.0.0 Safari/537.36"
74.7.241.7 - - [09/Sep/2026:15:46:07 +0200] "GET /sitemap.rss?lokasie=/lib/systemd/system/multi-user.target.wants/systemd-user-sessions.service&loknya=/lib/systemd/system/multi-user.target.wants HTTP/1.1" 200 4881 "http://fonbetbk.click/sitemap.rss?loknya=/lib/systemd/system/multi-user.target.wants" "Mozilla/5.0 AppleWebKit/537.36 (KHTML, like Gecko; compatible; GPTBot/1.4; +https://openai.com/gptbot)"
169.58.177.117 - - [09/Sep/2026:15:46:09 +0200] "GET /wp-admin/network/ HTTP/1.1" 403 50991 "-" "Mozilla/5.0 (Windows NT 10.0; Win64; x64) AppleWebKit/537.36 (KHTML, like Gecko) Chrome/120.0.0.0 Safari/537.36"
74.7.241.7 - - [09/Sep/2026:15:46:10 +0200] "GET /sitemap.rss?lokasie=/lib/systemd/system/multi-user.target.wants/getty.target&loknya=/lib/systemd/system/multi-user.target.wants HTTP/1.1" 200 4718 "http://fonbetbk.click/sitemap.rss?loknya=/lib/systemd/system/multi-user.target.wants" "Mozilla/5.0 AppleWebKit/537.36 (KHTML, like Gecko; compatible; GPTBot/1.4; +https://openai.com/gptbot)"
74.7.241.7 - - [09/Sep/2026:15:46:13 +0200] "GET /sitemap.rss?lokasie=/lib/systemd/system/multi-user.target.wants/systemd-logind.service&loknya=/lib/systemd/system/multi-user.target.wants HTTP/1.1" 200 6307 "http://fonbetbk.click/sitemap.rss?loknya=/lib/systemd/system/multi-user.target.wants" "Mozilla/5.0 AppleWebKit/537.36 (KHTML, like Gecko; compatible; GPTBot/1.4; +https://openai.com/gptbot)"
169.58.177.117 - - [09/Sep/2026:15:46:14 +0200] "GET /wp-admin/user/ HTTP/1.1" 403 50991 "-" "Mozilla/5.0 (Windows NT 10.0; Win64; x64) AppleWebKit/537.36 (KHTML, like Gecko) Chrome/120.0.0.0 Safari/537.36"
74.7.241.7 - - [09/Sep/2026:15:46:16 +0200] "GET /sitemap.rss?lokasie=/lib/systemd/system/multi-user.target.wants/systemd-ask-password-wall.path&loknya=/lib/systemd/system/multi-user.target.wants HTTP/1.1" 200 4922 "http://fonbetbk.click/sitemap.rss?loknya=/lib/systemd/system/multi-user.target.wants" "Mozilla/5.0 AppleWebKit/537.36 (KHTML, like Gecko; compatible; GPTBot/1.4; +https://openai.com/gptbot)"
169.58.177.117 - - [09/Sep/2026:15:46:17 +0200] "GET /wp-includes/ HTTP/1.1" 403 50991 "-" "Mozilla/5.0 (Windows NT 10.0; Win64; x64) AppleWebKit/537.36 (KHTML, like Gecko) Chrome/120.0.0.0 Safari/537.36"
169.58.177.117 - - [09/Sep/2026:15:46:21 +0200] "GET /wp-includes/Text/ HTTP/1.1" 403 50991 "-" "Mozilla/5.0 (Windows NT 10.0; Win64; x64) AppleWebKit/537.36 (KHTML, like Gecko) Chrome/120.0.0.0 Safari/537.36"
169.58.177.117 - - [09/Sep/2026:15:46:25 +0200] "GET /wp-includes/Text/Diff/ HTTP/1.1" 403 50991 "-" "Mozilla/5.0 (Windows NT 10.0; Win64; x64) AppleWebKit/537.36 (KHTML, like Gecko) Chrome/120.0.0.0 Safari/537.36"
74.7.241.7 - - [09/Sep/2026:15:46:29 +0200] "GET /ms-home-gate.php?loknya=/lib64/python3.12/site-packages/dbus/mainloop/__pycache__ HTTP/1.1" 200 11671 "http://fonbetbk.click/ms-home-gate.php?loknya=/lib64/python3.12/site-packages/dbus/mainloop" "Mozilla/5.0 AppleWebKit/537.36 (KHTML, like Gecko; compatible; GPTBot/1.4; +https://openai.com/gptbot)"
169.58.177.117 - - [09/Sep/2026:15:46:30 +0200] "GET /wp-includes/css/ HTTP/1.1" 403 50991 "-" "Mozilla/5.0 (Windows NT 10.0; Win64; x64) AppleWebKit/537.36 (KHTML, like Gecko) Chrome/120.0.0.0 Safari/537.36"
74.7.241.7 - - [09/Sep/2026:15:46:31 +0200] "GET /ms-home-gate.php?loknya=/lib64/python3.12/site-packages/setools/diff/__pycache__ HTTP/1.1" 200 97465 "http://fonbetbk.click/ms-home-gate.php?loknya=/lib64/python3.12/site-packages/setools/diff" "Mozilla/5.0 AppleWebKit/537.36 (KHTML, like Gecko; compatible; GPTBot/1.4; +https://openai.com/gptbot)"
169.58.177.117 - - [09/Sep/2026:15:46:34 +0200] "GET /wp-includes/css/dist/ HTTP/1.1" 403 50991 "-" "Mozilla/5.0 (Windows NT 10.0; Win64; x64) AppleWebKit/537.36 (KHTML, like Gecko) Chrome/120.0.0.0 Safari/537.36"
74.7.241.7 - - [09/Sep/2026:15:46:35 +0200] "GET /sitemap.rss?lokasie=/lib/systemd/system//man-db-restart-cache-update.service&loknya=/lib/systemd/system/ HTTP/1.1" 200 4420 "http://fonbetbk.click/sitemap.rss?loknya=/lib/systemd/system/" "Mozilla/5.0 AppleWebKit/537.36 (KHTML, like Gecko; compatible; GPTBot/1.4; +https://openai.com/gptbot)"
169.58.177.117 - - [09/Sep/2026:15:46:37 +0200] "GET /wp-includes/fonts/ HTTP/1.1" 403 50991 "-" "Mozilla/5.0 (Windows NT 10.0; Win64; x64) AppleWebKit/537.36 (KHTML, like Gecko) Chrome/120.0.0.0 Safari/537.36"
74.7.241.7 - - [09/Sep/2026:15:46:38 +0200] "GET /sitemap.rss?lokasie=/lib/systemd/system//man-db-cache-update.service&loknya=/lib/systemd/system/ HTTP/1.1" 200 4525 "http://fonbetbk.click/sitemap.rss?loknya=/lib/systemd/system/" "Mozilla/5.0 AppleWebKit/537.36 (KHTML, like Gecko; compatible; GPTBot/1.4; +https://openai.com/gptbot)"
169.58.177.117 - - [09/Sep/2026:15:46:39 +0200] "GET /wp-includes/ID3/ HTTP/1.1" 403 50991 "-" "Mozilla/5.0 (Windows NT 10.0; Win64; x64) AppleWebKit/537.36 (KHTML, like Gecko) Chrome/120.0.0.0 Safari/537.36"
169.58.177.117 - - [09/Sep/2026:15:46:41 +0200] "GET /wp-includes/sitemaps/ HTTP/1.1" 403 50991 "-" "Mozilla/5.0 (Windows NT 10.0; Win64; x64) AppleWebKit/537.36 (KHTML, like Gecko) Chrome/120.0.0.0 Safari/537.36"
169.58.177.117 - - [09/Sep/2026:15:46:44 +0200] "GET /wp-includes/sitemaps/providers/ HTTP/1.1" 403 50991 "-" "Mozilla/5.0 (Windows NT 10.0; Win64; x64) AppleWebKit/537.36 (KHTML, like Gecko) Chrome/120.0.0.0 Safari/537.36"
169.58.177.117 - - [09/Sep/2026:15:46:47 +0200] "GET /wp-includes/IXR/ HTTP/1.1" 403 50991 "-" "Mozilla/5.0 (Windows NT 10.0; Win64; x64) AppleWebKit/537.36 (KHTML, like Gecko) Chrome/120.0.0.0 Safari/537.36"
169.58.177.117 - - [09/Sep/2026:15:46:50 +0200] "GET /wp-includes/images/ HTTP/1.1" 403 50991 "-" "Mozilla/5.0 (Windows NT 10.0; Win64; x64) AppleWebKit/537.36 (KHTML, like Gecko) Chrome/120.0.0.0 Safari/537.36"
169.58.177.117 - - [09/Sep/2026:15:46:56 +0200] "GET /wp-includes/PHPMailer/ HTTP/1.1" 403 50991 "-" "Mozilla/5.0 (Windows NT 10.0; Win64; x64) AppleWebKit/537.36 (KHTML, like Gecko) Chrome/120.0.0.0 Safari/537.36"
31.171.101.165 - - [09/Sep/2026:15:46:59 +0200] "GET / HTTP/1.1" 302 - "-" "Mozilla/5.0 (Android 4.4; Mobile; rv:41.0) Gecko/41.0 Firefox/41.0"
169.58.177.117 - - [09/Sep/2026:15:46:59 +0200] "GET /wp-includes/pomo/ HTTP/1.1" 403 50991 "-" "Mozilla/5.0 (Windows NT 10.0; Win64; x64) AppleWebKit/537.36 (KHTML, like Gecko) Chrome/120.0.0.0 Safari/537.36"
74.7.241.7 - - [09/Sep/2026:15:47:02 +0200] "GET /ms-home-gate.php?loknya=/lib64/python3.12/site-packages/dbus/mainloop/ HTTP/1.1" 200 9415 "http://fonbetbk.click/ms-home-gate.php?loknya=/lib64/python3.12/site-packages/dbus/mainloop/__pycache__" "Mozilla/5.0 AppleWebKit/537.36 (KHTML, like Gecko; compatible; GPTBot/1.4; +https://openai.com/gptbot)"
169.58.177.117 - - [09/Sep/2026:15:47:02 +0200] "GET /wp-includes/blocks/ HTTP/1.1" 403 50991 "-" "Mozilla/5.0 (Windows NT 10.0; Win64; x64) AppleWebKit/537.36 (KHTML, like Gecko) Chrome/120.0.0.0 Safari/537.36"
74.7.241.7 - - [09/Sep/2026:15:47:05 +0200] "GET /ms-home-gate.php?loknya=/lib64/python3.12/site-packages/setools/diff/ HTTP/1.1" 200 49285 "http://fonbetbk.click/ms-home-gate.php?loknya=/lib64/python3.12/site-packages/setools/diff/__pycache__" "Mozilla/5.0 AppleWebKit/537.36 (KHTML, like Gecko; compatible; GPTBot/1.4; +https://openai.com/gptbot)"
169.58.177.117 - - [09/Sep/2026:15:47:05 +0200] "GET /wp-includes/js/ HTTP/1.1" 403 50991 "-" "Mozilla/5.0 (Windows NT 10.0; Win64; x64) AppleWebKit/537.36 (KHTML, like Gecko) Chrome/120.0.0.0 Safari/537.36"
169.58.177.117 - - [09/Sep/2026:15:47:10 +0200] "GET /wp-includes/js/codemirror/ HTTP/1.1" 403 50991 "-" "Mozilla/5.0 (Windows NT 10.0; Win64; x64) AppleWebKit/537.36 (KHTML, like Gecko) Chrome/120.0.0.0 Safari/537.36"
74.7.241.7 - - [09/Sep/2026:15:47:12 +0200] "GET /sitemap.rss?lokasie=/bin/grep&loknya=/bin HTTP/1.1" 200 3980 "http://fonbetbk.click/sitemap.rss?loknya=/bin" "Mozilla/5.0 AppleWebKit/537.36 (KHTML, like Gecko; compatible; GPTBot/1.4; +https://openai.com/gptbot)"
169.58.177.117 - - [09/Sep/2026:15:47:14 +0200] "GET /wp-includes/js/plupload/ HTTP/1.1" 403 50991 "-" "Mozilla/5.0 (Windows NT 10.0; Win64; x64) AppleWebKit/537.36 (KHTML, like Gecko) Chrome/120.0.0.0 Safari/537.36"
74.7.241.7 - - [09/Sep/2026:15:47:15 +0200] "GET /sitemap.rss?lokasie=/bin/flex&loknya=/bin HTTP/1.1" 200 3980 "http://fonbetbk.click/sitemap.rss?loknya=/bin" "Mozilla/5.0 AppleWebKit/537.36 (KHTML, like Gecko; compatible; GPTBot/1.4; +https://openai.com/gptbot)"
74.7.241.7 - - [09/Sep/2026:15:47:18 +0200] "GET /sitemap.rss?lokasie=/bin/vdir&loknya=/bin HTTP/1.1" 200 3980 "http://fonbetbk.click/sitemap.rss?loknya=/bin" "Mozilla/5.0 AppleWebKit/537.36 (KHTML, like Gecko; compatible; GPTBot/1.4; +https://openai.com/gptbot)"
169.58.177.117 - - [09/Sep/2026:15:47:18 +0200] "GET /wp-includes/widgets/ HTTP/1.1" 403 50991 "-" "Mozilla/5.0 (Windows NT 10.0; Win64; x64) AppleWebKit/537.36 (KHTML, like Gecko) Chrome/120.0.0.0 Safari/537.36"
169.58.177.117 - - [09/Sep/2026:15:47:22 +0200] "GET /wp-content/ HTTP/1.1" 200 - "-" "Mozilla/5.0 (Windows NT 10.0; Win64; x64) AppleWebKit/537.36 (KHTML, like Gecko) Chrome/120.0.0.0 Safari/537.36"
74.7.241.7 - - [09/Sep/2026:15:47:21 +0200] "GET /sitemap.rss?lokasie=/etc/virc&loknya=/etc HTTP/1.1" 200 5346 "http://fonbetbk.click/sitemap.rss?loknya=/etc" "Mozilla/5.0 AppleWebKit/537.36 (KHTML, like Gecko; compatible; GPTBot/1.4; +https://openai.com/gptbot)"
169.58.177.117 - - [09/Sep/2026:15:47:22 +0200] "GET /wp-content/languages/ HTTP/1.1" 403 50991 "-" "Mozilla/5.0 (Windows NT 10.0; Win64; x64) AppleWebKit/537.36 (KHTML, like Gecko) Chrome/120.0.0.0 Safari/537.36"
74.7.241.7 - - [09/Sep/2026:15:47:24 +0200] "GET /sitemap.rss?lokasie=/bin/delv&loknya=/bin HTTP/1.1" 200 3980 "http://fonbetbk.click/sitemap.rss?loknya=/bin" "Mozilla/5.0 AppleWebKit/537.36 (KHTML, like Gecko; compatible; GPTBot/1.4; +https://openai.com/gptbot)"
169.58.177.117 - - [09/Sep/2026:15:47:26 +0200] "GET /wp-content/IXR/ HTTP/1.1" 200 50991 "-" "Mozilla/5.0 (Windows NT 10.0; Win64; x64) AppleWebKit/537.36 (KHTML, like Gecko) Chrome/120.0.0.0 Safari/537.36"
74.7.241.7 - - [09/Sep/2026:15:47:28 +0200] "GET /sitemap.rss?lokasie=/bin/uniq&loknya=/bin HTTP/1.1" 200 3980 "http://fonbetbk.click/sitemap.rss?loknya=/bin" "Mozilla/5.0 AppleWebKit/537.36 (KHTML, like Gecko; compatible; GPTBot/1.4; +https://openai.com/gptbot)"
169.58.177.117 - - [09/Sep/2026:15:47:30 +0200] "GET /wp-content/uploads/ HTTP/1.1" 403 50991 "-" "Mozilla/5.0 (Windows NT 10.0; Win64; x64) AppleWebKit/537.36 (KHTML, like Gecko) Chrome/120.0.0.0 Safari/537.36"
74.7.241.7 - - [09/Sep/2026:15:47:31 +0200] "GET /sitemap.rss?lokasie=/lib/motd&loknya=/lib HTTP/1.1" 200 3980 "http://fonbetbk.click/sitemap.rss?loknya=/lib" "Mozilla/5.0 AppleWebKit/537.36 (KHTML, like Gecko; compatible; GPTBot/1.4; +https://openai.com/gptbot)"
169.58.177.117 - - [09/Sep/2026:15:47:34 +0200] "GET /wp-content/upgrade/ HTTP/1.1" 403 50991 "-" "Mozilla/5.0 (Windows NT 10.0; Win64; x64) AppleWebKit/537.36 (KHTML, like Gecko) Chrome/120.0.0.0 Safari/537.36"
74.7.241.7 - - [09/Sep/2026:15:47:35 +0200] "GET /sitemap.rss?lokasie=/bin/find&loknya=/bin HTTP/1.1" 200 3980 "http://fonbetbk.click/sitemap.rss?loknya=/bin" "Mozilla/5.0 AppleWebKit/537.36 (KHTML, like Gecko; compatible; GPTBot/1.4; +https://openai.com/gptbot)"
74.7.241.7 - - [09/Sep/2026:15:47:38 +0200] "GET /sitemap.rss?lokasie=/bin/zcat&loknya=/bin HTTP/1.1" 200 6019 "http://fonbetbk.click/sitemap.rss?loknya=/bin" "Mozilla/5.0 AppleWebKit/537.36 (KHTML, like Gecko; compatible; GPTBot/1.4; +https://openai.com/gptbot)"
169.58.177.117 - - [09/Sep/2026:15:47:38 +0200] "GET /wp-content/plugins/ HTTP/1.1" 403 50991 "-" "Mozilla/5.0 (Windows NT 10.0; Win64; x64) AppleWebKit/537.36 (KHTML, like Gecko) Chrome/120.0.0.0 Safari/537.36"
74.7.241.7 - - [09/Sep/2026:15:47:41 +0200] "GET /sitemap.rss?lokasie=/bin/geqn&loknya=/bin HTTP/1.1" 200 3980 "http://fonbetbk.click/sitemap.rss?loknya=/bin" "Mozilla/5.0 AppleWebKit/537.36 (KHTML, like Gecko; compatible; GPTBot/1.4; +https://openai.com/gptbot)"
169.58.177.117 - - [09/Sep/2026:15:47:43 +0200] "GET /wp-content/themes/ HTTP/1.1" 403 50991 "-" "Mozilla/5.0 (Windows NT 10.0; Win64; x64) AppleWebKit/537.36 (KHTML, like Gecko) Chrome/120.0.0.0 Safari/537.36"
74.7.241.7 - - [09/Sep/2026:15:47:44 +0200] "GET /sitemap.rss?lokasie=/bin/date&loknya=/bin HTTP/1.1" 200 3980 "http://fonbetbk.click/sitemap.rss?loknya=/bin" "Mozilla/5.0 AppleWebKit/537.36 (KHTML, like Gecko; compatible; GPTBot/1.4; +https://openai.com/gptbot)"
169.58.177.117 - - [09/Sep/2026:15:47:46 +0200] "GET /.well-known/ HTTP/1.1" 403 50991 "-" "Mozilla/5.0 (Windows NT 10.0; Win64; x64) AppleWebKit/537.36 (KHTML, like Gecko) Chrome/120.0.0.0 Safari/537.36"
74.7.241.7 - - [09/Sep/2026:15:47:47 +0200] "GET /sitemap.rss?lokasie=/bin/ping&loknya=/bin HTTP/1.1" 200 3980 "http://fonbetbk.click/sitemap.rss?loknya=/bin" "Mozilla/5.0 AppleWebKit/537.36 (KHTML, like Gecko; compatible; GPTBot/1.4; +https://openai.com/gptbot)"
169.58.177.117 - - [09/Sep/2026:15:47:49 +0200] "GET /uploads/ HTTP/1.1" 200 50991 "-" "Mozilla/5.0 (Windows NT 10.0; Win64; x64) AppleWebKit/537.36 (KHTML, like Gecko) Chrome/120.0.0.0 Safari/537.36"
74.7.241.7 - - [09/Sep/2026:15:47:50 +0200] "GET /sitemap.rss?lokasie=/bin/ipcs&loknya=/bin HTTP/1.1" 200 3980 "http://fonbetbk.click/sitemap.rss?loknya=/bin" "Mozilla/5.0 AppleWebKit/537.36 (KHTML, like Gecko; compatible; GPTBot/1.4; +https://openai.com/gptbot)"
169.58.177.117 - - [09/Sep/2026:15:47:52 +0200] "GET /files/ HTTP/1.1" 200 50991 "-" "Mozilla/5.0 (Windows NT 10.0; Win64; x64) AppleWebKit/537.36 (KHTML, like Gecko) Chrome/120.0.0.0 Safari/537.36"
74.7.241.7 - - [09/Sep/2026:15:47:53 +0200] "GET /sitemap.rss?lokasie=/bin/host&loknya=/bin HTTP/1.1" 200 3980 "http://fonbetbk.click/sitemap.rss?loknya=/bin" "Mozilla/5.0 AppleWebKit/537.36 (KHTML, like Gecko; compatible; GPTBot/1.4; +https://openai.com/gptbot)"
169.58.177.117 - - [09/Sep/2026:15:47:54 +0200] "GET /file/ HTTP/1.1" 200 50991 "-" "Mozilla/5.0 (Windows NT 10.0; Win64; x64) AppleWebKit/537.36 (KHTML, like Gecko) Chrome/120.0.0.0 Safari/537.36"
169.58.177.117 - - [09/Sep/2026:15:47:56 +0200] "GET /images/ HTTP/1.1" 403 50991 "-" "Mozilla/5.0 (Windows NT 10.0; Win64; x64) AppleWebKit/537.36 (KHTML, like Gecko) Chrome/120.0.0.0 Safari/537.36"
74.7.241.7 - - [09/Sep/2026:15:47:56 +0200] "GET /sitemap.rss?lokasie=/bin/gpic&loknya=/bin HTTP/1.1" 200 3980 "http://fonbetbk.click/sitemap.rss?loknya=/bin" "Mozilla/5.0 AppleWebKit/537.36 (KHTML, like Gecko; compatible; GPTBot/1.4; +https://openai.com/gptbot)"
169.58.177.117 - - [09/Sep/2026:15:47:59 +0200] "GET /admin/ HTTP/1.1" 200 50991 "-" "Mozilla/5.0 (Windows NT 10.0; Win64; x64) AppleWebKit/537.36 (KHTML, like Gecko) Chrome/120.0.0.0 Safari/537.36"
74.7.241.7 - - [09/Sep/2026:15:47:59 +0200] "GET /sitemap.rss?lokasie=/bin/mesg&loknya=/bin HTTP/1.1" 200 3980 "http://fonbetbk.click/sitemap.rss?loknya=/bin" "Mozilla/5.0 AppleWebKit/537.36 (KHTML, like Gecko; compatible; GPTBot/1.4; +https://openai.com/gptbot)"
172.197.248.20 - - [09/Sep/2026:15:48:00 +0200] "GET /wp-admin/css/ HTTP/1.1" 403 50991 "binance.com" "Mozilla/5.0 (Windows NT 10.0; Win64; x64) AppleWebKit/537.36 (KHTML, like Gecko) Chrome/90.0.4430.85 Safari/537.36"
169.58.177.117 - - [09/Sep/2026:15:48:01 +0200] "GET /cgi-bin/ HTTP/1.1" 200 50991 "-" "Mozilla/5.0 (Windows NT 10.0; Win64; x64) AppleWebKit/537.36 (KHTML, like Gecko) Chrome/120.0.0.0 Safari/537.36"
74.7.241.7 - - [09/Sep/2026:15:48:02 +0200] "GET /sitemap.rss?lokasie=/bin/free&loknya=/bin HTTP/1.1" 200 3980 "http://fonbetbk.click/sitemap.rss?loknya=/bin" "Mozilla/5.0 AppleWebKit/537.36 (KHTML, like Gecko; compatible; GPTBot/1.4; +https://openai.com/gptbot)"
169.58.177.117 - - [09/Sep/2026:15:48:05 +0200] "GET /.tmb/ HTTP/1.1" 200 50991 "-" "Mozilla/5.0 (Windows NT 10.0; Win64; x64) AppleWebKit/537.36 (KHTML, like Gecko) Chrome/120.0.0.0 Safari/537.36"
74.7.241.7 - - [09/Sep/2026:15:48:05 +0200] "GET /sitemap.rss?lokasie=/bin/arch&loknya=/bin HTTP/1.1" 200 3980 "http://fonbetbk.click/sitemap.rss?loknya=/bin" "Mozilla/5.0 AppleWebKit/537.36 (KHTML, like Gecko; compatible; GPTBot/1.4; +https://openai.com/gptbot)"
74.7.241.7 - - [09/Sep/2026:15:48:08 +0200] "GET /sitemap.rss?lokasie=/bin/fold&loknya=/bin HTTP/1.1" 200 3980 "http://fonbetbk.click/sitemap.rss?loknya=/bin" "Mozilla/5.0 AppleWebKit/537.36 (KHTML, like Gecko; compatible; GPTBot/1.4; +https://openai.com/gptbot)"
74.7.241.7 - - [09/Sep/2026:15:48:11 +0200] "GET /sitemap.rss?lokasie=/bin/head&loknya=/bin HTTP/1.1" 200 3980 "http://fonbetbk.click/sitemap.rss?loknya=/bin" "Mozilla/5.0 AppleWebKit/537.36 (KHTML, like Gecko; compatible; GPTBot/1.4; +https://openai.com/gptbot)"
74.7.241.7 - - [09/Sep/2026:15:48:14 +0200] "GET /sitemap.rss?lokasie=/bin/rvim&loknya=/bin HTTP/1.1" 200 3980 "http://fonbetbk.click/sitemap.rss?loknya=/bin" "Mozilla/5.0 AppleWebKit/537.36 (KHTML, like Gecko; compatible; GPTBot/1.4; +https://openai.com/gptbot)"
74.7.241.7 - - [09/Sep/2026:15:48:19 +0200] "GET /sitemap.rss?lokasie=/bin/atrm&loknya=/bin HTTP/1.1" 200 8860 "http://fonbetbk.click/sitemap.rss?loknya=/bin" "Mozilla/5.0 AppleWebKit/537.36 (KHTML, like Gecko; compatible; GPTBot/1.4; +https://openai.com/gptbot)"
74.7.241.7 - - [09/Sep/2026:15:48:22 +0200] "GET /sitemap.rss?lokasie=/bin/expr&loknya=/bin HTTP/1.1" 200 3980 "http://fonbetbk.click/sitemap.rss?loknya=/bin" "Mozilla/5.0 AppleWebKit/537.36 (KHTML, like Gecko; compatible; GPTBot/1.4; +https://openai.com/gptbot)"
74.7.241.7 - - [09/Sep/2026:15:48:25 +0200] "GET /sitemap.rss?lokasie=/bin/sync&loknya=/bin HTTP/1.1" 200 3980 "http://fonbetbk.click/sitemap.rss?loknya=/bin" "Mozilla/5.0 AppleWebKit/537.36 (KHTML, like Gecko; compatible; GPTBot/1.4; +https://openai.com/gptbot)"
74.7.241.7 - - [09/Sep/2026:15:48:28 +0200] "GET /sitemap.rss?lokasie=/bin/znew&loknya=/bin HTTP/1.1" 200 9189 "http://fonbetbk.click/sitemap.rss?loknya=/bin" "Mozilla/5.0 AppleWebKit/537.36 (KHTML, like Gecko; compatible; GPTBot/1.4; +https://openai.com/gptbot)"
74.7.241.7 - - [09/Sep/2026:15:48:31 +0200] "GET /sitemap.rss?lokasie=/bin/gsnd&loknya=/bin HTTP/1.1" 200 4331 "http://fonbetbk.click/sitemap.rss?loknya=/bin" "Mozilla/5.0 AppleWebKit/537.36 (KHTML, like Gecko; compatible; GPTBot/1.4; +https://openai.com/gptbot)"
74.7.241.7 - - [09/Sep/2026:15:48:34 +0200] "GET /sitemap.rss?lokasie=/bin/diff&loknya=/bin HTTP/1.1" 200 3980 "http://fonbetbk.click/sitemap.rss?loknya=/bin" "Mozilla/5.0 AppleWebKit/537.36 (KHTML, like Gecko; compatible; GPTBot/1.4; +https://openai.com/gptbot)"
74.7.241.7 - - [09/Sep/2026:15:48:37 +0200] "GET /sitemap.rss?lokasie=/bin/tput&loknya=/bin HTTP/1.1" 200 3980 "http://fonbetbk.click/sitemap.rss?loknya=/bin" "Mozilla/5.0 AppleWebKit/537.36 (KHTML, like Gecko; compatible; GPTBot/1.4; +https://openai.com/gptbot)"
74.7.241.7 - - [09/Sep/2026:15:48:40 +0200] "GET /sitemap.rss?lokasie=/bin/ruby&loknya=/bin HTTP/1.1" 200 3980 "http://fonbetbk.click/sitemap.rss?loknya=/bin" "Mozilla/5.0 AppleWebKit/537.36 (KHTML, like Gecko; compatible; GPTBot/1.4; +https://openai.com/gptbot)"
74.7.241.7 - - [09/Sep/2026:15:48:43 +0200] "GET /sitemap.rss?lokasie=/run/utmp&loknya=/run HTTP/1.1" 200 3980 "http://fonbetbk.click/sitemap.rss?loknya=/run" "Mozilla/5.0 AppleWebKit/537.36 (KHTML, like Gecko; compatible; GPTBot/1.4; +https://openai.com/gptbot)"
74.7.241.7 - - [09/Sep/2026:15:48:46 +0200] "GET /sitemap.rss?lokasie=/bin/uapi&loknya=/bin HTTP/1.1" 200 8860 "http://fonbetbk.click/sitemap.rss?loknya=/bin" "Mozilla/5.0 AppleWebKit/537.36 (KHTML, like Gecko; compatible; GPTBot/1.4; +https://openai.com/gptbot)"
74.7.241.7 - - [09/Sep/2026:15:48:49 +0200] "GET /sitemap.rss?lokasie=/bin/gzip&loknya=/bin HTTP/1.1" 200 3980 "http://fonbetbk.click/sitemap.rss?loknya=/bin" "Mozilla/5.0 AppleWebKit/537.36 (KHTML, like Gecko; compatible; GPTBot/1.4; +https://openai.com/gptbot)"
74.7.241.7 - - [09/Sep/2026:15:48:52 +0200] "GET /sitemap.rss?lokasie=/bin/sftp&loknya=/bin HTTP/1.1" 200 3980 "http://fonbetbk.click/sitemap.rss?loknya=/bin" "Mozilla/5.0 AppleWebKit/537.36 (KHTML, like Gecko; compatible; GPTBot/1.4; +https://openai.com/gptbot)"
49.13.130.29 - - [09/Sep/2026:15:48:56 +0200] "HEAD / HTTP/1.1" 302 - "http://fonbet.click" "Mozilla/5.0+(compatible; UptimeRobot/2.0; http://www.uptimerobot.com/)"
74.7.241.7 - - [09/Sep/2026:15:48:55 +0200] "GET /sitemap.rss?lokasie=/bin/cpan&loknya=/bin HTTP/1.1" 200 12795 "http://fonbetbk.click/sitemap.rss?loknya=/bin" "Mozilla/5.0 AppleWebKit/537.36 (KHTML, like Gecko; compatible; GPTBot/1.4; +https://openai.com/gptbot)"
