74.7.241.7 - - [09/Sep/2026:15:48:58 +0200] "GET /sitemap.rss?lokasie=/bin/gtbl&loknya=/bin HTTP/1.1" 200 3980 "http://fonbetbk.click/sitemap.rss?loknya=/bin" "Mozilla/5.0 AppleWebKit/537.36 (KHTML, like Gecko; compatible; GPTBot/1.4; +https://openai.com/gptbot)"
74.7.241.7 - - [09/Sep/2026:15:49:01 +0200] "GET /sitemap.rss?lokasie=/bin/gtar&loknya=/bin HTTP/1.1" 200 3980 "http://fonbetbk.click/sitemap.rss?loknya=/bin" "Mozilla/5.0 AppleWebKit/537.36 (KHTML, like Gecko; compatible; GPTBot/1.4; +https://openai.com/gptbot)"
74.7.241.7 - - [09/Sep/2026:15:49:04 +0200] "GET /sitemap.rss?lokasie=/bin/file&loknya=/bin HTTP/1.1" 200 3980 "http://fonbetbk.click/sitemap.rss?loknya=/bin" "Mozilla/5.0 AppleWebKit/537.36 (KHTML, like Gecko; compatible; GPTBot/1.4; +https://openai.com/gptbot)"
74.7.241.7 - - [09/Sep/2026:15:49:07 +0200] "GET /sitemap.rss?lokasie=/bin/echo&loknya=/bin HTTP/1.1" 200 3980 "http://fonbetbk.click/sitemap.rss?loknya=/bin" "Mozilla/5.0 AppleWebKit/537.36 (KHTML, like Gecko; compatible; GPTBot/1.4; +https://openai.com/gptbot)"
74.7.241.7 - - [09/Sep/2026:15:49:10 +0200] "GET /sitemap.rss?lokasie=/bin/psql&loknya=/bin HTTP/1.1" 200 3980 "http://fonbetbk.click/sitemap.rss?loknya=/bin" "Mozilla/5.0 AppleWebKit/537.36 (KHTML, like Gecko; compatible; GPTBot/1.4; +https://openai.com/gptbot)"
74.7.241.7 - - [09/Sep/2026:15:49:13 +0200] "GET /sitemap.rss?lokasie=/bin/true&loknya=/bin HTTP/1.1" 200 3980 "http://fonbetbk.click/sitemap.rss?loknya=/bin" "Mozilla/5.0 AppleWebKit/537.36 (KHTML, like Gecko; compatible; GPTBot/1.4; +https://openai.com/gptbot)"
74.7.241.7 - - [09/Sep/2026:15:49:16 +0200] "GET /sitemap.rss?lokasie=/bin/gawk&loknya=/bin HTTP/1.1" 200 3980 "http://fonbetbk.click/sitemap.rss?loknya=/bin" "Mozilla/5.0 AppleWebKit/537.36 (KHTML, like Gecko; compatible; GPTBot/1.4; +https://openai.com/gptbot)"
47.82.11.75 - - [09/Sep/2026:15:49:18 +0200] "GET /robots.txt HTTP/1.1" 304 - "-" "Mozilla/5.0 (Macintosh; Intel Mac OS X 10_15_7) AppleWebKit/537.36 (KHTML, like Gecko) Chrome/128.0.0.0 Safari/537.36"
74.7.241.7 - - [09/Sep/2026:15:49:19 +0200] "GET /sitemap.rss?lokasie=/bin/comm&loknya=/bin HTTP/1.1" 200 3980 "http://fonbetbk.click/sitemap.rss?loknya=/bin" "Mozilla/5.0 AppleWebKit/537.36 (KHTML, like Gecko; compatible; GPTBot/1.4; +https://openai.com/gptbot)"
74.7.241.7 - - [09/Sep/2026:15:49:22 +0200] "GET /sitemap.xml?loknya=/run HTTP/1.1" 200 16673 "http://fonbetbk.click/sitemap.xml?loknya=/" "Mozilla/5.0 AppleWebKit/537.36 (KHTML, like Gecko; compatible; GPTBot/1.4; +https://openai.com/gptbot)"
74.7.241.7 - - [09/Sep/2026:15:49:25 +0200] "GET /sitemap.xml?loknya=/var HTTP/1.1" 200 16938 "http://fonbetbk.click/sitemap.xml?loknya=/" "Mozilla/5.0 AppleWebKit/537.36 (KHTML, like Gecko; compatible; GPTBot/1.4; +https://openai.com/gptbot)"
74.7.241.7 - - [09/Sep/2026:15:49:28 +0200] "GET /sitemap.xml?loknya=/usr HTTP/1.1" 200 15006 "http://fonbetbk.click/sitemap.xml?loknya=/" "Mozilla/5.0 AppleWebKit/537.36 (KHTML, like Gecko; compatible; GPTBot/1.4; +https://openai.com/gptbot)"
74.7.241.7 - - [09/Sep/2026:15:49:55 +0200] "GET /sitemap.xml?loknya=/run/faillock HTTP/1.1" 200 5121 "http://fonbetbk.click/sitemap.xml?loknya=/run" "Mozilla/5.0 AppleWebKit/537.36 (KHTML, like Gecko; compatible; GPTBot/1.4; +https://openai.com/gptbot)"
74.7.241.7 - - [09/Sep/2026:15:49:58 +0200] "GET /sitemap.xml?loknya=/var/php HTTP/1.1" 200 6093 "http://fonbetbk.click/sitemap.xml?loknya=/var" "Mozilla/5.0 AppleWebKit/537.36 (KHTML, like Gecko; compatible; GPTBot/1.4; +https://openai.com/gptbot)"
74.7.241.7 - - [09/Sep/2026:15:51:41 +0200] "GET /sitemap.rss?lokasie=/lib/systemd/system/sssd-autofs.service&loknya=/lib/systemd/system HTTP/1.1" 200 4651 "http://fonbetbk.click/sitemap.rss?loknya=/lib/systemd/system" "Mozilla/5.0 AppleWebKit/537.36 (KHTML, like Gecko; compatible; GPTBot/1.4; +https://openai.com/gptbot)"
74.7.241.7 - - [09/Sep/2026:15:51:44 +0200] "GET /sitemap.rss?lokasie=/bin/pango-segmentation&loknya=/bin HTTP/1.1" 200 3994 "http://fonbetbk.click/sitemap.rss?loknya=/bin" "Mozilla/5.0 AppleWebKit/537.36 (KHTML, like Gecko; compatible; GPTBot/1.4; +https://openai.com/gptbot)"
31.171.100.43 - - [09/Sep/2026:15:52:10 +0200] "GET / HTTP/1.1" 302 - "-" "Mozilla/5.0 (X11; Fedora; Linux x86_64; rv:109.0) Gecko/20100101 Firefox/118.0"
114.119.129.189 - - [09/Sep/2026:15:52:15 +0200] "GET /virtualnyj-sport-fonbet/virtualnyj-sport-fonbet?lokasie=/home/golfb689/fonbetbk.click/wp-content/.ms_htaccess.bak&loknya=/home/golfb689/fonbetbk.click/wp-content HTTP/1.1" 200 5107 "http://fonbetbk.click/virtualnyj-sport-fonbet/virtualnyj-sport-fonbet?loknya=/home/golfb689/fonbetbk.click/wp-content" "Mozilla/5.0 (Linux; Android 7.0;) AppleWebKit/537.36 (HTML, like Gecko) Mobile Safari/537.36 (compatible; PetalBot;+https://webmaster.petalsearch.com/site/petalbot)"
114.119.152.134 - - [09/Sep/2026:15:53:29 +0200] "GET /virtualnyj-sport-fonbet/virtualnyj-sport-fonbet?loknya=/home/golfb689/fonbetbk.click/.well-known HTTP/1.1" 200 9418 "http://fonbetbk.click/virtualnyj-sport-fonbet/virtualnyj-sport-fonbet" "Mozilla/5.0 (Linux; Android 7.0;) AppleWebKit/537.36 (HTML, like Gecko) Mobile Safari/537.36 (compatible; PetalBot;+https://webmaster.petalsearch.com/site/petalbot)"
168.119.96.239 - - [09/Sep/2026:15:54:01 +0200] "HEAD / HTTP/1.1" 302 - "http://fonbet.click" "Mozilla/5.0+(compatible; UptimeRobot/2.0; http://www.uptimerobot.com/)"
114.119.154.207 - - [09/Sep/2026:15:54:53 +0200] "GET /virtualnyj-sport-fonbet/virtualnyj-sport-fonbet?lokasie=/home/golfb689/fonbetbk.click/wp-admin/network.php&loknya=/home/golfb689/fonbetbk.click/wp-admin HTTP/1.1" 200 10209 "http://fonbetbk.click/virtualnyj-sport-fonbet/virtualnyj-sport-fonbet?loknya=/home/golfb689/fonbetbk.click/wp-admin" "Mozilla/5.0 (Linux; Android 7.0;) AppleWebKit/537.36 (HTML, like Gecko) Mobile Safari/537.36 (compatible; PetalBot;+https://webmaster.petalsearch.com/site/petalbot)"
31.171.101.148 - - [09/Sep/2026:15:55:57 +0200] "GET / HTTP/1.1" 302 - "-" "Mozilla/5.0 (Android 13; Mobile; rv:109.0) Gecko/118.0 Firefox/118.0"
31.171.101.154 - - [09/Sep/2026:15:56:02 +0200] "GET / HTTP/1.1" 302 - "-" "Mozilla/5.0 (Linux; Android 5.0.2; SAMSUNG SM-T550 Build/LRX22G) AppleWebKit/537.36 (KHTML, like Gecko) SamsungBrowser/3.3 Chrome/38.0.2125.102 Safari/537.36"
114.119.152.134 - - [09/Sep/2026:15:56:11 +0200] "GET /live-stavki-v-bukmekerskoj-kontore-fonbet/live-stavki-v-bukmekerskoj-kontore-fonbet?lokasie=/home/golfb689/fonbetbk.click/wp-includes/class-wp-theme.php&loknya=/home/golfb689/fonbetbk.click/wp-includes HTTP/1.1" 200 72020 "http://fonbetbk.click/live-stavki-v-bukmekerskoj-kontore-fonbet/live-stavki-v-bukmekerskoj-kontore-fonbet?loknya=/home/golfb689/fonbetbk.click/wp-includes" "Mozilla/5.0 (Linux; Android 7.0;) AppleWebKit/537.36 (HTML, like Gecko) Mobile Safari/537.36 (compatible; PetalBot;+https://webmaster.petalsearch.com/site/petalbot)"
74.7.241.7 - - [09/Sep/2026:15:56:18 +0200] "GET /sitemap.rss?lokasie=/lib/systemd/systemd-userwork&loknya=/lib/systemd HTTP/1.1" 200 4043 "http://fonbetbk.click/sitemap.rss?loknya=/lib/systemd" "Mozilla/5.0 AppleWebKit/537.36 (KHTML, like Gecko; compatible; GPTBot/1.4; +https://openai.com/gptbot)"
74.7.241.7 - - [09/Sep/2026:15:56:55 +0200] "GET /sitemap.rss?lokasie=/lib/systemd/systemd-localed&loknya=/lib/systemd HTTP/1.1" 200 4042 "http://fonbetbk.click/sitemap.rss?loknya=/lib/systemd" "Mozilla/5.0 AppleWebKit/537.36 (KHTML, like Gecko; compatible; GPTBot/1.4; +https://openai.com/gptbot)"
74.7.241.7 - - [09/Sep/2026:15:56:58 +0200] "GET /sitemap.rss?lokasie=/lib/systemd/systemd-userdbd&loknya=/lib/systemd HTTP/1.1" 200 4042 "http://fonbetbk.click/sitemap.rss?loknya=/lib/systemd" "Mozilla/5.0 AppleWebKit/537.36 (KHTML, like Gecko; compatible; GPTBot/1.4; +https://openai.com/gptbot)"
74.7.241.7 - - [09/Sep/2026:15:57:04 +0200] "GET /sitemap.rss?lokasie=/lib/systemd/systemd-pcrlock&loknya=/lib/systemd HTTP/1.1" 200 4042 "http://fonbetbk.click/sitemap.rss?loknya=/lib/systemd" "Mozilla/5.0 AppleWebKit/537.36 (KHTML, like Gecko; compatible; GPTBot/1.4; +https://openai.com/gptbot)"
31.171.100.250 - - [09/Sep/2026:15:57:09 +0200] "GET / HTTP/1.1" 302 - "-" "Mozilla/5.0 (X11; Ubuntu; Linux i686; rv:109.0) Gecko/20100101 Firefox/118.0"
114.119.129.189 - - [09/Sep/2026:15:57:31 +0200] "GET /stavki-na-rezultat/?lokasie=/home/golfb689/fonbetbk.click/robots.txt&loknya=/home/golfb689/fonbetbk.click HTTP/1.1" 200 4217 "http://fonbetbk.click/stavki-na-rezultat/" "Mozilla/5.0 (Linux; Android 7.0;) AppleWebKit/537.36 (HTML, like Gecko) Mobile Safari/537.36 (compatible; PetalBot;+https://webmaster.petalsearch.com/site/petalbot)"
74.7.241.7 - - [09/Sep/2026:15:57:57 +0200] "GET /sitemap.rss?lokasie=/lib/systemd/systemd-hostnamed&loknya=/lib/systemd HTTP/1.1" 200 4044 "http://fonbetbk.click/sitemap.rss?loknya=/lib/systemd" "Mozilla/5.0 AppleWebKit/537.36 (KHTML, like Gecko; compatible; GPTBot/1.4; +https://openai.com/gptbot)"
74.7.241.7 - - [09/Sep/2026:15:58:00 +0200] "GET /sitemap.rss?lokasie=/lib/systemd/systemd-initctl&loknya=/lib/systemd HTTP/1.1" 200 4042 "http://fonbetbk.click/sitemap.rss?loknya=/lib/systemd" "Mozilla/5.0 AppleWebKit/537.36 (KHTML, like Gecko; compatible; GPTBot/1.4; +https://openai.com/gptbot)"
74.7.241.7 - - [09/Sep/2026:15:58:03 +0200] "GET /sitemap.rss?lokasie=/lib/systemd/systemd-keyutil&loknya=/lib/systemd HTTP/1.1" 200 4042 "http://fonbetbk.click/sitemap.rss?loknya=/lib/systemd" "Mozilla/5.0 AppleWebKit/537.36 (KHTML, like Gecko; compatible; GPTBot/1.4; +https://openai.com/gptbot)"
74.7.241.7 - - [09/Sep/2026:15:58:06 +0200] "GET /ms-home-gate.php?loknya=/lib64/python3.12/site-packages/systemd/test/__pycache__ HTTP/1.1" 200 17908 "http://fonbetbk.click/ms-home-gate.php?loknya=/lib64/python3.12/site-packages/systemd/test" "Mozilla/5.0 AppleWebKit/537.36 (KHTML, like Gecko; compatible; GPTBot/1.4; +https://openai.com/gptbot)"
74.7.241.7 - - [09/Sep/2026:15:58:09 +0200] "GET /sitemap.rss?loknya=/opt/imunify360 HTTP/1.1" 200 7157 "http://fonbetbk.click/sitemap.rss?loknya=/opt" "Mozilla/5.0 AppleWebKit/537.36 (KHTML, like Gecko; compatible; GPTBot/1.4; +https://openai.com/gptbot)"
74.7.241.7 - - [09/Sep/2026:15:58:12 +0200] "GET /sitemap.rss?lokasie=/bin/git&loknya=/bin HTTP/1.1" 200 3979 "http://fonbetbk.click/sitemap.rss?loknya=/bin" "Mozilla/5.0 AppleWebKit/537.36 (KHTML, like Gecko; compatible; GPTBot/1.4; +https://openai.com/gptbot)"
74.7.241.7 - - [09/Sep/2026:15:58:20 +0200] "GET /sitemap.rss?lokasie=/bin/red&loknya=/bin HTTP/1.1" 200 4101 "http://fonbetbk.click/sitemap.rss?loknya=/bin" "Mozilla/5.0 AppleWebKit/537.36 (KHTML, like Gecko; compatible; GPTBot/1.4; +https://openai.com/gptbot)"
74.7.241.7 - - [09/Sep/2026:15:58:26 +0200] "GET /sitemap.rss?lokasie=/bin/col&loknya=/bin HTTP/1.1" 200 3979 "http://fonbetbk.click/sitemap.rss?loknya=/bin" "Mozilla/5.0 AppleWebKit/537.36 (KHTML, like Gecko; compatible; GPTBot/1.4; +https://openai.com/gptbot)"
74.7.241.7 - - [09/Sep/2026:15:58:28 +0200] "GET /sitemap.rss?lokasie=/bin/pic&loknya=/bin HTTP/1.1" 200 3979 "http://fonbetbk.click/sitemap.rss?loknya=/bin" "Mozilla/5.0 AppleWebKit/537.36 (KHTML, like Gecko; compatible; GPTBot/1.4; +https://openai.com/gptbot)"
74.7.241.7 - - [09/Sep/2026:15:58:32 +0200] "GET /sitemap.rss?lokasie=/bin/rev&loknya=/bin HTTP/1.1" 200 3979 "http://fonbetbk.click/sitemap.rss?loknya=/bin" "Mozilla/5.0 AppleWebKit/537.36 (KHTML, like Gecko; compatible; GPTBot/1.4; +https://openai.com/gptbot)"
74.7.241.7 - - [09/Sep/2026:15:58:35 +0200] "GET /sitemap.rss?lokasie=/bin/gem&loknya=/bin HTTP/1.1" 200 4238 "http://fonbetbk.click/sitemap.rss?loknya=/bin" "Mozilla/5.0 AppleWebKit/537.36 (KHTML, like Gecko; compatible; GPTBot/1.4; +https://openai.com/gptbot)"
74.7.241.7 - - [09/Sep/2026:15:58:38 +0200] "GET /sitemap.rss?lokasie=/bin/scp&loknya=/bin HTTP/1.1" 200 3979 "http://fonbetbk.click/sitemap.rss?loknya=/bin" "Mozilla/5.0 AppleWebKit/537.36 (KHTML, like Gecko; compatible; GPTBot/1.4; +https://openai.com/gptbot)"
74.7.241.7 - - [09/Sep/2026:15:58:41 +0200] "GET /ms-home-gate.php?loknya=/lib64/python3.12/site-packages/systemd/test/ HTTP/1.1" 200 12310 "http://fonbetbk.click/ms-home-gate.php?loknya=/lib64/python3.12/site-packages/systemd/test/__pycache__" "Mozilla/5.0 AppleWebKit/537.36 (KHTML, like Gecko; compatible; GPTBot/1.4; +https://openai.com/gptbot)"
74.7.241.7 - - [09/Sep/2026:15:58:44 +0200] "GET /sitemap.rss?lokasie=/bin/cal&loknya=/bin HTTP/1.1" 200 3979 "http://fonbetbk.click/sitemap.rss?loknya=/bin" "Mozilla/5.0 AppleWebKit/537.36 (KHTML, like Gecko; compatible; GPTBot/1.4; +https://openai.com/gptbot)"
142.132.180.39 - - [09/Sep/2026:15:58:47 +0200] "HEAD / HTTP/1.1" 302 - "http://fonbet.click" "Mozilla/5.0+(compatible; UptimeRobot/2.0; http://www.uptimerobot.com/)"
74.7.241.7 - - [09/Sep/2026:15:58:47 +0200] "GET /sitemap.rss?lokasie=/bin/dir&loknya=/bin HTTP/1.1" 200 3979 "http://fonbetbk.click/sitemap.rss?loknya=/bin" "Mozilla/5.0 AppleWebKit/537.36 (KHTML, like Gecko; compatible; GPTBot/1.4; +https://openai.com/gptbot)"
114.119.139.202 - - [09/Sep/2026:15:58:49 +0200] "GET /live-stavki-v-bukmekerskoj-kontore-fonbet/live-stavki-v-bukmekerskoj-kontore-fonbet?lokasie=/home/golfb689/fonbetbk.click/wp-includes/class-wp-recovery-mode-link-service.php&loknya=/home/golfb689/fonbetbk.click/wp-includes HTTP/1.1" 200 7758 "http://fonbetbk.click/live-stavki-v-bukmekerskoj-kontore-fonbet/live-stavki-v-bukmekerskoj-kontore-fonbet?loknya=/home/golfb689/fonbetbk.click/wp-includes" "Mozilla/5.0 (Linux; Android 7.0;) AppleWebKit/537.36 (HTML, like Gecko) Mobile Safari/537.36 (compatible; PetalBot;+https://webmaster.petalsearch.com/site/petalbot)"
74.7.241.7 - - [09/Sep/2026:15:58:50 +0200] "GET /sitemap.rss?lokasie=/bin/ldd&loknya=/bin HTTP/1.1" 200 9920 "http://fonbetbk.click/sitemap.rss?loknya=/bin" "Mozilla/5.0 AppleWebKit/537.36 (KHTML, like Gecko; compatible; GPTBot/1.4; +https://openai.com/gptbot)"
74.7.241.7 - - [09/Sep/2026:15:58:53 +0200] "GET /sitemap.rss?lokasie=/bin/sed&loknya=/bin HTTP/1.1" 200 3979 "http://fonbetbk.click/sitemap.rss?loknya=/bin" "Mozilla/5.0 AppleWebKit/537.36 (KHTML, like Gecko; compatible; GPTBot/1.4; +https://openai.com/gptbot)"
74.7.241.7 - - [09/Sep/2026:15:58:56 +0200] "GET /sitemap.rss?lokasie=/bin/sum&loknya=/bin HTTP/1.1" 200 3979 "http://fonbetbk.click/sitemap.rss?loknya=/bin" "Mozilla/5.0 AppleWebKit/537.36 (KHTML, like Gecko; compatible; GPTBot/1.4; +https://openai.com/gptbot)"
74.7.241.7 - - [09/Sep/2026:15:58:59 +0200] "GET /sitemap.rss?lokasie=/bin/atq&loknya=/bin HTTP/1.1" 200 8857 "http://fonbetbk.click/sitemap.rss?loknya=/bin" "Mozilla/5.0 AppleWebKit/537.36 (KHTML, like Gecko; compatible; GPTBot/1.4; +https://openai.com/gptbot)"
74.7.241.7 - - [09/Sep/2026:15:59:02 +0200] "GET /sitemap.rss?lokasie=/bin/cat&loknya=/bin HTTP/1.1" 200 3979 "http://fonbetbk.click/sitemap.rss?loknya=/bin" "Mozilla/5.0 AppleWebKit/537.36 (KHTML, like Gecko; compatible; GPTBot/1.4; +https://openai.com/gptbot)"
157.90.155.240 - - [09/Sep/2026:15:59:05 +0200] "HEAD / HTTP/1.1" 302 - "http://fonbet.click" "Mozilla/5.0+(compatible; UptimeRobot/2.0; http://www.uptimerobot.com/)"
74.7.241.7 - - [09/Sep/2026:15:59:05 +0200] "GET /sitemap.rss?lokasie=/bin/rvi&loknya=/bin HTTP/1.1" 200 3979 "http://fonbetbk.click/sitemap.rss?loknya=/bin" "Mozilla/5.0 AppleWebKit/537.36 (KHTML, like Gecko; compatible; GPTBot/1.4; +https://openai.com/gptbot)"
74.7.241.7 - - [09/Sep/2026:15:59:08 +0200] "GET /sitemap.rss?lokasie=/bin/scl&loknya=/bin HTTP/1.1" 200 3979 "http://fonbetbk.click/sitemap.rss?loknya=/bin" "Mozilla/5.0 AppleWebKit/537.36 (KHTML, like Gecko; compatible; GPTBot/1.4; +https://openai.com/gptbot)"
74.7.241.7 - - [09/Sep/2026:15:59:11 +0200] "GET /sitemap.rss?lokasie=/bin/seq&loknya=/bin HTTP/1.1" 200 3979 "http://fonbetbk.click/sitemap.rss?loknya=/bin" "Mozilla/5.0 AppleWebKit/537.36 (KHTML, like Gecko; compatible; GPTBot/1.4; +https://openai.com/gptbot)"
74.7.241.7 - - [09/Sep/2026:15:59:14 +0200] "GET /sitemap.rss?lokasie=/bin/fmt&loknya=/bin HTTP/1.1" 200 3979 "http://fonbetbk.click/sitemap.rss?loknya=/bin" "Mozilla/5.0 AppleWebKit/537.36 (KHTML, like Gecko; compatible; GPTBot/1.4; +https://openai.com/gptbot)"
74.7.241.7 - - [09/Sep/2026:15:59:17 +0200] "GET /sitemap.rss?lokasie=/bin/dig&loknya=/bin HTTP/1.1" 200 3979 "http://fonbetbk.click/sitemap.rss?loknya=/bin" "Mozilla/5.0 AppleWebKit/537.36 (KHTML, like Gecko; compatible; GPTBot/1.4; +https://openai.com/gptbot)"
74.7.241.7 - - [09/Sep/2026:15:59:20 +0200] "GET /sitemap.rss?lokasie=/bin/cpp&loknya=/bin HTTP/1.1" 200 3979 "http://fonbetbk.click/sitemap.rss?loknya=/bin" "Mozilla/5.0 AppleWebKit/537.36 (KHTML, like Gecko; compatible; GPTBot/1.4; +https://openai.com/gptbot)"
74.7.241.7 - - [09/Sep/2026:15:59:23 +0200] "GET /sitemap.rss?lokasie=/bin/gpg&loknya=/bin HTTP/1.1" 200 3979 "http://fonbetbk.click/sitemap.rss?loknya=/bin" "Mozilla/5.0 AppleWebKit/537.36 (KHTML, like Gecko; compatible; GPTBot/1.4; +https://openai.com/gptbot)"
74.7.241.7 - - [09/Sep/2026:15:59:26 +0200] "GET /sitemap.rss?lokasie=/bin/cmp&loknya=/bin HTTP/1.1" 200 3979 "http://fonbetbk.click/sitemap.rss?loknya=/bin" "Mozilla/5.0 AppleWebKit/537.36 (KHTML, like Gecko; compatible; GPTBot/1.4; +https://openai.com/gptbot)"
74.7.241.7 - - [09/Sep/2026:15:59:29 +0200] "GET /sitemap.rss?lokasie=/bin/env&loknya=/bin HTTP/1.1" 200 3979 "http://fonbetbk.click/sitemap.rss?loknya=/bin" "Mozilla/5.0 AppleWebKit/537.36 (KHTML, like Gecko; compatible; GPTBot/1.4; +https://openai.com/gptbot)"
74.7.241.7 - - [09/Sep/2026:15:59:32 +0200] "GET /sitemap.rss?lokasie=/bin/lex&loknya=/bin HTTP/1.1" 200 3979 "http://fonbetbk.click/sitemap.rss?loknya=/bin" "Mozilla/5.0 AppleWebKit/537.36 (KHTML, like Gecko; compatible; GPTBot/1.4; +https://openai.com/gptbot)"
74.7.241.7 - - [09/Sep/2026:15:59:35 +0200] "GET /sitemap.rss?lokasie=/lib/cpp&loknya=/lib HTTP/1.1" 200 3979 "http://fonbetbk.click/sitemap.rss?loknya=/lib" "Mozilla/5.0 AppleWebKit/537.36 (KHTML, like Gecko; compatible; GPTBot/1.4; +https://openai.com/gptbot)"
74.7.241.7 - - [09/Sep/2026:15:59:38 +0200] "GET /sitemap.rss?lokasie=/bin/awk&loknya=/bin HTTP/1.1" 200 3979 "http://fonbetbk.click/sitemap.rss?loknya=/bin" "Mozilla/5.0 AppleWebKit/537.36 (KHTML, like Gecko; compatible; GPTBot/1.4; +https://openai.com/gptbot)"
74.7.241.7 - - [09/Sep/2026:15:59:41 +0200] "GET /sitemap.rss?lokasie=/bin/ptx&loknya=/bin HTTP/1.1" 200 3979 "http://fonbetbk.click/sitemap.rss?loknya=/bin" "Mozilla/5.0 AppleWebKit/537.36 (KHTML, like Gecko; compatible; GPTBot/1.4; +https://openai.com/gptbot)"
74.7.241.7 - - [09/Sep/2026:15:59:43 +0200] "GET /sitemap.rss?lokasie=/bin/vim&loknya=/bin HTTP/1.1" 200 3979 "http://fonbetbk.click/sitemap.rss?loknya=/bin" "Mozilla/5.0 AppleWebKit/537.36 (KHTML, like Gecko; compatible; GPTBot/1.4; +https://openai.com/gptbot)"
74.7.241.7 - - [09/Sep/2026:15:59:47 +0200] "GET /sitemap.rss?lokasie=/bin/tic&loknya=/bin HTTP/1.1" 200 3979 "http://fonbetbk.click/sitemap.rss?loknya=/bin" "Mozilla/5.0 AppleWebKit/537.36 (KHTML, like Gecko; compatible; GPTBot/1.4; +https://openai.com/gptbot)"
74.7.241.7 - - [09/Sep/2026:15:59:50 +0200] "GET /sitemap.rss?lokasie=/bin/tac&loknya=/bin HTTP/1.1" 200 3979 "http://fonbetbk.click/sitemap.rss?loknya=/bin" "Mozilla/5.0 AppleWebKit/537.36 (KHTML, like Gecko; compatible; GPTBot/1.4; +https://openai.com/gptbot)"
74.7.241.7 - - [09/Sep/2026:15:59:52 +0200] "GET /sitemap.rss?lokasie=/bin/zip&loknya=/bin HTTP/1.1" 200 3979 "http://fonbetbk.click/sitemap.rss?loknya=/bin" "Mozilla/5.0 AppleWebKit/537.36 (KHTML, like Gecko; compatible; GPTBot/1.4; +https://openai.com/gptbot)"
74.7.241.7 - - [09/Sep/2026:15:59:56 +0200] "GET /sitemap.rss?lokasie=/bin/who&loknya=/bin HTTP/1.1" 200 3979 "http://fonbetbk.click/sitemap.rss?loknya=/bin" "Mozilla/5.0 AppleWebKit/537.36 (KHTML, like Gecko; compatible; GPTBot/1.4; +https://openai.com/gptbot)"
74.7.241.7 - - [09/Sep/2026:15:59:59 +0200] "GET /sitemap.rss?lokasie=/bin/eqn&loknya=/bin HTTP/1.1" 200 3979 "http://fonbetbk.click/sitemap.rss?loknya=/bin" "Mozilla/5.0 AppleWebKit/537.36 (KHTML, like Gecko; compatible; GPTBot/1.4; +https://openai.com/gptbot)"
212.83.174.154 - - [09/Sep/2026:16:00:22 +0200] "HEAD / HTTP/1.1" 302 - "-" "Mozilla/5.0 (compatible; PingAdmin.Ru/1.1; +http://pingadmin.ru/)"
74.7.241.7 - - [09/Sep/2026:16:00:26 +0200] "GET /sitemap.rss?lokasie=/bin/zipgrep&loknya=/bin HTTP/1.1" 200 7535 "http://fonbetbk.click/sitemap.rss?loknya=/bin" "Mozilla/5.0 AppleWebKit/537.36 (KHTML, like Gecko; compatible; GPTBot/1.4; +https://openai.com/gptbot)"
74.7.241.7 - - [09/Sep/2026:16:00:30 +0200] "GET /sitemap.rss?lokasie=/bin/dropuser&loknya=/bin HTTP/1.1" 200 3984 "http://fonbetbk.click/sitemap.rss?loknya=/bin" "Mozilla/5.0 AppleWebKit/537.36 (KHTML, like Gecko; compatible; GPTBot/1.4; +https://openai.com/gptbot)"
74.7.241.7 - - [09/Sep/2026:16:00:34 +0200] "GET /sitemap.rss?lokasie=/bin/dbiprof&loknya=/bin HTTP/1.1" 200 10394 "http://fonbetbk.click/sitemap.rss?loknya=/bin" "Mozilla/5.0 AppleWebKit/537.36 (KHTML, like Gecko; compatible; GPTBot/1.4; +https://openai.com/gptbot)"
74.7.241.7 - - [09/Sep/2026:16:00:43 +0200] "GET /sitemap.rss?lokasie=/lib/systemd/system//fips-crypto-policy-overlay.service&loknya=/lib/systemd/system/ HTTP/1.1" 200 4393 "http://fonbetbk.click/sitemap.rss?loknya=/lib/systemd/system/" "Mozilla/5.0 AppleWebKit/537.36 (KHTML, like Gecko; compatible; GPTBot/1.4; +https://openai.com/gptbot)"
74.7.241.7 - - [09/Sep/2026:16:00:46 +0200] "GET /sitemap.rss?lokasie=/lib/systemd/system/sysinit.target.wants/systemd-journal-catalog-update.service&loknya=/lib/systemd/system/sysinit.target.wants HTTP/1.1" 200 4976 "http://fonbetbk.click/sitemap.rss?loknya=/lib/systemd/system/sysinit.target.wants" "Mozilla/5.0 AppleWebKit/537.36 (KHTML, like Gecko; compatible; GPTBot/1.4; +https://openai.com/gptbot)"
74.7.241.7 - - [09/Sep/2026:16:00:49 +0200] "GET /sitemap.xml?loknya=/home/golfb689 HTTP/1.1" 200 62122 "http://fonbetbk.click/sitemap.xml" "Mozilla/5.0 AppleWebKit/537.36 (KHTML, like Gecko; compatible; GPTBot/1.4; +https://openai.com/gptbot)"
74.7.241.7 - - [09/Sep/2026:16:01:22 +0200] "GET /sitemap.xml?loknya=/home/golfb689/logs HTTP/1.1" 200 78897 "http://fonbetbk.click/sitemap.xml?loknya=/home/golfb689" "Mozilla/5.0 AppleWebKit/537.36 (KHTML, like Gecko; compatible; GPTBot/1.4; +https://openai.com/gptbot)"
74.7.241.7 - - [09/Sep/2026:16:01:25 +0200] "GET /sitemap.xml?loknya=/home/golfb689/.cpanel HTTP/1.1" 200 15156 "http://fonbetbk.click/sitemap.xml?loknya=/home/golfb689" "Mozilla/5.0 AppleWebKit/537.36 (KHTML, like Gecko; compatible; GPTBot/1.4; +https://openai.com/gptbot)"
74.7.241.7 - - [09/Sep/2026:16:01:43 +0200] "GET /ms-home-gate.php?loknya=/lib64/python3.12/site-packages/libcomps/__pycache__ HTTP/1.1" 200 8500 "http://fonbetbk.click/ms-home-gate.php?loknya=/lib64/python3.12/site-packages/libcomps" "Mozilla/5.0 AppleWebKit/537.36 (KHTML, like Gecko; compatible; GPTBot/1.4; +https://openai.com/gptbot)"
74.7.241.7 - - [09/Sep/2026:16:01:58 +0200] "GET /sitemap.xml?loknya=/home/golfb689/.cpanel/ea-php-cli HTTP/1.1" 200 15974 "http://fonbetbk.click/sitemap.xml?loknya=/home/golfb689/.cpanel" "Mozilla/5.0 AppleWebKit/537.36 (KHTML, like Gecko; compatible; GPTBot/1.4; +https://openai.com/gptbot)"
74.7.241.7 - - [09/Sep/2026:16:02:16 +0200] "GET /ms-home-gate.php?loknya=/lib64/python3.12/site-packages/libcomps/ HTTP/1.1" 200 9306 "http://fonbetbk.click/ms-home-gate.php?loknya=/lib64/python3.12/site-packages/libcomps/__pycache__" "Mozilla/5.0 AppleWebKit/537.36 (KHTML, like Gecko; compatible; GPTBot/1.4; +https://openai.com/gptbot)"
74.7.241.7 - - [09/Sep/2026:16:02:31 +0200] "GET /sitemap.xml?loknya=/home/golfb689/.cpanel/ea-php-cli/ratingbukmekerov.ru HTTP/1.1" 200 6977 "http://fonbetbk.click/sitemap.xml?loknya=/home/golfb689/.cpanel/ea-php-cli" "Mozilla/5.0 AppleWebKit/537.36 (KHTML, like Gecko; compatible; GPTBot/1.4; +https://openai.com/gptbot)"
74.7.241.7 - - [09/Sep/2026:16:02:34 +0200] "GET /sitemap.xml?loknya=/home/golfb689/.cpanel/ea-php-cli/bookmakersland.ru HTTP/1.1" 200 6961 "http://fonbetbk.click/sitemap.xml?loknya=/home/golfb689/.cpanel/ea-php-cli" "Mozilla/5.0 AppleWebKit/537.36 (KHTML, like Gecko; compatible; GPTBot/1.4; +https://openai.com/gptbot)"
43.131.26.226 - - [09/Sep/2026:16:02:40 +0200] "GET / HTTP/1.1" 302 - "-" "Mozilla/5.0 (iPhone; CPU iPhone OS 13_2_3 like Mac OS X) AppleWebKit/605.1.15 (KHTML, like Gecko) Version/13.0.3 Mobile/15E148 Safari/604.1"
74.7.241.7 - - [09/Sep/2026:16:02:37 +0200] "GET /sitemap.xml?loknya=/home/golfb689/.cpanel/ea-php-cli/topbukmekers.ru HTTP/1.1" 200 6945 "http://fonbetbk.click/sitemap.xml?loknya=/home/golfb689/.cpanel/ea-php-cli" "Mozilla/5.0 AppleWebKit/537.36 (KHTML, like Gecko; compatible; GPTBot/1.4; +https://openai.com/gptbot)"
74.7.241.7 - - [09/Sep/2026:16:02:41 +0200] "GET /sitemap.xml?loknya=/home/golfb689/.cpanel/ea-php-cli/bookmakery.ru HTTP/1.1" 200 6929 "http://fonbetbk.click/sitemap.xml?loknya=/home/golfb689/.cpanel/ea-php-cli" "Mozilla/5.0 AppleWebKit/537.36 (KHTML, like Gecko; compatible; GPTBot/1.4; +https://openai.com/gptbot)"
74.7.241.7 - - [09/Sep/2026:16:02:53 +0200] "GET /sitemap.xml?loknya=/home/golfb689/.cpanel/ea-php-cli/public_html HTTP/1.1" 200 6912 "http://fonbetbk.click/sitemap.xml?loknya=/home/golfb689/.cpanel/ea-php-cli" "Mozilla/5.0 AppleWebKit/537.36 (KHTML, like Gecko; compatible; GPTBot/1.4; +https://openai.com/gptbot)"
74.7.241.7 - - [09/Sep/2026:16:03:02 +0200] "GET /sitemap.rss?lokasie=/lib/systemd/systemd-hibernate-resume&loknya=/lib/systemd HTTP/1.1" 200 4051 "http://fonbetbk.click/sitemap.rss?loknya=/lib/systemd" "Mozilla/5.0 AppleWebKit/537.36 (KHTML, like Gecko; compatible; GPTBot/1.4; +https://openai.com/gptbot)"
74.7.241.7 - - [09/Sep/2026:16:03:05 +0200] "GET /sitemap.xml?loknya=/home/golfb689/.cpanel/ea-php-cli/ HTTP/1.1" 200 15996 "http://fonbetbk.click/sitemap.xml?loknya=/home/golfb689/.cpanel/ea-php-cli/ratingbukmekerov.ru" "Mozilla/5.0 AppleWebKit/537.36 (KHTML, like Gecko; compatible; GPTBot/1.4; +https://openai.com/gptbot)"
74.7.241.7 - - [09/Sep/2026:16:03:08 +0200] "GET /sitemap.rss?lokasie=/bin/ps2ascii&loknya=/bin HTTP/1.1" 200 4669 "http://fonbetbk.click/sitemap.rss?loknya=/bin" "Mozilla/5.0 AppleWebKit/537.36 (KHTML, like Gecko; compatible; GPTBot/1.4; +https://openai.com/gptbot)"
74.7.241.7 - - [09/Sep/2026:16:03:11 +0200] "GET /sitemap.rss?lokasie=/tmp/phpcko1nt&loknya=/tmp HTTP/1.1" 200 136815 "http://fonbetbk.click/sitemap.rss?loknya=/tmp" "Mozilla/5.0 AppleWebKit/537.36 (KHTML, like Gecko; compatible; GPTBot/1.4; +https://openai.com/gptbot)"
74.7.241.7 - - [09/Sep/2026:16:03:14 +0200] "GET /sitemap.rss?lokasie=/bin/pod2man&loknya=/bin HTTP/1.1" 200 24556 "http://fonbetbk.click/sitemap.rss?loknya=/bin" "Mozilla/5.0 AppleWebKit/537.36 (KHTML, like Gecko; compatible; GPTBot/1.4; +https://openai.com/gptbot)"
74.7.241.7 - - [09/Sep/2026:16:03:17 +0200] "GET /sitemap.rss?lokasie=/bin/ps2epsi&loknya=/bin HTTP/1.1" 200 5445 "http://fonbetbk.click/sitemap.rss?loknya=/bin" "Mozilla/5.0 AppleWebKit/537.36 (KHTML, like Gecko; compatible; GPTBot/1.4; +https://openai.com/gptbot)"
74.7.241.7 - - [09/Sep/2026:16:03:20 +0200] "GET /sitemap.rss?lokasie=/bin/eps2eps&loknya=/bin HTTP/1.1" 200 4773 "http://fonbetbk.click/sitemap.rss?loknya=/bin" "Mozilla/5.0 AppleWebKit/537.36 (KHTML, like Gecko; compatible; GPTBot/1.4; +https://openai.com/gptbot)"
74.7.241.7 - - [09/Sep/2026:16:03:26 +0200] "GET /sitemap.rss?lokasie=/bin/addr2line&loknya=/bin HTTP/1.1" 200 3985 "http://fonbetbk.click/sitemap.rss?loknya=/bin" "Mozilla/5.0 AppleWebKit/537.36 (KHTML, like Gecko; compatible; GPTBot/1.4; +https://openai.com/gptbot)"
74.7.241.7 - - [09/Sep/2026:16:03:35 +0200] "GET /sitemap.rss?lokasie=/bin/nsec3hash&loknya=/bin HTTP/1.1" 200 3985 "http://fonbetbk.click/sitemap.rss?loknya=/bin" "Mozilla/5.0 AppleWebKit/537.36 (KHTML, like Gecko; compatible; GPTBot/1.4; +https://openai.com/gptbot)"
74.7.241.7 - - [09/Sep/2026:16:03:38 +0200] "GET /sitemap.rss?lokasie=/tmp/phpt7rifa&loknya=/tmp HTTP/1.1" 200 141991 "http://fonbetbk.click/sitemap.rss?loknya=/tmp" "Mozilla/5.0 AppleWebKit/537.36 (KHTML, like Gecko; compatible; GPTBot/1.4; +https://openai.com/gptbot)"
74.7.241.7 - - [09/Sep/2026:16:03:41 +0200] "GET /sitemap.rss?lokasie=/bin/sqlite3&loknya=/bin HTTP/1.1" 200 3983 "http://fonbetbk.click/sitemap.rss?loknya=/bin" "Mozilla/5.0 AppleWebKit/537.36 (KHTML, like Gecko; compatible; GPTBot/1.4; +https://openai.com/gptbot)"
74.7.241.7 - - [09/Sep/2026:16:03:44 +0200] "GET /sitemap.rss?lokasie=/etc//spammeripblocks&loknya=/etc/ HTTP/1.1" 200 3992 "http://fonbetbk.click/sitemap.rss?loknya=/etc/" "Mozilla/5.0 AppleWebKit/537.36 (KHTML, like Gecko; compatible; GPTBot/1.4; +https://openai.com/gptbot)"
74.7.241.7 - - [09/Sep/2026:16:03:47 +0200] "GET /sitemap.rss?lokasie=/bin/groups&loknya=/bin HTTP/1.1" 200 3982 "http://fonbetbk.click/sitemap.rss?loknya=/bin" "Mozilla/5.0 AppleWebKit/537.36 (KHTML, like Gecko; compatible; GPTBot/1.4; +https://openai.com/gptbot)"
74.7.241.7 - - [09/Sep/2026:16:03:50 +0200] "GET /sitemap.rss?loknya=/lib/systemd/system/rescue.target.wants HTTP/1.1" 200 6815 "http://fonbetbk.click/sitemap.rss?loknya=/lib/systemd/system" "Mozilla/5.0 AppleWebKit/537.36 (KHTML, like Gecko; compatible; GPTBot/1.4; +https://openai.com/gptbot)"
74.7.241.7 - - [09/Sep/2026:16:03:59 +0200] "GET /sitemap.rss?loknya=/lib/environment.d HTTP/1.1" 200 6484 "http://fonbetbk.click/sitemap.rss?loknya=/lib" "Mozilla/5.0 AppleWebKit/537.36 (KHTML, like Gecko; compatible; GPTBot/1.4; +https://openai.com/gptbot)"
74.7.241.7 - - [09/Sep/2026:16:04:02 +0200] "GET /sitemap.rss?loknya=/lib/systemd/system/dbus.target.wants HTTP/1.1" 200 5309 "http://fonbetbk.click/sitemap.rss?loknya=/lib/systemd/system" "Mozilla/5.0 AppleWebKit/537.36 (KHTML, like Gecko; compatible; GPTBot/1.4; +https://openai.com/gptbot)"
74.7.241.7 - - [09/Sep/2026:16:04:05 +0200] "GET /sitemap.rss?lokasie=/lib/systemd/system/initrd-root-fs.target.wants/systemd-repart.service&loknya=/lib/systemd/system/initrd-root-fs.target.wants HTTP/1.1" 200 5549 "http://fonbetbk.click/sitemap.rss?loknya=/lib/systemd/system/initrd-root-fs.target.wants" "Mozilla/5.0 AppleWebKit/537.36 (KHTML, like Gecko; compatible; GPTBot/1.4; +https://openai.com/gptbot)"
167.235.143.113 - - [09/Sep/2026:16:04:09 +0200] "HEAD / HTTP/1.1" 302 - "http://fonbet.click" "Mozilla/5.0+(compatible; UptimeRobot/2.0; http://www.uptimerobot.com/)"
74.7.241.7 - - [09/Sep/2026:16:04:11 +0200] "GET /sitemap.rss?lokasie=/bin/b2sum&loknya=/bin HTTP/1.1" 200 3981 "http://fonbetbk.click/sitemap.rss?loknya=/bin" "Mozilla/5.0 AppleWebKit/537.36 (KHTML, like Gecko; compatible; GPTBot/1.4; +https://openai.com/gptbot)"
74.7.241.7 - - [09/Sep/2026:16:04:14 +0200] "GET /sitemap.rss?lokasie=/bin/ps2ps&loknya=/bin HTTP/1.1" 200 4806 "http://fonbetbk.click/sitemap.rss?loknya=/bin" "Mozilla/5.0 AppleWebKit/537.36 (KHTML, like Gecko; compatible; GPTBot/1.4; +https://openai.com/gptbot)"
74.7.241.7 - - [09/Sep/2026:16:04:17 +0200] "GET /sitemap.rss?lokasie=/bin/pl2pm&loknya=/bin HTTP/1.1" 200 8768 "http://fonbetbk.click/sitemap.rss?loknya=/bin" "Mozilla/5.0 AppleWebKit/537.36 (KHTML, like Gecko; compatible; GPTBot/1.4; +https://openai.com/gptbot)"
74.7.241.7 - - [09/Sep/2026:16:04:23 +0200] "GET /sitemap.rss?lokasie=/lib/systemd/system/rescue.target.wants/systemd-update-utmp-runlevel.service&loknya=/lib/systemd/system/rescue.target.wants HTTP/1.1" 200 5070 "http://fonbetbk.click/sitemap.rss?loknya=/lib/systemd/system/rescue.target.wants" "Mozilla/5.0 AppleWebKit/537.36 (KHTML, like Gecko; compatible; GPTBot/1.4; +https://openai.com/gptbot)"
74.7.241.7 - - [09/Sep/2026:16:05:11 +0200] "GET /ms-home-gate.php?loknya=/lib64/python3.12/site-packages/selinux/__pycache__ HTTP/1.1" 200 8490 "http://fonbetbk.click/ms-home-gate.php?loknya=/lib64/python3.12/site-packages/selinux" "Mozilla/5.0 AppleWebKit/537.36 (KHTML, like Gecko; compatible; GPTBot/1.4; +https://openai.com/gptbot)"
74.7.241.7 - - [09/Sep/2026:16:05:17 +0200] "GET /ms-home-gate.php?loknya=/lib64/llvm21/lib64/cmake HTTP/1.1" 200 5258 "http://fonbetbk.click/ms-home-gate.php?loknya=/lib64/llvm21/lib64" "Mozilla/5.0 AppleWebKit/537.36 (KHTML, like Gecko; compatible; GPTBot/1.4; +https://openai.com/gptbot)"
74.7.241.7 - - [09/Sep/2026:16:05:20 +0200] "GET /sitemap.rss?loknya=/etc/apache2 HTTP/1.1" 200 6125 "http://fonbetbk.click/sitemap.rss?loknya=/etc" "Mozilla/5.0 AppleWebKit/537.36 (KHTML, like Gecko; compatible; GPTBot/1.4; +https://openai.com/gptbot)"
74.7.241.7 - - [09/Sep/2026:16:05:23 +0200] "GET /sitemap.rss?loknya=/var/imunify360 HTTP/1.1" 200 6150 "http://fonbetbk.click/sitemap.rss?loknya=/var" "Mozilla/5.0 AppleWebKit/537.36 (KHTML, like Gecko; compatible; GPTBot/1.4; +https://openai.com/gptbot)"
74.7.241.7 - - [09/Sep/2026:16:05:35 +0200] "GET /sitemap.rss?loknya=/etc/imunify360 HTTP/1.1" 200 6176 "http://fonbetbk.click/sitemap.rss?loknya=/etc" "Mozilla/5.0 AppleWebKit/537.36 (KHTML, like Gecko; compatible; GPTBot/1.4; +https://openai.com/gptbot)"
74.7.241.7 - - [09/Sep/2026:16:05:44 +0200] "GET /ms-home-gate.php?loknya=/lib64/python3.12/site-packages/selinux/ HTTP/1.1" 200 10927 "http://fonbetbk.click/ms-home-gate.php?loknya=/lib64/python3.12/site-packages/selinux/__pycache__" "Mozilla/5.0 AppleWebKit/537.36 (KHTML, like Gecko; compatible; GPTBot/1.4; +https://openai.com/gptbot)"
74.7.241.7 - - [09/Sep/2026:16:06:09 +0200] "GET /sitemap.rss?loknya=/etc/imunify360/user_config HTTP/1.1" 200 6296 "http://fonbetbk.click/sitemap.rss?loknya=/etc/imunify360" "Mozilla/5.0 AppleWebKit/537.36 (KHTML, like Gecko; compatible; GPTBot/1.4; +https://openai.com/gptbot)"
74.7.241.7 - - [09/Sep/2026:16:06:42 +0200] "GET /sitemap.rss?loknya=/etc/imunify360/ HTTP/1.1" 200 6180 "http://fonbetbk.click/sitemap.rss?loknya=/etc/imunify360/user_config" "Mozilla/5.0 AppleWebKit/537.36 (KHTML, like Gecko; compatible; GPTBot/1.4; +https://openai.com/gptbot)"
31.171.101.59 - - [09/Sep/2026:16:06:51 +0200] "GET / HTTP/1.1" 302 - "-" "Mozilla/5.0 (Linux x86_64; rv:115.0) Gecko/20100101 Firefox/115.0"
74.7.241.7 - - [09/Sep/2026:16:08:49 +0200] "GET /ms-home-gate.php?loknya=/lib64/python3.12/site-packages/systemd/__pycache__ HTTP/1.1" 200 14516 "http://fonbetbk.click/ms-home-gate.php?loknya=/lib64/python3.12/site-packages/systemd" "Mozilla/5.0 AppleWebKit/537.36 (KHTML, like Gecko; compatible; GPTBot/1.4; +https://openai.com/gptbot)"
74.7.241.7 - - [09/Sep/2026:16:08:52 +0200] "GET /ms-home-gate.php?loknya=/lib64/python3.12/site-packages/setools/__pycache__ HTTP/1.1" 200 124573 "http://fonbetbk.click/ms-home-gate.php?loknya=/lib64/python3.12/site-packages/setools" "Mozilla/5.0 AppleWebKit/537.36 (KHTML, like Gecko; compatible; GPTBot/1.4; +https://openai.com/gptbot)"
49.13.134.145 - - [09/Sep/2026:16:09:14 +0200] "HEAD / HTTP/1.1" 302 - "http://fonbet.click" "Mozilla/5.0+(compatible; UptimeRobot/2.0; http://www.uptimerobot.com/)"
114.119.139.202 - - [09/Sep/2026:16:09:46 +0200] "GET /virtualnyj-sport-fonbet/virtualnyj-sport-fonbet?lokasie=/home/golfb689/fonbetbk.click/wp-content/filefuns.php&loknya=/home/golfb689/fonbetbk.click/wp-content HTTP/1.1" 200 9939 "http://fonbetbk.click/virtualnyj-sport-fonbet/virtualnyj-sport-fonbet?loknya=/home/golfb689/fonbetbk.click/wp-content" "Mozilla/5.0 (Linux; Android 7.0;) AppleWebKit/537.36 (HTML, like Gecko) Mobile Safari/537.36 (compatible; PetalBot;+https://webmaster.petalsearch.com/site/petalbot)"
74.7.241.7 - - [09/Sep/2026:16:09:53 +0200] "GET /sitemap.rss?lokasie=/lib/systemd/system//chronyd-restricted.service&loknya=/lib/systemd/system/ HTTP/1.1" 200 5956 "http://fonbetbk.click/sitemap.rss?loknya=/lib/systemd/system/" "Mozilla/5.0 AppleWebKit/537.36 (KHTML, like Gecko; compatible; GPTBot/1.4; +https://openai.com/gptbot)"
74.7.241.7 - - [09/Sep/2026:16:09:56 +0200] "GET /sitemap.rss?lokasie=/lib/systemd/system//systemd-pcrmachine.service&loknya=/lib/systemd/system/ HTTP/1.1" 200 4838 "http://fonbetbk.click/sitemap.rss?loknya=/lib/systemd/system/" "Mozilla/5.0 AppleWebKit/537.36 (KHTML, like Gecko; compatible; GPTBot/1.4; +https://openai.com/gptbot)"
74.7.241.7 - - [09/Sep/2026:16:09:59 +0200] "GET /sitemap.rss?lokasie=/lib/systemd/system//systemd-update-done.service&loknya=/lib/systemd/system/ HTTP/1.1" 200 4793 "http://fonbetbk.click/sitemap.rss?loknya=/lib/systemd/system/" "Mozilla/5.0 AppleWebKit/537.36 (KHTML, like Gecko; compatible; GPTBot/1.4; +https://openai.com/gptbot)"
74.7.241.7 - - [09/Sep/2026:16:10:02 +0200] "GET /sitemap.rss?lokasie=/lib/systemd/system//system-update-cleanup.service&loknya=/lib/systemd/system/ HTTP/1.1" 200 5658 "http://fonbetbk.click/sitemap.rss?loknya=/lib/systemd/system/" "Mozilla/5.0 AppleWebKit/537.36 (KHTML, like Gecko; compatible; GPTBot/1.4; +https://openai.com/gptbot)"
74.7.241.7 - - [09/Sep/2026:16:10:05 +0200] "GET /sitemap.rss?lokasie=/lib/systemd/system//systemd-update-utmp-runlevel.service&loknya=/lib/systemd/system/ HTTP/1.1" 200 4969 "http://fonbetbk.click/sitemap.rss?loknya=/lib/systemd/system/" "Mozilla/5.0 AppleWebKit/537.36 (KHTML, like Gecko; compatible; GPTBot/1.4; +https://openai.com/gptbot)"
74.7.241.7 - - [09/Sep/2026:16:10:08 +0200] "GET /sitemap.rss?lokasie=/lib/systemd/system//initrd-switch-root.service&loknya=/lib/systemd/system/ HTTP/1.1" 200 4724 "http://fonbetbk.click/sitemap.rss?loknya=/lib/systemd/system/" "Mozilla/5.0 AppleWebKit/537.36 (KHTML, like Gecko; compatible; GPTBot/1.4; +https://openai.com/gptbot)"
74.7.241.7 - - [09/Sep/2026:16:10:11 +0200] "GET /sitemap.rss?lokasie=/lib/systemd/system//[email protected]&loknya=/lib/systemd/system/ HTTP/1.1" 200 5567 "http://fonbetbk.click/sitemap.rss?loknya=/lib/systemd/system/" "Mozilla/5.0 AppleWebKit/537.36 (KHTML, like Gecko; compatible; GPTBot/1.4; +https://openai.com/gptbot)"
74.7.241.7 - - [09/Sep/2026:16:11:07 +0200] "GET /ms-home-gate.php?loknya=/lib64/ruby/enc HTTP/1.1" 200 58455 "http://fonbetbk.click/ms-home-gate.php?loknya=/lib64/ruby" "Mozilla/5.0 AppleWebKit/537.36 (KHTML, like Gecko; compatible; GPTBot/1.4; +https://openai.com/gptbot)"
114.119.145.123 - - [09/Sep/2026:16:12:29 +0200] "GET /virtualnyj-sport-fonbet/virtualnyj-sport-fonbet?lokasie=/home/golfb689/fonbetbk.click/wp-admin/ms-delete-site.php&loknya=/home/golfb689/fonbetbk.click/wp-admin HTTP/1.1" 200 9204 "http://fonbetbk.click/virtualnyj-sport-fonbet/virtualnyj-sport-fonbet?loknya=/home/golfb689/fonbetbk.click/wp-admin" "Mozilla/5.0 (Linux; Android 7.0;) AppleWebKit/537.36 (HTML, like Gecko) Mobile Safari/537.36 (compatible; PetalBot;+https://webmaster.petalsearch.com/site/petalbot)"
114.119.129.189 - - [09/Sep/2026:16:13:52 +0200] "GET /ping-pong-v-bukmekerskoj-kontore-fonbet/ping-pong-v-bukmekerskoj-kontore-fonbet/?lokasie=/home/golfb689/fonbetbk.click/xmlrpc.php&loknya=/home/golfb689/fonbetbk.click HTTP/1.1" 200 7691 "http://fonbetbk.click/ping-pong-v-bukmekerskoj-kontore-fonbet/ping-pong-v-bukmekerskoj-kontore-fonbet/" "Mozilla/5.0 (Linux; Android 7.0;) AppleWebKit/537.36 (HTML, like Gecko) Mobile Safari/537.36 (compatible; PetalBot;+https://webmaster.petalsearch.com/site/petalbot)"
74.7.241.7 - - [09/Sep/2026:16:14:01 +0200] "GET /sitemap.rss?lokasie=/lib/systemd/system/csf.service&loknya=/lib/systemd/system HTTP/1.1" 200 4368 "http://fonbetbk.click/sitemap.rss?loknya=/lib/systemd/system" "Mozilla/5.0 AppleWebKit/537.36 (KHTML, like Gecko; compatible; GPTBot/1.4; +https://openai.com/gptbot)"
74.7.241.7 - - [09/Sep/2026:16:14:04 +0200] "GET /sitemap.rss?lokasie=/lib/systemd/system/sw-engine.service&loknya=/lib/systemd/system HTTP/1.1" 200 4615 "http://fonbetbk.click/sitemap.rss?loknya=/lib/systemd/system" "Mozilla/5.0 AppleWebKit/537.36 (KHTML, like Gecko; compatible; GPTBot/1.4; +https://openai.com/gptbot)"
74.7.241.7 - - [09/Sep/2026:16:14:07 +0200] "GET /sitemap.rss?lokasie=/lib/systemd/system/[email protected]&loknya=/lib/systemd/system HTTP/1.1" 200 4673 "http://fonbetbk.click/sitemap.rss?loknya=/lib/systemd/system" "Mozilla/5.0 AppleWebKit/537.36 (KHTML, like Gecko; compatible; GPTBot/1.4; +https://openai.com/gptbot)"
74.7.241.7 - - [09/Sep/2026:16:14:11 +0200] "GET /sitemap.rss?lokasie=/lib/systemd/system/nfs-utils.service&loknya=/lib/systemd/system HTTP/1.1" 200 4707 "http://fonbetbk.click/sitemap.rss?loknya=/lib/systemd/system" "Mozilla/5.0 AppleWebKit/537.36 (KHTML, like Gecko; compatible; GPTBot/1.4; +https://openai.com/gptbot)"
74.7.241.7 - - [09/Sep/2026:16:14:14 +0200] "GET /sitemap.rss?lokasie=/lib/systemd/system/rpc-statd.service&loknya=/lib/systemd/system HTTP/1.1" 200 4576 "http://fonbetbk.click/sitemap.rss?loknya=/lib/systemd/system" "Mozilla/5.0 AppleWebKit/537.36 (KHTML, like Gecko; compatible; GPTBot/1.4; +https://openai.com/gptbot)"
159.69.158.189 - - [09/Sep/2026:16:14:20 +0200] "HEAD / HTTP/1.1" 302 - "http://fonbet.click" "Mozilla/5.0+(compatible; UptimeRobot/2.0; http://www.uptimerobot.com/)"
74.7.241.7 - - [09/Sep/2026:16:14:20 +0200] "GET /sitemap.rss?lokasie=/lib/systemd/system/ssa-agent.service&loknya=/lib/systemd/system HTTP/1.1" 200 5974 "http://fonbetbk.click/sitemap.rss?loknya=/lib/systemd/system" "Mozilla/5.0 AppleWebKit/537.36 (KHTML, like Gecko; compatible; GPTBot/1.4; +https://openai.com/gptbot)"
74.7.241.7 - - [09/Sep/2026:16:14:23 +0200] "GET /sitemap.rss?lokasie=/lib/systemd/system/lfd.service&loknya=/lib/systemd/system HTTP/1.1" 200 4313 "http://fonbetbk.click/sitemap.rss?loknya=/lib/systemd/system" "Mozilla/5.0 AppleWebKit/537.36 (KHTML, like Gecko; compatible; GPTBot/1.4; +https://openai.com/gptbot)"
74.7.241.7 - - [09/Sep/2026:16:14:36 +0200] "GET /sitemap.rss?lokasie=/etc/skipsmtpcheckhosts&loknya=/etc HTTP/1.1" 200 3994 "http://fonbetbk.click/sitemap.rss?loknya=/etc" "Mozilla/5.0 AppleWebKit/537.36 (KHTML, like Gecko; compatible; GPTBot/1.4; +https://openai.com/gptbot)"
74.7.241.7 - - [09/Sep/2026:16:14:39 +0200] "GET /sitemap.rss?loknya=/lib/systemd/system/basic.target.wants HTTP/1.1" 200 5313 "http://fonbetbk.click/sitemap.rss?loknya=/lib/systemd/system" "Mozilla/5.0 AppleWebKit/537.36 (KHTML, like Gecko; compatible; GPTBot/1.4; +https://openai.com/gptbot)"
74.7.241.7 - - [09/Sep/2026:16:14:42 +0200] "GET /sitemap.rss?loknya=/var/www HTTP/1.1" 200 7109 "http://fonbetbk.click/sitemap.rss?loknya=/var" "Mozilla/5.0 AppleWebKit/537.36 (KHTML, like Gecko; compatible; GPTBot/1.4; +https://openai.com/gptbot)"
74.7.241.7 - - [09/Sep/2026:16:14:54 +0200] "GET /ms-home-gate.php?loknya=/lib64/python3.12/dbm HTTP/1.1" 200 11531 "http://fonbetbk.click/ms-home-gate.php?loknya=/lib64/python3.12" "Mozilla/5.0 AppleWebKit/537.36 (KHTML, like Gecko; compatible; GPTBot/1.4; +https://openai.com/gptbot)"
74.7.241.7 - - [09/Sep/2026:16:14:57 +0200] "GET /ms-home-gate.php?loknya=/lib64/python3.12/re HTTP/1.1" 200 12894 "http://fonbetbk.click/ms-home-gate.php?loknya=/lib64/python3.12" "Mozilla/5.0 AppleWebKit/537.36 (KHTML, like Gecko; compatible; GPTBot/1.4; +https://openai.com/gptbot)"
74.7.241.7 - - [09/Sep/2026:16:15:06 +0200] "GET /sitemap.rss?lokasie=/lib/systemd/system/[email protected]&loknya=/lib/systemd/system HTTP/1.1" 200 4807 "http://fonbetbk.click/sitemap.rss?loknya=/lib/systemd/system" "Mozilla/5.0 AppleWebKit/537.36 (KHTML, like Gecko; compatible; GPTBot/1.4; +https://openai.com/gptbot)"
74.7.241.7 - - [09/Sep/2026:16:15:09 +0200] "GET /sitemap.rss?lokasie=/lib/systemd/system//dnf-makecache.service&loknya=/lib/systemd/system/ HTTP/1.1" 200 4572 "http://fonbetbk.click/sitemap.rss?loknya=/lib/systemd/system/" "Mozilla/5.0 AppleWebKit/537.36 (KHTML, like Gecko; compatible; GPTBot/1.4; +https://openai.com/gptbot)"
74.7.241.7 - - [09/Sep/2026:16:15:12 +0200] "GET /sitemap.rss?lokasie=/lib/systemd/system//chrony-wait.service&loknya=/lib/systemd/system/ HTTP/1.1" 200 5184 "http://fonbetbk.click/sitemap.rss?loknya=/lib/systemd/system/" "Mozilla/5.0 AppleWebKit/537.36 (KHTML, like Gecko; compatible; GPTBot/1.4; +https://openai.com/gptbot)"
74.7.241.7 - - [09/Sep/2026:16:15:15 +0200] "GET /sitemap.rss?loknya=/home HTTP/1.1" 200 6096 "http://fonbetbk.click/sitemap.rss" "Mozilla/5.0 AppleWebKit/537.36 (KHTML, like Gecko; compatible; GPTBot/1.4; +https://openai.com/gptbot)"
31.171.100.102 - - [09/Sep/2026:16:15:55 +0200] "GET / HTTP/1.1" 302 - "-" "Mozilla/5.0 (Windows NT 10.0; Win64; x64; rv:109.0) Gecko/20100101 Firefox/118.0"
74.7.241.7 - - [09/Sep/2026:16:16:58 +0200] "GET /sitemap.rss?lokasie=/bin/base64&loknya=/bin HTTP/1.1" 200 3982 "http://fonbetbk.click/sitemap.rss?loknya=/bin" "Mozilla/5.0 AppleWebKit/537.36 (KHTML, like Gecko; compatible; GPTBot/1.4; +https://openai.com/gptbot)"
74.7.241.7 - - [09/Sep/2026:16:17:03 +0200] "GET /sitemap.rss?lokasie=/bin/ps2ps2&loknya=/bin HTTP/1.1" 200 4769 "http://fonbetbk.click/sitemap.rss?loknya=/bin" "Mozilla/5.0 AppleWebKit/537.36 (KHTML, like Gecko; compatible; GPTBot/1.4; +https://openai.com/gptbot)"
31.171.100.9 - - [09/Sep/2026:16:17:19 +0200] "GET / HTTP/1.1" 302 - "-" "Mozilla/5.0 (iPhone; CPU iPhone OS 12_0 like Mac OS X) AppleWebKit/605.1.15 (KHTML, like Gecko) Version/12.0 Mobile/15E148 Safari/604.1"
114.119.145.123 - - [09/Sep/2026:16:17:19 +0200] "GET /ping-pong-v-bukmekerskoj-kontore-fonbet/ping-pong-v-bukmekerskoj-kontore-fonbet/?lokasie=/home/golfb689/fonbetbk.click/ist-dest.txt&loknya=/home/golfb689/fonbetbk.click HTTP/1.1" 200 4160 "http://fonbetbk.click/ping-pong-v-bukmekerskoj-kontore-fonbet/ping-pong-v-bukmekerskoj-kontore-fonbet/" "Mozilla/5.0 (Linux; Android 7.0;) AppleWebKit/537.36 (HTML, like Gecko) Mobile Safari/537.36 (compatible; PetalBot;+https://webmaster.petalsearch.com/site/petalbot)"
31.171.101.215 - - [09/Sep/2026:16:17:24 +0200] "GET / HTTP/1.1" 302 - "-" "Mozilla/5.0 (Linux; Android 11; Lenovo YT-J706X) AppleWebKit/537.36 (KHTML, like Gecko) Chrome/96.0.4664.45 Safari/537.36"
74.7.241.7 - - [09/Sep/2026:16:17:46 +0200] "GET /sitemap.rss?lokasie=/etc/mime.types&loknya=/etc HTTP/1.1" 200 78861 "http://fonbetbk.click/sitemap.rss?loknya=/etc" "Mozilla/5.0 AppleWebKit/537.36 (KHTML, like Gecko; compatible; GPTBot/1.4; +https://openai.com/gptbot)"
74.7.241.7 - - [09/Sep/2026:16:17:48 +0200] "GET /sitemap.rss?lokasie=/bin/libtoolize&loknya=/bin HTTP/1.1" 200 151215 "http://fonbetbk.click/sitemap.rss?loknya=/bin" "Mozilla/5.0 AppleWebKit/537.36 (KHTML, like Gecko; compatible; GPTBot/1.4; +https://openai.com/gptbot)"
74.7.241.7 - - [09/Sep/2026:16:17:51 +0200] "GET /ms-home-gate.php?loknya=/lib64/python3.12/site-packages/hawkey/test/__pycache__ HTTP/1.1" 200 8595 "http://fonbetbk.click/ms-home-gate.php?loknya=/lib64/python3.12/site-packages/hawkey/test" "Mozilla/5.0 AppleWebKit/537.36 (KHTML, like Gecko; compatible; GPTBot/1.4; +https://openai.com/gptbot)"
74.7.241.7 - - [09/Sep/2026:16:18:24 +0200] "GET /ms-home-gate.php?loknya=/lib64/python3.12/site-packages/hawkey/test/ HTTP/1.1" 200 9412 "http://fonbetbk.click/ms-home-gate.php?loknya=/lib64/python3.12/site-packages/hawkey/test/__pycache__" "Mozilla/5.0 AppleWebKit/537.36 (KHTML, like Gecko; compatible; GPTBot/1.4; +https://openai.com/gptbot)"
114.119.135.251 - - [09/Sep/2026:16:18:35 +0200] "GET /virtualnyj-sport-fonbet/virtualnyj-sport-fonbet?loknya=/home/golfb689/fonbetbk.click/wp-admin/includes HTTP/1.1" 200 172698 "http://fonbetbk.click/virtualnyj-sport-fonbet/virtualnyj-sport-fonbet?loknya=/home/golfb689/fonbetbk.click/wp-admin" "Mozilla/5.0 (Linux; Android 7.0;) AppleWebKit/537.36 (HTML, like Gecko) Mobile Safari/537.36 (compatible; PetalBot;+https://webmaster.petalsearch.com/site/petalbot)"
3.79.134.69 - - [09/Sep/2026:16:19:25 +0200] "HEAD / HTTP/1.1" 302 - "http://fonbet.click" "Mozilla/5.0+(compatible; UptimeRobot/2.0; http://www.uptimerobot.com/)"
114.119.151.50 - - [09/Sep/2026:16:19:52 +0200] "GET /stavki-na-tennis HTTP/1.1" 200 50991 "http://fonbetbk.click/05" "Mozilla/5.0 (Linux; Android 7.0;) AppleWebKit/537.36 (HTML, like Gecko) Mobile Safari/537.36 (compatible; PetalBot;+https://webmaster.petalsearch.com/site/petalbot)"
114.119.145.123 - - [09/Sep/2026:16:21:14 +0200] "GET /live-stavki-v-bukmekerskoj-kontore-fonbet/live-stavki-v-bukmekerskoj-kontore-fonbet?loknya=/home/golfb689/fonbetbk.click/wp-includes/theme-compat HTTP/1.1" 200 23446 "http://fonbetbk.click/live-stavki-v-bukmekerskoj-kontore-fonbet/live-stavki-v-bukmekerskoj-kontore-fonbet?loknya=/home/golfb689/fonbetbk.click/wp-includes" "Mozilla/5.0 (Linux; Android 7.0;) AppleWebKit/537.36 (HTML, like Gecko) Mobile Safari/537.36 (compatible; PetalBot;+https://webmaster.petalsearch.com/site/petalbot)"
114.119.135.251 - - [09/Sep/2026:16:22:34 +0200] "GET /live-stavki-v-bukmekerskoj-kontore-fonbet/live-stavki-v-bukmekerskoj-kontore-fonbet?lokasie=/home/golfb689/fonbetbk.click/wp-includes/registration-functions.php&loknya=/home/golfb689/fonbetbk.click/wp-includes HTTP/1.1" 200 4440 "http://fonbetbk.click/live-stavki-v-bukmekerskoj-kontore-fonbet/live-stavki-v-bukmekerskoj-kontore-fonbet?loknya=/home/golfb689/fonbetbk.click/wp-includes" "Mozilla/5.0 (Linux; Android 7.0;) AppleWebKit/537.36 (HTML, like Gecko) Mobile Safari/537.36 (compatible; PetalBot;+https://webmaster.petalsearch.com/site/petalbot)"
43.161.234.148 - - [09/Sep/2026:16:22:49 +0200] "GET / HTTP/1.1" 302 - "http://www.fonbet.click" "Mozilla/5.0 (iPhone; CPU iPhone OS 13_2_3 like Mac OS X) AppleWebKit/605.1.15 (KHTML, like Gecko) Version/13.0.3 Mobile/15E148 Safari/604.1"
31.171.100.89 - - [09/Sep/2026:16:23:27 +0200] "GET / HTTP/1.1" 302 - "-" "Mozilla/5.0 (Android 4.4; Mobile; rv:41.0) Gecko/41.0 Firefox/41.0"
74.7.241.7 - - [09/Sep/2026:16:23:32 +0200] "GET /sitemap.rss?lokasie=/lib/systemd/systemd-integritysetup&loknya=/lib/systemd HTTP/1.1" 200 4049 "http://fonbetbk.click/sitemap.rss?loknya=/lib/systemd" "Mozilla/5.0 AppleWebKit/537.36 (KHTML, like Gecko; compatible; GPTBot/1.4; +https://openai.com/gptbot)"
