104.219.251.64 - - [09/Sep/2026:18:07:49 +0200] "GET /wp-login.php HTTP/1.1" 302 - "https://moibukmeker.com/wp-login.php" "Mozilla/5.0 (X11; Linux x86_64) AppleWebKit/537.36 (KHTML, like Gecko) Chrome/146.0.0.0 Safari/537.36"
104.219.251.64 - - [09/Sep/2026:18:07:55 +0200] "GET /wp-json/wp/v2/users/me HTTP/1.1" 503 468 "-" "Mozilla/5.0 (X11; Linux x86_64) AppleWebKit/537.36 (KHTML, like Gecko) Chrome/146.0.0.0 Safari/537.36"
104.219.251.64 - - [09/Sep/2026:18:08:03 +0200] "GET /wp-json/wp/v2/users/me HTTP/1.1" 503 468 "-" "Mozilla/5.0 (X11; Linux x86_64) AppleWebKit/537.36 (KHTML, like Gecko) Chrome/146.0.0.0 Safari/537.36"
185.43.220.19 - - [09/Sep/2026:18:09:21 +0200] "POST /wp-cron.php?doing_wp_cron=1788970161.3423469066619873046875 HTTP/1.1" 200 - "-" "WordPress/6.9.4; https://moibukmeker.com"
167.114.139.230 - - [09/Sep/2026:18:09:17 +0200] "GET /calculous/lobbed/33392480116 HTTP/1.1" 404 44822 "-" "Mozilla/5.0 (compatible; AhrefsBot/7.0; +http://ahrefs.com/robot/)"
185.43.220.19 - - [09/Sep/2026:18:11:12 +0200] "POST /wp-cron.php?doing_wp_cron=1788970272.6377210617065429687500 HTTP/1.1" 200 - "-" "WordPress/6.9.4; https://moibukmeker.com"
169.58.247.137 - - [09/Sep/2026:18:11:03 +0200] "GET /wp-login.php HTTP/1.1" 302 - "-" "Mozilla/5.0 (Windows NT 10.0; Win64; x64) AppleWebKit/537.36"
15.235.98.221 - - [09/Sep/2026:18:12:37 +0200] "GET /shops/prower/o3u3t9f8l8a1t2t9e7r19 HTTP/1.1" 404 44822 "-" "Mozilla/5.0 (compatible; AhrefsBot/7.0; +http://ahrefs.com/robot/)"
5.46.197.150 - - [09/Sep/2026:18:13:04 +0200] "GET / HTTP/1.1" 302 - "https://www.google.com/" "Mozilla/5.0 (iPhone; CPU iPhone OS 18_7 like Mac OS X) AppleWebKit/605.1.15 (KHTML, like Gecko) Version/26.6.1 Mobile/15E148 Safari/604.1"
185.43.220.19 - - [09/Sep/2026:18:16:01 +0200] "POST /wp-cron.php?doing_wp_cron=1788970561.2360069751739501953125 HTTP/1.1" 200 - "-" "WordPress/6.9.4; https://moibukmeker.com"
15.235.98.219 - - [09/Sep/2026:18:15:55 +0200] "GET /shops/bidwellii/l3a1p9s3e1961771 HTTP/1.1" 404 44822 "-" "Mozilla/5.0 (compatible; AhrefsBot/7.0; +http://ahrefs.com/robot/)"
185.43.220.19 - - [09/Sep/2026:18:17:18 +0200] "POST /wp-cron.php?doing_wp_cron=1788970638.5382120609283447265625 HTTP/1.1" 200 - "-" "WordPress/6.9.4; https://moibukmeker.com"
51.68.163.208 - - [09/Sep/2026:18:17:11 +0200] "GET /wp-content/plugins/cidaas-pro-master/composer.json HTTP/1.1" 404 44822 "-" "Mozilla/5.0 (X11; Linux x86_64) AppleWebKit/537.36 (KHTML, like Gecko) Chrome/148.0.0.0 Safari/537.36"
51.68.163.208 - - [09/Sep/2026:18:17:22 +0200] "GET /wp-content/plugins/wp-content-filter/wp-content-filter.php?k=woo2026 HTTP/1.1" 404 44822 "-" "Mozilla/5.0 (X11; Linux x86_64) AppleWebKit/537.36 (KHTML, like Gecko) Chrome/147.0.0.0 Safari/537.36"
185.43.220.19 - - [09/Sep/2026:18:17:36 +0200] "POST /wp-cron.php?doing_wp_cron=1788970656.5291080474853515625000 HTTP/1.1" 200 - "-" "WordPress/6.9.4; https://moibukmeker.com"
51.68.163.208 - - [09/Sep/2026:18:17:30 +0200] "GET /blog-verify HTTP/1.1" 404 44713 "-" "Mozilla/5.0 (Windows NT 10.0; Win64; x64; rv:150.0) Gecko/20100101 Firefox/150.0"
5.46.221.158 - - [09/Sep/2026:18:18:14 +0200] "GET / HTTP/1.1" 302 - "https://www.google.com/" "Mozilla/5.0 (Linux; U; Android 15; tr-tr; RMX3930 Build/AP3A.240905.015.A2) AppleWebKit/537.36 (KHTML, like Gecko) Chrome/115.0.5970.168 Mobile Safari/537.36 HeyTapBrowser/45.14.6.1"
185.43.220.19 - - [09/Sep/2026:18:19:21 +0200] "POST /wp-cron.php?doing_wp_cron=1788970761.4258840084075927734375 HTTP/1.1" 200 - "-" "WordPress/6.9.4; https://moibukmeker.com"
142.44.228.191 - - [09/Sep/2026:18:19:16 +0200] "GET /shops/appendectomy/r3o4d1g7e5906346 HTTP/1.1" 404 44822 "-" "Mozilla/5.0 (compatible; AhrefsBot/7.0; +http://ahrefs.com/robot/)"
185.43.220.19 - - [09/Sep/2026:18:23:32 +0200] "POST /wp-cron.php?doing_wp_cron=1788971012.1318039894104003906250 HTTP/1.1" 200 - "-" "WordPress/6.9.4; https://moibukmeker.com"
104.28.254.16 - - [09/Sep/2026:18:23:26 +0200] "GET /_rNd9xZ7kL3 HTTP/1.1" 301 - "https://www.google.com/search?q=www.moibukmeker.com" "Mozilla/5.0 (Macintosh; Intel Mac OS X 14_5) AppleWebKit/605.1.15 (KHTML, like Gecko) Version/18.4 Safari/605.1.15"
104.28.254.16 - - [09/Sep/2026:18:23:35 +0200] "GET /_rNd9xZ7kL3 HTTP/1.1" 301 - "-" "Mozilla/5.0 (Windows NT 10.0; Win64; x64; rv:137.0) Gecko/20100101 Firefox/137.0"
162.241.62.137 - - [09/Sep/2026:18:24:13 +0200] "GET /wp-login.php HTTP/1.1" 302 - "-" "Mozilla/5.0 (X11; Linux x86_64) AppleWebKit/537.36 (KHTML, like Gecko) Chrome/146.0.0.0 Safari/537.36"
162.241.62.137 - - [09/Sep/2026:18:24:20 +0200] "GET /wp-login.php HTTP/1.1" 503 468 "https://moibukmeker.com/wp-login.php" "Mozilla/5.0 (X11; Linux x86_64) AppleWebKit/537.36 (KHTML, like Gecko) Chrome/146.0.0.0 Safari/537.36"
162.241.62.137 - - [09/Sep/2026:18:24:28 +0200] "GET /wp-json/wp/v2/users/me HTTP/1.1" 503 468 "-" "Mozilla/5.0 (X11; Linux x86_64) AppleWebKit/537.36 (KHTML, like Gecko) Chrome/146.0.0.0 Safari/537.36"
185.43.220.19 - - [09/Sep/2026:18:24:50 +0200] "POST /wp-cron.php?doing_wp_cron=1788971090.5295090675354003906250 HTTP/1.1" 200 - "-" "WordPress/6.9.4; https://moibukmeker.com"
162.241.62.137 - - [09/Sep/2026:18:24:40 +0200] "GET /wp-json/wp/v2/users/me HTTP/1.1" 401 163 "-" "Mozilla/5.0 (X11; Linux x86_64) AppleWebKit/537.36 (KHTML, like Gecko) Chrome/146.0.0.0 Safari/537.36"
176.55.205.16 - - [09/Sep/2026:18:29:00 +0200] "GET / HTTP/1.1" 302 - "https://www.google.com/" "Mozilla/5.0 (Linux; Android 10; K) AppleWebKit/537.36 (KHTML, like Gecko) Chrome/149.0.0.0 Mobile Safari/537.36"
176.89.34.37 - - [09/Sep/2026:18:31:58 +0200] "GET / HTTP/1.1" 302 - "https://www.google.com/" "Mozilla/5.0 (iPhone; CPU iPhone OS 18_6_2 like Mac OS X) AppleWebKit/605.1.15 (KHTML, like Gecko) Version/18.6 Mobile/15E148 Safari/604.1"
176.89.34.37 - - [09/Sep/2026:18:32:10 +0200] "GET / HTTP/1.1" 302 - "https://www.google.com/" "Mozilla/5.0 (iPhone; CPU iPhone OS 18_6_2 like Mac OS X) AppleWebKit/605.1.15 (KHTML, like Gecko) Version/18.6 Mobile/15E148 Safari/604.1"
185.43.220.19 - - [09/Sep/2026:18:33:36 +0200] "POST /wp-cron.php?doing_wp_cron=1788971616.2454929351806640625000 HTTP/1.1" 200 - "-" "WordPress/6.9.4; https://moibukmeker.com"
196.251.121.150 - - [09/Sep/2026:18:33:33 +0200] "GET /wp-login.php HTTP/1.1" 302 - "-" "Mozilla/5.0 (X11; Linux x86_64) AppleWebKit/537.36 (KHTML, like Gecko) Chrome/120.0.0.0 Safari/537.36"
2a09:bac1:72e0:18::3d6:82 - - [09/Sep/2026:18:33:40 +0200] "GET / HTTP/1.1" 302 - "https://www.google.com/url?q=https://moibukmeker.com/&sa=U&ved=2ahUKEwiy7dzD9uGWAxXWywIHHYgeFko4ChAWegQILRAB&zccpm=epi&usg=AOvVaw1BBoXJ8TaP3A1Ue7yIK8jy" "Mozilla/5.0 (iPhone; CPU iPhone OS 27_0_0 like Mac OS X) AppleWebKit/605.1.15 (KHTML, like Gecko) GSA/436.4.969249353 Mobile/15E148 Safari/604.1"
196.251.121.150 - - [09/Sep/2026:18:33:36 +0200] "GET /wp-login.php HTTP/1.1" 302 - "-" "Mozilla/5.0 (X11; Linux x86_64) AppleWebKit/537.36 (KHTML, like Gecko) Chrome/120.0.0.0 Safari/537.36"
196.251.121.150 - - [09/Sep/2026:18:33:41 +0200] "GET /wp-login.php HTTP/1.1" 302 - "-" "Mozilla/5.0 (X11; Linux x86_64) AppleWebKit/537.36 (KHTML, like Gecko) Chrome/120.0.0.0 Safari/537.36"
196.251.121.150 - - [09/Sep/2026:18:33:44 +0200] "GET /wp-login.php HTTP/1.1" 302 - "-" "Mozilla/5.0 (X11; Linux x86_64) AppleWebKit/537.36 (KHTML, like Gecko) Chrome/120.0.0.0 Safari/537.36"
196.251.121.150 - - [09/Sep/2026:18:33:46 +0200] "GET /wp-login.php HTTP/1.1" 302 - "-" "Mozilla/5.0 (X11; Linux x86_64) AppleWebKit/537.36 (KHTML, like Gecko) Chrome/120.0.0.0 Safari/537.36"
196.251.121.150 - - [09/Sep/2026:18:33:48 +0200] "GET /wp-login.php HTTP/1.1" 302 - "-" "Mozilla/5.0 (X11; Linux x86_64) AppleWebKit/537.36 (KHTML, like Gecko) Chrome/120.0.0.0 Safari/537.36"
50.116.87.130 - - [09/Sep/2026:18:33:50 +0200] "GET /wp-login.php HTTP/1.1" 302 - "-" "Mozilla/5.0 (Macintosh; Intel Mac OS X 10_15_7) AppleWebKit/537.36 (KHTML, like Gecko) Chrome/152.0.0.0 Safari/537.36"
196.251.121.150 - - [09/Sep/2026:18:33:50 +0200] "GET /wp-login.php HTTP/1.1" 302 - "-" "Mozilla/5.0 (X11; Linux x86_64) AppleWebKit/537.36 (KHTML, like Gecko) Chrome/120.0.0.0 Safari/537.36"
196.251.121.150 - - [09/Sep/2026:18:33:54 +0200] "GET /wp-login.php HTTP/1.1" 302 - "-" "Mozilla/5.0 (X11; Linux x86_64) AppleWebKit/537.36 (KHTML, like Gecko) Chrome/120.0.0.0 Safari/537.36"
50.116.87.130 - - [09/Sep/2026:18:33:54 +0200] "GET /wp-login.php HTTP/1.1" 302 - "https://moibukmeker.com/wp-login.php" "Mozilla/5.0 (Macintosh; Intel Mac OS X 10_15_7) AppleWebKit/537.36 (KHTML, like Gecko) Chrome/152.0.0.0 Safari/537.36"
50.116.87.130 - - [09/Sep/2026:18:33:59 +0200] "GET /wp-login.php HTTP/1.1" 302 - "https://moibukmeker.com/wp-login.php" "Mozilla/5.0 (Macintosh; Intel Mac OS X 10_15_7) AppleWebKit/537.36 (KHTML, like Gecko) Chrome/152.0.0.0 Safari/537.36"
50.116.87.130 - - [09/Sep/2026:18:34:04 +0200] "GET /wp-login.php HTTP/1.1" 302 - "https://moibukmeker.com/wp-login.php" "Mozilla/5.0 (Macintosh; Intel Mac OS X 10_15_7) AppleWebKit/537.36 (KHTML, like Gecko) Chrome/152.0.0.0 Safari/537.36"
50.116.87.130 - - [09/Sep/2026:18:34:05 +0200] "GET /wp-json/wp/v2/users/me HTTP/1.1" 401 163 "-" "Mozilla/5.0 (Macintosh; Intel Mac OS X 10_15_7) AppleWebKit/537.36 (KHTML, like Gecko) Chrome/152.0.0.0 Safari/537.36"
185.43.220.19 - - [09/Sep/2026:18:36:38 +0200] "POST /wp-cron.php?doing_wp_cron=1788971798.8331129550933837890625 HTTP/1.1" 200 - "-" "WordPress/6.9.4; https://moibukmeker.com"
103.173.227.188 - - [09/Sep/2026:18:36:35 +0200] "GET /wp-login.php HTTP/1.1" 302 - "-" "Mozilla/5.0 (Macintosh; Intel Mac OS X 10_15_7) AppleWebKit/537.36 (KHTML, like Gecko) Chrome/146.0.0.0 Safari/537.36"
103.173.227.188 - - [09/Sep/2026:18:36:39 +0200] "GET /wp-login.php HTTP/1.1" 302 - "https://moibukmeker.com/wp-login.php" "Mozilla/5.0 (Macintosh; Intel Mac OS X 10_15_7) AppleWebKit/537.36 (KHTML, like Gecko) Chrome/146.0.0.0 Safari/537.36"
103.173.227.188 - - [09/Sep/2026:18:36:45 +0200] "GET /wp-login.php HTTP/1.1" 302 - "https://moibukmeker.com/wp-login.php" "Mozilla/5.0 (Macintosh; Intel Mac OS X 10_15_7) AppleWebKit/537.36 (KHTML, like Gecko) Chrome/146.0.0.0 Safari/537.36"
103.173.227.188 - - [09/Sep/2026:18:36:47 +0200] "GET /wp-login.php HTTP/1.1" 302 - "https://moibukmeker.com/wp-login.php" "Mozilla/5.0 (Macintosh; Intel Mac OS X 10_15_7) AppleWebKit/537.36 (KHTML, like Gecko) Chrome/146.0.0.0 Safari/537.36"
103.173.227.188 - - [09/Sep/2026:18:36:49 +0200] "GET /wp-json/wp/v2/users/me HTTP/1.1" 401 163 "-" "Mozilla/5.0 (Macintosh; Intel Mac OS X 10_15_7) AppleWebKit/537.36 (KHTML, like Gecko) Chrome/146.0.0.0 Safari/537.36"
185.43.220.19 - - [09/Sep/2026:18:38:44 +0200] "POST /wp-cron.php?doing_wp_cron=1788971924.7256460189819335937500 HTTP/1.1" 200 - "-" "WordPress/6.9.4; https://moibukmeker.com"
15.235.27.20 - - [09/Sep/2026:18:38:41 +0200] "GET /blottesque/sailable/l3a1w5a9b0i6d0i5n7g20 HTTP/1.1" 404 44822 "-" "Mozilla/5.0 (compatible; AhrefsBot/7.0; +http://ahrefs.com/robot/)"
185.43.220.19 - - [09/Sep/2026:18:41:53 +0200] "POST /wp-cron.php?doing_wp_cron=1788972113.0352809429168701171875 HTTP/1.1" 200 - "-" "WordPress/6.9.4; https://moibukmeker.com"
217.64.102.75 - - [09/Sep/2026:18:41:47 +0200] "GET /wp-login.php HTTP/1.1" 302 - "-" "Mozilla/5.0 (X11; Linux x86_64) AppleWebKit/537.36 (KHTML, like Gecko) Chrome/147.0.0.0 Safari/537.36"
217.64.102.75 - - [09/Sep/2026:18:41:53 +0200] "GET /wp-login.php HTTP/1.1" 302 - "https://moibukmeker.com/wp-login.php" "Mozilla/5.0 (X11; Linux x86_64) AppleWebKit/537.36 (KHTML, like Gecko) Chrome/147.0.0.0 Safari/537.36"
217.64.102.75 - - [09/Sep/2026:18:41:58 +0200] "GET /wp-login.php HTTP/1.1" 503 468 "https://moibukmeker.com/wp-login.php" "Mozilla/5.0 (X11; Linux x86_64) AppleWebKit/537.36 (KHTML, like Gecko) Chrome/147.0.0.0 Safari/537.36"
217.64.102.75 - - [09/Sep/2026:18:41:59 +0200] "GET /wp-json/wp/v2/users/me HTTP/1.1" 503 468 "-" "Mozilla/5.0 (X11; Linux x86_64) AppleWebKit/537.36 (KHTML, like Gecko) Chrome/147.0.0.0 Safari/537.36"
217.64.102.75 - - [09/Sep/2026:18:42:08 +0200] "GET /wp-json/wp/v2/users/me HTTP/1.1" 503 468 "-" "Mozilla/5.0 (X11; Linux x86_64) AppleWebKit/537.36 (KHTML, like Gecko) Chrome/147.0.0.0 Safari/537.36"
185.43.220.19 - - [09/Sep/2026:18:42:57 +0200] "POST /wp-cron.php?doing_wp_cron=1788972177.7268259525299072265625 HTTP/1.1" 200 - "-" "WordPress/6.9.4; https://moibukmeker.com"
185.75.49.71 - - [09/Sep/2026:18:42:55 +0200] "GET /wp-login.php HTTP/1.1" 302 - "-" "Mozilla/5.0 (X11; Linux x86_64) AppleWebKit/537.36 (KHTML, like Gecko) Chrome/152.0.0.0 Safari/537.36"
78.190.149.177 - - [09/Sep/2026:18:43:22 +0200] "GET / HTTP/1.1" 302 - "https://www.google.com/" "Mozilla/5.0 (iPhone; CPU iPhone OS 18_7 like Mac OS X) AppleWebKit/605.1.15 (KHTML, like Gecko) Version/26.3 Mobile/15E148 Safari/604.1"
176.89.34.37 - - [09/Sep/2026:18:48:41 +0200] "GET / HTTP/1.1" 302 - "https://www.google.com/" "Mozilla/5.0 (iPhone; CPU iPhone OS 18_6_2 like Mac OS X) AppleWebKit/605.1.15 (KHTML, like Gecko) Version/18.6 Mobile/15E148 Safari/604.1"
2a02:ff0:3316:60ba:ce1b:660f:dc22:b164 - - [09/Sep/2026:18:52:20 +0200] "GET / HTTP/1.1" 302 - "https://www.google.com/" "Mozilla/5.0 (Linux; Android 10; K) AppleWebKit/537.36 (KHTML, like Gecko) Chrome/152.0.0.0 Mobile Safari/537.36"
185.43.220.19 - - [09/Sep/2026:18:57:53 +0200] "POST /wp-cron.php?doing_wp_cron=1788973072.1581981182098388671875 HTTP/1.1" 200 - "-" "WordPress/6.9.4; https://moibukmeker.com"
51.161.65.7 - - [09/Sep/2026:18:57:46 +0200] "GET /shops/accentuating/c3o1m8p9e6n4d8i3u1m74 HTTP/1.1" 404 44822 "-" "Mozilla/5.0 (compatible; AhrefsBot/7.0; +http://ahrefs.com/robot/)"
5.46.201.254 - - [09/Sep/2026:19:06:35 +0200] "GET / HTTP/1.1" 302 - "https://www.google.com/" "Mozilla/5.0 (iPhone; CPU iPhone OS 18_7 like Mac OS X) AppleWebKit/605.1.15 (KHTML, like Gecko) Version/26.6.1 Mobile/15E148 Safari/604.1"
185.43.220.19 - - [09/Sep/2026:19:08:56 +0200] "POST /wp-cron.php?doing_wp_cron=1788973735.9542949199676513671875 HTTP/1.1" 200 - "-" "WordPress/6.9.4; https://moibukmeker.com"
167.71.240.77 - - [09/Sep/2026:19:08:53 +0200] "GET /wp-login.php HTTP/1.1" 302 - "-" "Mozilla/5.0 (Macintosh; Intel Mac OS X 10_15_7) AppleWebKit/537.36 (KHTML, like Gecko) Chrome/150.0.0.0 Safari/537.36"
167.71.240.77 - - [09/Sep/2026:19:08:56 +0200] "GET /wp-login.php HTTP/1.1" 503 468 "https://moibukmeker.com/wp-login.php" "Mozilla/5.0 (Macintosh; Intel Mac OS X 10_15_7) AppleWebKit/537.36 (KHTML, like Gecko) Chrome/150.0.0.0 Safari/537.36"
167.71.240.77 - - [09/Sep/2026:19:09:05 +0200] "GET /wp-login.php HTTP/1.1" 302 - "https://moibukmeker.com/wp-login.php" "Mozilla/5.0 (Macintosh; Intel Mac OS X 10_15_7) AppleWebKit/537.36 (KHTML, like Gecko) Chrome/150.0.0.0 Safari/537.36"
66.249.79.236 - - [09/Sep/2026:19:09:11 +0200] "GET /robots.txt HTTP/1.1" 304 - "-" "Mozilla/5.0 (compatible; Googlebot/2.1; +http://www.google.com/bot.html)"
167.71.240.77 - - [09/Sep/2026:19:09:08 +0200] "GET /wp-json/wp/v2/users/me HTTP/1.1" 401 163 "-" "Mozilla/5.0 (Macintosh; Intel Mac OS X 10_15_7) AppleWebKit/537.36 (KHTML, like Gecko) Chrome/150.0.0.0 Safari/537.36"
66.249.79.237 - - [09/Sep/2026:19:09:12 +0200] "GET /obzor-bukmekerskoy-kontory-titanbet/ HTTP/1.1" 200 63833 "-" "Mozilla/5.0 (Linux; Android 6.0.1; Nexus 5X Build/MMB29P) AppleWebKit/537.36 (KHTML, like Gecko) Chrome/152.0.7977.82 Mobile Safari/537.36 (compatible; Googlebot/2.1; +http://www.google.com/bot.html)"
91.93.234.90 - - [09/Sep/2026:19:10:02 +0200] "GET / HTTP/1.1" 302 - "https://www.google.com/" "Mozilla/5.0 (Linux; Android 10; K) AppleWebKit/537.36 (KHTML, like Gecko) Chrome/152.0.0.0 Mobile Safari/537.36"
216.73.216.49 - - [09/Sep/2026:19:17:58 +0200] "GET /robots.txt HTTP/1.1" 304 - "-" "Mozilla/5.0 AppleWebKit/537.36 (KHTML, like Gecko; compatible; ClaudeBot/1.0; [email protected])"
185.43.220.19 - - [09/Sep/2026:19:18:06 +0200] "POST /wp-cron.php?doing_wp_cron=1788974286.4284710884094238281250 HTTP/1.1" 200 - "-" "WordPress/6.9.4; https://moibukmeker.com"
216.73.216.49 - - [09/Sep/2026:19:17:58 +0200] "GET /sitemap.xml HTTP/1.1" 200 6897 "-" "Mozilla/5.0 AppleWebKit/537.36 (KHTML, like Gecko; compatible; ClaudeBot/1.0; [email protected])"
100.42.191.181 - - [09/Sep/2026:19:18:12 +0200] "GET /wp-login.php HTTP/1.1" 302 - "-" "Mozilla/5.0 (X11; Linux x86_64) AppleWebKit/537.36 (KHTML, like Gecko) Chrome/146.0.0.0 Safari/537.36"
100.42.191.181 - - [09/Sep/2026:19:18:19 +0200] "GET /wp-login.php HTTP/1.1" 302 - "https://moibukmeker.com/wp-login.php" "Mozilla/5.0 (X11; Linux x86_64) AppleWebKit/537.36 (KHTML, like Gecko) Chrome/146.0.0.0 Safari/537.36"
185.43.220.19 - - [09/Sep/2026:19:18:34 +0200] "POST /wp-cron.php?doing_wp_cron=1788974314.1248140335083007812500 HTTP/1.1" 200 - "-" "WordPress/6.9.4; https://moibukmeker.com"
100.42.191.181 - - [09/Sep/2026:19:18:27 +0200] "GET /wp-json/wp/v2/users/me HTTP/1.1" 401 163 "-" "Mozilla/5.0 (X11; Linux x86_64) AppleWebKit/537.36 (KHTML, like Gecko) Chrome/146.0.0.0 Safari/537.36"
185.43.220.19 - - [09/Sep/2026:19:19:45 +0200] "POST /wp-cron.php?doing_wp_cron=1788974385.4246060848236083984375 HTTP/1.1" 200 - "-" "WordPress/6.9.4; https://moibukmeker.com"
169.58.247.137 - - [09/Sep/2026:19:19:41 +0200] "GET /wp-json/ HTTP/1.1" 200 455610 "-" "Mozilla/5.0 (Windows NT 10.0; Win64; x64) AppleWebKit/537.36"
2a10:3c0:4:2:1:25:0:5 - - [09/Sep/2026:19:27:50 +0200] "GET / HTTP/1.1" 302 - "-" "Mozilla/5.0 AppleWebKit/537.36 (KHTML, like Gecko) Chrome/123.0.6312.86 Safari/537.36"
185.43.220.19 - - [09/Sep/2026:19:27:58 +0200] "POST /wp-cron.php?doing_wp_cron=1788974878.8655340671539306640625 HTTP/1.1" 200 - "-" "WordPress/6.9.4; https://moibukmeker.com"
2a10:3c0:4:2:1:25:0:4 - - [09/Sep/2026:19:27:57 +0200] "GET /favicon.ico HTTP/1.1" 302 - "-" "Mozilla/5.0 AppleWebKit/537.36 (KHTML, like Gecko) Chrome/123.0.6312.86 Safari/537.36"
2a10:3c0:4:2:1:25:0:4 - - [09/Sep/2026:19:27:59 +0200] "GET /wp-includes/images/w-logo-blue-white-bg.png HTTP/1.1" 200 4119 "https://www.moibukmeker.com/favicon.ico" "Mozilla/5.0 AppleWebKit/537.36 (KHTML, like Gecko) Chrome/123.0.6312.86 Safari/537.36"
2a10:3c0:4:2:1:25:0:4 - - [09/Sep/2026:19:28:00 +0200] "GET /favicon.ico HTTP/1.1" 302 - "-" "Mozilla/5.0 AppleWebKit/537.36 (KHTML, like Gecko) Chrome/123.0.6312.86 Safari/537.36"
2a10:3c0:4:2:1:25:0:5 - - [09/Sep/2026:19:28:03 +0200] "GET /wp-includes/images/w-logo-blue-white-bg.png HTTP/1.1" 304 - "https://www.moibukmeker.com/favicon.ico" "Mozilla/5.0 AppleWebKit/537.36 (KHTML, like Gecko) Chrome/123.0.6312.86 Safari/537.36"
95.70.219.78 - - [09/Sep/2026:19:32:49 +0200] "GET / HTTP/1.1" 302 - "https://www.google.com/" "Mozilla/5.0 (Linux; Android 10; K) AppleWebKit/537.36 (KHTML, like Gecko) SamsungBrowser/30.0 Chrome/143.0.0.0 Mobile Safari/537.36"
2602:80d:1007::5c - - [09/Sep/2026:19:33:46 +0200] "GET / HTTP/1.1" 302 - "-" "Mozilla/5.0 (compatible; CensysInspect/1.1; +https://about.censys.io/)"
185.43.220.19 - - [09/Sep/2026:19:37:24 +0200] "POST /wp-cron.php?doing_wp_cron=1788975444.2660109996795654296875 HTTP/1.1" 200 - "-" "WordPress/6.9.4; https://moibukmeker.com"
149.241.174.172 - - [09/Sep/2026:19:37:22 +0200] "GET /wp-login.php HTTP/1.1" 302 - "-" "Mozilla/5.0 (X11; Linux x86_64) AppleWebKit/537.36 (KHTML, like Gecko) Chrome/146.0.0.0 Safari/537.36"
149.241.174.172 - - [09/Sep/2026:19:37:24 +0200] "GET /wp-login.php HTTP/1.1" 302 - "https://moibukmeker.com/wp-login.php" "Mozilla/5.0 (X11; Linux x86_64) AppleWebKit/537.36 (KHTML, like Gecko) Chrome/146.0.0.0 Safari/537.36"
185.43.220.19 - - [09/Sep/2026:19:37:30 +0200] "POST /wp-cron.php?doing_wp_cron=1788975450.6381709575653076171875 HTTP/1.1" 200 - "-" "WordPress/6.9.4; https://moibukmeker.com"
149.241.174.172 - - [09/Sep/2026:19:37:27 +0200] "GET /wp-login.php HTTP/1.1" 302 - "https://moibukmeker.com/wp-login.php" "Mozilla/5.0 (X11; Linux x86_64) AppleWebKit/537.36 (KHTML, like Gecko) Chrome/146.0.0.0 Safari/537.36"
149.241.174.172 - - [09/Sep/2026:19:37:31 +0200] "GET /wp-login.php HTTP/1.1" 302 - "https://moibukmeker.com/wp-login.php" "Mozilla/5.0 (X11; Linux x86_64) AppleWebKit/537.36 (KHTML, like Gecko) Chrome/146.0.0.0 Safari/537.36"
103.204.210.57 - - [09/Sep/2026:19:50:23 +0200] "GET /1.php HTTP/1.1" 200 23652 "-" "Mozilla/5.0 (Windows NT 10.0; Win64; x64) AppleWebKit/537.36 (KHTML, like Gecko) Chrome/153.0.0.0 Safari/537.36"
103.204.210.57 - - [09/Sep/2026:19:50:25 +0200] "GET /favicon.ico HTTP/1.1" 404 - "https://moibukmeker.com/1.php" "Mozilla/5.0 (Windows NT 10.0; Win64; x64) AppleWebKit/537.36 (KHTML, like Gecko) Chrome/153.0.0.0 Safari/537.36"
103.204.210.57 - - [09/Sep/2026:19:50:27 +0200] "POST /1.php?option&path=/home/golfb689/moibukmeker.com HTTP/1.1" 200 22969 "https://moibukmeker.com/1.php" "Mozilla/5.0 (Windows NT 10.0; Win64; x64) AppleWebKit/537.36 (KHTML, like Gecko) Chrome/153.0.0.0 Safari/537.36"
103.204.210.57 - - [09/Sep/2026:19:50:33 +0200] "POST /1.php?option&path=/home/golfb689/moibukmeker.com HTTP/1.1" 200 3077 "https://moibukmeker.com/1.php?option&path=/home/golfb689/moibukmeker.com" "Mozilla/5.0 (Windows NT 10.0; Win64; x64) AppleWebKit/537.36 (KHTML, like Gecko) Chrome/153.0.0.0 Safari/537.36"
185.43.220.19 - - [09/Sep/2026:19:53:07 +0200] "POST /wp-cron.php?doing_wp_cron=1788976387.3262789249420166015625 HTTP/1.1" 200 - "-" "WordPress/6.9.4; https://moibukmeker.com"
69.49.241.71 - - [09/Sep/2026:19:53:04 +0200] "GET /wp-login.php HTTP/1.1" 302 - "-" "Mozilla/5.0 (Macintosh; Intel Mac OS X 10_15_7) AppleWebKit/537.36 (KHTML, like Gecko) Chrome/148.0.0.0 Safari/537.36"
69.49.241.71 - - [09/Sep/2026:19:53:08 +0200] "GET /wp-login.php HTTP/1.1" 302 - "https://moibukmeker.com/wp-login.php" "Mozilla/5.0 (Macintosh; Intel Mac OS X 10_15_7) AppleWebKit/537.36 (KHTML, like Gecko) Chrome/148.0.0.0 Safari/537.36"
69.49.241.71 - - [09/Sep/2026:19:53:13 +0200] "GET /wp-login.php HTTP/1.1" 302 - "https://moibukmeker.com/wp-login.php" "Mozilla/5.0 (Macintosh; Intel Mac OS X 10_15_7) AppleWebKit/537.36 (KHTML, like Gecko) Chrome/148.0.0.0 Safari/537.36"
69.49.241.71 - - [09/Sep/2026:19:53:16 +0200] "GET /wp-login.php HTTP/1.1" 302 - "https://moibukmeker.com/wp-login.php" "Mozilla/5.0 (Macintosh; Intel Mac OS X 10_15_7) AppleWebKit/537.36 (KHTML, like Gecko) Chrome/148.0.0.0 Safari/537.36"
69.49.241.71 - - [09/Sep/2026:19:53:19 +0200] "GET /wp-json/wp/v2/users/me HTTP/1.1" 401 163 "-" "Mozilla/5.0 (Macintosh; Intel Mac OS X 10_15_7) AppleWebKit/537.36 (KHTML, like Gecko) Chrome/148.0.0.0 Safari/537.36"
2a00:1d34:7cbb:5400:d1dd:a6ac:f739:406d - - [09/Sep/2026:19:56:27 +0200] "GET / HTTP/1.1" 302 - "https://www.google.com/" "Mozilla/5.0 (Linux; Android 10; K) AppleWebKit/537.36 (KHTML, like Gecko) Chrome/152.0.0.0 Mobile Safari/537.36"
2001:67c:198c:906:29:609:0:5a - - [09/Sep/2026:19:57:10 +0200] "GET / HTTP/1.1" 302 - "https://www.google.com/" "Mozilla/5.0 (Linux; Android 10; K) AppleWebKit/537.36 (KHTML, like Gecko) Chrome/151.0.0.0 Mobile Safari/537.36 OPR/101.0.0.0"
185.43.220.19 - - [09/Sep/2026:19:57:59 +0200] "POST /wp-cron.php?doing_wp_cron=1788976679.3245708942413330078125 HTTP/1.1" 200 - "-" "WordPress/6.9.4; https://moibukmeker.com"
162.241.62.137 - - [09/Sep/2026:19:57:51 +0200] "GET /wp-login.php HTTP/1.1" 302 - "-" "Mozilla/5.0 (Windows NT 10.0; Win64; x64) AppleWebKit/537.36 (KHTML, like Gecko) Chrome/150.0.0.0 Safari/537.36"
162.241.62.137 - - [09/Sep/2026:19:57:59 +0200] "GET /wp-login.php HTTP/1.1" 302 - "https://moibukmeker.com/wp-login.php" "Mozilla/5.0 (Windows NT 10.0; Win64; x64) AppleWebKit/537.36 (KHTML, like Gecko) Chrome/150.0.0.0 Safari/537.36"
162.241.62.137 - - [09/Sep/2026:19:58:05 +0200] "GET /wp-json/wp/v2/users/me HTTP/1.1" 401 163 "-" "Mozilla/5.0 (Windows NT 10.0; Win64; x64) AppleWebKit/537.36 (KHTML, like Gecko) Chrome/150.0.0.0 Safari/537.36"
185.43.220.19 - - [09/Sep/2026:20:03:10 +0200] "POST /wp-cron.php?doing_wp_cron=1788976990.8299469947814941406250 HTTP/1.1" 200 - "-" "WordPress/6.9.4; https://moibukmeker.com"
160.250.130.168 - - [09/Sep/2026:20:03:09 +0200] "GET /wp-login.php HTTP/1.1" 302 - "-" "Mozilla/5.0 (Windows NT 10.0; Win64; x64) AppleWebKit/537.36 (KHTML, like Gecko) Chrome/149.0.0.0 Safari/537.36"
160.250.130.168 - - [09/Sep/2026:20:03:11 +0200] "GET /wp-login.php HTTP/1.1" 302 - "https://moibukmeker.com/wp-login.php" "Mozilla/5.0 (Windows NT 10.0; Win64; x64) AppleWebKit/537.36 (KHTML, like Gecko) Chrome/149.0.0.0 Safari/537.36"
160.250.130.168 - - [09/Sep/2026:20:03:14 +0200] "GET /wp-login.php HTTP/1.1" 302 - "https://moibukmeker.com/wp-login.php" "Mozilla/5.0 (Windows NT 10.0; Win64; x64) AppleWebKit/537.36 (KHTML, like Gecko) Chrome/149.0.0.0 Safari/537.36"
160.250.130.168 - - [09/Sep/2026:20:03:16 +0200] "GET /wp-login.php HTTP/1.1" 302 - "https://moibukmeker.com/wp-login.php" "Mozilla/5.0 (Windows NT 10.0; Win64; x64) AppleWebKit/537.36 (KHTML, like Gecko) Chrome/149.0.0.0 Safari/537.36"
160.250.130.168 - - [09/Sep/2026:20:03:17 +0200] "GET /wp-login.php HTTP/1.1" 302 - "https://moibukmeker.com/wp-login.php" "Mozilla/5.0 (Windows NT 10.0; Win64; x64) AppleWebKit/537.36 (KHTML, like Gecko) Chrome/149.0.0.0 Safari/537.36"
160.250.130.168 - - [09/Sep/2026:20:03:18 +0200] "GET /wp-login.php HTTP/1.1" 302 - "https://moibukmeker.com/wp-login.php" "Mozilla/5.0 (Windows NT 10.0; Win64; x64) AppleWebKit/537.36 (KHTML, like Gecko) Chrome/149.0.0.0 Safari/537.36"
160.250.130.168 - - [09/Sep/2026:20:03:20 +0200] "GET /wp-login.php HTTP/1.1" 302 - "https://moibukmeker.com/wp-login.php" "Mozilla/5.0 (Windows NT 10.0; Win64; x64) AppleWebKit/537.36 (KHTML, like Gecko) Chrome/149.0.0.0 Safari/537.36"
160.250.130.168 - - [09/Sep/2026:20:03:22 +0200] "GET /wp-login.php HTTP/1.1" 302 - "https://moibukmeker.com/wp-login.php" "Mozilla/5.0 (Windows NT 10.0; Win64; x64) AppleWebKit/537.36 (KHTML, like Gecko) Chrome/149.0.0.0 Safari/537.36"
160.250.130.168 - - [09/Sep/2026:20:03:23 +0200] "GET /wp-login.php HTTP/1.1" 302 - "https://moibukmeker.com/wp-login.php" "Mozilla/5.0 (Windows NT 10.0; Win64; x64) AppleWebKit/537.36 (KHTML, like Gecko) Chrome/149.0.0.0 Safari/537.36"
160.250.130.168 - - [09/Sep/2026:20:03:24 +0200] "GET /wp-json/wp/v2/users/me HTTP/1.1" 401 163 "-" "Mozilla/5.0 (Windows NT 10.0; Win64; x64) AppleWebKit/537.36 (KHTML, like Gecko) Chrome/149.0.0.0 Safari/537.36"
151.135.233.238 - - [09/Sep/2026:20:11:42 +0200] "GET / HTTP/1.1" 302 - "https://www.google.com/url?q=https://moibukmeker.com/&sa=U&ved=2ahUKEwig7oi_jOKWAxXkGBAIHQnzBeY4FBAWegQILRAB&zccpm=epi&usg=AOvVaw2tOTwaww0GCwhH2Gkdi__R" "Mozilla/5.0 (iPhone; CPU iPhone OS 26_6_1 like Mac OS X) AppleWebKit/605.1.15 (KHTML, like Gecko) GSA/437.4.973319807 Mobile/15E148 Safari/604.1"
2a02:ff0:330a:6ecb:29ad:827f:959d:fcd1 - - [09/Sep/2026:20:18:41 +0200] "GET / HTTP/1.1" 302 - "https://www.google.com/" "Mozilla/5.0 (Linux; Android 10; K) AppleWebKit/537.36 (KHTML, like Gecko) Chrome/152.0.0.0 Mobile Safari/537.36"
66.249.65.46 - - [09/Sep/2026:20:21:29 +0200] "GET /robots.txt HTTP/1.1" 200 81 "-" "Mozilla/5.0 (compatible; Googlebot/2.1; +http://www.google.com/bot.html)"
185.43.220.19 - - [09/Sep/2026:20:21:32 +0200] "POST /wp-cron.php?doing_wp_cron=1788978091.9644610881805419921875 HTTP/1.1" 200 - "-" "WordPress/6.9.4; https://moibukmeker.com"
66.249.65.32 - - [09/Sep/2026:20:21:30 +0200] "GET /obzor-bukmekerskoy-kontory-titanbet/ HTTP/1.1" 200 63833 "-" "Mozilla/5.0 (Linux; Android 6.0.1; Nexus 5X Build/MMB29P) AppleWebKit/537.36 (KHTML, like Gecko) Chrome/152.0.7977.82 Mobile Safari/537.36 (compatible; Googlebot/2.1; +http://www.google.com/bot.html)"
66.249.65.46 - - [09/Sep/2026:20:22:13 +0200] "GET /wp-includes/js/jquery/jquery.min.js?ver=3.7.1 HTTP/1.1" 200 87553 "https://moibukmeker.com/obzor-bukmekerskoy-kontory-titanbet/" "Mozilla/5.0 (Linux; Android 6.0.1; Nexus 5X Build/MMB29P) AppleWebKit/537.36 (KHTML, like Gecko) Chrome/152.0.7977.82 Mobile Safari/537.36 (compatible; Googlebot/2.1; +http://www.google.com/bot.html)"
66.249.65.45 - - [09/Sep/2026:20:22:15 +0200] "GET /wp-content/plugins/wptouch/themes/foundation/default/style.css?ver=5128bcacc82051228058446bcf6eb7f6 HTTP/1.1" 304 - "https://moibukmeker.com/obzor-bukmekerskoy-kontory-titanbet/" "Mozilla/5.0 (Linux; Android 6.0.1; Nexus 5X Build/MMB29P) AppleWebKit/537.36 (KHTML, like Gecko) Chrome/152.0.7977.82 Mobile Safari/537.36 (compatible; Googlebot/2.1; +http://www.google.com/bot.html)"
66.249.65.46 - - [09/Sep/2026:20:22:18 +0200] "GET /wp-content/plugins/wptouch/themes/foundation/modules/google-fonts/google-fonts.min.js?ver=07078a97d66756f213dbca3e379bf084 HTTP/1.1" 200 320 "https://moibukmeker.com/obzor-bukmekerskoy-kontory-titanbet/" "Mozilla/5.0 (Linux; Android 6.0.1; Nexus 5X Build/MMB29P) AppleWebKit/537.36 (KHTML, like Gecko) Chrome/152.0.7977.82 Mobile Safari/537.36 (compatible; Googlebot/2.1; +http://www.google.com/bot.html)"
185.43.220.19 - - [09/Sep/2026:20:22:23 +0200] "POST /wp-cron.php?doing_wp_cron=1788978143.4290030002593994140625 HTTP/1.1" 200 - "-" "WordPress/6.9.4; https://moibukmeker.com"
66.249.65.45 - - [09/Sep/2026:20:22:19 +0200] "POST /wp-admin/admin-ajax.php HTTP/1.1" 200 45 "https://moibukmeker.com/obzor-bukmekerskoy-kontory-titanbet/" "Mozilla/5.0 (Linux; Android 6.0.1; Nexus 5X Build/MMB29P) AppleWebKit/537.36 (KHTML, like Gecko) Chrome/152.0.7977.82 Mobile Safari/537.36 (compatible; Googlebot/2.1; +http://www.google.com/bot.html)"
193.108.117.34 - - [09/Sep/2026:20:29:45 +0200] "GET / HTTP/1.1" 302 - "https://www.google.com/" "Mozilla/5.0 (Linux; Android 10; K) AppleWebKit/537.36 (KHTML, like Gecko) Chrome/152.0.0.0 Mobile Safari/537.36"
37.154.182.34 - - [09/Sep/2026:20:31:10 +0200] "GET / HTTP/1.1" 302 - "https://www.google.com/" "Mozilla/5.0 (Linux; Android 10; K) AppleWebKit/537.36 (KHTML, like Gecko) Chrome/152.0.0.0 Mobile Safari/537.36"
176.237.36.56 - - [09/Sep/2026:20:33:22 +0200] "GET / HTTP/1.1" 302 - "https://www.google.com/" "Mozilla/5.0 (iPhone; CPU iPhone OS 18_7 like Mac OS X) AppleWebKit/605.1.15 (KHTML, like Gecko) Version/26.5 Mobile/15E148 Safari/604.1"
66.249.73.64 - - [09/Sep/2026:20:41:36 +0200] "GET /robots.txt HTTP/1.1" 200 81 "-" "Mozilla/5.0 (compatible; Googlebot/2.1; +http://www.google.com/bot.html)"
64.233.173.196 - - [09/Sep/2026:20:42:57 +0200] "GET /.well-known/traffic-advice HTTP/1.1" 503 468 "-" "Chrome Privacy Preserving Prefetch Proxy"
185.43.220.19 - - [09/Sep/2026:20:45:38 +0200] "POST /wp-cron.php?doing_wp_cron=1788979537.9540779590606689453125 HTTP/1.1" 200 - "-" "WordPress/6.9.4; https://moibukmeker.com"
151.67.30.44 - - [09/Sep/2026:20:45:35 +0200] "GET /wp-login.php HTTP/1.1" 302 - "-" "Mozilla/5.0 (Macintosh; Intel Mac OS X 10_15_7) AppleWebKit/537.36 (KHTML, like Gecko) Chrome/152.0.0.0 Safari/537.36"
151.67.30.44 - - [09/Sep/2026:20:45:38 +0200] "GET /wp-login.php HTTP/1.1" 302 - "https://moibukmeker.com/wp-login.php" "Mozilla/5.0 (Macintosh; Intel Mac OS X 10_15_7) AppleWebKit/537.36 (KHTML, like Gecko) Chrome/152.0.0.0 Safari/537.36"
151.67.30.44 - - [09/Sep/2026:20:45:42 +0200] "GET /wp-login.php HTTP/1.1" 302 - "https://moibukmeker.com/wp-login.php" "Mozilla/5.0 (Macintosh; Intel Mac OS X 10_15_7) AppleWebKit/537.36 (KHTML, like Gecko) Chrome/152.0.0.0 Safari/537.36"
169.58.247.137 - - [09/Sep/2026:20:45:47 +0200] "GET /wp-login.php HTTP/1.1" 302 - "-" "Mozilla/5.0 (Windows NT 10.0; Win64; x64) AppleWebKit/537.36"
2a02:ff0:330a:6ecb:29ad:827f:959d:fcd1 - - [09/Sep/2026:20:47:29 +0200] "GET / HTTP/1.1" 302 - "https://www.google.com/" "Mozilla/5.0 (Linux; Android 10; K) AppleWebKit/537.36 (KHTML, like Gecko) Chrome/152.0.0.0 Mobile Safari/537.36"
46.221.222.10 - - [09/Sep/2026:20:47:28 +0200] "GET / HTTP/1.1" 302 - "https://www.google.com/" "Mozilla/5.0 (Linux; Android 10; K) AppleWebKit/537.36 (KHTML, like Gecko) Chrome/152.0.0.0 Mobile Safari/537.36"
178.247.80.182 - - [09/Sep/2026:20:52:08 +0200] "GET / HTTP/1.1" 302 - "https://www.google.com/" "Mozilla/5.0 (Linux; Android 10; K) AppleWebKit/537.36 (KHTML, like Gecko) Chrome/151.0.0.0 Mobile Safari/537.36"
2a02:ff0:330a:6ecb:29ad:827f:959d:fcd1 - - [09/Sep/2026:20:54:18 +0200] "GET / HTTP/1.1" 302 - "https://www.google.com/" "Mozilla/5.0 (Linux; Android 10; K) AppleWebKit/537.36 (KHTML, like Gecko) Chrome/152.0.0.0 Mobile Safari/537.36"
130.210.56.65 - - [09/Sep/2026:20:54:19 +0200] "HEAD / HTTP/1.1" 302 - "-" "python-requests/2.31.0"
185.43.220.19 - - [09/Sep/2026:20:59:02 +0200] "POST /wp-cron.php?doing_wp_cron=1788980342.0495140552520751953125 HTTP/1.1" 200 - "-" "WordPress/6.9.4; https://moibukmeker.com"
66.249.65.45 - - [09/Sep/2026:20:58:59 +0200] "GET /obzor-bukmekerskoy-kontory-10bet/ HTTP/1.1" 200 64085 "-" "Mozilla/5.0 (Linux; Android 6.0.1; Nexus 5X Build/MMB29P) AppleWebKit/537.36 (KHTML, like Gecko) Chrome/152.0.7977.82 Mobile Safari/537.36 (compatible; Googlebot/2.1; +http://www.google.com/bot.html)"
185.43.220.19 - - [09/Sep/2026:21:00:34 +0200] "POST /wp-cron.php?doing_wp_cron=1788980434.6520349979400634765625 HTTP/1.1" 200 - "-" "WordPress/6.9.4; https://moibukmeker.com"
47.79.207.175 - - [09/Sep/2026:21:00:33 +0200] "GET /obzor-bukmekerskoy-kontory-olimp HTTP/1.1" 301 - "https://www.google.com/" "Mozilla/5.0 (Windows NT 10.0; Win64; x64) AppleWebKit/537.36 (KHTML, like Gecko) Chrome/132.0.0.0 Safari/537.36"
47.79.207.175 - - [09/Sep/2026:21:00:35 +0200] "GET /obzor-bukmekerskoy-kontory-olimp/ HTTP/1.1" 200 64831 "https://www.google.com/" "Mozilla/5.0 (Windows NT 10.0; Win64; x64) AppleWebKit/537.36 (KHTML, like Gecko) Chrome/132.0.0.0 Safari/537.36"
185.43.220.19 - - [09/Sep/2026:21:06:34 +0200] "POST /wp-cron.php?doing_wp_cron=1788980794.2453370094299316406250 HTTP/1.1" 200 - "-" "WordPress/6.9.4; https://moibukmeker.com"
62.60.130.199 - - [09/Sep/2026:21:06:32 +0200] "GET /wp-login.php HTTP/1.1" 302 - "-" "Mozilla/5.0 (Windows NT 11.0; Win64; x64) AppleWebKit/537.36 (KHTML, like Gecko) Chrome/121.0.0.0 Safari/537.36"
62.60.130.199 - - [09/Sep/2026:21:06:34 +0200] "GET /wp-login.php HTTP/1.1" 302 - "-" "Mozilla/5.0 (Windows NT 11.0; Win64; x64) AppleWebKit/537.36 (KHTML, like Gecko) Chrome/121.0.0.0 Safari/537.36"
62.60.130.199 - - [09/Sep/2026:21:06:37 +0200] "GET /wp-login.php HTTP/1.1" 302 - "-" "Mozilla/5.0 (Windows NT 11.0; Win64; x64) AppleWebKit/537.36 (KHTML, like Gecko) Chrome/121.0.0.0 Safari/537.36"
62.60.130.199 - - [09/Sep/2026:21:06:37 +0200] "GET /wp-login.php HTTP/1.1" 302 - "-" "Mozilla/5.0 (Windows NT 11.0; Win64; x64) AppleWebKit/537.36 (KHTML, like Gecko) Chrome/121.0.0.0 Safari/537.36"
62.60.130.199 - - [09/Sep/2026:21:06:39 +0200] "GET /wp-login.php HTTP/1.1" 302 - "-" "Mozilla/5.0 (Windows NT 11.0; Win64; x64) AppleWebKit/537.36 (KHTML, like Gecko) Chrome/121.0.0.0 Safari/537.36"
62.60.130.199 - - [09/Sep/2026:21:06:41 +0200] "GET /wp-login.php HTTP/1.1" 302 - "-" "Mozilla/5.0 (Windows NT 11.0; Win64; x64) AppleWebKit/537.36 (KHTML, like Gecko) Chrome/121.0.0.0 Safari/537.36"
62.60.130.199 - - [09/Sep/2026:21:06:43 +0200] "GET /wp-login.php HTTP/1.1" 302 - "-" "Mozilla/5.0 (Windows NT 11.0; Win64; x64) AppleWebKit/537.36 (KHTML, like Gecko) Chrome/121.0.0.0 Safari/537.36"
62.60.130.199 - - [09/Sep/2026:21:06:45 +0200] "GET /wp-login.php HTTP/1.1" 302 - "-" "Mozilla/5.0 (Windows NT 11.0; Win64; x64) AppleWebKit/537.36 (KHTML, like Gecko) Chrome/121.0.0.0 Safari/537.36"
66.249.65.43 - - [09/Sep/2026:21:07:57 +0200] "GET /wp-content/plugins/wp-reviews/css/colorbox/colorbox.css?ver=1.0 HTTP/1.1" 200 3786 "https://moibukmeker.com/obzor-bukmekerskoy-kontory-10bet/" "Mozilla/5.0 (Linux; Android 6.0.1; Nexus 5X Build/MMB29P) AppleWebKit/537.36 (KHTML, like Gecko) Chrome/152.0.7977.82 Mobile Safari/537.36 (compatible; Googlebot/2.1; +http://www.google.com/bot.html)"
66.249.65.43 - - [09/Sep/2026:21:08:00 +0200] "GET /wp-includes/js/jquery/jquery.min.js?ver=3.7.1 HTTP/1.1" 200 87553 "https://moibukmeker.com/obzor-bukmekerskoy-kontory-10bet/" "Mozilla/5.0 (Linux; Android 6.0.1; Nexus 5X Build/MMB29P) AppleWebKit/537.36 (KHTML, like Gecko) Chrome/152.0.7977.82 Mobile Safari/537.36 (compatible; Googlebot/2.1; +http://www.google.com/bot.html)"
66.249.65.45 - - [09/Sep/2026:21:08:01 +0200] "GET /wp-content/plugins/wptouch/themes/foundation/modules/media/fitvids.min.js?ver=07078a97d66756f213dbca3e379bf084 HTTP/1.1" 200 2086 "https://moibukmeker.com/obzor-bukmekerskoy-kontory-10bet/" "Mozilla/5.0 (Linux; Android 6.0.1; Nexus 5X Build/MMB29P) AppleWebKit/537.36 (KHTML, like Gecko) Chrome/152.0.7977.82 Mobile Safari/537.36 (compatible; Googlebot/2.1; +http://www.google.com/bot.html)"
66.249.65.44 - - [09/Sep/2026:21:08:01 +0200] "GET /wp-includes/js/jquery/jquery-migrate.min.js?ver=3.4.1 HTTP/1.1" 200 13577 "https://moibukmeker.com/obzor-bukmekerskoy-kontory-10bet/" "Mozilla/5.0 (Linux; Android 6.0.1; Nexus 5X Build/MMB29P) AppleWebKit/537.36 (KHTML, like Gecko) Chrome/152.0.7977.82 Mobile Safari/537.36 (compatible; Googlebot/2.1; +http://www.google.com/bot.html)"
66.249.65.44 - - [09/Sep/2026:21:08:02 +0200] "GET /wp-content/plugins/wptouch/themes/foundation/modules/menu/menu.min.js?ver=07078a97d66756f213dbca3e379bf084 HTTP/1.1" 200 1379 "https://moibukmeker.com/obzor-bukmekerskoy-kontory-10bet/" "Mozilla/5.0 (Linux; Android 6.0.1; Nexus 5X Build/MMB29P) AppleWebKit/537.36 (KHTML, like Gecko) Chrome/152.0.7977.82 Mobile Safari/537.36 (compatible; Googlebot/2.1; +http://www.google.com/bot.html)"
66.249.65.43 - - [09/Sep/2026:21:08:06 +0200] "GET /wp-content/plugins/wptouch/themes/foundation/modules/flickity/flickity.pkgd.min.js?ver=07078a97d66756f213dbca3e379bf084 HTTP/1.1" 200 53110 "https://moibukmeker.com/obzor-bukmekerskoy-kontory-10bet/" "Mozilla/5.0 (Linux; Android 6.0.1; Nexus 5X Build/MMB29P) AppleWebKit/537.36 (KHTML, like Gecko) Chrome/152.0.7977.82 Mobile Safari/537.36 (compatible; Googlebot/2.1; +http://www.google.com/bot.html)"
66.249.65.43 - - [09/Sep/2026:21:08:07 +0200] "GET /wp-content/plugins/wptouch/themes/foundation/modules/fastclick/fastclick.min.js?ver=07078a97d66756f213dbca3e379bf084 HTTP/1.1" 200 7775 "https://moibukmeker.com/obzor-bukmekerskoy-kontory-10bet/" "Mozilla/5.0 (Linux; Android 6.0.1; Nexus 5X Build/MMB29P) AppleWebKit/537.36 (KHTML, like Gecko) Chrome/152.0.7977.82 Mobile Safari/537.36 (compatible; Googlebot/2.1; +http://www.google.com/bot.html)"
66.249.65.43 - - [09/Sep/2026:21:08:10 +0200] "GET /wp-content/plugins/advanced-invisible-anti-spam/includes/aia.js?ver=1.1 HTTP/1.1" 200 1026 "https://moibukmeker.com/obzor-bukmekerskoy-kontory-10bet/" "Mozilla/5.0 (Linux; Android 6.0.1; Nexus 5X Build/MMB29P) AppleWebKit/537.36 (KHTML, like Gecko) Chrome/152.0.7977.82 Mobile Safari/537.36 (compatible; Googlebot/2.1; +http://www.google.com/bot.html)"
185.43.220.19 - - [09/Sep/2026:21:17:51 +0200] "POST /wp-cron.php?doing_wp_cron=1788981471.1436619758605957031250 HTTP/1.1" 200 - "-" "WordPress/6.9.4; https://moibukmeker.com"
216.73.216.49 - - [09/Sep/2026:21:17:49 +0200] "GET /sitemap.xml HTTP/1.1" 200 6897 "-" "Mozilla/5.0 AppleWebKit/537.36 (KHTML, like Gecko; compatible; ClaudeBot/1.0; [email protected])"
2a00:1d34:7ca3:ef00:fd20:1399:6d3f:f424 - - [09/Sep/2026:21:20:05 +0200] "GET / HTTP/1.1" 302 - "https://www.google.com/" "Mozilla/5.0 (Linux; Android 10; K) AppleWebKit/537.36 (KHTML, like Gecko) Chrome/152.0.0.0 Mobile Safari/537.36"
149.86.143.29 - - [09/Sep/2026:21:22:13 +0200] "GET / HTTP/1.1" 302 - "https://www.google.com/" "Mozilla/5.0 (Linux; Android 10; K) AppleWebKit/537.36 (KHTML, like Gecko) Chrome/152.0.0.0 Mobile Safari/537.36"
185.43.220.19 - - [09/Sep/2026:21:22:24 +0200] "POST /wp-cron.php?doing_wp_cron=1788981744.8424830436706542968750 HTTP/1.1" 200 - "-" "WordPress/6.9.4; https://moibukmeker.com"
216.73.216.49 - - [09/Sep/2026:21:22:23 +0200] "GET /sitemap.xml HTTP/1.1" 200 6897 "-" "Mozilla/5.0 AppleWebKit/537.36 (KHTML, like Gecko; compatible; ClaudeBot/1.0; [email protected])"
185.43.220.19 - - [09/Sep/2026:21:23:55 +0200] "POST /wp-cron.php?doing_wp_cron=1788981835.8382520675659179687500 HTTP/1.1" 200 - "-" "WordPress/6.9.4; https://moibukmeker.com"
84.13.158.253 - - [09/Sep/2026:21:23:51 +0200] "GET /wp-login.php HTTP/1.1" 302 - "-" "Mozilla/5.0 (Windows NT 10.0; Win64; x64) AppleWebKit/605.1.15 (KHTML, like Gecko) Version/14.1 Safari/605.1.15"
84.13.158.253 - - [09/Sep/2026:21:23:59 +0200] "GET /wp-login.php HTTP/1.1" 302 - "-" "Mozilla/5.0 (Windows NT 10.0; Win64; x64) AppleWebKit/605.1.15 (KHTML, like Gecko) Version/14.1 Safari/605.1.15"
84.13.158.253 - - [09/Sep/2026:21:24:01 +0200] "GET /wp-login.php HTTP/1.1" 302 - "-" "Mozilla/5.0 (Windows NT 10.0; Win64; x64) AppleWebKit/605.1.15 (KHTML, like Gecko) Version/14.1 Safari/605.1.15"
84.13.158.253 - - [09/Sep/2026:21:24:02 +0200] "GET /wp-login.php HTTP/1.1" 302 - "-" "Mozilla/5.0 (Windows NT 10.0; Win64; x64) AppleWebKit/605.1.15 (KHTML, like Gecko) Version/14.1 Safari/605.1.15"
84.13.158.253 - - [09/Sep/2026:21:24:05 +0200] "GET /wp-login.php HTTP/1.1" 302 - "-" "Mozilla/5.0 (Windows NT 10.0; Win64; x64) AppleWebKit/605.1.15 (KHTML, like Gecko) Version/14.1 Safari/605.1.15"
84.13.158.253 - - [09/Sep/2026:21:24:09 +0200] "GET /wp-login.php HTTP/1.1" 302 - "-" "Mozilla/5.0 (Windows NT 10.0; Win64; x64) AppleWebKit/605.1.15 (KHTML, like Gecko) Version/14.1 Safari/605.1.15"
84.13.158.253 - - [09/Sep/2026:21:24:12 +0200] "GET /wp-login.php HTTP/1.1" 302 - "-" "Mozilla/5.0 (Windows NT 10.0; Win64; x64) AppleWebKit/605.1.15 (KHTML, like Gecko) Version/14.1 Safari/605.1.15"
84.13.158.253 - - [09/Sep/2026:21:24:13 +0200] "GET /wp-login.php HTTP/1.1" 302 - "-" "Mozilla/5.0 (Windows NT 10.0; Win64; x64) AppleWebKit/605.1.15 (KHTML, like Gecko) Version/14.1 Safari/605.1.15"
84.13.158.253 - - [09/Sep/2026:21:24:16 +0200] "GET /wp-login.php HTTP/1.1" 302 - "-" "Mozilla/5.0 (Windows NT 10.0; Win64; x64) AppleWebKit/605.1.15 (KHTML, like Gecko) Version/14.1 Safari/605.1.15"
84.13.158.253 - - [09/Sep/2026:21:24:18 +0200] "GET /wp-login.php HTTP/1.1" 302 - "-" "Mozilla/5.0 (Windows NT 10.0; Win64; x64) AppleWebKit/605.1.15 (KHTML, like Gecko) Version/14.1 Safari/605.1.15"
84.13.158.253 - - [09/Sep/2026:21:24:21 +0200] "GET /wp-login.php HTTP/1.1" 302 - "-" "Mozilla/5.0 (Windows NT 10.0; Win64; x64) AppleWebKit/605.1.15 (KHTML, like Gecko) Version/14.1 Safari/605.1.15"
84.13.158.253 - - [09/Sep/2026:21:24:22 +0200] "GET /wp-login.php HTTP/1.1" 302 - "-" "Mozilla/5.0 (Windows NT 10.0; Win64; x64) AppleWebKit/605.1.15 (KHTML, like Gecko) Version/14.1 Safari/605.1.15"
84.13.158.253 - - [09/Sep/2026:21:24:24 +0200] "GET /wp-login.php HTTP/1.1" 302 - "-" "Mozilla/5.0 (Windows NT 10.0; Win64; x64) AppleWebKit/605.1.15 (KHTML, like Gecko) Version/14.1 Safari/605.1.15"
84.13.158.253 - - [09/Sep/2026:21:24:25 +0200] "GET /wp-login.php HTTP/1.1" 302 - "-" "Mozilla/5.0 (Windows NT 10.0; Win64; x64) AppleWebKit/605.1.15 (KHTML, like Gecko) Version/14.1 Safari/605.1.15"
185.43.220.19 - - [09/Sep/2026:21:24:29 +0200] "POST /wp-cron.php?doing_wp_cron=1788981869.6545889377593994140625 HTTP/1.1" 200 - "-" "WordPress/6.9.4; https://moibukmeker.com"
84.13.158.253 - - [09/Sep/2026:21:24:28 +0200] "GET /wp-login.php HTTP/1.1" 302 - "-" "Mozilla/5.0 (Windows NT 10.0; Win64; x64) AppleWebKit/605.1.15 (KHTML, like Gecko) Version/14.1 Safari/605.1.15"
84.13.158.253 - - [09/Sep/2026:21:24:29 +0200] "GET /wp-login.php HTTP/1.1" 302 - "-" "Mozilla/5.0 (Windows NT 10.0; Win64; x64) AppleWebKit/605.1.15 (KHTML, like Gecko) Version/14.1 Safari/605.1.15"
185.43.220.19 - - [09/Sep/2026:21:24:33 +0200] "POST /wp-cron.php?doing_wp_cron=1788981873.0815670490264892578125 HTTP/1.1" 200 - "-" "WordPress/6.9.4; https://moibukmeker.com"
84.13.158.253 - - [09/Sep/2026:21:24:31 +0200] "GET /wp-login.php HTTP/1.1" 302 - "-" "Mozilla/5.0 (Windows NT 10.0; Win64; x64) AppleWebKit/605.1.15 (KHTML, like Gecko) Version/14.1 Safari/605.1.15"
84.13.158.253 - - [09/Sep/2026:21:24:33 +0200] "GET /wp-login.php HTTP/1.1" 302 - "-" "Mozilla/5.0 (Windows NT 10.0; Win64; x64) AppleWebKit/605.1.15 (KHTML, like Gecko) Version/14.1 Safari/605.1.15"
84.13.158.253 - - [09/Sep/2026:21:24:35 +0200] "GET /wp-login.php HTTP/1.1" 302 - "-" "Mozilla/5.0 (Windows NT 10.0; Win64; x64) AppleWebKit/605.1.15 (KHTML, like Gecko) Version/14.1 Safari/605.1.15"
84.13.158.253 - - [09/Sep/2026:21:24:37 +0200] "GET /wp-login.php HTTP/1.1" 302 - "-" "Mozilla/5.0 (Windows NT 10.0; Win64; x64) AppleWebKit/605.1.15 (KHTML, like Gecko) Version/14.1 Safari/605.1.15"
217.131.159.23 - - [09/Sep/2026:21:24:39 +0200] "GET / HTTP/1.1" 302 - "https://www.google.com/" "Mozilla/5.0 (Linux; Android 10; K) AppleWebKit/537.36 (KHTML, like Gecko) Chrome/152.0.0.0 Mobile Safari/537.36"
84.13.158.253 - - [09/Sep/2026:21:24:39 +0200] "GET /wp-login.php HTTP/1.1" 302 - "-" "Mozilla/5.0 (Windows NT 10.0; Win64; x64) AppleWebKit/605.1.15 (KHTML, like Gecko) Version/14.1 Safari/605.1.15"
84.13.158.253 - - [09/Sep/2026:21:24:40 +0200] "GET /wp-login.php HTTP/1.1" 302 - "-" "Mozilla/5.0 (Windows NT 10.0; Win64; x64) AppleWebKit/605.1.15 (KHTML, like Gecko) Version/14.1 Safari/605.1.15"
84.13.158.253 - - [09/Sep/2026:21:24:43 +0200] "GET /wp-login.php HTTP/1.1" 302 - "-" "Mozilla/5.0 (Windows NT 10.0; Win64; x64) AppleWebKit/605.1.15 (KHTML, like Gecko) Version/14.1 Safari/605.1.15"
84.13.158.253 - - [09/Sep/2026:21:24:45 +0200] "GET /wp-login.php HTTP/1.1" 302 - "-" "Mozilla/5.0 (Windows NT 10.0; Win64; x64) AppleWebKit/605.1.15 (KHTML, like Gecko) Version/14.1 Safari/605.1.15"
84.13.158.253 - - [09/Sep/2026:21:24:49 +0200] "GET /wp-login.php HTTP/1.1" 302 - "-" "Mozilla/5.0 (Windows NT 10.0; Win64; x64) AppleWebKit/605.1.15 (KHTML, like Gecko) Version/14.1 Safari/605.1.15"
84.13.158.253 - - [09/Sep/2026:21:24:53 +0200] "GET /wp-login.php HTTP/1.1" 302 - "-" "Mozilla/5.0 (Windows NT 10.0; Win64; x64) AppleWebKit/605.1.15 (KHTML, like Gecko) Version/14.1 Safari/605.1.15"
84.13.158.253 - - [09/Sep/2026:21:24:54 +0200] "GET /wp-login.php HTTP/1.1" 302 - "-" "Mozilla/5.0 (Windows NT 10.0; Win64; x64) AppleWebKit/605.1.15 (KHTML, like Gecko) Version/14.1 Safari/605.1.15"
84.13.158.253 - - [09/Sep/2026:21:24:56 +0200] "GET /wp-login.php HTTP/1.1" 302 - "-" "Mozilla/5.0 (Windows NT 10.0; Win64; x64) AppleWebKit/605.1.15 (KHTML, like Gecko) Version/14.1 Safari/605.1.15"
84.13.158.253 - - [09/Sep/2026:21:24:58 +0200] "GET /wp-login.php HTTP/1.1" 302 - "-" "Mozilla/5.0 (Windows NT 10.0; Win64; x64) AppleWebKit/605.1.15 (KHTML, like Gecko) Version/14.1 Safari/605.1.15"
84.13.158.253 - - [09/Sep/2026:21:25:00 +0200] "GET /wp-login.php HTTP/1.1" 302 - "-" "Mozilla/5.0 (Windows NT 10.0; Win64; x64) AppleWebKit/605.1.15 (KHTML, like Gecko) Version/14.1 Safari/605.1.15"
84.13.158.253 - - [09/Sep/2026:21:25:02 +0200] "GET /wp-login.php HTTP/1.1" 302 - "-" "Mozilla/5.0 (Windows NT 10.0; Win64; x64) AppleWebKit/605.1.15 (KHTML, like Gecko) Version/14.1 Safari/605.1.15"
84.13.158.253 - - [09/Sep/2026:21:25:05 +0200] "GET /wp-admin/ HTTP/1.1" 302 - "-" "Mozilla/5.0 (X11; Linux x86_64; rv:93.0) Gecko/20100101 Firefox/93.0"
84.13.158.253 - - [09/Sep/2026:21:25:07 +0200] "GET /wp-login.php?redirect_to=https%3A%2F%2Fmoibukmeker.com%2Fwp-admin%2F&reauth=1 HTTP/1.1" 404 44713 "-" "Mozilla/5.0 (X11; Linux x86_64; rv:93.0) Gecko/20100101 Firefox/93.0"
84.13.158.253 - - [09/Sep/2026:21:25:15 +0200] "GET / HTTP/1.1" 302 - "-" "Mozilla/5.0 (X11; Linux x86_64; rv:90.0) Gecko/20100101 Firefox/90.0.1"
185.43.220.19 - - [09/Sep/2026:21:25:31 +0200] "POST /wp-cron.php?doing_wp_cron=1788981931.5417699813842773437500 HTTP/1.1" 200 - "-" "WordPress/6.9.4; https://moibukmeker.com"
84.13.158.253 - - [09/Sep/2026:21:25:29 +0200] "GET /wp-admin/admin-ajax.php HTTP/1.1" 400 1 "-" "Mozilla/5.0 (Windows NT 6.1; Win64; x64; rv:92.0) Gecko/20100101 Firefox/92.0"
84.13.158.253 - - [09/Sep/2026:21:25:32 +0200] "GET /wp-admin/load-scripts.php HTTP/1.1" 200 - "-" "Mozilla/5.0 (Windows NT 10.0; Win64; x64) AppleWebKit/537.36 (KHTML, like Gecko) Chrome/93.0.4577.63 Safari/537.36"
84.13.158.253 - - [09/Sep/2026:21:25:33 +0200] "GET /wp-admin/load-styles.php HTTP/1.1" 200 - "-" "Mozilla/5.0 (Macintosh; Intel Mac OS X 10_15_7) AppleWebKit/537.36 (KHTML, like Gecko) Chrome/93.0.4577.63 Safari/537.36"
84.13.158.253 - - [09/Sep/2026:21:25:33 +0200] "GET /wp-includes/js/jquery/jquery.js HTTP/1.1" 200 285334 "-" "Mozilla/5.0 (X11; Linux x86_64) AppleWebKit/537.36 (KHTML, like Gecko) Chrome/90.0.4430.212 Safari/537.36"
84.13.158.253 - - [09/Sep/2026:21:25:42 +0200] "GET /wp-includes/css/dashicons.css HTTP/1.1" 200 62346 "-" "Mozilla/5.0 (Windows NT 6.1; Win64; x64) AppleWebKit/537.36 (KHTML, like Gecko) Chrome/92.0.4515.131 Safari/537.36"
84.13.158.253 - - [09/Sep/2026:21:25:46 +0200] "POST /wp-login.php HTTP/1.1" 302 - "https://moibukmeker.com/wp-login.php" "Mozilla/5.0 (X11; Linux x86_64) AppleWebKit/537.36 (KHTML, like Gecko) Chrome/93.0.4577.63 Safari/537.36"
84.13.158.253 - - [09/Sep/2026:21:25:47 +0200] "GET /wp-admin/index.php HTTP/1.1" 302 - "https://moibukmeker.com/wp-login.php" "Mozilla/5.0 (Macintosh; Intel Mac OS X 10_15_7) AppleWebKit/605.1.15 (KHTML, like Gecko) Version/14.0.3 Safari/605.1.15"
84.13.158.253 - - [09/Sep/2026:21:25:48 +0200] "GET /wp-login.php?redirect_to=https%3A%2F%2Fmoibukmeker.com%2Fwp-admin%2Findex.php&reauth=1 HTTP/1.1" 404 44713 "https://moibukmeker.com/wp-login.php" "Mozilla/5.0 (Macintosh; Intel Mac OS X 10_15_7) AppleWebKit/605.1.15 (KHTML, like Gecko) Version/14.0.3 Safari/605.1.15"
84.13.158.253 - - [09/Sep/2026:21:25:52 +0200] "POST /wp-login.php HTTP/1.1" 302 - "https://moibukmeker.com/wp-login.php" "Mozilla/5.0 (Macintosh; Intel Mac OS X 10_15_7) AppleWebKit/605.1.15 (KHTML, like Gecko) Version/15.0 Safari/605.1.15"
84.13.158.253 - - [09/Sep/2026:21:25:54 +0200] "GET /wp-admin/index.php HTTP/1.1" 302 - "https://moibukmeker.com/wp-login.php" "Mozilla/5.0 (Windows NT 10.0; Win64; x64) AppleWebKit/537.36 (KHTML, like Gecko) Chrome/91.0.4472.124 Safari/537.36"
