| Server IP : 172.67.193.39 / Your IP : 216.73.216.217 Web Server : Apache System : Linux sr32.hostlife.net 6.12.0-124.52.3.el10_1.x86_64 #1 SMP PREEMPT_DYNAMIC Sat May 2 09:06:54 EDT 2026 x86_64 User : golfb689 ( 1071) PHP Version : 7.4.33 Disable Function : NONE MySQL : OFF | cURL : ON | WGET : ON | Perl : ON | Python : OFF | Sudo : OFF | Pkexec : OFF Directory : /home/golfb689/access-logs/ |
Upload File : |
185.43.220.19 - - [08/Sep/2026:14:38:37 +0200] "POST /wp-cron.php?doing_wp_cron=1788871117.2553970813751220703125 HTTP/1.1" 200 - "-" "WordPress/7.1; https://ratingbukmekerov.ru"
8.217.145.188 - - [08/Sep/2026:14:38:35 +0200] "GET / HTTP/1.1" 200 75437 "-" "Mozilla/5.0 (Windows NT 10.0; Win64; x64) AppleWebKit/537.36 (KHTML, like Gecko) Chrome/120.0.0.0 Safari/537.36"
185.190.143.236 - - [08/Sep/2026:14:52:34 +0200] "GET /wp-admin/css/ HTTP/1.1" 503 - "-" "Mozilla/5.0 (Windows NT 10.0; Win64; x64) AppleWebKit/537.36 (KHTML, like Gecko) Chrome/120.0.0.0 Safari/537.36"
185.190.143.236 - - [08/Sep/2026:14:52:49 +0200] "GET /wp-admin/css/colors/blue/ HTTP/1.1" 503 - "-" "Mozilla/5.0 (Windows NT 10.0; Win64; x64) AppleWebKit/537.36 (KHTML, like Gecko) Chrome/120.0.0.0 Safari/537.36"
185.190.143.236 - - [08/Sep/2026:14:53:04 +0200] "GET /wp-admin/maint/ HTTP/1.1" 503 - "-" "Mozilla/5.0 (Windows NT 10.0; Win64; x64) AppleWebKit/537.36 (KHTML, like Gecko) Chrome/120.0.0.0 Safari/537.36"
185.190.143.236 - - [08/Sep/2026:14:53:22 +0200] "GET /wp-admin/js/widgets/ HTTP/1.1" 503 - "-" "Mozilla/5.0 (Windows NT 10.0; Win64; x64) AppleWebKit/537.36 (KHTML, like Gecko) Chrome/120.0.0.0 Safari/537.36"
185.190.143.236 - - [08/Sep/2026:14:53:38 +0200] "GET /wp-admin/network/ HTTP/1.1" 503 - "-" "Mozilla/5.0 (Windows NT 10.0; Win64; x64) AppleWebKit/537.36 (KHTML, like Gecko) Chrome/120.0.0.0 Safari/537.36"
185.190.143.236 - - [08/Sep/2026:14:53:34 +0200] "GET /wp-admin/images/ HTTP/1.1" 503 - "-" "Mozilla/5.0 (Windows NT 10.0; Win64; x64) AppleWebKit/537.36 (KHTML, like Gecko) Chrome/120.0.0.0 Safari/537.36"
185.190.143.236 - - [08/Sep/2026:14:53:54 +0200] "GET /wp-includes/ HTTP/1.1" 503 - "-" "Mozilla/5.0 (Windows NT 10.0; Win64; x64) AppleWebKit/537.36 (KHTML, like Gecko) Chrome/120.0.0.0 Safari/537.36"
185.190.143.236 - - [08/Sep/2026:14:54:10 +0200] "GET /wp-includes/Text/Diff/ HTTP/1.1" 503 - "-" "Mozilla/5.0 (Windows NT 10.0; Win64; x64) AppleWebKit/537.36 (KHTML, like Gecko) Chrome/120.0.0.0 Safari/537.36"
185.190.143.236 - - [08/Sep/2026:14:54:21 +0200] "GET /wp-includes/css/ HTTP/1.1" 503 - "-" "Mozilla/5.0 (Windows NT 10.0; Win64; x64) AppleWebKit/537.36 (KHTML, like Gecko) Chrome/120.0.0.0 Safari/537.36"
185.190.143.236 - - [08/Sep/2026:14:54:26 +0200] "GET /wp-includes/css/dist/ HTTP/1.1" 503 - "-" "Mozilla/5.0 (Windows NT 10.0; Win64; x64) AppleWebKit/537.36 (KHTML, like Gecko) Chrome/120.0.0.0 Safari/537.36"
185.190.143.236 - - [08/Sep/2026:14:54:37 +0200] "GET /wp-includes/fonts/ HTTP/1.1" 503 - "-" "Mozilla/5.0 (Windows NT 10.0; Win64; x64) AppleWebKit/537.36 (KHTML, like Gecko) Chrome/120.0.0.0 Safari/537.36"
185.190.143.236 - - [08/Sep/2026:14:54:39 +0200] "GET /wp-includes/ID3/ HTTP/1.1" 503 - "-" "Mozilla/5.0 (Windows NT 10.0; Win64; x64) AppleWebKit/537.36 (KHTML, like Gecko) Chrome/120.0.0.0 Safari/537.36"
185.190.143.236 - - [08/Sep/2026:14:54:56 +0200] "GET /wp-includes/sitemaps/providers/ HTTP/1.1" 503 - "-" "Mozilla/5.0 (Windows NT 10.0; Win64; x64) AppleWebKit/537.36 (KHTML, like Gecko) Chrome/120.0.0.0 Safari/537.36"
185.190.143.236 - - [08/Sep/2026:14:55:16 +0200] "GET /wp-includes/images/ HTTP/1.1" 503 - "-" "Mozilla/5.0 (Windows NT 10.0; Win64; x64) AppleWebKit/537.36 (KHTML, like Gecko) Chrome/120.0.0.0 Safari/537.36"
185.190.143.236 - - [08/Sep/2026:14:55:31 +0200] "GET /wp-includes/pomo/ HTTP/1.1" 503 - "-" "Mozilla/5.0 (Windows NT 10.0; Win64; x64) AppleWebKit/537.36 (KHTML, like Gecko) Chrome/120.0.0.0 Safari/537.36"
185.190.143.236 - - [08/Sep/2026:14:55:46 +0200] "GET /wp-includes/js/ HTTP/1.1" 503 - "-" "Mozilla/5.0 (Windows NT 10.0; Win64; x64) AppleWebKit/537.36 (KHTML, like Gecko) Chrome/120.0.0.0 Safari/537.36"
185.190.143.236 - - [08/Sep/2026:14:55:56 +0200] "GET /wp-includes/js/codemirror/ HTTP/1.1" 503 - "-" "Mozilla/5.0 (Windows NT 10.0; Win64; x64) AppleWebKit/537.36 (KHTML, like Gecko) Chrome/120.0.0.0 Safari/537.36"
185.190.143.236 - - [08/Sep/2026:14:56:03 +0200] "GET /wp-includes/js/plupload/ HTTP/1.1" 503 - "-" "Mozilla/5.0 (Windows NT 10.0; Win64; x64) AppleWebKit/537.36 (KHTML, like Gecko) Chrome/120.0.0.0 Safari/537.36"
185.190.143.236 - - [08/Sep/2026:14:56:09 +0200] "GET /wp-includes/widgets/ HTTP/1.1" 503 - "-" "Mozilla/5.0 (Windows NT 10.0; Win64; x64) AppleWebKit/537.36 (KHTML, like Gecko) Chrome/120.0.0.0 Safari/537.36"
185.190.143.236 - - [08/Sep/2026:14:56:17 +0200] "GET /wp-content/ HTTP/1.1" 200 - "-" "Mozilla/5.0 (Windows NT 10.0; Win64; x64) AppleWebKit/537.36 (KHTML, like Gecko) Chrome/120.0.0.0 Safari/537.36"
185.190.143.236 - - [08/Sep/2026:14:56:26 +0200] "GET /wp-content/languages/ HTTP/1.1" 503 - "-" "Mozilla/5.0 (Windows NT 10.0; Win64; x64) AppleWebKit/537.36 (KHTML, like Gecko) Chrome/120.0.0.0 Safari/537.36"
185.190.143.236 - - [08/Sep/2026:14:56:32 +0200] "GET /wp-content/IXR/ HTTP/1.1" 503 468 "-" "Mozilla/5.0 (Windows NT 10.0; Win64; x64) AppleWebKit/537.36 (KHTML, like Gecko) Chrome/120.0.0.0 Safari/537.36"
185.190.143.236 - - [08/Sep/2026:14:56:42 +0200] "GET /wp-content/uploads/ HTTP/1.1" 503 - "-" "Mozilla/5.0 (Windows NT 10.0; Win64; x64) AppleWebKit/537.36 (KHTML, like Gecko) Chrome/120.0.0.0 Safari/537.36"
185.190.143.236 - - [08/Sep/2026:14:56:47 +0200] "GET /wp-content/upgrade/ HTTP/1.1" 503 - "-" "Mozilla/5.0 (Windows NT 10.0; Win64; x64) AppleWebKit/537.36 (KHTML, like Gecko) Chrome/120.0.0.0 Safari/537.36"
185.190.143.236 - - [08/Sep/2026:14:57:03 +0200] "GET /wp-content/themes/ HTTP/1.1" 503 - "-" "Mozilla/5.0 (Windows NT 10.0; Win64; x64) AppleWebKit/537.36 (KHTML, like Gecko) Chrome/120.0.0.0 Safari/537.36"
185.190.143.236 - - [08/Sep/2026:14:57:15 +0200] "GET /.well-known/ HTTP/1.1" 503 - "-" "Mozilla/5.0 (Windows NT 10.0; Win64; x64) AppleWebKit/537.36 (KHTML, like Gecko) Chrome/120.0.0.0 Safari/537.36"
185.190.143.236 - - [08/Sep/2026:14:57:18 +0200] "GET /uploads/ HTTP/1.1" 503 468 "-" "Mozilla/5.0 (Windows NT 10.0; Win64; x64) AppleWebKit/537.36 (KHTML, like Gecko) Chrome/120.0.0.0 Safari/537.36"
185.190.143.236 - - [08/Sep/2026:14:57:33 +0200] "GET /file/ HTTP/1.1" 503 468 "-" "Mozilla/5.0 (Windows NT 10.0; Win64; x64) AppleWebKit/537.36 (KHTML, like Gecko) Chrome/120.0.0.0 Safari/537.36"
185.190.143.236 - - [08/Sep/2026:14:57:49 +0200] "GET /admin/ HTTP/1.1" 503 468 "-" "Mozilla/5.0 (Windows NT 10.0; Win64; x64) AppleWebKit/537.36 (KHTML, like Gecko) Chrome/120.0.0.0 Safari/537.36"
185.190.143.236 - - [08/Sep/2026:14:58:06 +0200] "GET /.tmb/ HTTP/1.1" 503 468 "-" "Mozilla/5.0 (Windows NT 10.0; Win64; x64) AppleWebKit/537.36 (KHTML, like Gecko) Chrome/120.0.0.0 Safari/537.36"
185.43.220.19 - - [08/Sep/2026:15:11:55 +0200] "POST /wp-cron.php?doing_wp_cron=1788873115.5251379013061523437500 HTTP/1.1" 200 - "-" "WordPress/7.1; https://ratingbukmekerov.ru"
1.14.110.85 - - [08/Sep/2026:15:11:53 +0200] "GET / HTTP/1.1" 200 75437 "-" "Mozilla/5.0 (iPhone; CPU iPhone OS 13_2_3 like Mac OS X) AppleWebKit/605.1.15 (KHTML, like Gecko) Version/13.0.3 Mobile/15E148 Safari/604.1"
185.43.220.19 - - [08/Sep/2026:15:16:50 +0200] "POST /wp-cron.php?doing_wp_cron=1788873410.2867250442504882812500 HTTP/1.1" 200 - "-" "WordPress/7.1; https://ratingbukmekerov.ru"
118.194.251.75 - - [08/Sep/2026:15:16:46 +0200] "GET / HTTP/1.1" 200 75437 "-" "curl/7.29.0"
185.43.220.19 - - [08/Sep/2026:15:32:32 +0200] "POST /wp-cron.php?doing_wp_cron=1788874352.5748670101165771484375 HTTP/1.1" 200 - "-" "WordPress/7.1; https://ratingbukmekerov.ru"
104.198.14.91 - - [08/Sep/2026:15:32:30 +0200] "GET / HTTP/1.1" 404 75494 "-" "Mozilla/5.0 (Windows NT 10.0; Win64; x64) AppleWebKit/537.36 (KHTML, like Gecko) Chrome/95.0.4638.69 Safari/537.36"
104.198.14.91 - - [08/Sep/2026:15:32:32 +0200] "GET /wp-includes/ID3/license.txt HTTP/1.1" 301 - "-" "Mozilla/5.0 (Windows NT 10.0; Win64; x64) AppleWebKit/537.36 (KHTML, like Gecko) Chrome/95.0.4638.69 Safari/537.36"
104.198.14.91 - - [08/Sep/2026:15:32:34 +0200] "GET /wp-includes/id3/license.txt//feed/ HTTP/1.1" 301 - "-" "Mozilla/5.0 (Windows NT 10.0; Win64; x64) AppleWebKit/537.36 (KHTML, like Gecko) Chrome/95.0.4638.69 Safari/537.36"
185.43.220.19 - - [08/Sep/2026:15:32:37 +0200] "POST /wp-cron.php?doing_wp_cron=1788874357.3862359523773193359375 HTTP/1.1" 200 - "-" "WordPress/7.1; https://ratingbukmekerov.ru"
104.198.14.91 - - [08/Sep/2026:15:32:35 +0200] "GET /wp-includes/id3/license.txt//xmlrpc.php?rsd HTTP/1.1" 301 - "-" "Mozilla/5.0 (Windows NT 10.0; Win64; x64) AppleWebKit/537.36 (KHTML, like Gecko) Chrome/95.0.4638.69 Safari/537.36"
104.198.14.91 - - [08/Sep/2026:15:32:37 +0200] "GET /wp-includes/id3/license.txt//blog/wp-includes/wlwmanifest.xml HTTP/1.1" 301 - "-" "Mozilla/5.0 (Windows NT 10.0; Win64; x64) AppleWebKit/537.36 (KHTML, like Gecko) Chrome/95.0.4638.69 Safari/537.36"
104.198.14.91 - - [08/Sep/2026:15:32:39 +0200] "GET /wp-includes/id3/license.txt//web/wp-includes/wlwmanifest.xml HTTP/1.1" 301 - "-" "Mozilla/5.0 (Windows NT 10.0; Win64; x64) AppleWebKit/537.36 (KHTML, like Gecko) Chrome/95.0.4638.69 Safari/537.36"
104.198.14.91 - - [08/Sep/2026:15:32:41 +0200] "GET /wp-includes/id3/license.txt//wordpress/wp-includes/wlwmanifest.xml HTTP/1.1" 301 - "-" "Mozilla/5.0 (Windows NT 10.0; Win64; x64) AppleWebKit/537.36 (KHTML, like Gecko) Chrome/95.0.4638.69 Safari/537.36"
104.198.14.91 - - [08/Sep/2026:15:32:43 +0200] "GET /wp-includes/id3/license.txt//wp/wp-includes/wlwmanifest.xml HTTP/1.1" 301 - "-" "Mozilla/5.0 (Windows NT 10.0; Win64; x64) AppleWebKit/537.36 (KHTML, like Gecko) Chrome/95.0.4638.69 Safari/537.36"
104.198.14.91 - - [08/Sep/2026:15:32:45 +0200] "GET /wp-includes/id3/license.txt//2020/wp-includes/wlwmanifest.xml HTTP/1.1" 301 - "-" "Mozilla/5.0 (Windows NT 10.0; Win64; x64) AppleWebKit/537.36 (KHTML, like Gecko) Chrome/95.0.4638.69 Safari/537.36"
104.198.14.91 - - [08/Sep/2026:15:32:47 +0200] "GET /wp-includes/id3/license.txt//2019/wp-includes/wlwmanifest.xml HTTP/1.1" 301 - "-" "Mozilla/5.0 (Windows NT 10.0; Win64; x64) AppleWebKit/537.36 (KHTML, like Gecko) Chrome/95.0.4638.69 Safari/537.36"
185.43.220.19 - - [08/Sep/2026:15:32:50 +0200] "POST /wp-cron.php?doing_wp_cron=1788874370.1370079517364501953125 HTTP/1.1" 200 - "-" "WordPress/7.1; https://ratingbukmekerov.ru"
104.198.14.91 - - [08/Sep/2026:15:32:48 +0200] "GET /wp-includes/id3/license.txt//2021/wp-includes/wlwmanifest.xml HTTP/1.1" 301 - "-" "Mozilla/5.0 (Windows NT 10.0; Win64; x64) AppleWebKit/537.36 (KHTML, like Gecko) Chrome/95.0.4638.69 Safari/537.36"
104.198.14.91 - - [08/Sep/2026:15:32:50 +0200] "GET /wp-includes/id3/license.txt//shop/wp-includes/wlwmanifest.xml HTTP/1.1" 301 - "-" "Mozilla/5.0 (Windows NT 10.0; Win64; x64) AppleWebKit/537.36 (KHTML, like Gecko) Chrome/95.0.4638.69 Safari/537.36"
104.198.14.91 - - [08/Sep/2026:15:32:52 +0200] "GET /wp-includes/id3/license.txt//wp1/wp-includes/wlwmanifest.xml HTTP/1.1" 301 - "-" "Mozilla/5.0 (Windows NT 10.0; Win64; x64) AppleWebKit/537.36 (KHTML, like Gecko) Chrome/95.0.4638.69 Safari/537.36"
104.198.14.91 - - [08/Sep/2026:15:32:53 +0200] "GET /wp-includes/id3/license.txt//test/wp-includes/wlwmanifest.xml HTTP/1.1" 301 - "-" "Mozilla/5.0 (Windows NT 10.0; Win64; x64) AppleWebKit/537.36 (KHTML, like Gecko) Chrome/95.0.4638.69 Safari/537.36"
104.198.14.91 - - [08/Sep/2026:15:32:54 +0200] "GET /wp-includes/id3/license.txt//site/wp-includes/wlwmanifest.xml HTTP/1.1" 301 - "-" "Mozilla/5.0 (Windows NT 10.0; Win64; x64) AppleWebKit/537.36 (KHTML, like Gecko) Chrome/95.0.4638.69 Safari/537.36"
104.198.14.91 - - [08/Sep/2026:15:32:55 +0200] "GET /wp-includes/id3/license.txt//cms/wp-includes/wlwmanifest.xml HTTP/1.1" 301 - "-" "Mozilla/5.0 (Windows NT 10.0; Win64; x64) AppleWebKit/537.36 (KHTML, like Gecko) Chrome/95.0.4638.69 Safari/537.36"
185.43.220.19 - - [08/Sep/2026:15:45:40 +0200] "POST /wp-cron.php?doing_wp_cron=1788875140.8515329360961914062500 HTTP/1.1" 200 - "-" "WordPress/7.1; https://ratingbukmekerov.ru"
164.92.218.179 - - [08/Sep/2026:15:45:39 +0200] "GET / HTTP/1.1" 301 - "-" "Mozilla/5.0 (compatible; ForestEngine/1.0; +https://forestengine.net/)"
164.92.218.179 - - [08/Sep/2026:15:45:41 +0200] "GET /favicon.ico HTTP/1.1" 301 - "-" "Mozilla/5.0 (compatible; ForestEngine/1.0; +https://forestengine.net/)"
185.43.220.19 - - [08/Sep/2026:15:57:31 +0200] "POST /wp-cron.php?doing_wp_cron=1788875851.3751599788665771484375 HTTP/1.1" 200 - "-" "WordPress/7.1; https://ratingbukmekerov.ru"
94.154.35.236 - - [08/Sep/2026:15:57:29 +0200] "HEAD /bitrix.zip HTTP/1.1" 301 - "-" "Mozilla/5.0 (Windows NT 10.0; Win64; x64) AppleWebKit/537.36 (KHTML, like Gecko) Chrome/101.0.4951.67 Safari/537.36"
94.154.35.236 - - [08/Sep/2026:15:57:31 +0200] "HEAD /bitrix.zip/ HTTP/1.1" 200 - "-" "Mozilla/5.0 (Windows NT 10.0; Win64; x64) AppleWebKit/537.36 (KHTML, like Gecko) Chrome/101.0.4951.67 Safari/537.36"
185.43.220.19 - - [08/Sep/2026:16:23:33 +0200] "POST /wp-cron.php?doing_wp_cron=1788877413.1770238876342773437500 HTTP/1.1" 200 - "-" "WordPress/7.1; https://ratingbukmekerov.ru"
170.106.163.84 - - [08/Sep/2026:16:23:29 +0200] "GET / HTTP/1.1" 200 75437 "-" "Mozilla/5.0 (iPhone; CPU iPhone OS 13_2_3 like Mac OS X) AppleWebKit/605.1.15 (KHTML, like Gecko) Version/13.0.3 Mobile/15E148 Safari/604.1"
185.43.220.19 - - [08/Sep/2026:16:26:00 +0200] "POST /wp-cron.php?doing_wp_cron=1788877560.3906869888305664062500 HTTP/1.1" 200 - "-" "WordPress/7.1; https://ratingbukmekerov.ru"
94.154.35.236 - - [08/Sep/2026:16:25:56 +0200] "HEAD /modx.zip HTTP/1.1" 301 - "-" "Mozilla/5.0 (Windows NT 10.0; Win64; x64) AppleWebKit/537.36 (KHTML, like Gecko) Chrome/101.0.4951.67 Safari/537.36"
94.154.35.236 - - [08/Sep/2026:16:26:00 +0200] "HEAD /modx.zip/ HTTP/1.1" 200 - "-" "Mozilla/5.0 (Windows NT 10.0; Win64; x64) AppleWebKit/537.36 (KHTML, like Gecko) Chrome/101.0.4951.67 Safari/537.36"
18.97.14.84 - - [08/Sep/2026:16:46:12 +0200] "GET /robots.txt HTTP/1.1" 200 99 "-" "CCBot/2.0 (https://commoncrawl.org/faq/)"
18.97.14.84 - - [08/Sep/2026:16:46:12 +0200] "GET /otsenka-bukmekerskoy-kontoryi-1xbit/74ff2dd59b-1/ HTTP/1.1" 503 468 "-" "CCBot/2.0 (https://commoncrawl.org/faq/)"
185.43.220.19 - - [08/Sep/2026:16:54:13 +0200] "POST /wp-cron.php?doing_wp_cron=1788879253.2871320247650146484375 HTTP/1.1" 200 - "-" "WordPress/7.1; https://ratingbukmekerov.ru"
94.154.35.236 - - [08/Sep/2026:16:54:07 +0200] "HEAD /joomla.zip HTTP/1.1" 301 - "-" "Mozilla/5.0 (Windows NT 10.0; Win64; x64) AppleWebKit/537.36 (KHTML, like Gecko) Chrome/101.0.4951.67 Safari/537.36"
94.154.35.236 - - [08/Sep/2026:16:54:13 +0200] "HEAD /joomla.zip/ HTTP/1.1" 503 - "-" "Mozilla/5.0 (Windows NT 10.0; Win64; x64) AppleWebKit/537.36 (KHTML, like Gecko) Chrome/101.0.4951.67 Safari/537.36"
185.43.220.19 - - [08/Sep/2026:17:21:36 +0200] "POST /wp-cron.php?doing_wp_cron=1788880896.6947700977325439453125 HTTP/1.1" 200 - "-" "WordPress/7.1; https://ratingbukmekerov.ru"
94.154.35.236 - - [08/Sep/2026:17:21:33 +0200] "HEAD /administrator.zip HTTP/1.1" 301 - "-" "Mozilla/5.0 (Windows NT 10.0; Win64; x64) AppleWebKit/537.36 (KHTML, like Gecko) Chrome/101.0.4951.67 Safari/537.36"
94.154.35.236 - - [08/Sep/2026:17:21:37 +0200] "HEAD /administrator.zip/ HTTP/1.1" 200 - "-" "Mozilla/5.0 (Windows NT 10.0; Win64; x64) AppleWebKit/537.36 (KHTML, like Gecko) Chrome/101.0.4951.67 Safari/537.36"
185.43.220.19 - - [08/Sep/2026:17:30:50 +0200] "POST /wp-cron.php?doing_wp_cron=1788881450.1867220401763916015625 HTTP/1.1" 200 - "-" "WordPress/7.1; https://ratingbukmekerov.ru"
43.133.187.11 - - [08/Sep/2026:17:30:47 +0200] "GET / HTTP/1.1" 301 - "-" "Mozilla/5.0 (iPhone; CPU iPhone OS 13_2_3 like Mac OS X) AppleWebKit/605.1.15 (KHTML, like Gecko) Version/13.0.3 Mobile/15E148 Safari/604.1"
43.133.187.11 - - [08/Sep/2026:17:30:52 +0200] "GET / HTTP/1.1" 200 75437 "http://www.ratingbukmekerov.ru" "Mozilla/5.0 (iPhone; CPU iPhone OS 13_2_3 like Mac OS X) AppleWebKit/605.1.15 (KHTML, like Gecko) Version/13.0.3 Mobile/15E148 Safari/604.1"
185.43.220.19 - - [08/Sep/2026:17:47:57 +0200] "POST /wp-cron.php?doing_wp_cron=1788882477.6762719154357910156250 HTTP/1.1" 200 - "-" "WordPress/7.1; https://ratingbukmekerov.ru"
94.154.35.236 - - [08/Sep/2026:17:47:55 +0200] "HEAD /core.zip HTTP/1.1" 301 - "-" "Mozilla/5.0 (Windows NT 10.0; Win64; x64) AppleWebKit/537.36 (KHTML, like Gecko) Chrome/101.0.4951.67 Safari/537.36"
94.154.35.236 - - [08/Sep/2026:17:47:57 +0200] "HEAD /core.zip/ HTTP/1.1" 200 - "-" "Mozilla/5.0 (Windows NT 10.0; Win64; x64) AppleWebKit/537.36 (KHTML, like Gecko) Chrome/101.0.4951.67 Safari/537.36"
185.43.220.19 - - [08/Sep/2026:18:14:47 +0200] "POST /wp-cron.php?doing_wp_cron=1788884087.2345290184020996093750 HTTP/1.1" 200 - "-" "WordPress/7.1; https://ratingbukmekerov.ru"
94.154.35.236 - - [08/Sep/2026:18:14:45 +0200] "HEAD /wp.zip HTTP/1.1" 301 - "-" "Mozilla/5.0 (Windows NT 10.0; Win64; x64) AppleWebKit/537.36 (KHTML, like Gecko) Chrome/101.0.4951.67 Safari/537.36"
94.154.35.236 - - [08/Sep/2026:18:14:47 +0200] "HEAD /wp.zip/ HTTP/1.1" 200 - "-" "Mozilla/5.0 (Windows NT 10.0; Win64; x64) AppleWebKit/537.36 (KHTML, like Gecko) Chrome/101.0.4951.67 Safari/537.36"
94.154.35.236 - - [08/Sep/2026:18:42:31 +0200] "HEAD /wordpress.zip HTTP/1.1" 503 - "-" "Mozilla/5.0 (Windows NT 10.0; Win64; x64) AppleWebKit/537.36 (KHTML, like Gecko) Chrome/101.0.4951.67 Safari/537.36"
185.43.220.19 - - [08/Sep/2026:19:10:01 +0200] "POST /wp-cron.php?doing_wp_cron=1788887400.9984450340270996093750 HTTP/1.1" 200 - "-" "WordPress/7.1; https://ratingbukmekerov.ru"
94.154.35.236 - - [08/Sep/2026:19:09:59 +0200] "HEAD /public_html.zip HTTP/1.1" 301 - "-" "Mozilla/5.0 (Windows NT 10.0; Win64; x64) AppleWebKit/537.36 (KHTML, like Gecko) Chrome/101.0.4951.67 Safari/537.36"
94.154.35.236 - - [08/Sep/2026:19:10:01 +0200] "HEAD /public_html.zip/ HTTP/1.1" 200 - "-" "Mozilla/5.0 (Windows NT 10.0; Win64; x64) AppleWebKit/537.36 (KHTML, like Gecko) Chrome/101.0.4951.67 Safari/537.36"
185.43.220.19 - - [08/Sep/2026:19:36:49 +0200] "POST /wp-cron.php?doing_wp_cron=1788889009.2026059627532958984375 HTTP/1.1" 200 - "-" "WordPress/7.1; https://ratingbukmekerov.ru"
94.154.35.236 - - [08/Sep/2026:19:36:47 +0200] "HEAD /bitrix/bitrix.zip HTTP/1.1" 301 - "-" "Mozilla/5.0 (Windows NT 10.0; Win64; x64) AppleWebKit/537.36 (KHTML, like Gecko) Chrome/101.0.4951.67 Safari/537.36"
94.154.35.236 - - [08/Sep/2026:19:36:49 +0200] "HEAD /bitrix/bitrix.zip/ HTTP/1.1" 200 - "-" "Mozilla/5.0 (Windows NT 10.0; Win64; x64) AppleWebKit/537.36 (KHTML, like Gecko) Chrome/101.0.4951.67 Safari/537.36"
185.43.220.19 - - [08/Sep/2026:20:03:37 +0200] "POST /wp-cron.php?doing_wp_cron=1788890617.6383819580078125000000 HTTP/1.1" 200 - "-" "WordPress/7.1; https://ratingbukmekerov.ru"
94.154.35.236 - - [08/Sep/2026:20:03:36 +0200] "HEAD /bitrix/backup.zip HTTP/1.1" 301 - "-" "Mozilla/5.0 (Windows NT 10.0; Win64; x64) AppleWebKit/537.36 (KHTML, like Gecko) Chrome/101.0.4951.67 Safari/537.36"
94.154.35.236 - - [08/Sep/2026:20:03:37 +0200] "HEAD /bitrix/backup.zip/ HTTP/1.1" 200 - "-" "Mozilla/5.0 (Windows NT 10.0; Win64; x64) AppleWebKit/537.36 (KHTML, like Gecko) Chrome/101.0.4951.67 Safari/537.36"
185.43.220.19 - - [08/Sep/2026:20:30:29 +0200] "POST /wp-cron.php?doing_wp_cron=1788892229.6917750835418701171875 HTTP/1.1" 200 - "-" "WordPress/7.1; https://ratingbukmekerov.ru"
94.154.35.236 - - [08/Sep/2026:20:30:21 +0200] "HEAD /bitrix/archive.zip HTTP/1.1" 301 - "-" "Mozilla/5.0 (Windows NT 10.0; Win64; x64) AppleWebKit/537.36 (KHTML, like Gecko) Chrome/101.0.4951.67 Safari/537.36"
185.43.220.19 - - [08/Sep/2026:20:46:42 +0200] "POST /wp-cron.php?doing_wp_cron=1788893202.2911360263824462890625 HTTP/1.1" 200 - "-" "WordPress/7.1; https://ratingbukmekerov.ru"
1.12.70.96 - - [08/Sep/2026:20:46:35 +0200] "GET / HTTP/1.1" 301 - "-" "Mozilla/5.0 (iPhone; CPU iPhone OS 13_2_3 like Mac OS X) AppleWebKit/605.1.15 (KHTML, like Gecko) Version/13.0.3 Mobile/15E148 Safari/604.1"
185.43.220.19 - - [08/Sep/2026:20:46:58 +0200] "POST /wp-cron.php?doing_wp_cron=1788893218.3903450965881347656250 HTTP/1.1" 200 - "-" "WordPress/7.1; https://ratingbukmekerov.ru"
1.12.70.96 - - [08/Sep/2026:20:46:44 +0200] "GET / HTTP/1.1" 503 75437 "http://www.ratingbukmekerov.ru" "Mozilla/5.0 (iPhone; CPU iPhone OS 13_2_3 like Mac OS X) AppleWebKit/605.1.15 (KHTML, like Gecko) Version/13.0.3 Mobile/15E148 Safari/604.1"
62.60.130.199 - - [08/Sep/2026:20:49:11 +0200] "GET /wp-login.php HTTP/1.1" 301 - "-" "Mozilla/5.0 (Windows NT 10.0; Win64; x64; rv:121.0) Gecko/20100101 Firefox/121.0"
185.43.220.19 - - [08/Sep/2026:20:54:41 +0200] "POST /wp-cron.php?doing_wp_cron=1788893681.6849439144134521484375 HTTP/1.1" 200 - "-" "WordPress/7.1; https://ratingbukmekerov.ru"
170.106.143.6 - - [08/Sep/2026:20:54:32 +0200] "GET / HTTP/1.1" 200 75437 "-" "Mozilla/5.0 (iPhone; CPU iPhone OS 13_2_3 like Mac OS X) AppleWebKit/605.1.15 (KHTML, like Gecko) Version/13.0.3 Mobile/15E148 Safari/604.1"
94.154.35.236 - - [08/Sep/2026:20:57:11 +0200] "HEAD /bitrix/%D0%B0%D1%80%D1%85%D0%B8%D0%B2.zip HTTP/1.1" 503 - "-" "Mozilla/5.0 (Windows NT 10.0; Win64; x64) AppleWebKit/537.36 (KHTML, like Gecko) Chrome/101.0.4951.67 Safari/537.36"
51.68.247.215 - - [08/Sep/2026:21:19:19 +0200] "GET /robots.txt HTTP/1.1" 200 99 "-" "Mozilla/5.0 (compatible; AhrefsBot/7.0; +http://ahrefs.com/robot/)"
185.43.220.19 - - [08/Sep/2026:21:19:34 +0200] "POST /wp-cron.php?doing_wp_cron=1788895174.8871510028839111328125 HTTP/1.1" 200 - "-" "WordPress/7.1; https://ratingbukmekerov.ru"
37.59.204.153 - - [08/Sep/2026:21:19:29 +0200] "GET /otsenka-bukmekerskoy-kontoryi-william-hill/ HTTP/1.1" 404 75437 "-" "Mozilla/5.0 (compatible; AhrefsBot/7.0; +http://ahrefs.com/robot/)"
94.154.35.236 - - [08/Sep/2026:21:23:49 +0200] "HEAD /backup.zip HTTP/1.1" 503 - "-" "Mozilla/5.0 (Windows NT 10.0; Win64; x64) AppleWebKit/537.36 (KHTML, like Gecko) Chrome/101.0.4951.67 Safari/537.36"
94.154.35.236 - - [08/Sep/2026:21:50:23 +0200] "HEAD /archive.zip HTTP/1.1" 503 - "-" "Mozilla/5.0 (Windows NT 10.0; Win64; x64) AppleWebKit/537.36 (KHTML, like Gecko) Chrome/101.0.4951.67 Safari/537.36"
185.43.220.19 - - [08/Sep/2026:21:56:53 +0200] "POST /wp-cron.php?doing_wp_cron=1788897413.0090389251708984375000 HTTP/1.1" 200 - "-" "WordPress/7.1; https://ratingbukmekerov.ru"
217.216.73.44 - - [08/Sep/2026:21:56:48 +0200] "GET /wp-content/plugins/site-toolkit-nav/stn.php?x=ZWNobyBzdG5fMTExMDI2NDA= HTTP/1.1" 301 - "-" "Mozilla/5.0 (Windows NT 10.0; Win64; x64) AppleWebKit/537.36 (KHTML, like Gecko) Chrome/127.0.0.0 Safari/537.36"
217.216.73.44 - - [08/Sep/2026:21:56:54 +0200] "GET /wp-content/plugins/site-toolkit-nav/stn.php/?x=ZWNobyBzdG5fMTExMDI2NDA= HTTP/1.1" 200 75621 "-" "Mozilla/5.0 (Windows NT 10.0; Win64; x64) AppleWebKit/537.36 (KHTML, like Gecko) Chrome/127.0.0.0 Safari/537.36"
217.216.73.44 - - [08/Sep/2026:21:57:01 +0200] "GET /wp-json/wp/v2/comments?per_page=20&orderby=date&order=desc HTTP/1.1" 301 - "-" "Mozilla/5.0 (Windows NT 10.0; Win64; x64) AppleWebKit/537.36 (KHTML, like Gecko) Chrome/127.0.0.0 Safari/537.36"
217.216.73.44 - - [08/Sep/2026:21:57:08 +0200] "GET /wp-json/wp/v2/comments/?per_page=20&orderby=date&order=desc HTTP/1.1" 200 75683 "-" "Mozilla/5.0 (Windows NT 10.0; Win64; x64) AppleWebKit/537.36 (KHTML, like Gecko) Chrome/127.0.0.0 Safari/537.36"
185.43.220.19 - - [08/Sep/2026:21:57:22 +0200] "POST /wp-cron.php?doing_wp_cron=1788897442.4858860969543457031250 HTTP/1.1" 200 - "-" "WordPress/7.1; https://ratingbukmekerov.ru"
217.216.73.44 - - [08/Sep/2026:21:57:16 +0200] "GET / HTTP/1.1" 200 75437 "-" "Mozilla/5.0 (Windows NT 10.0; Win64; x64) AppleWebKit/537.36 (KHTML, like Gecko) Chrome/127.0.0.0 Safari/537.36"
217.216.73.44 - - [08/Sep/2026:21:57:24 +0200] "GET /wp-json/ HTTP/1.1" 200 75437 "-" "Mozilla/5.0 (Windows NT 10.0; Win64; x64) AppleWebKit/537.36 (KHTML, like Gecko) Chrome/127.0.0.0 Safari/537.36"
217.216.73.44 - - [08/Sep/2026:21:57:32 +0200] "POST /wp-json/batch/v1 HTTP/1.1" 200 75437 "-" "Mozilla/5.0 (Windows NT 10.0; Win64; x64) AppleWebKit/537.36 (KHTML, like Gecko) Chrome/127.0.0.0 Safari/537.36"
217.216.73.44 - - [08/Sep/2026:21:57:41 +0200] "GET /wp-login.php?action=register HTTP/1.1" 302 - "-" "Mozilla/5.0 (Windows NT 10.0; Win64; x64) AppleWebKit/537.36 (KHTML, like Gecko) Chrome/127.0.0.0 Safari/537.36"
91.92.243.223 - - [08/Sep/2026:21:57:56 +0200] "GET /wp-admin/admin-ajax.php HTTP/1.1" 400 1 "-" "Mozilla/5.0 (X11; Linux x86_64) AppleWebKit/537.36 (KHTML, like Gecko) Chrome/125.0.0.0 Safari/537.36"
217.216.73.44 - - [08/Sep/2026:21:58:04 +0200] "GET /wp-admin/admin.php?page=all-in-one-wp-migration HTTP/1.1" 302 - "-" "Mozilla/5.0 (Windows NT 10.0; Win64; x64) AppleWebKit/537.36 (KHTML, like Gecko) Chrome/127.0.0.0 Safari/537.36"
185.43.220.19 - - [08/Sep/2026:22:04:02 +0200] "POST /wp-cron.php?doing_wp_cron=1788897842.7930529117584228515625 HTTP/1.1" 200 - "-" "WordPress/7.1; https://ratingbukmekerov.ru"
61.160.207.221 - - [08/Sep/2026:22:03:57 +0200] "GET /__pboot_probe_not_exist_17768_1788897836455.txt HTTP/1.1" 301 - "-" "Mozilla/5.0 (compatible; Baiduspider/2.0; +http://www.baidu.com/search/spider.html)"
185.43.220.19 - - [08/Sep/2026:22:04:08 +0200] "POST /wp-cron.php?doing_wp_cron=1788897847.9866468906402587890625 HTTP/1.1" 200 - "-" "WordPress/7.1; https://ratingbukmekerov.ru"
61.160.207.221 - - [08/Sep/2026:22:04:02 +0200] "HEAD /apps/admin/view/default/layui/css/layui.css HTTP/1.1" 301 - "-" "Mozilla/5.0 (compatible; Baiduspider/2.0; +http://www.baidu.com/search/spider.html)"
61.160.207.221 - - [08/Sep/2026:22:04:07 +0200] "HEAD /apps/admin/view/default/layui/css/layui.min.css HTTP/1.1" 301 - "-" "Mozilla/5.0 (compatible; Baiduspider/2.0; +http://www.baidu.com/search/spider.html)"
61.160.207.221 - - [08/Sep/2026:22:04:12 +0200] "HEAD /apps/admin/view/default/layui/layui.js HTTP/1.1" 301 - "-" "Mozilla/5.0 (compatible; Baiduspider/2.0; +http://www.baidu.com/search/spider.html)"
185.43.220.19 - - [08/Sep/2026:22:04:57 +0200] "POST /wp-cron.php?doing_wp_cron=1788897897.8040440082550048828125 HTTP/1.1" 200 - "-" "WordPress/7.1; https://ratingbukmekerov.ru"
143.244.57.121 - - [08/Sep/2026:22:04:54 +0200] "GET / HTTP/1.1" 200 75437 "-" "Mozilla/5.0 (Windows NT 10.0; Win64; x64) AppleWebKit/537.36 (KHTML, like Gecko) Chrome/78.0.3904.108 Safari/537.36"
143.244.57.121 - - [08/Sep/2026:22:04:57 +0200] "GET / HTTP/1.1" 200 75437 "-" "Mozilla/5.0 (Windows NT 10.0; Win64; x64) AppleWebKit/537.36 (KHTML, like Gecko) Chrome/78.0.3904.108 Safari/537.36"
143.244.57.121 - - [08/Sep/2026:22:05:02 +0200] "GET /wp-includes/wlwmanifest.xml HTTP/1.1" 301 - "-" "Mozilla/5.0 (Windows NT 10.0; Win64; x64) AppleWebKit/537.36 (KHTML, like Gecko) Chrome/78.0.3904.108 Safari/537.36"
143.244.57.121 - - [08/Sep/2026:22:05:06 +0200] "GET /xmlrpc.php?rsd HTTP/1.1" 200 842 "-" "Mozilla/5.0 (Windows NT 10.0; Win64; x64) AppleWebKit/537.36 (KHTML, like Gecko) Chrome/78.0.3904.108 Safari/537.36"
143.244.57.121 - - [08/Sep/2026:22:05:12 +0200] "GET /?author=1 HTTP/1.1" 200 74449 "-" "Mozilla/5.0 (Windows NT 10.0; Win64; x64) AppleWebKit/537.36 (KHTML, like Gecko) Chrome/78.0.3904.108 Safari/537.36"
185.43.220.19 - - [08/Sep/2026:22:05:24 +0200] "POST /wp-cron.php?doing_wp_cron=1788897924.0936999320983886718750 HTTP/1.1" 200 - "-" "WordPress/7.1; https://ratingbukmekerov.ru"
143.244.57.121 - - [08/Sep/2026:22:05:18 +0200] "GET /?author=2 HTTP/1.1" 404 62108 "-" "Mozilla/5.0 (Windows NT 10.0; Win64; x64) AppleWebKit/537.36 (KHTML, like Gecko) Chrome/78.0.3904.108 Safari/537.36"
143.244.57.121 - - [08/Sep/2026:22:05:24 +0200] "GET /wp-json/wp/v2/users/ HTTP/1.1" 200 75437 "-" "Mozilla/5.0 (Windows NT 10.0; Win64; x64) AppleWebKit/537.36 (KHTML, like Gecko) Chrome/78.0.3904.108 Safari/537.36"
143.244.57.121 - - [08/Sep/2026:22:05:29 +0200] "GET /wp-json/oembed/1.0/embed?url=http://ratingbukmekerov.ru HTTP/1.1" 301 - "-" "Mozilla/5.0 (Windows NT 10.0; Win64; x64) AppleWebKit/537.36 (KHTML, like Gecko) Chrome/78.0.3904.108 Safari/537.36"
143.244.57.121 - - [08/Sep/2026:22:05:33 +0200] "POST /xmlrpc.php HTTP/1.1" 200 439 "-" "Mozilla/5.0 (Windows NT 10.0; Win64; x64) AppleWebKit/537.36 (KHTML, like Gecko) Chrome/78.0.3904.108 Safari/537.36"
143.244.57.121 - - [08/Sep/2026:22:05:36 +0200] "POST /xmlrpc.php HTTP/1.1" 200 439 "-" "Mozilla/5.0 (Windows NT 10.0; Win64; x64) AppleWebKit/537.36 (KHTML, like Gecko) Chrome/78.0.3904.108 Safari/537.36"
143.244.57.121 - - [08/Sep/2026:22:05:40 +0200] "POST /xmlrpc.php HTTP/1.1" 200 439 "-" "Mozilla/5.0 (Windows NT 10.0; Win64; x64) AppleWebKit/537.36 (KHTML, like Gecko) Chrome/78.0.3904.108 Safari/537.36"
143.244.57.121 - - [08/Sep/2026:22:05:44 +0200] "POST /xmlrpc.php HTTP/1.1" 200 439 "-" "Mozilla/5.0 (Windows NT 10.0; Win64; x64) AppleWebKit/537.36 (KHTML, like Gecko) Chrome/78.0.3904.108 Safari/537.36"
185.43.220.19 - - [08/Sep/2026:22:05:52 +0200] "POST /wp-cron.php?doing_wp_cron=1788897952.5980939865112304687500 HTTP/1.1" 200 - "-" "WordPress/7.1; https://ratingbukmekerov.ru"
143.244.57.121 - - [08/Sep/2026:22:05:48 +0200] "POST /xmlrpc.php HTTP/1.1" 200 439 "-" "Mozilla/5.0 (Windows NT 10.0; Win64; x64) AppleWebKit/537.36 (KHTML, like Gecko) Chrome/78.0.3904.108 Safari/537.36"
143.244.57.121 - - [08/Sep/2026:22:05:52 +0200] "POST /xmlrpc.php HTTP/1.1" 200 439 "-" "Mozilla/5.0 (Windows NT 10.0; Win64; x64) AppleWebKit/537.36 (KHTML, like Gecko) Chrome/78.0.3904.108 Safari/537.36"
143.244.57.121 - - [08/Sep/2026:22:05:55 +0200] "POST /xmlrpc.php HTTP/1.1" 200 439 "-" "Mozilla/5.0 (Windows NT 10.0; Win64; x64) AppleWebKit/537.36 (KHTML, like Gecko) Chrome/78.0.3904.108 Safari/537.36"
143.244.57.121 - - [08/Sep/2026:22:05:57 +0200] "POST /xmlrpc.php HTTP/1.1" 200 439 "-" "Mozilla/5.0 (Windows NT 10.0; Win64; x64) AppleWebKit/537.36 (KHTML, like Gecko) Chrome/78.0.3904.108 Safari/537.36"
143.244.57.121 - - [08/Sep/2026:22:05:59 +0200] "POST /xmlrpc.php HTTP/1.1" 200 439 "-" "Mozilla/5.0 (Windows NT 10.0; Win64; x64) AppleWebKit/537.36 (KHTML, like Gecko) Chrome/78.0.3904.108 Safari/537.36"
143.244.57.121 - - [08/Sep/2026:22:06:02 +0200] "POST /xmlrpc.php HTTP/1.1" 200 439 "-" "Mozilla/5.0 (Windows NT 10.0; Win64; x64) AppleWebKit/537.36 (KHTML, like Gecko) Chrome/78.0.3904.108 Safari/537.36"
143.244.57.121 - - [08/Sep/2026:22:06:03 +0200] "POST /xmlrpc.php HTTP/1.1" 200 439 "-" "Mozilla/5.0 (Windows NT 10.0; Win64; x64) AppleWebKit/537.36 (KHTML, like Gecko) Chrome/78.0.3904.108 Safari/537.36"
143.244.57.121 - - [08/Sep/2026:22:06:06 +0200] "POST /xmlrpc.php HTTP/1.1" 200 439 "-" "Mozilla/5.0 (Windows NT 10.0; Win64; x64) AppleWebKit/537.36 (KHTML, like Gecko) Chrome/78.0.3904.108 Safari/537.36"
143.244.57.121 - - [08/Sep/2026:22:06:08 +0200] "POST /xmlrpc.php HTTP/1.1" 200 439 "-" "Mozilla/5.0 (Windows NT 10.0; Win64; x64) AppleWebKit/537.36 (KHTML, like Gecko) Chrome/78.0.3904.108 Safari/537.36"
143.244.57.121 - - [08/Sep/2026:22:06:10 +0200] "POST /xmlrpc.php HTTP/1.1" 200 439 "-" "Mozilla/5.0 (Windows NT 10.0; Win64; x64) AppleWebKit/537.36 (KHTML, like Gecko) Chrome/78.0.3904.108 Safari/537.36"
143.244.57.121 - - [08/Sep/2026:22:06:12 +0200] "POST /xmlrpc.php HTTP/1.1" 200 439 "-" "Mozilla/5.0 (Windows NT 10.0; Win64; x64) AppleWebKit/537.36 (KHTML, like Gecko) Chrome/78.0.3904.108 Safari/537.36"
143.244.57.121 - - [08/Sep/2026:22:06:14 +0200] "POST /xmlrpc.php HTTP/1.1" 200 439 "-" "Mozilla/5.0 (Windows NT 10.0; Win64; x64) AppleWebKit/537.36 (KHTML, like Gecko) Chrome/78.0.3904.108 Safari/537.36"
143.244.57.121 - - [08/Sep/2026:22:06:17 +0200] "POST /xmlrpc.php HTTP/1.1" 200 439 "-" "Mozilla/5.0 (Windows NT 10.0; Win64; x64) AppleWebKit/537.36 (KHTML, like Gecko) Chrome/78.0.3904.108 Safari/537.36"
185.43.220.19 - - [08/Sep/2026:22:06:22 +0200] "POST /wp-cron.php?doing_wp_cron=1788897982.0845189094543457031250 HTTP/1.1" 200 - "-" "WordPress/7.1; https://ratingbukmekerov.ru"
143.244.57.121 - - [08/Sep/2026:22:06:19 +0200] "POST /xmlrpc.php HTTP/1.1" 200 439 "-" "Mozilla/5.0 (Windows NT 10.0; Win64; x64) AppleWebKit/537.36 (KHTML, like Gecko) Chrome/78.0.3904.108 Safari/537.36"
143.244.57.121 - - [08/Sep/2026:22:06:22 +0200] "POST /xmlrpc.php HTTP/1.1" 200 439 "-" "Mozilla/5.0 (Windows NT 10.0; Win64; x64) AppleWebKit/537.36 (KHTML, like Gecko) Chrome/78.0.3904.108 Safari/537.36"
143.244.57.121 - - [08/Sep/2026:22:06:26 +0200] "POST /xmlrpc.php HTTP/1.1" 200 439 "-" "Mozilla/5.0 (Windows NT 10.0; Win64; x64) AppleWebKit/537.36 (KHTML, like Gecko) Chrome/78.0.3904.108 Safari/537.36"
143.244.57.121 - - [08/Sep/2026:22:06:29 +0200] "POST /xmlrpc.php HTTP/1.1" 200 439 "-" "Mozilla/5.0 (Windows NT 10.0; Win64; x64) AppleWebKit/537.36 (KHTML, like Gecko) Chrome/78.0.3904.108 Safari/537.36"
143.244.57.121 - - [08/Sep/2026:22:06:32 +0200] "POST /xmlrpc.php HTTP/1.1" 200 439 "-" "Mozilla/5.0 (Windows NT 10.0; Win64; x64) AppleWebKit/537.36 (KHTML, like Gecko) Chrome/78.0.3904.108 Safari/537.36"
143.244.57.121 - - [08/Sep/2026:22:06:34 +0200] "POST /xmlrpc.php HTTP/1.1" 200 439 "-" "Mozilla/5.0 (Windows NT 10.0; Win64; x64) AppleWebKit/537.36 (KHTML, like Gecko) Chrome/78.0.3904.108 Safari/537.36"
143.244.57.121 - - [08/Sep/2026:22:06:38 +0200] "POST /xmlrpc.php HTTP/1.1" 200 439 "-" "Mozilla/5.0 (Windows NT 10.0; Win64; x64) AppleWebKit/537.36 (KHTML, like Gecko) Chrome/78.0.3904.108 Safari/537.36"
143.244.57.121 - - [08/Sep/2026:22:06:41 +0200] "POST /xmlrpc.php HTTP/1.1" 200 439 "-" "Mozilla/5.0 (Windows NT 10.0; Win64; x64) AppleWebKit/537.36 (KHTML, like Gecko) Chrome/78.0.3904.108 Safari/537.36"
185.43.220.19 - - [08/Sep/2026:22:06:51 +0200] "POST /wp-cron.php?doing_wp_cron=1788898011.3926489353179931640625 HTTP/1.1" 200 - "-" "WordPress/7.1; https://ratingbukmekerov.ru"
143.244.57.121 - - [08/Sep/2026:22:06:46 +0200] "POST /xmlrpc.php HTTP/1.1" 200 439 "-" "Mozilla/5.0 (Windows NT 10.0; Win64; x64) AppleWebKit/537.36 (KHTML, like Gecko) Chrome/78.0.3904.108 Safari/537.36"
143.244.57.121 - - [08/Sep/2026:22:06:51 +0200] "POST /xmlrpc.php HTTP/1.1" 200 439 "-" "Mozilla/5.0 (Windows NT 10.0; Win64; x64) AppleWebKit/537.36 (KHTML, like Gecko) Chrome/78.0.3904.108 Safari/537.36"
143.244.57.121 - - [08/Sep/2026:22:06:58 +0200] "POST /xmlrpc.php HTTP/1.1" 200 439 "-" "Mozilla/5.0 (Windows NT 10.0; Win64; x64) AppleWebKit/537.36 (KHTML, like Gecko) Chrome/78.0.3904.108 Safari/537.36"
143.244.57.121 - - [08/Sep/2026:22:07:03 +0200] "POST /xmlrpc.php HTTP/1.1" 200 439 "-" "Mozilla/5.0 (Windows NT 10.0; Win64; x64) AppleWebKit/537.36 (KHTML, like Gecko) Chrome/78.0.3904.108 Safari/537.36"
143.244.57.121 - - [08/Sep/2026:22:07:05 +0200] "POST /xmlrpc.php HTTP/1.1" 200 439 "-" "Mozilla/5.0 (Windows NT 10.0; Win64; x64) AppleWebKit/537.36 (KHTML, like Gecko) Chrome/78.0.3904.108 Safari/537.36"
143.244.57.121 - - [08/Sep/2026:22:07:09 +0200] "POST /xmlrpc.php HTTP/1.1" 200 439 "-" "Mozilla/5.0 (Windows NT 10.0; Win64; x64) AppleWebKit/537.36 (KHTML, like Gecko) Chrome/78.0.3904.108 Safari/537.36"
143.244.57.121 - - [08/Sep/2026:22:07:13 +0200] "POST /xmlrpc.php HTTP/1.1" 200 439 "-" "Mozilla/5.0 (Windows NT 10.0; Win64; x64) AppleWebKit/537.36 (KHTML, like Gecko) Chrome/78.0.3904.108 Safari/537.36"
143.244.57.121 - - [08/Sep/2026:22:07:17 +0200] "POST /xmlrpc.php HTTP/1.1" 200 439 "-" "Mozilla/5.0 (Windows NT 10.0; Win64; x64) AppleWebKit/537.36 (KHTML, like Gecko) Chrome/78.0.3904.108 Safari/537.36"
185.43.220.19 - - [08/Sep/2026:22:07:23 +0200] "POST /wp-cron.php?doing_wp_cron=1788898043.2991299629211425781250 HTTP/1.1" 200 - "-" "WordPress/7.1; https://ratingbukmekerov.ru"
143.244.57.121 - - [08/Sep/2026:22:07:19 +0200] "POST /xmlrpc.php HTTP/1.1" 200 439 "-" "Mozilla/5.0 (Windows NT 10.0; Win64; x64) AppleWebKit/537.36 (KHTML, like Gecko) Chrome/78.0.3904.108 Safari/537.36"
143.244.57.121 - - [08/Sep/2026:22:07:23 +0200] "POST /xmlrpc.php HTTP/1.1" 200 439 "-" "Mozilla/5.0 (Windows NT 10.0; Win64; x64) AppleWebKit/537.36 (KHTML, like Gecko) Chrome/78.0.3904.108 Safari/537.36"
143.244.57.121 - - [08/Sep/2026:22:07:28 +0200] "POST /xmlrpc.php HTTP/1.1" 200 439 "-" "Mozilla/5.0 (Windows NT 10.0; Win64; x64) AppleWebKit/537.36 (KHTML, like Gecko) Chrome/78.0.3904.108 Safari/537.36"
143.244.57.121 - - [08/Sep/2026:22:07:32 +0200] "POST /xmlrpc.php HTTP/1.1" 200 439 "-" "Mozilla/5.0 (Windows NT 10.0; Win64; x64) AppleWebKit/537.36 (KHTML, like Gecko) Chrome/78.0.3904.108 Safari/537.36"
143.244.57.121 - - [08/Sep/2026:22:07:34 +0200] "POST /xmlrpc.php HTTP/1.1" 200 439 "-" "Mozilla/5.0 (Windows NT 10.0; Win64; x64) AppleWebKit/537.36 (KHTML, like Gecko) Chrome/78.0.3904.108 Safari/537.36"
143.244.57.121 - - [08/Sep/2026:22:07:37 +0200] "POST /xmlrpc.php HTTP/1.1" 200 439 "-" "Mozilla/5.0 (Windows NT 10.0; Win64; x64) AppleWebKit/537.36 (KHTML, like Gecko) Chrome/78.0.3904.108 Safari/537.36"
143.244.57.121 - - [08/Sep/2026:22:07:39 +0200] "POST /xmlrpc.php HTTP/1.1" 200 439 "-" "Mozilla/5.0 (Windows NT 10.0; Win64; x64) AppleWebKit/537.36 (KHTML, like Gecko) Chrome/78.0.3904.108 Safari/537.36"
143.244.57.121 - - [08/Sep/2026:22:07:44 +0200] "POST /xmlrpc.php HTTP/1.1" 200 439 "-" "Mozilla/5.0 (Windows NT 10.0; Win64; x64) AppleWebKit/537.36 (KHTML, like Gecko) Chrome/78.0.3904.108 Safari/537.36"
185.43.220.19 - - [08/Sep/2026:22:07:52 +0200] "POST /wp-cron.php?doing_wp_cron=1788898072.7833430767059326171875 HTTP/1.1" 200 - "-" "WordPress/7.1; https://ratingbukmekerov.ru"
143.244.57.121 - - [08/Sep/2026:22:07:48 +0200] "POST /xmlrpc.php HTTP/1.1" 200 439 "-" "Mozilla/5.0 (Windows NT 10.0; Win64; x64) AppleWebKit/537.36 (KHTML, like Gecko) Chrome/78.0.3904.108 Safari/537.36"
143.244.57.121 - - [08/Sep/2026:22:07:53 +0200] "POST /xmlrpc.php HTTP/1.1" 503 - "-" "Mozilla/5.0 (Windows NT 10.0; Win64; x64) AppleWebKit/537.36 (KHTML, like Gecko) Chrome/78.0.3904.108 Safari/537.36"
94.154.35.236 - - [08/Sep/2026:22:16:50 +0200] "HEAD /%D0%B0%D1%80%D1%85%D0%B8%D0%B2.zip HTTP/1.1" 503 - "-" "Mozilla/5.0 (Windows NT 10.0; Win64; x64) AppleWebKit/537.36 (KHTML, like Gecko) Chrome/101.0.4951.67 Safari/537.36"
185.43.220.19 - - [08/Sep/2026:22:25:56 +0200] "POST /wp-cron.php?doing_wp_cron=1788899156.1856899261474609375000 HTTP/1.1" 200 - "-" "WordPress/7.1; https://ratingbukmekerov.ru"
172.238.218.233 - - [08/Sep/2026:22:25:52 +0200] "HEAD /backup/ HTTP/1.1" 200 - "-" "Mozilla/5.0 (Windows NT 10.0; Win64; x64) AppleWebKit/537.36 (KHTML, like Gecko) Chrome/126.0.6478.70 Safari/537.36 Vivaldi/6.7.3200.25"
172.238.218.233 - - [08/Sep/2026:22:25:56 +0200] "HEAD /blog/ HTTP/1.1" 200 - "-" "Mozilla/5.0 (Macintosh; Intel Mac OS X 15_0) AppleWebKit/537.36 (KHTML, like Gecko) Chrome/125.0.6422.141 Safari/537.36"
172.238.218.233 - - [08/Sep/2026:22:26:01 +0200] "HEAD /wp/ HTTP/1.1" 200 - "-" "Mozilla/5.0 (Linux; Android 11; moto g31) AppleWebKit/537.36 (KHTML, like Gecko) Chrome/122.0.6261.96 Mobile Safari/537.36"
172.238.218.233 - - [08/Sep/2026:22:26:04 +0200] "HEAD /new/ HTTP/1.1" 200 - "-" "Mozilla/5.0 (Linux; Android 13; Infinix X688B) AppleWebKit/537.36 (KHTML, like Gecko) Chrome/124.0.6367.48 Mobile Safari/537.36"
172.238.218.233 - - [08/Sep/2026:22:26:07 +0200] "HEAD /wordpress/ HTTP/1.1" 200 - "-" "Mozilla/5.0 (Macintosh; Intel Mac OS X 14_5) AppleWebKit/605.1.15 (KHTML, like Gecko) Version/17.5 Safari/605.1.15"
172.238.218.233 - - [08/Sep/2026:22:26:10 +0200] "HEAD /old/ HTTP/1.1" 200 - "-" "Mozilla/5.0 (Windows NT 10.0; Win64; x64; rv:127.0) Gecko/20100101 Firefox/127.0"
172.238.218.233 - - [08/Sep/2026:22:26:12 +0200] "HEAD / HTTP/1.1" 200 - "-" "Mozilla/5.0 (iPad; CPU OS 17_4 like Mac OS X) AppleWebKit/605.1.15 (KHTML, like Gecko) Version/17.4 Mobile/15E148 Safari/604.1"
185.43.220.19 - - [08/Sep/2026:22:28:44 +0200] "POST /wp-cron.php?doing_wp_cron=1788899324.2872710227966308593750 HTTP/1.1" 200 - "-" "WordPress/7.1; https://ratingbukmekerov.ru"
139.162.144.251 - - [08/Sep/2026:22:28:40 +0200] "GET / HTTP/1.1" 200 75437 "-" "Mozilla/5.0 (Macintosh; Intel Mac OS X 10_15_7) AppleWebKit/605.1.15 (KHTML, like Gecko) Version/15.3 Safari/605.1.15"
216.73.216.76 - - [08/Sep/2026:22:32:06 +0200] "GET /robots.txt HTTP/1.1" 200 99 "-" "Mozilla/5.0 AppleWebKit/537.36 (KHTML, like Gecko; compatible; ClaudeBot/1.0; [email protected])"
185.43.220.19 - - [08/Sep/2026:22:32:10 +0200] "POST /wp-cron.php?doing_wp_cron=1788899530.2824220657348632812500 HTTP/1.1" 200 - "-" "WordPress/7.1; https://ratingbukmekerov.ru"
216.73.216.76 - - [08/Sep/2026:22:32:06 +0200] "GET /otsenka-bukmekerskoy-kontoryi-marafon/188bet_logo HTTP/1.1" 301 - "-" "Mozilla/5.0 AppleWebKit/537.36 (KHTML, like Gecko; compatible; ClaudeBot/1.0; [email protected])"
216.73.216.76 - - [08/Sep/2026:22:32:11 +0200] "GET /otsenka-bukmekerskoy-kontoryi-marafon/188bet_logo/ HTTP/1.1" 503 70192 "http://ratingbukmekerov.ru/otsenka-bukmekerskoy-kontoryi-marafon/188bet_logo" "Mozilla/5.0 AppleWebKit/537.36 (KHTML, like Gecko; compatible; ClaudeBot/1.0; [email protected])"
94.154.35.236 - - [08/Sep/2026:22:42:49 +0200] "HEAD /bitrix/site.zip HTTP/1.1" 503 - "-" "Mozilla/5.0 (Windows NT 10.0; Win64; x64) AppleWebKit/537.36 (KHTML, like Gecko) Chrome/101.0.4951.67 Safari/537.36"
87.236.176.85 - - [08/Sep/2026:23:08:46 +0200] "GET / HTTP/1.1" 503 - "-" "Mozilla/5.0 (compatible; InternetMeasurement/1.0; +https://internet-measurement.com/)"
94.154.35.236 - - [08/Sep/2026:23:08:56 +0200] "HEAD /bitrix/new.zip HTTP/1.1" 503 - "-" "Mozilla/5.0 (Windows NT 10.0; Win64; x64) AppleWebKit/537.36 (KHTML, like Gecko) Chrome/101.0.4951.67 Safari/537.36"
185.43.220.19 - - [08/Sep/2026:23:35:10 +0200] "POST /wp-cron.php?doing_wp_cron=1788903309.6825339794158935546875 HTTP/1.1" 200 - "-" "WordPress/7.1; https://ratingbukmekerov.ru"
94.154.35.236 - - [08/Sep/2026:23:35:04 +0200] "HEAD /bitrix/root.zip HTTP/1.1" 301 - "-" "Mozilla/5.0 (Windows NT 10.0; Win64; x64) AppleWebKit/537.36 (KHTML, like Gecko) Chrome/101.0.4951.67 Safari/537.36"
94.154.35.236 - - [08/Sep/2026:23:35:10 +0200] "HEAD /bitrix/root.zip/ HTTP/1.1" 200 - "-" "Mozilla/5.0 (Windows NT 10.0; Win64; x64) AppleWebKit/537.36 (KHTML, like Gecko) Chrome/101.0.4951.67 Safari/537.36"
185.43.220.19 - - [08/Sep/2026:23:37:36 +0200] "POST /wp-cron.php?doing_wp_cron=1788903456.0942161083221435546875 HTTP/1.1" 200 - "-" "WordPress/7.1; https://ratingbukmekerov.ru"
185.151.18.153 - - [08/Sep/2026:23:37:31 +0200] "GET / HTTP/1.1" 200 75437 "-" "Mozilla/5.0 (Linux; U; Android 13; sk-sk; Xiaomi 11T Pro Build/TKQ1.220829.002) AppleWebKit/537.36 (KHTML, like Gecko) Version/4.0 Chrome/112.0.5615.136 Mobile Safari/537.36 XiaoMi/MiuiBrowser/14.4.0-g"
185.43.220.19 - - [09/Sep/2026:00:00:56 +0200] "POST /wp-cron.php?doing_wp_cron=1788904856.0004739761352539062500 HTTP/1.1" 200 - "-" "WordPress/7.1; https://ratingbukmekerov.ru"
94.154.35.236 - - [09/Sep/2026:00:00:53 +0200] "HEAD /bitrix.zip HTTP/1.1" 301 - "-" "Mozilla/5.0 (Windows NT 10.0; Win64; x64) AppleWebKit/537.36 (KHTML, like Gecko) Chrome/101.0.4951.67 Safari/537.36"
94.154.35.236 - - [09/Sep/2026:00:00:56 +0200] "HEAD /bitrix.zip/ HTTP/1.1" 200 - "-" "Mozilla/5.0 (Windows NT 10.0; Win64; x64) AppleWebKit/537.36 (KHTML, like Gecko) Chrome/101.0.4951.67 Safari/537.36"
185.43.220.19 - - [09/Sep/2026:00:17:45 +0200] "POST /wp-cron.php?doing_wp_cron=1788905864.9730269908905029296875 HTTP/1.1" 200 - "-" "WordPress/7.1; https://ratingbukmekerov.ru"
45.43.83.235 - - [09/Sep/2026:00:17:43 +0200] "GET /wp-content/plugins/elementor-pro/assets/css/app.min.css HTTP/1.1" 302 - "-" "Mozilla/5.0 (X11; Linux x86_64) AppleWebKit/537.36 (KHTML, like Gecko) Chrome/131.0.0.0 Safari/537.36"
140.99.197.137 - - [09/Sep/2026:00:17:47 +0200] "GET /wp-content/plugins/elementor-pro/readme.txt HTTP/1.1" 302 - "-" "Mozilla/5.0 (X11; Linux x86_64) AppleWebKit/537.36 (KHTML, like Gecko) Chrome/131.0.0.0 Safari/537.36"
185.43.220.19 - - [09/Sep/2026:00:26:58 +0200] "POST /wp-cron.php?doing_wp_cron=1788906418.2819879055023193359375 HTTP/1.1" 200 - "-" "WordPress/7.1; https://ratingbukmekerov.ru"
94.154.35.236 - - [09/Sep/2026:00:26:54 +0200] "HEAD /sitemanager.zip HTTP/1.1" 302 - "-" "Mozilla/5.0 (Windows NT 10.0; Win64; x64) AppleWebKit/537.36 (KHTML, like Gecko) Chrome/101.0.4951.67 Safari/537.36"
185.43.220.19 - - [09/Sep/2026:00:52:48 +0200] "POST /wp-cron.php?doing_wp_cron=1788907968.6817610263824462890625 HTTP/1.1" 200 - "-" "WordPress/7.1; https://ratingbukmekerov.ru"
94.154.35.236 - - [09/Sep/2026:00:52:45 +0200] "HEAD /backup.zip HTTP/1.1" 302 - "-" "Mozilla/5.0 (Windows NT 10.0; Win64; x64) AppleWebKit/537.36 (KHTML, like Gecko) Chrome/101.0.4951.67 Safari/537.36"
43.157.150.69 - - [09/Sep/2026:01:11:38 +0200] "GET / HTTP/1.1" 302 - "-" "Mozilla/5.0 (iPhone; CPU iPhone OS 13_2_3 like Mac OS X) AppleWebKit/605.1.15 (KHTML, like Gecko) Version/13.0.3 Mobile/15E148 Safari/604.1"
185.43.220.19 - - [09/Sep/2026:01:18:50 +0200] "POST /wp-cron.php?doing_wp_cron=1788909529.9041950702667236328125 HTTP/1.1" 200 - "-" "WordPress/7.1; https://ratingbukmekerov.ru"
94.154.35.236 - - [09/Sep/2026:01:18:46 +0200] "HEAD /old.zip HTTP/1.1" 302 - "-" "Mozilla/5.0 (Windows NT 10.0; Win64; x64) AppleWebKit/537.36 (KHTML, like Gecko) Chrome/101.0.4951.67 Safari/537.36"
185.43.220.19 - - [09/Sep/2026:01:44:38 +0200] "POST /wp-cron.php?doing_wp_cron=1788911078.2807540893554687500000 HTTP/1.1" 200 - "-" "WordPress/7.1; https://ratingbukmekerov.ru"
94.154.35.236 - - [09/Sep/2026:01:44:33 +0200] "HEAD /archive.zip HTTP/1.1" 302 - "-" "Mozilla/5.0 (Windows NT 10.0; Win64; x64) AppleWebKit/537.36 (KHTML, like Gecko) Chrome/101.0.4951.67 Safari/537.36"
185.43.220.19 - - [09/Sep/2026:01:45:08 +0200] "POST /wp-cron.php?doing_wp_cron=1788911107.8519980907440185546875 HTTP/1.1" 200 - "-" "WordPress/7.1; https://ratingbukmekerov.ru"
62.60.130.247 - - [09/Sep/2026:01:45:03 +0200] "GET //images/images/cache.php HTTP/1.1" 302 - "www.google.com" "Mozlila/5.0 (Linux; Android 7.0; SM-G892A Bulid/NRD90M; wv) AppleWebKit/537.36 (KHTML, like Gecko) Version/4.0 Chrome/60.0.3112.107 Moblie Safari/537.36"
62.60.130.247 - - [09/Sep/2026:01:45:12 +0200] "GET //assets/images/images/cache.php HTTP/1.1" 302 - "www.google.com" "Mozlila/5.0 (Linux; Android 7.0; SM-G892A Bulid/NRD90M; wv) AppleWebKit/537.36 (KHTML, like Gecko) Version/4.0 Chrome/60.0.3112.107 Moblie Safari/537.36"
185.43.220.19 - - [09/Sep/2026:01:45:23 +0200] "POST /wp-cron.php?doing_wp_cron=1788911123.6834039688110351562500 HTTP/1.1" 200 - "-" "WordPress/7.1; https://ratingbukmekerov.ru"
62.60.130.247 - - [09/Sep/2026:01:45:18 +0200] "GET //cgi-bin/cgi-bin/cgi-bin/cgi-bin/cache.php HTTP/1.1" 302 - "www.google.com" "Mozlila/5.0 (Linux; Android 7.0; SM-G892A Bulid/NRD90M; wv) AppleWebKit/537.36 (KHTML, like Gecko) Version/4.0 Chrome/60.0.3112.107 Moblie Safari/537.36"
62.60.130.247 - - [09/Sep/2026:01:45:29 +0200] "GET //images/images/images/images/images/images/images/images/cache.php HTTP/1.1" 302 - "www.google.com" "Mozlila/5.0 (Linux; Android 7.0; SM-G892A Bulid/NRD90M; wv) AppleWebKit/537.36 (KHTML, like Gecko) Version/4.0 Chrome/60.0.3112.107 Moblie Safari/537.36"
124.221.140.98 - - [09/Sep/2026:02:04:52 +0200] "GET / HTTP/1.1" 302 - "-" "Mozilla/5.0 (iPhone; CPU iPhone OS 13_2_3 like Mac OS X) AppleWebKit/605.1.15 (KHTML, like Gecko) Version/13.0.3 Mobile/15E148 Safari/604.1"
185.43.220.19 - - [09/Sep/2026:02:10:53 +0200] "POST /wp-cron.php?doing_wp_cron=1788912652.9892840385437011718750 HTTP/1.1" 200 - "-" "WordPress/7.1; https://ratingbukmekerov.ru"
94.154.35.236 - - [09/Sep/2026:02:10:46 +0200] "HEAD /%D0%B0%D1%80%D1%85%D0%B8%D0%B2.zip HTTP/1.1" 302 - "-" "Mozilla/5.0 (Windows NT 10.0; Win64; x64) AppleWebKit/537.36 (KHTML, like Gecko) Chrome/101.0.4951.67 Safari/537.36"
192.121.35.169 - - [09/Sep/2026:02:27:43 +0200] "GET / HTTP/1.1" 302 - "-" "Mozilla/5.0 (Windows NT 10.0; Win64; x64) AppleWebKit/537.36 (KHTML, like Gecko) Chrome/121.0.0.0 Safari/537.3"
185.43.220.19 - - [09/Sep/2026:02:37:11 +0200] "POST /wp-cron.php?doing_wp_cron=1788914231.7825510501861572265625 HTTP/1.1" 200 - "-" "WordPress/7.1; https://ratingbukmekerov.ru"
94.154.35.236 - - [09/Sep/2026:02:37:07 +0200] "HEAD /site.zip HTTP/1.1" 302 - "-" "Mozilla/5.0 (Windows NT 10.0; Win64; x64) AppleWebKit/537.36 (KHTML, like Gecko) Chrome/101.0.4951.67 Safari/537.36"
45.77.143.186 - - [09/Sep/2026:02:37:42 +0200] "GET /wp-login.php HTTP/1.1" 302 - "-" "Mozilla/5.0 (Windows NT 10.0; Win64; x64; rv:92.0) Gecko/20100101 Firefox/92.0"
43.159.35.188 - - [09/Sep/2026:02:48:19 +0200] "GET / HTTP/1.1" 302 - "-" "Mozilla/5.0 (iPhone; CPU iPhone OS 13_2_3 like Mac OS X) AppleWebKit/605.1.15 (KHTML, like Gecko) Version/13.0.3 Mobile/15E148 Safari/604.1"
185.43.220.19 - - [09/Sep/2026:03:03:11 +0200] "POST /wp-cron.php?doing_wp_cron=1788915790.9814350605010986328125 HTTP/1.1" 200 - "-" "WordPress/7.1; https://ratingbukmekerov.ru"
94.154.35.236 - - [09/Sep/2026:03:03:06 +0200] "HEAD /new.zip HTTP/1.1" 302 - "-" "Mozilla/5.0 (Windows NT 10.0; Win64; x64) AppleWebKit/537.36 (KHTML, like Gecko) Chrome/101.0.4951.67 Safari/537.36"
51.89.83.63 - - [09/Sep/2026:03:17:00 +0200] "GET /robots.txt HTTP/1.1" 200 99 "-" "Mozilla/5.0 (compatible; AhrefsBot/7.0; +http://ahrefs.com/robot/)"
185.43.220.19 - - [09/Sep/2026:03:17:14 +0200] "POST /wp-cron.php?doing_wp_cron=1788916634.2857389450073242187500 HTTP/1.1" 200 - "-" "WordPress/7.1; https://ratingbukmekerov.ru"
51.89.74.207 - - [09/Sep/2026:03:17:10 +0200] "GET /sbobet HTTP/1.1" 200 20830 "-" "Mozilla/5.0 (compatible; AhrefsBot/7.0; +http://ahrefs.com/robot/)"
185.43.220.19 - - [09/Sep/2026:03:29:03 +0200] "POST /wp-cron.php?doing_wp_cron=1788917343.4822700023651123046875 HTTP/1.1" 200 - "-" "WordPress/7.1; https://ratingbukmekerov.ru"
94.154.35.236 - - [09/Sep/2026:03:29:01 +0200] "HEAD /root.zip HTTP/1.1" 302 - "-" "Mozilla/5.0 (Windows NT 10.0; Win64; x64) AppleWebKit/537.36 (KHTML, like Gecko) Chrome/101.0.4951.67 Safari/537.36"
