45.148.10.244 - - [09/Sep/2026:03:49:01 +0200] "POST /?rest_route=/batch/v1 HTTP/1.1" 207 16 "-" "Mozilla/5.0 (Windows NT 10.0; Win64; x64) AppleWebKit/537.36 (KHTML, like Gecko) Chrome/120.0.0.0 Safari/537.36"
45.148.10.244 - - [09/Sep/2026:03:49:05 +0200] "POST /?rest_route=/batch/v1 HTTP/1.1" 207 16 "-" "Mozilla/5.0 (Windows NT 10.0; Win64; x64) AppleWebKit/537.36 (KHTML, like Gecko) Chrome/120.0.0.0 Safari/537.36"
45.148.10.244 - - [09/Sep/2026:03:49:10 +0200] "GET /wp-json/ HTTP/1.1" 302 - "-" "Mozilla/5.0 (Windows NT 10.0; Win64; x64) AppleWebKit/537.36 (KHTML, like Gecko) Chrome/120.0.0.0 Safari/537.36"
185.43.220.19 - - [09/Sep/2026:03:54:51 +0200] "POST /wp-cron.php?doing_wp_cron=1788918891.7828791141510009765625 HTTP/1.1" 200 - "-" "WordPress/7.1; https://ratingbukmekerov.ru"
94.154.35.236 - - [09/Sep/2026:03:54:44 +0200] "HEAD /ratingbukmekerov.zip HTTP/1.1" 302 - "-" "Mozilla/5.0 (Windows NT 10.0; Win64; x64) AppleWebKit/537.36 (KHTML, like Gecko) Chrome/101.0.4951.67 Safari/537.36"
147.182.149.75 - - [09/Sep/2026:04:12:58 +0200] "GET / HTTP/1.1" 302 - "-" "Mozilla/5.0 (l9scan/2.0.9313e2032323e23343e2538313; +https://leakix.net)"
185.43.220.19 - - [09/Sep/2026:04:13:05 +0200] "POST /wp-cron.php?doing_wp_cron=1788919984.9828069210052490234375 HTTP/1.1" 200 - "-" "WordPress/7.1; https://ratingbukmekerov.ru"
147.182.149.75 - - [09/Sep/2026:04:12:59 +0200] "GET /console/ HTTP/1.1" 302 - "-" "Mozilla/5.0 (l9scan/2.0.9313e2032323e23343e2538313; +https://leakix.net)"
147.182.149.75 - - [09/Sep/2026:04:13:02 +0200] "GET /server HTTP/1.1" 302 - "-" "Mozilla/5.0 (l9scan/2.0.9313e2032323e23343e2538313; +https://leakix.net)"
147.182.149.75 - - [09/Sep/2026:04:13:05 +0200] "GET /server-status HTTP/1.1" 302 - "-" "Mozilla/5.0 (l9scan/2.0.9313e2032323e23343e2538313; +https://leakix.net)"
147.182.149.75 - - [09/Sep/2026:04:13:14 +0200] "GET / HTTP/1.1" 302 - "-" "Mozilla/5.0 (l9scan/2.0.9313e2032323e23343e2538313; +https://leakix.net)"
147.182.149.75 - - [09/Sep/2026:04:13:08 +0200] "GET /about HTTP/1.1" 302 - "-" "Mozilla/5.0 (l9scan/2.0.9313e2032323e23343e2538313; +https://leakix.net)"
147.182.149.75 - - [09/Sep/2026:04:13:11 +0200] "GET /login.action HTTP/1.1" 302 - "-" "Mozilla/5.0 (l9scan/2.0.9313e2032323e23343e2538313; +https://leakix.net)"
185.43.220.19 - - [09/Sep/2026:04:13:21 +0200] "POST /wp-cron.php?doing_wp_cron=1788920001.8828160762786865234375 HTTP/1.1" 200 - "-" "WordPress/7.1; https://ratingbukmekerov.ru"
147.182.149.75 - - [09/Sep/2026:04:13:15 +0200] "GET /___proxy_subdomain_whm/login HTTP/1.1" 302 - "-" "Mozilla/5.0 (l9scan/2.0.9313e2032323e23343e2538313; +https://leakix.net)"
147.182.149.75 - - [09/Sep/2026:04:13:18 +0200] "GET /___proxy_subdomain_cpanel HTTP/1.1" 302 - "-" "Mozilla/5.0 (l9scan/2.0.9313e2032323e23343e2538313; +https://leakix.net)"
147.182.149.75 - - [09/Sep/2026:04:13:21 +0200] "GET /v2/_catalog HTTP/1.1" 503 468 "-" "Mozilla/5.0 (l9scan/2.0.9313e2032323e23343e2538313; +https://leakix.net)"
147.182.149.75 - - [09/Sep/2026:04:13:24 +0200] "GET /.DS_Store HTTP/1.1" 503 468 "-" "Mozilla/5.0 (l9scan/2.0.9313e2032323e23343e2538313; +https://leakix.net)"
147.182.149.75 - - [09/Sep/2026:04:13:27 +0200] "GET /.env HTTP/1.1" 302 - "-" "Mozilla/5.0 (l9scan/2.0.9313e2032323e23343e2538313; +https://leakix.net)"
147.182.149.75 - - [09/Sep/2026:04:13:31 +0200] "GET /ecp/Current/exporttool/microsoft.exchange.ediscovery.exporttool.application HTTP/1.1" 302 - "-" "Mozilla/5.0 (l9scan/2.0.9313e2032323e23343e2538313; +https://leakix.net)"
147.182.149.75 - - [09/Sep/2026:04:13:35 +0200] "GET /.git/config HTTP/1.1" 302 - "-" "Mozilla/5.0 (l9scan/2.0.9313e2032323e23343e2538313; +https://leakix.net)"
147.182.149.75 - - [09/Sep/2026:04:13:38 +0200] "POST /graphql HTTP/1.1" 302 - "-" "Mozilla/5.0 (l9scan/2.0.9313e2032323e23343e2538313; +https://leakix.net)"
147.182.149.75 - - [09/Sep/2026:04:13:41 +0200] "POST /api HTTP/1.1" 302 - "-" "Mozilla/5.0 (l9scan/2.0.9313e2032323e23343e2538313; +https://leakix.net)"
147.182.149.75 - - [09/Sep/2026:04:13:44 +0200] "POST /api/graphql HTTP/1.1" 302 - "-" "Mozilla/5.0 (l9scan/2.0.9313e2032323e23343e2538313; +https://leakix.net)"
185.43.220.19 - - [09/Sep/2026:04:13:51 +0200] "POST /wp-cron.php?doing_wp_cron=1788920031.4827420711517333984375 HTTP/1.1" 200 - "-" "WordPress/7.1; https://ratingbukmekerov.ru"
147.182.149.75 - - [09/Sep/2026:04:13:47 +0200] "POST /graphql/api HTTP/1.1" 302 - "-" "Mozilla/5.0 (l9scan/2.0.9313e2032323e23343e2538313; +https://leakix.net)"
147.182.149.75 - - [09/Sep/2026:04:13:50 +0200] "POST /api/gql HTTP/1.1" 302 - "-" "Mozilla/5.0 (l9scan/2.0.9313e2032323e23343e2538313; +https://leakix.net)"
147.182.149.75 - - [09/Sep/2026:04:13:53 +0200] "GET /s/9313e2032323e23343e2538313/_/;/META-INF/maven/com.atlassian.jira/jira-webapp-dist/pom.properties HTTP/1.1" 302 - "-" "Mozilla/5.0 (l9scan/2.0.9313e2032323e23343e2538313; +https://leakix.net)"
147.182.149.75 - - [09/Sep/2026:04:13:56 +0200] "GET /config.json HTTP/1.1" 302 - "-" "Mozilla/5.0 (l9scan/2.0.9313e2032323e23343e2538313; +https://leakix.net)"
147.182.149.75 - - [09/Sep/2026:04:13:59 +0200] "GET /telescope/requests HTTP/1.1" 302 - "-" "Mozilla/5.0 (l9scan/2.0.9313e2032323e23343e2538313; +https://leakix.net)"
147.182.149.75 - - [09/Sep/2026:04:14:02 +0200] "POST /php-cgi/php-cgi.exe?%ADd+cgi.force_redirect%3D0+%ADd+disable_functions%3D\"\"+%ADd+allow_url_include%3D1+%ADd+auto_prepend_file%3Dphp://input HTTP/1.1" 302 - "-" "Mozilla/5.0 (l9scan/2.0.9313e2032323e23343e2538313; +https://leakix.net)"
147.182.149.75 - - [09/Sep/2026:04:14:05 +0200] "GET /info.php HTTP/1.1" 302 - "-" "Mozilla/5.0 (l9scan/2.0.9313e2032323e23343e2538313; +https://leakix.net)"
147.182.149.75 - - [09/Sep/2026:04:14:08 +0200] "GET /.well-known/security.txt HTTP/1.1" 302 - "-" "Mozilla/5.0 (l9scan/2.0.9313e2032323e23343e2538313; +https://leakix.net)"
147.182.149.75 - - [09/Sep/2026:04:14:11 +0200] "GET /actuator/env HTTP/1.1" 302 - "-" "Mozilla/5.0 (l9scan/2.0.9313e2032323e23343e2538313; +https://leakix.net)"
147.182.149.75 - - [09/Sep/2026:04:14:14 +0200] "GET /trace.axd HTTP/1.1" 302 - "-" "Mozilla/5.0 (l9scan/2.0.9313e2032323e23343e2538313; +https://leakix.net)"
185.43.220.19 - - [09/Sep/2026:04:14:23 +0200] "POST /wp-cron.php?doing_wp_cron=1788920063.3813550472259521484375 HTTP/1.1" 200 - "-" "WordPress/7.1; https://ratingbukmekerov.ru"
147.182.149.75 - - [09/Sep/2026:04:14:17 +0200] "GET /@vite/env HTTP/1.1" 302 - "-" "Mozilla/5.0 (l9scan/2.0.9313e2032323e23343e2538313; +https://leakix.net)"
147.182.149.75 - - [09/Sep/2026:04:14:23 +0200] "OPTIONS / HTTP/1.1" 302 - "-" "Mozilla/5.0 (l9scan/2.0.9313e2032323e23343e2538313; +https://leakix.net)"
147.182.149.75 - - [09/Sep/2026:04:14:20 +0200] "GET /.vscode/sftp.json HTTP/1.1" 302 - "-" "Mozilla/5.0 (l9scan/2.0.9313e2032323e23343e2538313; +https://leakix.net)"
147.182.149.75 - - [09/Sep/2026:04:14:24 +0200] "GET /?rest_route=/wp/v2/users/ HTTP/1.1" 200 783 "-" "Mozilla/5.0 (l9scan/2.0.9313e2032323e23343e2538313; +https://leakix.net)"
147.182.149.75 - - [09/Sep/2026:04:14:27 +0200] "GET /debug/default/view?panel=config HTTP/1.1" 302 - "-" "Mozilla/5.0 (l9scan/2.0.9313e2032323e23343e2538313; +https://leakix.net)"
185.43.220.19 - - [09/Sep/2026:04:20:35 +0200] "POST /wp-cron.php?doing_wp_cron=1788920435.2947640419006347656250 HTTP/1.1" 200 - "-" "WordPress/7.1; https://ratingbukmekerov.ru"
94.154.35.236 - - [09/Sep/2026:04:20:31 +0200] "HEAD /ratingbukmekerov.ru.zip HTTP/1.1" 302 - "-" "Mozilla/5.0 (Windows NT 10.0; Win64; x64) AppleWebKit/537.36 (KHTML, like Gecko) Chrome/101.0.4951.67 Safari/537.36"
185.43.220.19 - - [09/Sep/2026:04:46:16 +0200] "POST /wp-cron.php?doing_wp_cron=1788921976.4004259109497070312500 HTTP/1.1" 200 - "-" "WordPress/7.1; https://ratingbukmekerov.ru"
94.154.35.236 - - [09/Sep/2026:04:46:12 +0200] "HEAD /ratingbukmekerovru.zip HTTP/1.1" 302 - "-" "Mozilla/5.0 (Windows NT 10.0; Win64; x64) AppleWebKit/537.36 (KHTML, like Gecko) Chrome/101.0.4951.67 Safari/537.36"
185.43.220.19 - - [09/Sep/2026:05:12:00 +0200] "POST /wp-cron.php?doing_wp_cron=1788923520.4241800308227539062500 HTTP/1.1" 200 - "-" "WordPress/7.1; https://ratingbukmekerov.ru"
94.154.35.236 - - [09/Sep/2026:05:11:53 +0200] "HEAD /z.zip HTTP/1.1" 302 - "-" "Mozilla/5.0 (Windows NT 10.0; Win64; x64) AppleWebKit/537.36 (KHTML, like Gecko) Chrome/101.0.4951.67 Safari/537.36"
185.43.220.19 - - [09/Sep/2026:05:26:37 +0200] "POST /wp-cron.php?doing_wp_cron=1788924397.0538740158081054687500 HTTP/1.1" 200 - "-" "WordPress/7.1; https://ratingbukmekerov.ru"
138.197.169.76 - - [09/Sep/2026:05:26:35 +0200] "GET /wp-login.php HTTP/1.1" 302 - "-" "Mozilla/5.0"
185.43.220.19 - - [09/Sep/2026:05:37:34 +0200] "POST /wp-cron.php?doing_wp_cron=1788925054.6983458995819091796875 HTTP/1.1" 200 - "-" "WordPress/7.1; https://ratingbukmekerov.ru"
38.9.221.165 - - [09/Sep/2026:05:37:30 +0200] "GET http://ratingbukmekerov.ru/otsenka-bukmekerskoy-kontoryi-baltbet/ HTTP/1.1" 302 - "-" "Mozilla/5.0 (Macintosh; Intel Mac OS X 10_15_7) AppleWebKit/537.36 (KHTML, like Gecko) Chrome/136.0.0.0 Safari/537.36"
94.154.35.236 - - [09/Sep/2026:05:37:40 +0200] "HEAD /zz.zip HTTP/1.1" 302 - "-" "Mozilla/5.0 (Windows NT 10.0; Win64; x64) AppleWebKit/537.36 (KHTML, like Gecko) Chrome/101.0.4951.67 Safari/537.36"
63.143.116.240 - - [09/Sep/2026:05:38:07 +0200] "GET http://ratingbukmekerov.ru/ HTTP/1.1" 302 - "-" "Mozilla/5.0 (Macintosh; Intel Mac OS X 10_15_7) AppleWebKit/537.36 (KHTML, like Gecko) Chrome/145.0.0.0 Safari/537.36"
185.43.220.19 - - [09/Sep/2026:05:38:14 +0200] "POST /wp-cron.php?doing_wp_cron=1788925093.9325430393218994140625 HTTP/1.1" 200 - "-" "WordPress/7.1; https://ratingbukmekerov.ru"
202.142.178.158 - - [09/Sep/2026:05:38:09 +0200] "GET http://ratingbukmekerov.ru/otsenka-bukmekerskoy-kontoryi-liga-stavok/ HTTP/1.1" 503 468 "-" "Mozilla/5.0 (Macintosh; Intel Mac OS X 10_15_7) AppleWebKit/537.36 (KHTML, like Gecko) Chrome/142.0.0.0 Safari/537.36"
91.217.61.233 - - [09/Sep/2026:05:38:09 +0200] "GET http://ratingbukmekerov.ru/otsenka-bukmekerskoy-kontoryi-marafon/ HTTP/1.1" 503 468 "-" "Mozilla/5.0 (Macintosh; Intel Mac OS X 10_15_7) AppleWebKit/537.36 (KHTML, like Gecko) Chrome/146.0.0.0 Safari/537.36"
177.200.39.11 - - [09/Sep/2026:05:38:10 +0200] "GET http://ratingbukmekerov.ru/otsenka-bukmekerskoy-kontoryi-pinnacle/ HTTP/1.1" 503 468 "-" "Mozilla/5.0 (Macintosh; Intel Mac OS X 10_15_7) AppleWebKit/537.36 (KHTML, like Gecko) Chrome/145.0.0.0 Safari/537.36"
138.186.27.25 - - [09/Sep/2026:05:38:11 +0200] "GET http://ratingbukmekerov.ru/otsenka-bukmekerskoy-kontoryi-betredkings/ HTTP/1.1" 503 468 "-" "Mozilla/5.0 (Macintosh; Intel Mac OS X 10_15_7) AppleWebKit/537.36 (KHTML, like Gecko) Chrome/145.0.0.0 Safari/537.36"
189.110.192.150 - - [09/Sep/2026:05:38:12 +0200] "GET http://ratingbukmekerov.ru/otsenka-bukmekerskoy-kontoryi-betfair/ HTTP/1.1" 503 468 "-" "Mozilla/5.0 (Macintosh; Intel Mac OS X 10_15_7) AppleWebKit/537.36 (KHTML, like Gecko) Chrome/123.0.0.0 Safari/537.36"
185.43.220.19 - - [09/Sep/2026:05:40:45 +0200] "POST /wp-cron.php?doing_wp_cron=1788925245.3247220516204833984375 HTTP/1.1" 200 - "-" "WordPress/7.1; https://ratingbukmekerov.ru"
186.96.69.172 - - [09/Sep/2026:05:40:42 +0200] "GET http://ratingbukmekerov.ru/otsenka-bukmekerskoy-kontoryi-liga-stavok/ HTTP/1.1" 302 - "-" "Mozilla/5.0 (Macintosh; Intel Mac OS X 10_15_7) AppleWebKit/537.36 (KHTML, like Gecko) Chrome/136.0.0.0 Safari/537.36"
190.181.42.140 - - [09/Sep/2026:05:40:46 +0200] "GET http://ratingbukmekerov.ru/otsenka-bukmekerskoy-kontoryi-marafon/ HTTP/1.1" 503 468 "-" "Mozilla/5.0 (Macintosh; Intel Mac OS X 10_15_7) AppleWebKit/537.36 (KHTML, like Gecko) Chrome/145.0.0.0 Safari/537.36"
138.36.40.179 - - [09/Sep/2026:05:40:46 +0200] "GET http://ratingbukmekerov.ru/otsenka-bukmekerskoy-kontoryi-pinnacle/ HTTP/1.1" 302 - "-" "Mozilla/5.0 (Macintosh; Intel Mac OS X 10_15_7) AppleWebKit/537.36 (KHTML, like Gecko) Chrome/146.0.0.0 Safari/537.36"
122.99.101.37 - - [09/Sep/2026:05:40:46 +0200] "GET http://ratingbukmekerov.ru/otsenka-bukmekerskoy-kontoryi-betredkings/ HTTP/1.1" 302 - "-" "Mozilla/5.0 (Macintosh; Intel Mac OS X 10_15_7) AppleWebKit/537.36 (KHTML, like Gecko) Chrome/142.0.0.0 Safari/537.36"
45.173.187.70 - - [09/Sep/2026:05:40:52 +0200] "GET http://ratingbukmekerov.ru/otsenka-bukmekerskoy-kontoryi-betfair/ HTTP/1.1" 302 - "-" "Mozilla/5.0 (Macintosh; Intel Mac OS X 10_15_7) AppleWebKit/537.36 (KHTML, like Gecko) Chrome/136.0.0.0 Safari/537.36"
3.18.186.238 - - [09/Sep/2026:05:50:15 +0200] "GET / HTTP/1.1" 302 - "-" "visionheight.com/scan Mozilla/5.0 (Macintosh; Intel Mac OS X 10_15_7) Chrome/126.0.0.0 Safari/537.36"
185.43.220.19 - - [09/Sep/2026:06:03:26 +0200] "POST /wp-cron.php?doing_wp_cron=1788926605.8309769630432128906250 HTTP/1.1" 200 - "-" "WordPress/7.1; https://ratingbukmekerov.ru"
94.154.35.236 - - [09/Sep/2026:06:03:19 +0200] "HEAD /zzz.zip HTTP/1.1" 302 - "-" "Mozilla/5.0 (Windows NT 10.0; Win64; x64) AppleWebKit/537.36 (KHTML, like Gecko) Chrome/101.0.4951.67 Safari/537.36"
185.43.220.19 - - [09/Sep/2026:06:29:05 +0200] "POST /wp-cron.php?doing_wp_cron=1788928145.8248579502105712890625 HTTP/1.1" 200 - "-" "WordPress/7.1; https://ratingbukmekerov.ru"
94.154.35.236 - - [09/Sep/2026:06:29:03 +0200] "HEAD /msk.zip HTTP/1.1" 302 - "-" "Mozilla/5.0 (Windows NT 10.0; Win64; x64) AppleWebKit/537.36 (KHTML, like Gecko) Chrome/101.0.4951.67 Safari/537.36"
94.154.35.236 - - [09/Sep/2026:06:54:52 +0200] "HEAD /spb.zip HTTP/1.1" 503 - "-" "Mozilla/5.0 (Windows NT 10.0; Win64; x64) AppleWebKit/537.36 (KHTML, like Gecko) Chrome/101.0.4951.67 Safari/537.36"
162.14.66.219 - - [09/Sep/2026:07:14:29 +0200] "GET / HTTP/1.1" 302 - "-" "Mozilla/5.0 (iPhone; CPU iPhone OS 13_2_3 like Mac OS X) AppleWebKit/605.1.15 (KHTML, like Gecko) Version/13.0.3 Mobile/15E148 Safari/604.1"
185.43.220.19 - - [09/Sep/2026:07:21:00 +0200] "POST /wp-cron.php?doing_wp_cron=1788931260.0257239341735839843750 HTTP/1.1" 200 - "-" "WordPress/7.1; https://ratingbukmekerov.ru"
94.154.35.236 - - [09/Sep/2026:07:20:53 +0200] "HEAD /med.zip HTTP/1.1" 302 - "-" "Mozilla/5.0 (Windows NT 10.0; Win64; x64) AppleWebKit/537.36 (KHTML, like Gecko) Chrome/101.0.4951.67 Safari/537.36"
185.43.220.19 - - [09/Sep/2026:07:46:54 +0200] "POST /wp-cron.php?doing_wp_cron=1788932814.5366990566253662109375 HTTP/1.1" 200 - "-" "WordPress/7.1; https://ratingbukmekerov.ru"
94.154.35.236 - - [09/Sep/2026:07:46:50 +0200] "HEAD /clinic.zip HTTP/1.1" 302 - "-" "Mozilla/5.0 (Windows NT 10.0; Win64; x64) AppleWebKit/537.36 (KHTML, like Gecko) Chrome/101.0.4951.67 Safari/537.36"
185.43.220.19 - - [09/Sep/2026:07:54:05 +0200] "POST /wp-cron.php?doing_wp_cron=1788933245.8599998950958251953125 HTTP/1.1" 200 - "-" "WordPress/7.1; https://ratingbukmekerov.ru"
114.119.130.109 - - [09/Sep/2026:07:54:03 +0200] "GET /wp-content/uploads/teletot/main.png HTTP/1.1" 302 - "http://ratingbukmekerov.ru/otsenka-bukmekerskoy-kontoryi-rusteletot/" "Mozilla/5.0 (Linux; Android 7.0;) AppleWebKit/537.36 (HTML, like Gecko) Mobile Safari/537.36 (compatible; PetalBot;+https://webmaster.petalsearch.com/site/petalbot)"
43.159.34.167 - - [09/Sep/2026:07:58:10 +0200] "GET / HTTP/1.1" 302 - "-" "Mozilla/5.0 (iPhone; CPU iPhone OS 13_2_3 like Mac OS X) AppleWebKit/605.1.15 (KHTML, like Gecko) Version/13.0.3 Mobile/15E148 Safari/604.1"
5.181.168.43 - - [09/Sep/2026:08:04:48 +0200] "GET / HTTP/1.1" 302 - "-" "MyNutchCrawler/Mozilla/5.0 (Windows NT 10.0; Win64; x64) AppleWebKit/537.36 (KHTML, like Gecko) Chrome/139.0.0.0 Safari/537.36"
66.249.68.200 - - [09/Sep/2026:08:05:20 +0200] "GET /robots.txt HTTP/1.1" 200 99 "-" "Mozilla/5.0 (compatible; Googlebot/2.1; +http://www.google.com/bot.html)"
185.43.220.19 - - [09/Sep/2026:08:12:59 +0200] "POST /wp-cron.php?doing_wp_cron=1788934379.0248670578002929687500 HTTP/1.1" 200 - "-" "WordPress/7.1; https://ratingbukmekerov.ru"
94.154.35.236 - - [09/Sep/2026:08:12:54 +0200] "HEAD /clinika.zip HTTP/1.1" 302 - "-" "Mozilla/5.0 (Windows NT 10.0; Win64; x64) AppleWebKit/537.36 (KHTML, like Gecko) Chrome/101.0.4951.67 Safari/537.36"
51.81.111.135 - - [09/Sep/2026:08:18:59 +0200] "GET /robots.txt HTTP/1.1" 200 99 "-" "Mozilla/5.0 (compatible; AhrefsBot/7.0; +http://ahrefs.com/robot/)"
51.81.105.24 - - [09/Sep/2026:08:19:09 +0200] "GET /pinnacle/ HTTP/1.1" 503 468 "-" "Mozilla/5.0 (compatible; AhrefsBot/7.0; +http://ahrefs.com/robot/)"
185.43.220.19 - - [09/Sep/2026:08:39:06 +0200] "POST /wp-cron.php?doing_wp_cron=1788935946.7278969287872314453125 HTTP/1.1" 200 - "-" "WordPress/7.1; https://ratingbukmekerov.ru"
94.154.35.236 - - [09/Sep/2026:08:39:00 +0200] "HEAD /manager.zip HTTP/1.1" 302 - "-" "Mozilla/5.0 (Windows NT 10.0; Win64; x64) AppleWebKit/537.36 (KHTML, like Gecko) Chrome/101.0.4951.67 Safari/537.36"
43.165.67.31 - - [09/Sep/2026:09:00:47 +0200] "GET / HTTP/1.1" 302 - "-" "Mozilla/5.0 (iPhone; CPU iPhone OS 13_2_3 like Mac OS X) AppleWebKit/605.1.15 (KHTML, like Gecko) Version/13.0.3 Mobile/15E148 Safari/604.1"
185.43.220.19 - - [09/Sep/2026:09:05:44 +0200] "POST /wp-cron.php?doing_wp_cron=1788937544.8265640735626220703125 HTTP/1.1" 200 - "-" "WordPress/7.1; https://ratingbukmekerov.ru"
94.154.35.236 - - [09/Sep/2026:09:05:40 +0200] "HEAD /war.zip HTTP/1.1" 302 - "-" "Mozilla/5.0 (Windows NT 10.0; Win64; x64) AppleWebKit/537.36 (KHTML, like Gecko) Chrome/101.0.4951.67 Safari/537.36"
185.43.220.19 - - [09/Sep/2026:09:16:29 +0200] "POST /wp-cron.php?doing_wp_cron=1788938189.1347160339355468750000 HTTP/1.1" 200 - "-" "WordPress/7.1; https://ratingbukmekerov.ru"
51.81.111.2 - - [09/Sep/2026:09:16:23 +0200] "GET /otsenka-bukmekerskoy-kontoryi-betredkings/ HTTP/1.1" 200 20830 "-" "Mozilla/5.0 (compatible; AhrefsBot/7.0; +http://ahrefs.com/robot/)"
185.43.220.19 - - [09/Sep/2026:09:33:00 +0200] "POST /wp-cron.php?doing_wp_cron=1788939180.3514759540557861328125 HTTP/1.1" 200 - "-" "WordPress/7.1; https://ratingbukmekerov.ru"
94.154.35.236 - - [09/Sep/2026:09:32:57 +0200] "HEAD /svo.zip HTTP/1.1" 302 - "-" "Mozilla/5.0 (Windows NT 10.0; Win64; x64) AppleWebKit/537.36 (KHTML, like Gecko) Chrome/101.0.4951.67 Safari/537.36"
185.43.220.19 - - [09/Sep/2026:09:59:46 +0200] "POST /wp-cron.php?doing_wp_cron=1788940785.9305930137634277343750 HTTP/1.1" 200 - "-" "WordPress/7.1; https://ratingbukmekerov.ru"
94.154.35.236 - - [09/Sep/2026:09:59:39 +0200] "HEAD /zov.zip HTTP/1.1" 302 - "-" "Mozilla/5.0 (Windows NT 10.0; Win64; x64) AppleWebKit/537.36 (KHTML, like Gecko) Chrome/101.0.4951.67 Safari/537.36"
103.160.213.174 - - [09/Sep/2026:10:12:56 +0200] "GET / HTTP/1.1" 302 - "-" "wp2shell-rce/1.0"
103.160.213.174 - - [09/Sep/2026:10:13:12 +0200] "GET / HTTP/1.1" 302 - "-" "wp2shell-rce/1.0"
103.160.213.174 - - [09/Sep/2026:10:13:14 +0200] "POST /?rest_route=/batch/v1 HTTP/1.1" 503 468 "-" "wp2shell-rce/1.0"
216.73.216.76 - - [09/Sep/2026:10:15:02 +0200] "GET /robots.txt HTTP/1.1" 200 99 "-" "Mozilla/5.0 AppleWebKit/537.36 (KHTML, like Gecko; compatible; ClaudeBot/1.0; [email protected])"
185.43.220.19 - - [09/Sep/2026:10:15:06 +0200] "POST /wp-cron.php?doing_wp_cron=1788941706.6367430686950683593750 HTTP/1.1" 200 - "-" "WordPress/7.1; https://ratingbukmekerov.ru"
216.73.216.76 - - [09/Sep/2026:10:15:02 +0200] "GET /otsenka-bukmekerskoy-kontoryi-winline HTTP/1.1" 200 20830 "-" "Mozilla/5.0 AppleWebKit/537.36 (KHTML, like Gecko; compatible; ClaudeBot/1.0; [email protected])"
185.43.220.19 - - [09/Sep/2026:10:27:58 +0200] "POST /wp-cron.php?doing_wp_cron=1788942478.5251629352569580078125 HTTP/1.1" 200 - "-" "WordPress/7.1; https://ratingbukmekerov.ru"
94.154.35.236 - - [09/Sep/2026:10:27:52 +0200] "HEAD /russia.zip HTTP/1.1" 302 - "-" "Mozilla/5.0 (Windows NT 10.0; Win64; x64) AppleWebKit/537.36 (KHTML, like Gecko) Chrome/101.0.4951.67 Safari/537.36"
94.154.35.236 - - [09/Sep/2026:10:55:59 +0200] "HEAD /123456.zip HTTP/1.1" 503 - "-" "Mozilla/5.0 (Windows NT 10.0; Win64; x64) AppleWebKit/537.36 (KHTML, like Gecko) Chrome/101.0.4951.67 Safari/537.36"
104.28.254.46 - - [09/Sep/2026:11:18:52 +0200] "GET /.env.local HTTP/1.1" 503 468 "-" "Mozilla/5.0 (Windows NT 10.0; Win64; x64) AppleWebKit/537.36 (KHTML, like Gecko) Chrome/135.0.0.0 Safari/537.36"
104.28.254.47 - - [09/Sep/2026:11:18:54 +0200] "GET /.env.old HTTP/1.1" 503 468 "https://www.google.com/search?q=ratingbukmekerov.ru" "Mozilla/5.0 (Windows NT 10.0; Win64; x64; rv:137.0) Gecko/20100101 Firefox/137.0"
104.28.222.47 - - [09/Sep/2026:11:18:53 +0200] "GET /.env HTTP/1.1" 503 468 "-" "Mozilla/5.0 (Macintosh; Intel Mac OS X 10_15_7) AppleWebKit/537.36 (KHTML, like Gecko) Chrome/135.0.0.0 Safari/537.36"
104.28.222.46 - - [09/Sep/2026:11:18:53 +0200] "GET /.git/config HTTP/1.1" 503 468 "-" "Mozilla/5.0 (compatible; Googlebot/2.1; +http://www.google.com/bot.html)"
104.28.254.47 - - [09/Sep/2026:11:18:59 +0200] "GET /.git/config HTTP/1.1" 503 468 "-" "Mozilla/5.0 (Windows NT 10.0; Win64; x64) AppleWebKit/537.36 (KHTML, like Gecko) Chrome/135.0.0.0 Safari/537.36"
104.28.254.47 - - [09/Sep/2026:11:18:56 +0200] "GET /.env.development.local HTTP/1.1" 503 468 "https://www.google.com/search?q=ratingbukmekerov.ru" "Mozilla/5.0 (Windows NT 10.0; Win64; x64) AppleWebKit/537.36 (KHTML, like Gecko) Chrome/135.0.0.0 Safari/537.36"
104.28.254.47 - - [09/Sep/2026:11:18:58 +0200] "GET /.env.local HTTP/1.1" 503 468 "-" "Mozilla/5.0 (Macintosh; Intel Mac OS X 10_15_7) AppleWebKit/537.36 (KHTML, like Gecko) Chrome/135.0.0.0 Safari/537.36"
104.28.254.47 - - [09/Sep/2026:11:19:00 +0200] "GET /.env.old HTTP/1.1" 503 468 "-" "Mozilla/5.0 (Macintosh; Intel Mac OS X 10_15_7) AppleWebKit/537.36 (KHTML, like Gecko) Chrome/135.0.0.0 Safari/537.36"
104.28.254.47 - - [09/Sep/2026:11:18:58 +0200] "GET /.continue/config.json HTTP/1.1" 503 468 "-" "Mozilla/5.0 (Windows NT 10.0; Win64; x64) AppleWebKit/537.36 (KHTML, like Gecko) Chrome/135.0.0.0 Safari/537.36"
104.28.254.47 - - [09/Sep/2026:11:18:59 +0200] "GET /.env HTTP/1.1" 503 468 "-" "Mozilla/5.0 (Linux; Android 14; Pixel 8) AppleWebKit/537.36 (KHTML, like Gecko) Chrome/135.0.6422.113 Mobile Safari/537.36"
104.28.254.47 - - [09/Sep/2026:11:19:03 +0200] "GET /.vscode/settings.json HTTP/1.1" 503 468 "https://www.google.com/search?q=ratingbukmekerov.ru" "Mozilla/5.0 AppleWebKit/537.36 (KHTML, like Gecko; compatible; ChatGPT-User/1.0; +https://openai.com/bot)"
104.28.254.46 - - [09/Sep/2026:11:19:04 +0200] "GET /.env.local HTTP/1.1" 503 468 "-" "Mozilla/5.0 AppleWebKit/537.36 (KHTML, like Gecko; compatible; ChatGPT-User/1.0; +https://openai.com/bot)"
104.28.222.47 - - [09/Sep/2026:11:19:05 +0200] "GET /.git/config HTTP/1.1" 503 468 "-" "Mozilla/5.0 AppleWebKit/537.36 (KHTML, like Gecko; compatible; ChatGPT-User/1.0; +https://openai.com/bot)"
104.28.254.47 - - [09/Sep/2026:11:19:02 +0200] "GET /.env.development.local HTTP/1.1" 503 468 "-" "Mozilla/5.0 (Windows NT 10.0; Win64; x64; rv:137.0) Gecko/20100101 Firefox/137.0"
104.28.254.47 - - [09/Sep/2026:11:19:03 +0200] "GET /.cursor/mcp.json HTTP/1.1" 503 468 "https://www.google.com/search?q=ratingbukmekerov.ru" "Mozilla/5.0 (Linux; Android 14; Pixel 8) AppleWebKit/537.36 (KHTML, like Gecko) Chrome/135.0.6422.113 Mobile Safari/537.36"
104.28.222.47 - - [09/Sep/2026:11:19:04 +0200] "GET /.continue/config.json HTTP/1.1" 503 468 "-" "Mozilla/5.0 AppleWebKit/537.36 (KHTML, like Gecko; compatible; ChatGPT-User/1.0; +https://openai.com/bot)"
104.28.254.46 - - [09/Sep/2026:11:19:05 +0200] "GET /.env HTTP/1.1" 503 468 "https://www.google.com/search?q=ratingbukmekerov.ru" "Mozilla/5.0 AppleWebKit/537.36 (KHTML, like Gecko; compatible; ChatGPT-User/1.0; +https://openai.com/bot)"
104.28.254.47 - - [09/Sep/2026:11:19:10 +0200] "GET /.continue/config.json HTTP/1.1" 503 468 "-" "Mozilla/5.0 (Linux; Android 14; Pixel 8) AppleWebKit/537.36 (KHTML, like Gecko) Chrome/135.0.6422.113 Mobile Safari/537.36"
104.28.222.46 - - [09/Sep/2026:11:19:06 +0200] "GET /.env.old HTTP/1.1" 503 468 "https://www.google.com/search?q=ratingbukmekerov.ru" "Mozilla/5.0 (Macintosh; Intel Mac OS X 10_15_7) AppleWebKit/537.36 (KHTML, like Gecko) Chrome/135.0.0.0 Safari/537.36"
104.28.254.47 - - [09/Sep/2026:11:19:08 +0200] "GET /.env.development.local HTTP/1.1" 503 468 "https://www.google.com/search?q=ratingbukmekerov.ru" "Mozilla/5.0 (Windows NT 10.0; Win64; x64) AppleWebKit/537.36 (KHTML, like Gecko) Chrome/135.0.0.0 Safari/537.36"
104.28.254.47 - - [09/Sep/2026:11:19:09 +0200] "GET /.cursor/mcp.json HTTP/1.1" 503 468 "-" "Mozilla/5.0 (Windows NT 10.0; Win64; x64) AppleWebKit/537.36 (KHTML, like Gecko) Chrome/135.0.0.0 Safari/537.36"
185.43.220.19 - - [09/Sep/2026:11:19:21 +0200] "POST /wp-cron.php?doing_wp_cron=1788945561.4364368915557861328125 HTTP/1.1" 200 - "-" "WordPress/7.1; https://ratingbukmekerov.ru"
104.28.254.47 - - [09/Sep/2026:11:19:09 +0200] "GET /.vscode/settings.json HTTP/1.1" 302 - "-" "Mozilla/5.0 (Macintosh; Intel Mac OS X 10_15_7) AppleWebKit/537.36 (KHTML, like Gecko) Chrome/135.0.0.0 Safari/537.36"
104.28.254.47 - - [09/Sep/2026:11:19:15 +0200] "GET /.cursor/mcp.json HTTP/1.1" 200 20830 "https://www.google.com/search?q=ratingbukmekerov.ru" "Mozilla/5.0 (compatible; Googlebot/2.1; +http://www.google.com/bot.html)"
94.154.35.236 - - [09/Sep/2026:11:22:08 +0200] "HEAD /old.zip HTTP/1.1" 503 - "-" "Mozilla/5.0 (Windows NT 10.0; Win64; x64) AppleWebKit/537.36 (KHTML, like Gecko) Chrome/101.0.4951.67 Safari/537.36"
185.43.220.19 - - [09/Sep/2026:11:48:51 +0200] "POST /wp-cron.php?doing_wp_cron=1788947331.1286630630493164062500 HTTP/1.1" 200 - "-" "WordPress/7.1; https://ratingbukmekerov.ru"
94.154.35.236 - - [09/Sep/2026:11:48:42 +0200] "HEAD /www.zip HTTP/1.1" 302 - "-" "Mozilla/5.0 (Windows NT 10.0; Win64; x64) AppleWebKit/537.36 (KHTML, like Gecko) Chrome/101.0.4951.67 Safari/537.36"
94.154.35.236 - - [09/Sep/2026:12:14:57 +0200] "HEAD /public_html.zip HTTP/1.1" 503 - "-" "Mozilla/5.0 (Windows NT 10.0; Win64; x64) AppleWebKit/537.36 (KHTML, like Gecko) Chrome/101.0.4951.67 Safari/537.36"
185.43.220.19 - - [09/Sep/2026:12:17:45 +0200] "POST /wp-cron.php?doing_wp_cron=1788949065.6265490055084228515625 HTTP/1.1" 200 - "-" "WordPress/7.1; https://ratingbukmekerov.ru"
82.165.97.103 - - [09/Sep/2026:12:17:38 +0200] "GET /filefuns.php HTTP/1.1" 302 - "-" "Mozlila/5.0 (Linux; Android 7.0; SM-G892A Bulid/NRD90M; wv) AppleWebKit/537.36 (KHTML, like Gecko) Version/4.0 Chrome/60.0.3112.107 Moblie Safari/537.36"
185.43.220.19 - - [09/Sep/2026:12:41:22 +0200] "POST /wp-cron.php?doing_wp_cron=1788950481.9336860179901123046875 HTTP/1.1" 200 - "-" "WordPress/7.1; https://ratingbukmekerov.ru"
94.154.35.236 - - [09/Sep/2026:12:41:16 +0200] "HEAD /wp.zip HTTP/1.1" 302 - "-" "Mozilla/5.0 (Windows NT 10.0; Win64; x64) AppleWebKit/537.36 (KHTML, like Gecko) Chrome/101.0.4951.67 Safari/537.36"
129.211.172.249 - - [09/Sep/2026:12:51:13 +0200] "GET / HTTP/1.1" 302 - "-" "Mozilla/5.0 (iPhone; CPU iPhone OS 13_2_3 like Mac OS X) AppleWebKit/605.1.15 (KHTML, like Gecko) Version/13.0.3 Mobile/15E148 Safari/604.1"
185.43.220.19 - - [09/Sep/2026:13:07:58 +0200] "POST /wp-cron.php?doing_wp_cron=1788952078.7305479049682617187500 HTTP/1.1" 200 - "-" "WordPress/7.1; https://ratingbukmekerov.ru"
94.154.35.236 - - [09/Sep/2026:13:07:53 +0200] "HEAD /news.zip HTTP/1.1" 302 - "-" "Mozilla/5.0 (Windows NT 10.0; Win64; x64) AppleWebKit/537.36 (KHTML, like Gecko) Chrome/101.0.4951.67 Safari/537.36"
43.130.26.3 - - [09/Sep/2026:13:32:43 +0200] "GET / HTTP/1.1" 302 - "-" "Mozilla/5.0 (iPhone; CPU iPhone OS 13_2_3 like Mac OS X) AppleWebKit/605.1.15 (KHTML, like Gecko) Version/13.0.3 Mobile/15E148 Safari/604.1"
185.43.220.19 - - [09/Sep/2026:13:33:54 +0200] "POST /wp-cron.php?doing_wp_cron=1788953634.6861240863800048828125 HTTP/1.1" 200 - "-" "WordPress/7.1; https://ratingbukmekerov.ru"
94.154.35.236 - - [09/Sep/2026:13:33:53 +0200] "HEAD /admin.zip HTTP/1.1" 302 - "-" "Mozilla/5.0 (Windows NT 10.0; Win64; x64) AppleWebKit/537.36 (KHTML, like Gecko) Chrome/101.0.4951.67 Safari/537.36"
185.43.220.19 - - [09/Sep/2026:13:35:10 +0200] "POST /wp-cron.php?doing_wp_cron=1788953710.6049199104309082031250 HTTP/1.1" 200 - "-" "WordPress/7.1; https://ratingbukmekerov.ru"
167.160.47.98 - - [09/Sep/2026:13:35:08 +0200] "GET /wp-content/uploads/sportingbet/main.png HTTP/1.1" 302 - "-" "Mozilla/5.0 (compatible; crawler)"