185.177.72.11 - - [09/Sep/2026:18:12:19 +0200] "GET /app_nginx_static_path/%2eenv HTTP/1.1" 302 - "-" "curl/8.7.1"
51.81.163.18 - - [09/Sep/2026:18:12:20 +0200] "GET /shops/metathorax/t1r1i2c3h7o0b1r6a0n4c2hia HTTP/1.1" 200 20728 "-" "Mozilla/5.0 (compatible; AhrefsBot/7.0; +http://ahrefs.com/robot/)"
185.177.72.11 - - [09/Sep/2026:18:12:23 +0200] "GET /application/%2eenv%2esample HTTP/1.1" 302 - "-" "curl/8.7.1"
185.177.72.11 - - [09/Sep/2026:18:12:27 +0200] "GET /application/%2eenv%2esave HTTP/1.1" 302 - "-" "curl/8.7.1"
185.177.72.11 - - [09/Sep/2026:18:12:30 +0200] "GET /apps/%2eenv HTTP/1.1" 302 - "-" "curl/8.7.1"
185.177.72.11 - - [09/Sep/2026:18:12:33 +0200] "GET /apps/client/%2eenv HTTP/1.1" 302 - "-" "curl/8.7.1"
185.177.72.11 - - [09/Sep/2026:18:12:36 +0200] "GET /Archipel/%2eenv HTTP/1.1" 302 - "-" "curl/8.7.1"
185.177.72.11 - - [09/Sep/2026:18:12:39 +0200] "GET /asdf%2ephp HTTP/1.1" 302 - "-" "curl/8.7.1"
185.177.72.11 - - [09/Sep/2026:18:12:42 +0200] "GET /asset_img/%2eenv HTTP/1.1" 302 - "-" "curl/8.7.1"
185.177.72.11 - - [09/Sep/2026:18:12:46 +0200] "GET /assets/%2eenv HTTP/1.1" 302 - "-" "curl/8.7.1"
220.181.108.110 - - [09/Sep/2026:18:12:47 +0200] "GET /2017/09/12/liverpul-sevilya-prognoz-na-match-13-09-2017/feed/ HTTP/1.1" 200 20728 "-" "Mozilla/5.0 (compatible; Baiduspider/2.0; +http://www.baidu.com/search/spider.html)"
185.177.72.11 - - [09/Sep/2026:18:12:51 +0200] "GET /assets/index-[hash]%2ejs HTTP/1.1" 302 - "-" "curl/8.7.1"
185.43.220.19 - - [09/Sep/2026:18:12:56 +0200] "POST /wp-cron.php?doing_wp_cron=1788970376.7435350418090820312500 HTTP/1.1" 200 - "-" "WordPress/7.1; https://10bukmekers.com"
185.177.72.11 - - [09/Sep/2026:18:12:55 +0200] "GET /assets/index-[hash]%2emjs HTTP/1.1" 302 - "-" "curl/8.7.1"
185.177.72.11 - - [09/Sep/2026:18:12:56 +0200] "GET /assets/index-GquDNGwd%2ejs HTTP/1.1" 302 - "-" "curl/8.7.1"
51.81.169.112 - - [09/Sep/2026:18:12:59 +0200] "GET /sepal/chromolithography/14072784946 HTTP/1.1" 200 20728 "-" "Mozilla/5.0 (compatible; AhrefsBot/7.0; +http://ahrefs.com/robot/)"
185.177.72.11 - - [09/Sep/2026:18:13:00 +0200] "GET /assets/js/app%2ef8ec9fb3%2ejs HTTP/1.1" 302 - "-" "curl/8.7.1"
185.177.72.11 - - [09/Sep/2026:18:13:04 +0200] "GET /assets/js/app%2ejs HTTP/1.1" 302 - "-" "curl/8.7.1"
185.177.72.11 - - [09/Sep/2026:18:13:06 +0200] "GET /assets/vendor-[hash]%2ejs HTTP/1.1" 302 - "-" "curl/8.7.1"
185.177.72.11 - - [09/Sep/2026:18:13:08 +0200] "GET /Assignment3/%2eenv HTTP/1.1" 302 - "-" "curl/8.7.1"
107.21.1.152 - - [09/Sep/2026:18:13:09 +0200] "GET /.env HTTP/1.1" 302 - "-" "Mozilla/5.0 (Macintosh; Intel Mac OS X 10_15_7) AppleWebKit/537.36 (KHTML, like Gecko) Chrome/142.0.0.0 Safari/537.36"
185.177.72.11 - - [09/Sep/2026:18:13:10 +0200] "GET /Assignment4/%2eenv HTTP/1.1" 302 - "-" "curl/8.7.1"
185.43.220.19 - - [09/Sep/2026:18:13:17 +0200] "POST /wp-cron.php?doing_wp_cron=1788970397.9250099658966064453125 HTTP/1.1" 200 - "-" "WordPress/7.1; https://10bukmekers.com"
185.177.72.11 - - [09/Sep/2026:18:13:13 +0200] "GET /audio/%2eenv HTTP/1.1" 302 - "-" "curl/8.7.1"
185.177.72.11 - - [09/Sep/2026:18:13:18 +0200] "GET /aws-secret%2ejson HTTP/1.1" 302 - "-" "curl/8.7.1"
185.177.72.11 - - [09/Sep/2026:18:13:21 +0200] "GET /aws%2eyml HTTP/1.1" 302 - "-" "curl/8.7.1"
185.177.72.11 - - [09/Sep/2026:18:13:25 +0200] "GET /aws/%2eenv HTTP/1.1" 302 - "-" "curl/8.7.1"
185.177.72.11 - - [09/Sep/2026:18:13:29 +0200] "GET /azure/%2eenv HTTP/1.1" 302 - "-" "curl/8.7.1"
185.177.72.11 - - [09/Sep/2026:18:13:32 +0200] "GET /babel-plugin-dotenv/test/fixtures/as-alias/%2eenv HTTP/1.1" 302 - "-" "curl/8.7.1"
185.177.72.11 - - [09/Sep/2026:18:13:37 +0200] "GET /babel-plugin-dotenv/test/fixtures/default/%2eenv HTTP/1.1" 302 - "-" "curl/8.7.1"
51.81.165.208 - - [09/Sep/2026:18:13:41 +0200] "GET /perpetuated/a1c3t1u1a0t0i6o3n509 HTTP/1.1" 200 20728 "-" "Mozilla/5.0 (compatible; AhrefsBot/7.0; +http://ahrefs.com/robot/)"
185.177.72.11 - - [09/Sep/2026:18:13:44 +0200] "GET /babel-plugin-dotenv/test/fixtures/dev-env/%2eenv HTTP/1.1" 302 - "-" "curl/8.7.1"
185.43.220.19 - - [09/Sep/2026:18:13:59 +0200] "POST /wp-cron.php?doing_wp_cron=1788970439.5315868854522705078125 HTTP/1.1" 200 - "-" "WordPress/7.1; https://10bukmekers.com"
185.177.72.11 - - [09/Sep/2026:18:13:53 +0200] "GET /babel-plugin-dotenv/test/fixtures/empty-values/%2eenv HTTP/1.1" 302 - "-" "curl/8.7.1"
185.177.72.11 - - [09/Sep/2026:18:14:00 +0200] "GET /babel-plugin-dotenv/test/fixtures/filename/%2eenv HTTP/1.1" 503 468 "-" "curl/8.7.1"
185.177.72.11 - - [09/Sep/2026:18:14:06 +0200] "GET /babel-plugin-dotenv/test/fixtures/override-value/%2eenv HTTP/1.1" 302 - "-" "curl/8.7.1"
185.177.72.11 - - [09/Sep/2026:18:14:12 +0200] "GET /babel-plugin-dotenv/test/fixtures/prod-env/%2eenv HTTP/1.1" 302 - "-" "curl/8.7.1"
185.43.220.19 - - [09/Sep/2026:18:14:17 +0200] "POST /wp-cron.php?doing_wp_cron=1788970457.5248548984527587890625 HTTP/1.1" 200 - "-" "WordPress/7.1; https://10bukmekers.com"
185.177.72.11 - - [09/Sep/2026:18:14:15 +0200] "GET /back-end/app/%2eenv HTTP/1.1" 302 - "-" "curl/8.7.1"
185.177.72.11 - - [09/Sep/2026:18:14:17 +0200] "GET /back/%2eenv HTTP/1.1" 302 - "-" "curl/8.7.1"
51.81.165.82 - - [09/Sep/2026:18:14:20 +0200] "GET /danthonia/v1i3c2i6a8t4e63434 HTTP/1.1" 200 20728 "-" "Mozilla/5.0 (compatible; AhrefsBot/7.0; +http://ahrefs.com/robot/)"
185.177.72.11 - - [09/Sep/2026:18:14:23 +0200] "GET /backend/%2eenv%2elocal HTTP/1.1" 302 - "-" "curl/8.7.1"
185.177.72.11 - - [09/Sep/2026:18:14:28 +0200] "GET /backend/config/%2eenv HTTP/1.1" 302 - "-" "curl/8.7.1"
185.177.72.11 - - [09/Sep/2026:18:14:33 +0200] "GET /backend/debug HTTP/1.1" 302 - "-" "curl/8.7.1"
185.177.72.11 - - [09/Sep/2026:18:14:35 +0200] "GET /backend/src/%2eenv HTTP/1.1" 302 - "-" "curl/8.7.1"
185.177.72.11 - - [09/Sep/2026:18:14:37 +0200] "GET /backendfinaltest/%2eenv HTTP/1.1" 302 - "-" "curl/8.7.1"
185.177.72.11 - - [09/Sep/2026:18:14:40 +0200] "GET /backup%2etar%2egz HTTP/1.1" 302 - "-" "curl/8.7.1"
185.177.72.11 - - [09/Sep/2026:18:14:44 +0200] "GET /backup%2ezip HTTP/1.1" 302 - "-" "curl/8.7.1"
185.177.72.11 - - [09/Sep/2026:18:14:47 +0200] "GET /base_dir/%2eenv HTTP/1.1" 302 - "-" "curl/8.7.1"
185.177.72.11 - - [09/Sep/2026:18:14:51 +0200] "GET /basic-network/%2eenv HTTP/1.1" 302 - "-" "curl/8.7.1"
185.43.220.19 - - [09/Sep/2026:18:14:56 +0200] "POST /wp-cron.php?doing_wp_cron=1788970496.4312469959259033203125 HTTP/1.1" 200 - "-" "WordPress/7.1; https://10bukmekers.com"
185.177.72.11 - - [09/Sep/2026:18:14:55 +0200] "GET /bgoldd/%2eenv HTTP/1.1" 302 - "-" "curl/8.7.1"
185.177.72.11 - - [09/Sep/2026:18:14:56 +0200] "GET /bitcoind/%2eenv HTTP/1.1" 302 - "-" "curl/8.7.1"
51.81.165.222 - - [09/Sep/2026:18:14:58 +0200] "GET /shops/semipenniform/c1r2e0e8p5e9r3s5828 HTTP/1.1" 200 20728 "-" "Mozilla/5.0 (compatible; AhrefsBot/7.0; +http://ahrefs.com/robot/)"
185.177.72.11 - - [09/Sep/2026:18:15:01 +0200] "GET /blankon/%2eenv HTTP/1.1" 302 - "-" "curl/8.7.1"
185.177.72.11 - - [09/Sep/2026:18:15:07 +0200] "GET /blob/%2eenv HTTP/1.1" 302 - "-" "curl/8.7.1"
185.177.72.11 - - [09/Sep/2026:18:15:11 +0200] "GET /blog/%2eenv HTTP/1.1" 302 - "-" "curl/8.7.1"
185.177.72.11 - - [09/Sep/2026:18:15:14 +0200] "GET /blogs/%2eenv HTTP/1.1" 302 - "-" "curl/8.7.1"
185.43.220.19 - - [09/Sep/2026:18:15:18 +0200] "POST /wp-cron.php?doing_wp_cron=1788970518.9252510070800781250000 HTTP/1.1" 200 - "-" "WordPress/7.1; https://10bukmekers.com"
185.177.72.11 - - [09/Sep/2026:18:15:16 +0200] "GET /blue/%2eenv HTTP/1.1" 302 - "-" "curl/8.7.1"
185.177.72.11 - - [09/Sep/2026:18:15:19 +0200] "GET /bookchain-client/%2eenv HTTP/1.1" 302 - "-" "curl/8.7.1"
185.177.72.11 - - [09/Sep/2026:18:15:23 +0200] "GET /Booking/Default%2easpx HTTP/1.1" 302 - "-" "curl/8.7.1"
185.177.72.11 - - [09/Sep/2026:18:15:28 +0200] "GET /bootstrap/%2eenv HTTP/1.1" 302 - "-" "curl/8.7.1"
185.177.72.11 - - [09/Sep/2026:18:15:31 +0200] "GET /boxes/oracle-vagrant-boxes/ContainerRegistry/%2eenv HTTP/1.1" 302 - "-" "curl/8.7.1"
51.81.170.15 - - [09/Sep/2026:18:15:32 +0200] "GET /primine/a1s4t1a6c7i2844 HTTP/1.1" 200 20728 "-" "Mozilla/5.0 (compatible; AhrefsBot/7.0; +http://ahrefs.com/robot/)"
185.177.72.11 - - [09/Sep/2026:18:15:34 +0200] "GET /boxes/oracle-vagrant-boxes/Kubernetes/%2eenv HTTP/1.1" 302 - "-" "curl/8.7.1"
185.177.72.11 - - [09/Sep/2026:18:15:40 +0200] "GET /boxes/oracle-vagrant-boxes/OLCNE/%2eenv HTTP/1.1" 302 - "-" "curl/8.7.1"
185.177.72.11 - - [09/Sep/2026:18:15:43 +0200] "GET /bucoffea/%2eenv HTTP/1.1" 302 - "-" "curl/8.7.1"
185.177.72.11 - - [09/Sep/2026:18:15:46 +0200] "GET /build%2ephp HTTP/1.1" 302 - "-" "curl/8.7.1"
185.177.72.11 - - [09/Sep/2026:18:15:48 +0200] "GET /build/ HTTP/1.1" 302 - "-" "curl/8.7.1"
185.177.72.11 - - [09/Sep/2026:18:15:49 +0200] "GET /build/%2eenv HTTP/1.1" 302 - "-" "curl/8.7.1"
185.177.72.11 - - [09/Sep/2026:18:15:51 +0200] "GET /build/_app/immutable/chunks/[chunk]%2e[hash]%2ejs HTTP/1.1" 302 - "-" "curl/8.7.1"
185.43.220.19 - - [09/Sep/2026:18:15:57 +0200] "POST /wp-cron.php?doing_wp_cron=1788970557.1248381137847900390625 HTTP/1.1" 200 - "-" "WordPress/7.1; https://10bukmekers.com"
185.177.72.11 - - [09/Sep/2026:18:15:53 +0200] "GET /build/_app/immutable/entry/app%2e[hash]%2ejs HTTP/1.1" 302 - "-" "curl/8.7.1"
185.177.72.11 - - [09/Sep/2026:18:15:57 +0200] "GET /build/entry%2eclient-[hash]%2ejs HTTP/1.1" 302 - "-" "curl/8.7.1"
185.177.72.11 - - [09/Sep/2026:18:16:03 +0200] "GET /build/main%2eba0c34b7%2ejs HTTP/1.1" 302 - "-" "curl/8.7.1"
185.177.72.11 - - [09/Sep/2026:18:16:07 +0200] "GET /build/routes/index-[hash]%2ejs HTTP/1.1" 302 - "-" "curl/8.7.1"
51.81.165.214 - - [09/Sep/2026:18:16:07 +0200] "GET /selfrighteous/b1e7s6i1e1g5i2n6g99 HTTP/1.1" 200 20728 "-" "Mozilla/5.0 (compatible; AhrefsBot/7.0; +http://ahrefs.com/robot/)"
185.177.72.11 - - [09/Sep/2026:18:16:10 +0200] "GET /cache%2ephp HTTP/1.1" 302 - "-" "curl/8.7.1"
185.177.72.11 - - [09/Sep/2026:18:16:13 +0200] "GET /cardea/backend/%2eenv HTTP/1.1" 302 - "-" "curl/8.7.1"
185.43.220.19 - - [09/Sep/2026:18:16:19 +0200] "POST /wp-cron.php?doing_wp_cron=1788970579.6485540866851806640625 HTTP/1.1" 200 - "-" "WordPress/7.1; https://10bukmekers.com"
185.177.72.11 - - [09/Sep/2026:18:16:17 +0200] "GET /cdw-backend/%2eenv HTTP/1.1" 302 - "-" "curl/8.7.1"
185.177.72.11 - - [09/Sep/2026:18:16:19 +0200] "GET /cgi-bin/%2eenv HTTP/1.1" 302 - "-" "curl/8.7.1"
185.177.72.11 - - [09/Sep/2026:18:16:22 +0200] "GET /cgi-bin/pass%2etxt HTTP/1.1" 302 - "-" "curl/8.7.1"
185.177.72.11 - - [09/Sep/2026:18:16:23 +0200] "GET /ch2-mytodo/%2eenv HTTP/1.1" 302 - "-" "curl/8.7.1"
51.81.164.203 - - [09/Sep/2026:18:16:24 +0200] "GET /shops/prolixious/r1u3s7t4i7c7i9t1y057 HTTP/1.1" 200 20728 "-" "Mozilla/5.0 (compatible; AhrefsBot/7.0; +http://ahrefs.com/robot/)"
185.177.72.11 - - [09/Sep/2026:18:16:25 +0200] "GET /ch6-mytodo/%2eenv HTTP/1.1" 302 - "-" "curl/8.7.1"
185.177.72.11 - - [09/Sep/2026:18:16:30 +0200] "GET /ch6a-mytodo/%2eenv HTTP/1.1" 302 - "-" "curl/8.7.1"
185.177.72.11 - - [09/Sep/2026:18:16:32 +0200] "GET /ch7-mytodo/%2eenv HTTP/1.1" 302 - "-" "curl/8.7.1"
51.81.164.153 - - [09/Sep/2026:18:16:33 +0200] "GET /cuprite/h1o1u2s5e7t5o0p8099 HTTP/1.1" 200 20728 "-" "Mozilla/5.0 (compatible; AhrefsBot/7.0; +http://ahrefs.com/robot/)"
185.177.72.11 - - [09/Sep/2026:18:16:35 +0200] "GET /ch7a-mytodo/%2eenv HTTP/1.1" 302 - "-" "curl/8.7.1"
51.81.169.115 - - [09/Sep/2026:18:16:37 +0200] "GET /shops/ajutage/l1i3m5a5i5l0l3e4892 HTTP/1.1" 200 20728 "-" "Mozilla/5.0 (compatible; AhrefsBot/7.0; +http://ahrefs.com/robot/)"
185.177.72.11 - - [09/Sep/2026:18:16:38 +0200] "GET /ch8-mytodo/%2eenv HTTP/1.1" 302 - "-" "curl/8.7.1"
51.81.163.61 - - [09/Sep/2026:18:16:41 +0200] "GET /shops/servile/s1t1r4e4n6g7t2h4052 HTTP/1.1" 200 20728 "-" "Mozilla/5.0 (compatible; AhrefsBot/7.0; +http://ahrefs.com/robot/)"
185.177.72.11 - - [09/Sep/2026:18:16:43 +0200] "GET /ch8a-mytodo/%2eenv HTTP/1.1" 302 - "-" "curl/8.7.1"
51.81.164.150 - - [09/Sep/2026:18:16:45 +0200] "GET /shops/betulus/p1a1r5a5p4o8p1h4y5s7e4s HTTP/1.1" 200 20728 "-" "Mozilla/5.0 (compatible; AhrefsBot/7.0; +http://ahrefs.com/robot/)"
51.81.165.82 - - [09/Sep/2026:18:16:50 +0200] "GET /wispen/collimator/r1e3i1n8f0u5n0d8645 HTTP/1.1" 200 20728 "-" "Mozilla/5.0 (compatible; AhrefsBot/7.0; +http://ahrefs.com/robot/)"
185.177.72.11 - - [09/Sep/2026:18:16:49 +0200] "GET /ch8b-mytodo/%2eenv HTTP/1.1" 302 - "-" "curl/8.7.1"
185.43.220.19 - - [09/Sep/2026:18:16:56 +0200] "POST /wp-cron.php?doing_wp_cron=1788970616.4493210315704345703125 HTTP/1.1" 200 - "-" "WordPress/7.1; https://10bukmekers.com"
51.81.170.1 - - [09/Sep/2026:18:16:54 +0200] "GET /shops/thunnus/b1e1e4m6a9s5t7e9r984 HTTP/1.1" 200 20728 "-" "Mozilla/5.0 (compatible; AhrefsBot/7.0; +http://ahrefs.com/robot/)"
185.177.72.11 - - [09/Sep/2026:18:16:54 +0200] "GET /Chai/%2eenv HTTP/1.1" 302 - "-" "curl/8.7.1"
185.177.72.11 - - [09/Sep/2026:18:16:56 +0200] "GET /challenge/%2eenv HTTP/1.1" 302 - "-" "curl/8.7.1"
51.81.170.8 - - [09/Sep/2026:18:16:58 +0200] "GET /foible/insincerely/o1u3l3a9c2h5a5n3310 HTTP/1.1" 200 20728 "-" "Mozilla/5.0 (compatible; AhrefsBot/7.0; +http://ahrefs.com/robot/)"
185.177.72.11 - - [09/Sep/2026:18:17:01 +0200] "GET /challenges/%2eenv HTTP/1.1" 302 - "-" "curl/8.7.1"
51.81.163.31 - - [09/Sep/2026:18:17:02 +0200] "GET /shops/endostoma/s1y3n2e5r8g2y0072 HTTP/1.1" 200 20728 "-" "Mozilla/5.0 (compatible; AhrefsBot/7.0; +http://ahrefs.com/robot/)"
51.81.163.27 - - [09/Sep/2026:18:17:06 +0200] "GET /elation/culturing/1774485697 HTTP/1.1" 200 20728 "-" "Mozilla/5.0 (compatible; AhrefsBot/7.0; +http://ahrefs.com/robot/)"
185.177.72.11 - - [09/Sep/2026:18:17:06 +0200] "GET /charts/liveObjects/%2eenv HTTP/1.1" 302 - "-" "curl/8.7.1"
51.81.170.7 - - [09/Sep/2026:18:17:10 +0200] "GET /chloridic/dashpot/1323395890 HTTP/1.1" 503 21196 "-" "Mozilla/5.0 (compatible; AhrefsBot/7.0; +http://ahrefs.com/robot/)"
185.177.72.11 - - [09/Sep/2026:18:17:12 +0200] "GET /chat-client/%2eenv HTTP/1.1" 302 - "-" "curl/8.7.1"
51.81.170.9 - - [09/Sep/2026:18:17:14 +0200] "GET /jeopardously/s1h1i8f6t5y923984 HTTP/1.1" 503 21196 "-" "Mozilla/5.0 (compatible; AhrefsBot/7.0; +http://ahrefs.com/robot/)"
51.81.163.56 - - [09/Sep/2026:18:17:18 +0200] "GET /indivisible/b1e1s4p0i0t9t1i3n6g79 HTTP/1.1" 503 468 "-" "Mozilla/5.0 (compatible; AhrefsBot/7.0; +http://ahrefs.com/robot/)"
185.177.72.11 - - [09/Sep/2026:18:17:21 +0200] "GET /chiminey/%2eenv HTTP/1.1" 503 468 "-" "curl/8.7.1"
51.81.165.221 - - [09/Sep/2026:18:17:23 +0200] "GET /shops/sufficient/a1b1e9l7o0n6i3a7n785 HTTP/1.1" 200 20728 "-" "Mozilla/5.0 (compatible; AhrefsBot/7.0; +http://ahrefs.com/robot/)"
51.81.164.150 - - [09/Sep/2026:18:17:27 +0200] "GET /shops/pluriflora/j1e6r8r5y1b0u3i9l9der HTTP/1.1" 200 20728 "-" "Mozilla/5.0 (compatible; AhrefsBot/7.0; +http://ahrefs.com/robot/)"
185.177.72.11 - - [09/Sep/2026:18:17:28 +0200] "GET /chunk-B2FODB4I%2ejs HTTP/1.1" 302 - "-" "curl/8.7.1"
51.81.164.144 - - [09/Sep/2026:18:17:31 +0200] "GET /shops/meliorate/c1o3u1n5t6r4y4f0i6e3d0 HTTP/1.1" 200 20728 "-" "Mozilla/5.0 (compatible; AhrefsBot/7.0; +http://ahrefs.com/robot/)"
185.177.72.11 - - [09/Sep/2026:18:17:35 +0200] "GET /ci/%2eenv HTTP/1.1" 302 - "-" "curl/8.7.1"
51.81.169.124 - - [09/Sep/2026:18:17:39 +0200] "GET /bacheloratarms/h1y2p9o1p6h8o8s9p2h0a4te HTTP/1.1" 200 20728 "-" "Mozilla/5.0 (compatible; AhrefsBot/7.0; +http://ahrefs.com/robot/)"
185.177.72.11 - - [09/Sep/2026:18:17:41 +0200] "GET /client-app/%2eenv HTTP/1.1" 302 - "-" "curl/8.7.1"
185.177.72.11 - - [09/Sep/2026:18:17:44 +0200] "GET /client/mutual-fund-app/%2eenv HTTP/1.1" 302 - "-" "curl/8.7.1"
185.177.72.11 - - [09/Sep/2026:18:17:45 +0200] "GET /client/src/%2eenv HTTP/1.1" 302 - "-" "curl/8.7.1"
185.177.72.11 - - [09/Sep/2026:18:17:47 +0200] "GET /ClientApp/%2eenv HTTP/1.1" 302 - "-" "curl/8.7.1"
51.81.163.52 - - [09/Sep/2026:18:17:48 +0200] "GET /shops/distempered/b1i3g8l4y0851456 HTTP/1.1" 200 20728 "-" "Mozilla/5.0 (compatible; AhrefsBot/7.0; +http://ahrefs.com/robot/)"
185.177.72.11 - - [09/Sep/2026:18:17:49 +0200] "GET /clld_dir/%2eenv HTTP/1.1" 302 - "-" "curl/8.7.1"
185.177.72.11 - - [09/Sep/2026:18:17:52 +0200] "GET /cloud/%2eenv HTTP/1.1" 302 - "-" "curl/8.7.1"
185.177.72.11 - - [09/Sep/2026:18:17:54 +0200] "GET /cmd/testdata/expected/dot_env/%2eenv HTTP/1.1" 302 - "-" "curl/8.7.1"
185.177.72.11 - - [09/Sep/2026:18:17:56 +0200] "GET /code/api/%2eenv HTTP/1.1" 302 - "-" "curl/8.7.1"
51.81.165.220 - - [09/Sep/2026:18:17:56 +0200] "GET /shops/altissima/c1o4m1m7e3n9s5a8l5i3s5m HTTP/1.1" 200 20728 "-" "Mozilla/5.0 (compatible; AhrefsBot/7.0; +http://ahrefs.com/robot/)"
185.177.72.11 - - [09/Sep/2026:18:17:57 +0200] "GET /code/web/%2eenv HTTP/1.1" 302 - "-" "curl/8.7.1"
185.177.72.11 - - [09/Sep/2026:18:17:59 +0200] "GET /CodeGolf%2eWeb/ClientApp/%2eenv HTTP/1.1" 302 - "-" "curl/8.7.1"
185.177.72.11 - - [09/Sep/2026:18:18:01 +0200] "GET /codenames-frontend/%2eenv HTTP/1.1" 302 - "-" "curl/8.7.1"
185.177.72.11 - - [09/Sep/2026:18:18:03 +0200] "GET /collab-connect-web-application/server/%2eenv HTTP/1.1" 302 - "-" "curl/8.7.1"
51.81.164.154 - - [09/Sep/2026:18:18:04 +0200] "GET /peaceable/c1y1p2a1r9i8s6s4i9a4s4 HTTP/1.1" 200 20728 "-" "Mozilla/5.0 (compatible; AhrefsBot/7.0; +http://ahrefs.com/robot/)"
185.177.72.11 - - [09/Sep/2026:18:18:06 +0200] "GET /collected_static/%2eenv HTTP/1.1" 302 - "-" "curl/8.7.1"
185.177.72.11 - - [09/Sep/2026:18:18:08 +0200] "GET /community/%2eenv HTTP/1.1" 302 - "-" "curl/8.7.1"
185.177.72.11 - - [09/Sep/2026:18:18:09 +0200] "GET /compose/%2eenv HTTP/1.1" 302 - "-" "curl/8.7.1"
185.177.72.11 - - [09/Sep/2026:18:18:11 +0200] "GET /config%2ejs HTTP/1.1" 302 - "-" "curl/8.7.1"
51.81.163.27 - - [09/Sep/2026:18:18:13 +0200] "GET /shops/notochord/c1a1m7e0r2a4l2i9s5t5i6cs HTTP/1.1" 200 20728 "-" "Mozilla/5.0 (compatible; AhrefsBot/7.0; +http://ahrefs.com/robot/)"
185.177.72.11 - - [09/Sep/2026:18:18:13 +0200] "GET /config%2eyaml HTTP/1.1" 302 - "-" "curl/8.7.1"
185.177.72.11 - - [09/Sep/2026:18:18:14 +0200] "GET /config/%2eenv%2edev HTTP/1.1" 302 - "-" "curl/8.7.1"
185.177.72.11 - - [09/Sep/2026:18:18:17 +0200] "GET /config/%2eenv%2elocal HTTP/1.1" 302 - "-" "curl/8.7.1"
185.43.220.19 - - [09/Sep/2026:18:18:21 +0200] "POST /wp-cron.php?doing_wp_cron=1788970701.5256209373474121093750 HTTP/1.1" 200 - "-" "WordPress/7.1; https://10bukmekers.com"
185.177.72.11 - - [09/Sep/2026:18:18:18 +0200] "GET /config/%2eenv%2eproduction HTTP/1.1" 302 - "-" "curl/8.7.1"
51.81.165.214 - - [09/Sep/2026:18:18:21 +0200] "GET /barmecidal/a1f2f1l9u9e5n7c3y939 HTTP/1.1" 200 20728 "-" "Mozilla/5.0 (compatible; AhrefsBot/7.0; +http://ahrefs.com/robot/)"
185.177.72.11 - - [09/Sep/2026:18:18:21 +0200] "GET /config/aws%2eyml HTTP/1.1" 302 - "-" "curl/8.7.1"
185.177.72.11 - - [09/Sep/2026:18:18:28 +0200] "GET /config/cache%2ephp HTTP/1.1" 302 - "-" "curl/8.7.1"
51.81.164.153 - - [09/Sep/2026:18:18:30 +0200] "GET /shops/prolifera/d1e1c6a5c0e4r5a5504 HTTP/1.1" 200 20728 "-" "Mozilla/5.0 (compatible; AhrefsBot/7.0; +http://ahrefs.com/robot/)"
185.177.72.11 - - [09/Sep/2026:18:18:33 +0200] "GET /config/config%2eenv HTTP/1.1" 302 - "-" "curl/8.7.1"
185.177.72.11 - - [09/Sep/2026:18:18:36 +0200] "GET /config/config%2eyml HTTP/1.1" 302 - "-" "curl/8.7.1"
185.177.72.11 - - [09/Sep/2026:18:18:38 +0200] "GET /config/default%2ejson HTTP/1.1" 302 - "-" "curl/8.7.1"
51.81.165.220 - - [09/Sep/2026:18:18:38 +0200] "GET /shops/disquisitive/s1e2m6i9t7r6a4n0s8p2a6rent HTTP/1.1" 200 20728 "-" "Mozilla/5.0 (compatible; AhrefsBot/7.0; +http://ahrefs.com/robot/)"
185.177.72.11 - - [09/Sep/2026:18:18:39 +0200] "GET /config/keys%2eyml HTTP/1.1" 302 - "-" "curl/8.7.1"
185.177.72.11 - - [09/Sep/2026:18:18:41 +0200] "GET /config/production%2ejson HTTP/1.1" 302 - "-" "curl/8.7.1"
51.81.164.155 - - [09/Sep/2026:18:18:43 +0200] "GET /ambush/sacking/11650619011 HTTP/1.1" 200 20728 "-" "Mozilla/5.0 (compatible; AhrefsBot/7.0; +http://ahrefs.com/robot/)"
185.177.72.11 - - [09/Sep/2026:18:18:42 +0200] "GET /config/secrets%2eyml HTTP/1.1" 302 - "-" "curl/8.7.1"
185.177.72.11 - - [09/Sep/2026:18:18:46 +0200] "GET /config/settings%2epy HTTP/1.1" 302 - "-" "curl/8.7.1"
51.81.163.16 - - [09/Sep/2026:18:18:47 +0200] "GET /shops/nephthytis/a1l1b2a5n6296016 HTTP/1.1" 200 20728 "-" "Mozilla/5.0 (compatible; AhrefsBot/7.0; +http://ahrefs.com/robot/)"
185.177.72.11 - - [09/Sep/2026:18:18:49 +0200] "GET /ContainerRegistry/%2eenv HTTP/1.1" 302 - "-" "curl/8.7.1"
51.81.170.9 - - [09/Sep/2026:18:18:51 +0200] "GET /shops/inscribe/s1e3m3o8l7e3l9l6a17 HTTP/1.1" 200 20728 "-" "Mozilla/5.0 (compatible; AhrefsBot/7.0; +http://ahrefs.com/robot/)"
185.177.72.11 - - [09/Sep/2026:18:18:52 +0200] "GET /containers/%2eenv HTTP/1.1" 302 - "-" "curl/8.7.1"
185.177.72.11 - - [09/Sep/2026:18:18:55 +0200] "GET /content/%2eenv HTTP/1.1" 302 - "-" "curl/8.7.1"
185.43.220.19 - - [09/Sep/2026:18:18:59 +0200] "POST /wp-cron.php?doing_wp_cron=1788970739.3404970169067382812500 HTTP/1.1" 200 - "-" "WordPress/7.1; https://10bukmekers.com"
51.81.170.1 - - [09/Sep/2026:18:18:55 +0200] "GET /shops/astrion/r1u2d8i1t6y927714 HTTP/1.1" 200 20728 "-" "Mozilla/5.0 (compatible; AhrefsBot/7.0; +http://ahrefs.com/robot/)"
51.81.169.193 - - [09/Sep/2026:18:18:59 +0200] "GET /florin/s1h1o3l8a3762549 HTTP/1.1" 200 20728 "-" "Mozilla/5.0 (compatible; AhrefsBot/7.0; +http://ahrefs.com/robot/)"
185.177.72.11 - - [09/Sep/2026:18:18:59 +0200] "GET /control/%2eenv HTTP/1.1" 302 - "-" "curl/8.7.1"
51.81.165.208 - - [09/Sep/2026:18:19:03 +0200] "GET /shops/monosaccharide/m1u3r3e7s6246832 HTTP/1.1" 200 20728 "-" "Mozilla/5.0 (compatible; AhrefsBot/7.0; +http://ahrefs.com/robot/)"
185.177.72.11 - - [09/Sep/2026:18:19:04 +0200] "GET /core/app/%2eenv HTTP/1.1" 302 - "-" "curl/8.7.1"
51.81.165.211 - - [09/Sep/2026:18:19:07 +0200] "GET /shops/ambitionless/s1u2b2l7a4p0s4a1r1i4a7n HTTP/1.1" 200 20728 "-" "Mozilla/5.0 (compatible; AhrefsBot/7.0; +http://ahrefs.com/robot/)"
185.177.72.11 - - [09/Sep/2026:18:19:09 +0200] "GET /core/Datavase/%2eenv HTTP/1.1" 302 - "-" "curl/8.7.1"
185.177.72.11 - - [09/Sep/2026:18:19:11 +0200] "GET /core/persistence/%2eenv HTTP/1.1" 302 - "-" "curl/8.7.1"
51.81.163.54 - - [09/Sep/2026:18:19:11 +0200] "GET /sabean/c1h4r0y4s8a9r1o6b1i8n4 HTTP/1.1" 200 20728 "-" "Mozilla/5.0 (compatible; AhrefsBot/7.0; +http://ahrefs.com/robot/)"
185.177.72.11 - - [09/Sep/2026:18:19:15 +0200] "GET /core/src/main/resources/org/jobrunr/dashboard/frontend/%2eenv HTTP/1.1" 302 - "-" "curl/8.7.1"
185.43.220.19 - - [09/Sep/2026:18:19:18 +0200] "POST /wp-cron.php?doing_wp_cron=1788970758.2283549308776855468750 HTTP/1.1" 200 - "-" "WordPress/7.1; https://10bukmekers.com"
51.81.163.20 - - [09/Sep/2026:18:19:16 +0200] "GET /gastriloquy/doublelock/13037342783 HTTP/1.1" 200 20728 "-" "Mozilla/5.0 (compatible; AhrefsBot/7.0; +http://ahrefs.com/robot/)"
185.177.72.11 - - [09/Sep/2026:18:19:16 +0200] "GET /counterblockd/%2eenv HTTP/1.1" 302 - "-" "curl/8.7.1"
51.81.163.27 - - [09/Sep/2026:18:19:20 +0200] "GET /denigrating/agglutination/1332170257 HTTP/1.1" 200 20728 "-" "Mozilla/5.0 (compatible; AhrefsBot/7.0; +http://ahrefs.com/robot/)"
185.177.72.11 - - [09/Sep/2026:18:19:20 +0200] "GET /counterwallet/%2eenv HTTP/1.1" 302 - "-" "curl/8.7.1"
51.81.164.154 - - [09/Sep/2026:18:19:24 +0200] "GET /shops/terrapen/c1u6b0o4i2d20441 HTTP/1.1" 200 20728 "-" "Mozilla/5.0 (compatible; AhrefsBot/7.0; +http://ahrefs.com/robot/)"
185.177.72.11 - - [09/Sep/2026:18:19:25 +0200] "GET /cp/%2eenv HTTP/1.1" 302 - "-" "curl/8.7.1"
51.81.164.157 - - [09/Sep/2026:18:19:28 +0200] "GET /shops/gaudish/d1i3s3c0e2r9p5t9i3v5e8 HTTP/1.1" 200 20728 "-" "Mozilla/5.0 (compatible; AhrefsBot/7.0; +http://ahrefs.com/robot/)"
185.177.72.11 - - [09/Sep/2026:18:19:30 +0200] "GET /cronlab/%2eenv HTTP/1.1" 302 - "-" "curl/8.7.1"
185.177.72.11 - - [09/Sep/2026:18:19:32 +0200] "GET /cryo_project/%2eenv HTTP/1.1" 302 - "-" "curl/8.7.1"
51.81.164.147 - - [09/Sep/2026:18:19:32 +0200] "GET /mahdiism/s1a2l7i3c5i8f5o0l7i2a9 HTTP/1.1" 200 20728 "-" "Mozilla/5.0 (compatible; AhrefsBot/7.0; +http://ahrefs.com/robot/)"
185.177.72.11 - - [09/Sep/2026:18:19:34 +0200] "GET /css/%2eenv HTTP/1.1" 302 - "-" "curl/8.7.1"
51.81.170.14 - - [09/Sep/2026:18:19:36 +0200] "GET /garreteer/k1e3n7y5a410359 HTTP/1.1" 200 20728 "-" "Mozilla/5.0 (compatible; AhrefsBot/7.0; +http://ahrefs.com/robot/)"
185.177.72.11 - - [09/Sep/2026:18:19:37 +0200] "GET /custom/%2eenv HTTP/1.1" 302 - "-" "curl/8.7.1"
185.177.72.11 - - [09/Sep/2026:18:19:39 +0200] "GET /d/%2eenv HTTP/1.1" 302 - "-" "curl/8.7.1"
185.177.72.11 - - [09/Sep/2026:18:19:40 +0200] "GET /dashboard/i%2ephp HTTP/1.1" 302 - "-" "curl/8.7.1"
51.81.164.200 - - [09/Sep/2026:18:19:40 +0200] "GET /shops/compellatory/p1a1r7a9s5i7t8e5s956 HTTP/1.1" 200 20728 "-" "Mozilla/5.0 (compatible; AhrefsBot/7.0; +http://ahrefs.com/robot/)"
185.177.72.11 - - [09/Sep/2026:18:19:43 +0200] "GET /dashboard/info%2ephp HTTP/1.1" 302 - "-" "curl/8.7.1"
51.81.170.5 - - [09/Sep/2026:18:19:44 +0200] "GET /shops/acquainted/h1a3r3r8o5w0e9r52 HTTP/1.1" 200 20728 "-" "Mozilla/5.0 (compatible; AhrefsBot/7.0; +http://ahrefs.com/robot/)"
185.177.72.11 - - [09/Sep/2026:18:19:45 +0200] "GET /dashboard/phpinfo%2ephp HTTP/1.1" 302 - "-" "curl/8.7.1"
185.177.72.11 - - [09/Sep/2026:18:19:47 +0200] "GET /dashboard/test%2ephp HTTP/1.1" 302 - "-" "curl/8.7.1"
51.81.165.213 - - [09/Sep/2026:18:19:49 +0200] "GET /orchestrion/conterminate/p1s7e5u4d8e0m2y5s30 HTTP/1.1" 200 20728 "-" "Mozilla/5.0 (compatible; AhrefsBot/7.0; +http://ahrefs.com/robot/)"
185.177.72.11 - - [09/Sep/2026:18:19:49 +0200] "GET /data/%2eenv HTTP/1.1" 302 - "-" "curl/8.7.1"
185.177.72.11 - - [09/Sep/2026:18:19:51 +0200] "GET /database/%2eenv HTTP/1.1" 302 - "-" "curl/8.7.1"
185.177.72.11 - - [09/Sep/2026:18:19:52 +0200] "GET /dataset1/%2eenv HTTP/1.1" 302 - "-" "curl/8.7.1"
185.43.220.19 - - [09/Sep/2026:18:19:56 +0200] "POST /wp-cron.php?doing_wp_cron=1788970796.4346380233764648437500 HTTP/1.1" 200 - "-" "WordPress/7.1; https://10bukmekers.com"
51.81.165.208 - - [09/Sep/2026:18:19:53 +0200] "GET /shops/bellypinched/a1m7p5h7i1p3r0o6s2t7ylar HTTP/1.1" 200 20728 "-" "Mozilla/5.0 (compatible; AhrefsBot/7.0; +http://ahrefs.com/robot/)"
185.177.72.11 - - [09/Sep/2026:18:19:54 +0200] "GET /dataset2/%2eenv HTTP/1.1" 302 - "-" "curl/8.7.1"
37.154.162.204 - - [09/Sep/2026:18:19:58 +0200] "GET / HTTP/1.1" 302 - "https://www.google.com/" "Mozilla/5.0 (Linux; Android 10; K) AppleWebKit/537.36 (KHTML, like Gecko) Chrome/152.0.0.0 Mobile Safari/537.36"
51.81.165.88 - - [09/Sep/2026:18:19:57 +0200] "GET /magot/f1u2l8l8t4i8m1e7r494 HTTP/1.1" 200 20728 "-" "Mozilla/5.0 (compatible; AhrefsBot/7.0; +http://ahrefs.com/robot/)"
185.177.72.11 - - [09/Sep/2026:18:19:57 +0200] "GET /db-admin/ HTTP/1.1" 302 - "-" "curl/8.7.1"
185.177.72.11 - - [09/Sep/2026:18:20:01 +0200] "GET /db%2ephp HTTP/1.1" 302 - "-" "curl/8.7.1"
51.81.163.59 - - [09/Sep/2026:18:20:02 +0200] "GET /salique/j1e3a6l7o5u4s8h8o4o3d9 HTTP/1.1" 200 20728 "-" "Mozilla/5.0 (compatible; AhrefsBot/7.0; +http://ahrefs.com/robot/)"
185.177.72.11 - - [09/Sep/2026:18:20:05 +0200] "GET /db%2esql HTTP/1.1" 302 - "-" "curl/8.7.1"
185.177.72.11 - - [09/Sep/2026:18:20:09 +0200] "GET /db_backup%2esql HTTP/1.1" 302 - "-" "curl/8.7.1"
51.81.163.67 - - [09/Sep/2026:18:20:10 +0200] "GET /shops/colligated/h1e2t7e0r0a6c3a1n7t7h2 HTTP/1.1" 200 20728 "-" "Mozilla/5.0 (compatible; AhrefsBot/7.0; +http://ahrefs.com/robot/)"
185.177.72.11 - - [09/Sep/2026:18:20:12 +0200] "GET /debug HTTP/1.1" 302 - "-" "curl/8.7.1"
185.43.220.19 - - [09/Sep/2026:18:20:17 +0200] "POST /wp-cron.php?doing_wp_cron=1788970817.4603240489959716796875 HTTP/1.1" 200 - "-" "WordPress/7.1; https://10bukmekers.com"
185.177.72.11 - - [09/Sep/2026:18:20:14 +0200] "GET /debug%2ejson HTTP/1.1" 302 - "-" "curl/8.7.1"
51.81.169.206 - - [09/Sep/2026:18:20:14 +0200] "GET /snakeweed/snobbishness/1952469538 HTTP/1.1" 200 20728 "-" "Mozilla/5.0 (compatible; AhrefsBot/7.0; +http://ahrefs.com/robot/)"
185.177.72.11 - - [09/Sep/2026:18:20:17 +0200] "GET /debug%2elog HTTP/1.1" 302 - "-" "curl/8.7.1"
185.177.72.11 - - [09/Sep/2026:18:20:20 +0200] "GET /debug%2ephp HTTP/1.1" 302 - "-" "curl/8.7.1"
51.81.164.203 - - [09/Sep/2026:18:20:21 +0200] "GET /dividingly/f1e1a2r8l7e4s1s5l2y19 HTTP/1.1" 200 20728 "-" "Mozilla/5.0 (compatible; AhrefsBot/7.0; +http://ahrefs.com/robot/)"
185.177.72.11 - - [09/Sep/2026:18:20:21 +0200] "GET /debug/default/view HTTP/1.1" 302 - "-" "curl/8.7.1"
185.177.72.11 - - [09/Sep/2026:18:20:24 +0200] "GET /debug/default/view%2ehtml HTTP/1.1" 302 - "-" "curl/8.7.1"
51.81.169.116 - - [09/Sep/2026:18:20:26 +0200] "GET /shops/sciurea/i1m7m0u2n7o8g8e0n45 HTTP/1.1" 200 20728 "-" "Mozilla/5.0 (compatible; AhrefsBot/7.0; +http://ahrefs.com/robot/)"
178.233.71.39 - - [09/Sep/2026:18:20:31 +0200] "GET / HTTP/1.1" 302 - "https://www.google.com/" "Mozilla/5.0 (Linux; Android 10; K) AppleWebKit/537.36 (KHTML, like Gecko) Chrome/152.0.0.0 Mobile Safari/537.36"
185.177.72.11 - - [09/Sep/2026:18:20:28 +0200] "GET /debug/default/view?panel=config HTTP/1.1" 302 - "-" "curl/8.7.1"
51.81.165.95 - - [09/Sep/2026:18:20:32 +0200] "GET /causes/c1h4e0l0i0c9e6r9a1e79 HTTP/1.1" 200 20728 "-" "Mozilla/5.0 (compatible; AhrefsBot/7.0; +http://ahrefs.com/robot/)"
185.177.72.11 - - [09/Sep/2026:18:20:34 +0200] "GET /default/%2eenv HTTP/1.1" 302 - "-" "curl/8.7.1"
51.81.163.69 - - [09/Sep/2026:18:20:38 +0200] "GET /shops/selfimparting/s1l1i1d6d9e6r92994 HTTP/1.1" 200 20728 "-" "Mozilla/5.0 (compatible; AhrefsBot/7.0; +http://ahrefs.com/robot/)"
185.177.72.11 - - [09/Sep/2026:18:20:41 +0200] "GET /delivery/%2eenv HTTP/1.1" 302 - "-" "curl/8.7.1"
51.81.163.64 - - [09/Sep/2026:18:20:42 +0200] "GET /puing/noyous/12665936027 HTTP/1.1" 200 20728 "-" "Mozilla/5.0 (compatible; AhrefsBot/7.0; +http://ahrefs.com/robot/)"
185.177.72.11 - - [09/Sep/2026:18:20:48 +0200] "GET /demo-app/%2eenv HTTP/1.1" 302 - "-" "curl/8.7.1"
51.81.169.206 - - [09/Sep/2026:18:20:48 +0200] "GET /tropidine/oophorida/11777314888 HTTP/1.1" 200 20728 "-" "Mozilla/5.0 (compatible; AhrefsBot/7.0; +http://ahrefs.com/robot/)"
51.81.163.27 - - [09/Sep/2026:18:20:53 +0200] "GET /shops/terretenant/p1r2e1d5e9d7i6c6a1t9i4on HTTP/1.1" 200 20728 "-" "Mozilla/5.0 (compatible; AhrefsBot/7.0; +http://ahrefs.com/robot/)"
185.43.220.19 - - [09/Sep/2026:18:20:58 +0200] "POST /wp-cron.php?doing_wp_cron=1788970858.4261410236358642578125 HTTP/1.1" 200 - "-" "WordPress/7.1; https://10bukmekers.com"
185.177.72.11 - - [09/Sep/2026:18:20:53 +0200] "GET /demo/%2eenv HTTP/1.1" 302 - "-" "curl/8.7.1"
51.81.165.85 - - [09/Sep/2026:18:20:58 +0200] "GET /shops/impersuadable/t1h4o0r9n8i4e2s5t63 HTTP/1.1" 200 20728 "-" "Mozilla/5.0 (compatible; AhrefsBot/7.0; +http://ahrefs.com/robot/)"
185.177.72.11 - - [09/Sep/2026:18:20:58 +0200] "GET /dep%2ephp HTTP/1.1" 302 - "-" "curl/8.7.1"
51.81.169.127 - - [09/Sep/2026:18:21:03 +0200] "GET /musophaga/g1a4d2u2i3n367019 HTTP/1.1" 200 20728 "-" "Mozilla/5.0 (compatible; AhrefsBot/7.0; +http://ahrefs.com/robot/)"
185.177.72.11 - - [09/Sep/2026:18:21:04 +0200] "GET /deploy%2ephp HTTP/1.1" 302 - "-" "curl/8.7.1"
185.177.72.11 - - [09/Sep/2026:18:21:08 +0200] "GET /deploy/%2eenv HTTP/1.1" 302 - "-" "curl/8.7.1"
185.177.72.11 - - [09/Sep/2026:18:21:09 +0200] "GET /deployment-config%2ejson HTTP/1.1" 302 - "-" "curl/8.7.1"
51.81.163.49 - - [09/Sep/2026:18:21:10 +0200] "GET /shops/misrepresentation/l1e2o3n2i4n2e1l3y081 HTTP/1.1" 200 20728 "-" "Mozilla/5.0 (compatible; AhrefsBot/7.0; +http://ahrefs.com/robot/)"
185.177.72.11 - - [09/Sep/2026:18:21:11 +0200] "GET /dev-api/ HTTP/1.1" 302 - "-" "curl/8.7.1"
185.177.72.11 - - [09/Sep/2026:18:21:13 +0200] "GET /dev-env/%2eenv HTTP/1.1" 302 - "-" "curl/8.7.1"
185.43.220.19 - - [09/Sep/2026:18:21:18 +0200] "POST /wp-cron.php?doing_wp_cron=1788970878.6250989437103271484375 HTTP/1.1" 200 - "-" "WordPress/7.1; https://10bukmekers.com"
185.177.72.11 - - [09/Sep/2026:18:21:15 +0200] "GET /dev%2ephp HTTP/1.1" 302 - "-" "curl/8.7.1"
51.81.165.90 - - [09/Sep/2026:18:21:15 +0200] "GET /shops/affection/b1e6l8l2i4g9e9r9e1n2ce HTTP/1.1" 200 20728 "-" "Mozilla/5.0 (compatible; AhrefsBot/7.0; +http://ahrefs.com/robot/)"
185.177.72.11 - - [09/Sep/2026:18:21:19 +0200] "GET /dev/%2eenv%2elocal HTTP/1.1" 302 - "-" "curl/8.7.1"
51.81.163.26 - - [09/Sep/2026:18:21:19 +0200] "GET /antoecians/p1o3s9o7l8o0g5i2c924 HTTP/1.1" 200 20728 "-" "Mozilla/5.0 (compatible; AhrefsBot/7.0; +http://ahrefs.com/robot/)"
51.81.164.205 - - [09/Sep/2026:18:21:23 +0200] "GET /shops/myrciaria/p1u2r4s6e7p2r1o5u4d52 HTTP/1.1" 200 20728 "-" "Mozilla/5.0 (compatible; AhrefsBot/7.0; +http://ahrefs.com/robot/)"
185.177.72.11 - - [09/Sep/2026:18:21:26 +0200] "GET /dev_env/%2eenv HTTP/1.1" 302 - "-" "curl/8.7.1"
51.81.169.192 - - [09/Sep/2026:18:21:27 +0200] "GET /shops/laminary/s1h3e4e6p8k6i3l5l810 HTTP/1.1" 200 20728 "-" "Mozilla/5.0 (compatible; AhrefsBot/7.0; +http://ahrefs.com/robot/)"
51.81.169.126 - - [09/Sep/2026:18:21:32 +0200] "GET /shops/chalcid/p1l3e3a2s7e36989 HTTP/1.1" 200 20728 "-" "Mozilla/5.0 (compatible; AhrefsBot/7.0; +http://ahrefs.com/robot/)"
185.177.72.11 - - [09/Sep/2026:18:21:33 +0200] "GET /developer%2ephp HTTP/1.1" 302 - "-" "curl/8.7.1"
51.81.169.194 - - [09/Sep/2026:18:21:38 +0200] "GET /catcher/wealthier/11822479910 HTTP/1.1" 200 20728 "-" "Mozilla/5.0 (compatible; AhrefsBot/7.0; +http://ahrefs.com/robot/)"
185.177.72.11 - - [09/Sep/2026:18:21:38 +0200] "GET /developer/%2eenv HTTP/1.1" 302 - "-" "curl/8.7.1"
51.81.169.197 - - [09/Sep/2026:18:21:42 +0200] "GET /shops/tomcat/p1h3y1s4o9c4l8i5s5t1i1 HTTP/1.1" 200 20728 "-" "Mozilla/5.0 (compatible; AhrefsBot/7.0; +http://ahrefs.com/robot/)"
185.177.72.11 - - [09/Sep/2026:18:21:42 +0200] "GET /developerslv/%2eenv HTTP/1.1" 302 - "-" "curl/8.7.1"
185.177.72.11 - - [09/Sep/2026:18:21:44 +0200] "GET /development/%2eenv HTTP/1.1" 302 - "-" "curl/8.7.1"
185.177.72.11 - - [09/Sep/2026:18:21:48 +0200] "GET /devs%2ephp HTTP/1.1" 503 468 "-" "curl/8.7.1"
51.81.169.198 - - [09/Sep/2026:18:21:49 +0200] "GET /shops/decoymen/l1a2e6s9t5a8d7i9a445 HTTP/1.1" 503 21196 "-" "Mozilla/5.0 (compatible; AhrefsBot/7.0; +http://ahrefs.com/robot/)"
51.81.163.53 - - [09/Sep/2026:18:21:54 +0200] "GET /shops/covent/i1n6t3e1r9s2t4a7p6e9dial HTTP/1.1" 200 20728 "-" "Mozilla/5.0 (compatible; AhrefsBot/7.0; +http://ahrefs.com/robot/)"
185.177.72.11 - - [09/Sep/2026:18:21:53 +0200] "GET /devtools HTTP/1.1" 302 - "-" "curl/8.7.1"
51.81.170.10 - - [09/Sep/2026:18:21:59 +0200] "GET /shops/awless/s1h4o2r7t3c7o6m6i1n8g0 HTTP/1.1" 200 20728 "-" "Mozilla/5.0 (compatible; AhrefsBot/7.0; +http://ahrefs.com/robot/)"
185.177.72.11 - - [09/Sep/2026:18:22:02 +0200] "GET /directories/%2eenv HTTP/1.1" 302 - "-" "curl/8.7.1"
51.81.169.127 - - [09/Sep/2026:18:22:03 +0200] "GET /shops/tracheate/u1n1t5e2a6m119553 HTTP/1.1" 200 20728 "-" "Mozilla/5.0 (compatible; AhrefsBot/7.0; +http://ahrefs.com/robot/)"
51.81.163.50 - - [09/Sep/2026:18:22:08 +0200] "GET /chelonia/s1l2a1c4k3i3n0g9789 HTTP/1.1" 200 20728 "-" "Mozilla/5.0 (compatible; AhrefsBot/7.0; +http://ahrefs.com/robot/)"
185.177.72.11 - - [09/Sep/2026:18:22:08 +0200] "GET /dist/%2eenv HTTP/1.1" 302 - "-" "curl/8.7.1"
185.177.72.11 - - [09/Sep/2026:18:22:13 +0200] "GET /dist/js/app%2e[hash]%2ejs HTTP/1.1" 302 - "-" "curl/8.7.1"
185.177.72.11 - - [09/Sep/2026:18:22:14 +0200] "GET /django-blog/%2eenv HTTP/1.1" 302 - "-" "curl/8.7.1"
51.81.163.30 - - [09/Sep/2026:18:22:14 +0200] "GET /subacetate/arroyo/11766116323 HTTP/1.1" 200 20728 "-" "Mozilla/5.0 (compatible; AhrefsBot/7.0; +http://ahrefs.com/robot/)"
185.177.72.11 - - [09/Sep/2026:18:22:16 +0200] "GET /django/%2eenv HTTP/1.1" 302 - "-" "curl/8.7.1"
51.81.164.194 - - [09/Sep/2026:18:22:20 +0200] "GET /infraspinate/g1l2a7d7s5h9i0p7854 HTTP/1.1" 200 20728 "-" "Mozilla/5.0 (compatible; AhrefsBot/7.0; +http://ahrefs.com/robot/)"
185.177.72.11 - - [09/Sep/2026:18:22:21 +0200] "GET /django_project_path/%2eenv HTTP/1.1" 302 - "-" "curl/8.7.1"
185.177.72.11 - - [09/Sep/2026:18:22:26 +0200] "GET /doc/%2eenv HTTP/1.1" 503 468 "-" "curl/8.7.1"
51.81.165.217 - - [09/Sep/2026:18:22:26 +0200] "GET /shops/fulcra/t1r1a5p0s9t8i1c3k059 HTTP/1.1" 503 468 "-" "Mozilla/5.0 (compatible; AhrefsBot/7.0; +http://ahrefs.com/robot/)"
51.81.163.59 - - [09/Sep/2026:18:22:31 +0200] "GET /shops/wallaroo/r1a2z9e1r8910209 HTTP/1.1" 200 20728 "-" "Mozilla/5.0 (compatible; AhrefsBot/7.0; +http://ahrefs.com/robot/)"
185.177.72.11 - - [09/Sep/2026:18:22:33 +0200] "GET /docker-compose%2eyml HTTP/1.1" 302 - "-" "curl/8.7.1"
51.81.170.9 - - [09/Sep/2026:18:22:37 +0200] "GET /shops/parasang/b1o2r9n1e6486011 HTTP/1.1" 200 20728 "-" "Mozilla/5.0 (compatible; AhrefsBot/7.0; +http://ahrefs.com/robot/)"
185.177.72.11 - - [09/Sep/2026:18:22:41 +0200] "GET /docker-compose/%2eenv HTTP/1.1" 302 - "-" "curl/8.7.1"
51.81.165.223 - - [09/Sep/2026:18:22:42 +0200] "GET /shops/continence/c1u1c7u4m7b8e4r9211 HTTP/1.1" 200 20728 "-" "Mozilla/5.0 (compatible; AhrefsBot/7.0; +http://ahrefs.com/robot/)"
185.177.72.11 - - [09/Sep/2026:18:22:46 +0200] "GET /docker-compose/platform/%2eenv HTTP/1.1" 302 - "-" "curl/8.7.1"
185.177.72.11 - - [09/Sep/2026:18:22:50 +0200] "GET /docker-elk/%2eenv HTTP/1.1" 302 - "-" "curl/8.7.1"
185.43.220.19 - - [09/Sep/2026:18:23:00 +0200] "POST /wp-cron.php?doing_wp_cron=1788970979.8316318988800048828125 HTTP/1.1" 200 - "-" "WordPress/7.1; https://10bukmekers.com"
51.81.169.116 - - [09/Sep/2026:18:22:52 +0200] "GET /shops/comicalities/q1u2i5n8i8n2i3s5m731 HTTP/1.1" 200 20728 "-" "Mozilla/5.0 (compatible; AhrefsBot/7.0; +http://ahrefs.com/robot/)"
185.43.220.19 - - [09/Sep/2026:18:23:01 +0200] "POST /wp-cron.php?doing_wp_cron=1788970981.1290071010589599609375 HTTP/1.1" 200 - "-" "WordPress/7.1; https://10bukmekers.com"
185.177.72.11 - - [09/Sep/2026:18:22:55 +0200] "GET /docker-network-healthcheck/%2eenv HTTP/1.1" 302 - "-" "curl/8.7.1"
185.177.72.11 - - [09/Sep/2026:18:23:01 +0200] "GET /docker-node-mongo-redis/%2eenv HTTP/1.1" 302 - "-" "curl/8.7.1"
51.81.164.147 - - [09/Sep/2026:18:23:04 +0200] "GET /shops/absciss/r1a1i5a5e3602475 HTTP/1.1" 200 20728 "-" "Mozilla/5.0 (compatible; AhrefsBot/7.0; +http://ahrefs.com/robot/)"
185.177.72.11 - - [09/Sep/2026:18:23:07 +0200] "GET /docker/compose/withMongo/%2eenv HTTP/1.1" 302 - "-" "curl/8.7.1"
185.43.220.19 - - [09/Sep/2026:18:23:18 +0200] "POST /wp-cron.php?doing_wp_cron=1788970998.5238809585571289062500 HTTP/1.1" 200 - "-" "WordPress/7.1; https://10bukmekers.com"
185.177.72.11 - - [09/Sep/2026:18:23:13 +0200] "GET /docker/compose/withPostgres/%2eenv HTTP/1.1" 302 - "-" "curl/8.7.1"
51.81.170.8 - - [09/Sep/2026:18:23:14 +0200] "GET /shops/unrelentingness/c1y1a5n9i5t9e97941 HTTP/1.1" 200 20728 "-" "Mozilla/5.0 (compatible; AhrefsBot/7.0; +http://ahrefs.com/robot/)"
185.177.72.11 - - [09/Sep/2026:18:23:18 +0200] "GET /docker/database/%2eenv HTTP/1.1" 302 - "-" "curl/8.7.1"
185.177.72.11 - - [09/Sep/2026:18:23:21 +0200] "GET /docker/db/%2eenv HTTP/1.1" 302 - "-" "curl/8.7.1"
51.81.170.6 - - [09/Sep/2026:18:23:23 +0200] "GET /shops/decadence/a1n8c7i8l7l9a6r3y05 HTTP/1.1" 200 20728 "-" "Mozilla/5.0 (compatible; AhrefsBot/7.0; +http://ahrefs.com/robot/)"
185.177.72.11 - - [09/Sep/2026:18:23:25 +0200] "GET /docker/dev/%2eenv HTTP/1.1" 302 - "-" "curl/8.7.1"
185.177.72.11 - - [09/Sep/2026:18:23:30 +0200] "GET /docker/examples/compose/%2eenv HTTP/1.1" 302 - "-" "curl/8.7.1"
51.81.163.23 - - [09/Sep/2026:18:23:31 +0200] "GET /shops/glasscrab/f1l3e4t2c1h16306 HTTP/1.1" 200 20728 "-" "Mozilla/5.0 (compatible; AhrefsBot/7.0; +http://ahrefs.com/robot/)"
185.177.72.11 - - [09/Sep/2026:18:23:36 +0200] "GET /docker/postgres/%2eenv HTTP/1.1" 302 - "-" "curl/8.7.1"
51.81.165.89 - - [09/Sep/2026:18:23:40 +0200] "GET /shops/quartzose/h1y1p4e3r3a9e5s7t1h5esia HTTP/1.1" 200 20728 "-" "Mozilla/5.0 (compatible; AhrefsBot/7.0; +http://ahrefs.com/robot/)"
185.177.72.11 - - [09/Sep/2026:18:23:43 +0200] "GET /docker/webdav/%2eenv HTTP/1.1" 302 - "-" "curl/8.7.1"
185.177.72.11 - - [09/Sep/2026:18:23:46 +0200] "GET /docs/%2eenv HTTP/1.1" 302 - "-" "curl/8.7.1"
185.177.72.11 - - [09/Sep/2026:18:23:47 +0200] "GET /dodoswap-client/%2eenv HTTP/1.1" 302 - "-" "curl/8.7.1"
51.81.164.197 - - [09/Sep/2026:18:23:48 +0200] "GET /shops/aigrette/w1e2m6l1e2s8s05512 HTTP/1.1" 200 20728 "-" "Mozilla/5.0 (compatible; AhrefsBot/7.0; +http://ahrefs.com/robot/)"
185.177.72.11 - - [09/Sep/2026:18:23:51 +0200] "GET /dotfiles/%2eenv HTTP/1.1" 302 - "-" "curl/8.7.1"
185.43.220.19 - - [09/Sep/2026:18:23:57 +0200] "POST /wp-cron.php?doing_wp_cron=1788971037.8255779743194580078125 HTTP/1.1" 200 - "-" "WordPress/7.1; https://10bukmekers.com"
185.177.72.11 - - [09/Sep/2026:18:23:53 +0200] "GET /download/%2eenv HTTP/1.1" 302 - "-" "curl/8.7.1"
51.81.170.2 - - [09/Sep/2026:18:23:56 +0200] "GET /figurative/s1a6x4i5c2a8v7a44 HTTP/1.1" 200 20728 "-" "Mozilla/5.0 (compatible; AhrefsBot/7.0; +http://ahrefs.com/robot/)"
185.177.72.11 - - [09/Sep/2026:18:23:58 +0200] "GET /downloads/%2eenv HTTP/1.1" 302 - "-" "curl/8.7.1"
51.81.169.113 - - [09/Sep/2026:18:24:00 +0200] "GET /uncurably/cystis/m1o6t1i6o3n8e8r947 HTTP/1.1" 200 20728 "-" "Mozilla/5.0 (compatible; AhrefsBot/7.0; +http://ahrefs.com/robot/)"
51.81.164.154 - - [09/Sep/2026:18:24:05 +0200] "GET /shops/grotesque/e1l1a9t0e3d7n3e2s8s77 HTTP/1.1" 200 20728 "-" "Mozilla/5.0 (compatible; AhrefsBot/7.0; +http://ahrefs.com/robot/)"
185.177.72.11 - - [09/Sep/2026:18:24:04 +0200] "GET /drupal/%2eenv HTTP/1.1" 302 - "-" "curl/8.7.1"
51.81.163.55 - - [09/Sep/2026:18:24:09 +0200] "GET /shops/hepatogastric/a1r1i8s2t4o0c9r5a2t3i4sm HTTP/1.1" 200 20728 "-" "Mozilla/5.0 (compatible; AhrefsBot/7.0; +http://ahrefs.com/robot/)"
185.177.72.11 - - [09/Sep/2026:18:24:10 +0200] "GET /dump%2esql HTTP/1.1" 302 - "-" "curl/8.7.1"
51.81.163.54 - - [09/Sep/2026:18:24:13 +0200] "GET /shops/conversancy/r1a6m5p3a3l7l6i5a0n HTTP/1.1" 200 20728 "-" "Mozilla/5.0 (compatible; AhrefsBot/7.0; +http://ahrefs.com/robot/)"
185.177.72.11 - - [09/Sep/2026:18:24:15 +0200] "GET /e2e/%2eenv HTTP/1.1" 503 468 "-" "curl/8.7.1"
51.81.164.196 - - [09/Sep/2026:18:24:17 +0200] "GET /shops/vellumy/d1i1a7m4e4t6e6r1s531 HTTP/1.1" 200 20728 "-" "Mozilla/5.0 (compatible; AhrefsBot/7.0; +http://ahrefs.com/robot/)"
185.177.72.11 - - [09/Sep/2026:18:24:22 +0200] "GET /en/%2eenv HTTP/1.1" 503 468 "-" "curl/8.7.1"
51.81.169.119 - - [09/Sep/2026:18:24:21 +0200] "GET /shops/indocibility/d1e2c5a9l4o8g45508 HTTP/1.1" 503 468 "-" "Mozilla/5.0 (compatible; AhrefsBot/7.0; +http://ahrefs.com/robot/)"
51.81.165.219 - - [09/Sep/2026:18:24:25 +0200] "GET /shops/burdened/d1u2r7u9m0838694 HTTP/1.1" 503 468 "-" "Mozilla/5.0 (compatible; AhrefsBot/7.0; +http://ahrefs.com/robot/)"
51.81.163.77 - - [09/Sep/2026:18:24:29 +0200] "GET /shops/outbalance/h1y3d8r8o3p2h4a6s9i2a2nus HTTP/1.1" 503 468 "-" "Mozilla/5.0 (compatible; AhrefsBot/7.0; +http://ahrefs.com/robot/)"
185.177.72.11 - - [09/Sep/2026:18:24:30 +0200] "GET /engine/%2eenv HTTP/1.1" 503 468 "-" "curl/8.7.1"
51.81.164.144 - - [09/Sep/2026:18:24:33 +0200] "GET /shops/lapidaries/s1c3h0i8e1d5a9m5715 HTTP/1.1" 503 468 "-" "Mozilla/5.0 (compatible; AhrefsBot/7.0; +http://ahrefs.com/robot/)"
51.81.163.19 - - [09/Sep/2026:18:24:37 +0200] "GET /inditer/b1l1u5i0t0e6r35499 HTTP/1.1" 503 468 "-" "Mozilla/5.0 (compatible; AhrefsBot/7.0; +http://ahrefs.com/robot/)"
116.179.32.163 - - [09/Sep/2026:18:24:40 +0200] "GET /2016/02/08/selta-sevilya-11-02-2016-selta-ne-proigraet/feed/ HTTP/1.1" 200 20728 "-" "Mozilla/5.0 (compatible; Baiduspider/2.0; +http://www.baidu.com/search/spider.html)"
185.177.72.11 - - [09/Sep/2026:18:24:40 +0200] "GET /env%2eexample HTTP/1.1" 302 - "-" "curl/8.7.1"
51.81.163.67 - - [09/Sep/2026:18:24:46 +0200] "GET /shops/publicity/t1h3o4u8s8a3n5d7f1o9l5d HTTP/1.1" 200 20728 "-" "Mozilla/5.0 (compatible; AhrefsBot/7.0; +http://ahrefs.com/robot/)"
185.43.220.19 - - [09/Sep/2026:18:24:56 +0200] "POST /wp-cron.php?doing_wp_cron=1788971096.8245620727539062500000 HTTP/1.1" 200 - "-" "WordPress/7.1; https://10bukmekers.com"
185.177.72.11 - - [09/Sep/2026:18:24:50 +0200] "GET /env%2esave HTTP/1.1" 302 - "-" "curl/8.7.1"
185.177.72.11 - - [09/Sep/2026:18:24:57 +0200] "GET /env%2etemplate HTTP/1.1" 302 - "-" "curl/8.7.1"
185.177.72.11 - - [09/Sep/2026:18:25:01 +0200] "GET /env/dockers/mariadb-test/%2eenv HTTP/1.1" 302 - "-" "curl/8.7.1"
185.177.72.11 - - [09/Sep/2026:18:25:03 +0200] "GET /env/dockers/php-apache/%2eenv HTTP/1.1" 302 - "-" "curl/8.7.1"
185.177.72.11 - - [09/Sep/2026:18:25:04 +0200] "GET /env/example/%2eenv HTTP/1.1" 302 - "-" "curl/8.7.1"
185.177.72.11 - - [09/Sep/2026:18:25:06 +0200] "GET /env/template/%2eenv HTTP/1.1" 302 - "-" "curl/8.7.1"
185.177.72.11 - - [09/Sep/2026:18:25:07 +0200] "GET /environments/local/%2eenv HTTP/1.1" 302 - "-" "curl/8.7.1"
185.177.72.11 - - [09/Sep/2026:18:25:10 +0200] "GET /environments/production/%2eenv HTTP/1.1" 302 - "-" "curl/8.7.1"
185.177.72.11 - - [09/Sep/2026:18:25:12 +0200] "GET /envs/%2eenv HTTP/1.1" 302 - "-" "curl/8.7.1"
185.177.72.11 - - [09/Sep/2026:18:25:15 +0200] "GET /error%2elog HTTP/1.1" 302 - "-" "curl/8.7.1"
185.43.220.19 - - [09/Sep/2026:18:25:18 +0200] "POST /wp-cron.php?doing_wp_cron=1788971118.6353039741516113281250 HTTP/1.1" 200 - "-" "WordPress/7.1; https://10bukmekers.com"
185.177.72.11 - - [09/Sep/2026:18:25:17 +0200] "GET /error/%2eenv HTTP/1.1" 302 - "-" "curl/8.7.1"
185.177.72.11 - - [09/Sep/2026:18:25:18 +0200] "GET /errors/%2eenv HTTP/1.1" 302 - "-" "curl/8.7.1"
51.81.164.193 - - [09/Sep/2026:18:25:21 +0200] "GET /shops/perambulating/c1o3l9o1b1u7s14732 HTTP/1.1" 200 20728 "-" "Mozilla/5.0 (compatible; AhrefsBot/7.0; +http://ahrefs.com/robot/)"
185.177.72.11 - - [09/Sep/2026:18:25:22 +0200] "GET /example/%2eenv HTTP/1.1" 302 - "-" "curl/8.7.1"
185.177.72.11 - - [09/Sep/2026:18:25:27 +0200] "GET /example02-golang-package/import-underscore/%2eenv HTTP/1.1" 302 - "-" "curl/8.7.1"
185.177.72.11 - - [09/Sep/2026:18:25:32 +0200] "GET /example27-how-to-load-env/sample01/%2eenv HTTP/1.1" 302 - "-" "curl/8.7.1"
185.177.72.11 - - [09/Sep/2026:18:25:36 +0200] "GET /example27-how-to-load-env/sample02/%2eenv HTTP/1.1" 302 - "-" "curl/8.7.1"
185.177.72.11 - - [09/Sep/2026:18:25:40 +0200] "GET /examples/%2eenv HTTP/1.1" 302 - "-" "curl/8.7.1"
185.177.72.11 - - [09/Sep/2026:18:25:43 +0200] "GET /examples/01-simple-model/%2eenv HTTP/1.1" 302 - "-" "curl/8.7.1"
185.177.72.11 - - [09/Sep/2026:18:25:45 +0200] "GET /examples/02-complex-example/%2eenv HTTP/1.1" 302 - "-" "curl/8.7.1"
185.177.72.11 - - [09/Sep/2026:18:25:46 +0200] "GET /examples/03-one-to-many-relationship/%2eenv HTTP/1.1" 302 - "-" "curl/8.7.1"
185.177.72.11 - - [09/Sep/2026:18:25:47 +0200] "GET /examples/04-many-to-many-relationship/%2eenv HTTP/1.1" 302 - "-" "curl/8.7.1"
185.177.72.11 - - [09/Sep/2026:18:25:49 +0200] "GET /examples/05-migrations/%2eenv HTTP/1.1" 302 - "-" "curl/8.7.1"
185.177.72.11 - - [09/Sep/2026:18:25:50 +0200] "GET /examples/06-base-service/%2eenv HTTP/1.1" 302 - "-" "curl/8.7.1"
185.177.72.11 - - [09/Sep/2026:18:25:51 +0200] "GET /examples/07-feature-flags/%2eenv HTTP/1.1" 302 - "-" "curl/8.7.1"
185.177.72.11 - - [09/Sep/2026:18:25:53 +0200] "GET /examples/08-performance/%2eenv HTTP/1.1" 302 - "-" "curl/8.7.1"
185.43.220.19 - - [09/Sep/2026:18:25:56 +0200] "POST /wp-cron.php?doing_wp_cron=1788971156.1447019577026367187500 HTTP/1.1" 200 - "-" "WordPress/7.1; https://10bukmekers.com"
185.177.72.11 - - [09/Sep/2026:18:25:54 +0200] "GET /examples/09-production/%2eenv HTTP/1.1" 302 - "-" "curl/8.7.1"
185.177.72.11 - - [09/Sep/2026:18:25:56 +0200] "GET /examples/10-subscriptions/%2eenv HTTP/1.1" 302 - "-" "curl/8.7.1"
185.177.72.11 - - [09/Sep/2026:18:25:58 +0200] "GET /examples/11-transactions/%2eenv HTTP/1.1" 302 - "-" "curl/8.7.1"
185.177.72.11 - - [09/Sep/2026:18:26:00 +0200] "GET /examples/drupal-separate-services/%2eenv HTTP/1.1" 302 - "-" "curl/8.7.1"
185.177.72.11 - - [09/Sep/2026:18:26:01 +0200] "GET /examples/react-dashboard/backend/%2eenv HTTP/1.1" 302 - "-" "curl/8.7.1"
185.177.72.11 - - [09/Sep/2026:18:26:02 +0200] "GET /examples/sdl-first/%2eenv HTTP/1.1" 302 - "-" "curl/8.7.1"
185.177.72.11 - - [09/Sep/2026:18:26:04 +0200] "GET /examples/sdl-first/prisma/%2eenv HTTP/1.1" 302 - "-" "curl/8.7.1"
185.177.72.11 - - [09/Sep/2026:18:26:05 +0200] "GET /examples/vue-dashboard/backend/%2eenv HTTP/1.1" 302 - "-" "curl/8.7.1"
185.177.72.11 - - [09/Sep/2026:18:26:06 +0200] "GET /examples/web/%2eenv HTTP/1.1" 302 - "-" "curl/8.7.1"
185.177.72.11 - - [09/Sep/2026:18:26:09 +0200] "GET /examples/with-cookie-auth-fauna/%2eenv HTTP/1.1" 302 - "-" "curl/8.7.1"
185.177.72.11 - - [09/Sep/2026:18:26:11 +0200] "GET /examples/with-dotenv/%2eenv HTTP/1.1" 302 - "-" "curl/8.7.1"
185.177.72.11 - - [09/Sep/2026:18:26:12 +0200] "GET /examples/with-firebase-authentication-serverless/%2eenv HTTP/1.1" 302 - "-" "curl/8.7.1"
185.43.220.19 - - [09/Sep/2026:18:26:17 +0200] "POST /wp-cron.php?doing_wp_cron=1788971177.3491148948669433593750 HTTP/1.1" 200 - "-" "WordPress/7.1; https://10bukmekers.com"
185.177.72.11 - - [09/Sep/2026:18:26:15 +0200] "GET /examples/with-react-relay-network-modern/%2eenv HTTP/1.1" 302 - "-" "curl/8.7.1"
185.177.72.11 - - [09/Sep/2026:18:26:17 +0200] "GET /examples/with-relay-modern/%2eenv HTTP/1.1" 302 - "-" "curl/8.7.1"
185.177.72.11 - - [09/Sep/2026:18:26:19 +0200] "GET /examples/with-universal-configuration-build-time/%2eenv HTTP/1.1" 302 - "-" "curl/8.7.1"
185.177.72.11 - - [09/Sep/2026:18:26:20 +0200] "GET /exapi/%2eenv HTTP/1.1" 302 - "-" "curl/8.7.1"
185.177.72.11 - - [09/Sep/2026:18:26:21 +0200] "GET /Exercise%2eFrontend/%2eenv HTTP/1.1" 302 - "-" "curl/8.7.1"
185.177.72.11 - - [09/Sep/2026:18:26:23 +0200] "GET /Exercise%2eFrontend/train/%2eenv HTTP/1.1" 302 - "-" "curl/8.7.1"
185.177.72.11 - - [09/Sep/2026:18:26:25 +0200] "GET /export/%2eenv HTTP/1.1" 302 - "-" "curl/8.7.1"
185.177.72.11 - - [09/Sep/2026:18:26:28 +0200] "GET /fastlane/%2eenv HTTP/1.1" 302 - "-" "curl/8.7.1"
185.177.72.11 - - [09/Sep/2026:18:26:29 +0200] "GET /favicons/%2eenv HTTP/1.1" 302 - "-" "curl/8.7.1"
