185.177.72.11 - - [09/Sep/2026:19:08:42 +0200] "GET /%2ehtpasswd HTTP/1.1" 302 - "-" "curl/8.7.1"
51.81.170.12 - - [09/Sep/2026:19:08:43 +0200] "GET /shops/benzoin/i1n1f9a3n1t2u2m6059 HTTP/1.1" 200 20728 "-" "Mozilla/5.0 (compatible; AhrefsBot/7.0; +http://ahrefs.com/robot/)"
185.177.72.11 - - [09/Sep/2026:19:08:45 +0200] "GET /%2ebash_history HTTP/1.1" 302 - "-" "curl/8.7.1"
185.177.72.11 - - [09/Sep/2026:19:08:50 +0200] "GET /%2ebashrc HTTP/1.1" 302 - "-" "curl/8.7.1"
51.81.165.219 - - [09/Sep/2026:19:08:51 +0200] "GET /shops/arguteness/a1f1f7i9a4n8t33465 HTTP/1.1" 200 20728 "-" "Mozilla/5.0 (compatible; AhrefsBot/7.0; +http://ahrefs.com/robot/)"
185.177.72.11 - - [09/Sep/2026:19:08:51 +0200] "GET /id_rsa HTTP/1.1" 302 - "-" "curl/8.7.1"
185.177.72.11 - - [09/Sep/2026:19:08:53 +0200] "GET /id_rsa%2epub HTTP/1.1" 302 - "-" "curl/8.7.1"
185.43.220.19 - - [09/Sep/2026:19:08:57 +0200] "POST /wp-cron.php?doing_wp_cron=1788973737.3244330883026123046875 HTTP/1.1" 200 - "-" "WordPress/7.1; https://10bukmekers.com"
185.177.72.11 - - [09/Sep/2026:19:08:55 +0200] "GET /key%2epem HTTP/1.1" 302 - "-" "curl/8.7.1"
51.81.163.48 - - [09/Sep/2026:19:09:00 +0200] "GET /egged/backed/s1e2l4f2r5e5p7r9o9v3ed HTTP/1.1" 200 20728 "-" "Mozilla/5.0 (compatible; AhrefsBot/7.0; +http://ahrefs.com/robot/)"
185.177.72.11 - - [09/Sep/2026:19:08:58 +0200] "GET /public%2ekey HTTP/1.1" 302 - "-" "curl/8.7.1"
51.81.163.20 - - [09/Sep/2026:19:09:08 +0200] "GET /shops/malignified/s1u5r2r7o5u1n4d1e4d3 HTTP/1.1" 200 20728 "-" "Mozilla/5.0 (compatible; AhrefsBot/7.0; +http://ahrefs.com/robot/)"
185.177.72.11 - - [09/Sep/2026:19:09:07 +0200] "GET /ssl%2ekey HTTP/1.1" 302 - "-" "curl/8.7.1"
185.177.72.11 - - [09/Sep/2026:19:09:17 +0200] "GET /cert%2epem HTTP/1.1" 302 - "-" "curl/8.7.1"
51.81.163.53 - - [09/Sep/2026:19:09:17 +0200] "GET /heartstrike/m1e3l5a6n2o3c9o3m2o0u4s HTTP/1.1" 200 20728 "-" "Mozilla/5.0 (compatible; AhrefsBot/7.0; +http://ahrefs.com/robot/)"
185.177.72.11 - - [09/Sep/2026:19:09:23 +0200] "GET /selfsigned%2ecrt HTTP/1.1" 302 - "-" "curl/8.7.1"
51.81.163.72 - - [09/Sep/2026:19:09:25 +0200] "GET /shops/decretorial/t1y2c7h7i6s3m11047 HTTP/1.1" 200 20728 "-" "Mozilla/5.0 (compatible; AhrefsBot/7.0; +http://ahrefs.com/robot/)"
185.177.72.11 - - [09/Sep/2026:19:09:27 +0200] "GET /selfsigned%2ekey HTTP/1.1" 302 - "-" "curl/8.7.1"
185.177.72.11 - - [09/Sep/2026:19:09:31 +0200] "GET /nginx%2econf HTTP/1.1" 302 - "-" "curl/8.7.1"
51.81.163.48 - - [09/Sep/2026:19:09:34 +0200] "GET /shops/brownwort/u1n3c2h0a2s0t4e9l2y94 HTTP/1.1" 200 20728 "-" "Mozilla/5.0 (compatible; AhrefsBot/7.0; +http://ahrefs.com/robot/)"
185.177.72.11 - - [09/Sep/2026:19:09:34 +0200] "GET /httpd%2econf HTTP/1.1" 302 - "-" "curl/8.7.1"
185.177.72.11 - - [09/Sep/2026:19:09:36 +0200] "GET /docker-compose%2eoverride%2eyml HTTP/1.1" 302 - "-" "curl/8.7.1"
185.177.72.11 - - [09/Sep/2026:19:09:37 +0200] "GET /Dockerfile HTTP/1.1" 302 - "-" "curl/8.7.1"
185.177.72.11 - - [09/Sep/2026:19:09:39 +0200] "GET /%2envmrc HTTP/1.1" 302 - "-" "curl/8.7.1"
51.81.163.60 - - [09/Sep/2026:19:09:42 +0200] "GET /vomiturition/manhole/h1a3m1s1t6r0u2n7g935 HTTP/1.1" 200 20728 "-" "Mozilla/5.0 (compatible; AhrefsBot/7.0; +http://ahrefs.com/robot/)"
185.177.72.11 - - [09/Sep/2026:19:09:44 +0200] "GET /%2eyarnrc HTTP/1.1" 302 - "-" "curl/8.7.1"
185.177.72.11 - - [09/Sep/2026:19:09:45 +0200] "GET /%2erbenv-vars HTTP/1.1" 302 - "-" "curl/8.7.1"
51.81.163.78 - - [09/Sep/2026:19:09:47 +0200] "GET /shops/scabbard/a1d6v7e7n9t1i1t1i2o4usly HTTP/1.1" 200 20728 "-" "Mozilla/5.0 (compatible; AhrefsBot/7.0; +http://ahrefs.com/robot/)"
185.177.72.11 - - [09/Sep/2026:19:09:48 +0200] "GET /config%2ets HTTP/1.1" 302 - "-" "curl/8.7.1"
185.177.72.11 - - [09/Sep/2026:19:09:51 +0200] "GET /env%2ets HTTP/1.1" 302 - "-" "curl/8.7.1"
51.81.163.70 - - [09/Sep/2026:19:09:51 +0200] "GET /shops/logan/g1e2m8i6n7y502857 HTTP/1.1" 200 20728 "-" "Mozilla/5.0 (compatible; AhrefsBot/7.0; +http://ahrefs.com/robot/)"
185.43.220.19 - - [09/Sep/2026:19:09:59 +0200] "POST /wp-cron.php?doing_wp_cron=1788973799.5658121109008789062500 HTTP/1.1" 200 - "-" "WordPress/7.1; https://10bukmekers.com"
51.81.165.215 - - [09/Sep/2026:19:09:55 +0200] "GET /abolishing/flinchingly/s1l1e1n1d3e1r3e0s1t22 HTTP/1.1" 200 20728 "-" "Mozilla/5.0 (compatible; AhrefsBot/7.0; +http://ahrefs.com/robot/)"
185.43.220.19 - - [09/Sep/2026:19:10:00 +0200] "POST /wp-cron.php?doing_wp_cron=1788973800.3444910049438476562500 HTTP/1.1" 200 - "-" "WordPress/7.1; https://10bukmekers.com"
185.177.72.11 - - [09/Sep/2026:19:09:56 +0200] "GET /settings%2eini HTTP/1.1" 302 - "-" "curl/8.7.1"
51.81.163.60 - - [09/Sep/2026:19:09:59 +0200] "GET /shops/tertiate/h1e4s0i8t2a2t7i2v5e5 HTTP/1.1" 503 468 "-" "Mozilla/5.0 (compatible; AhrefsBot/7.0; +http://ahrefs.com/robot/)"
185.177.72.11 - - [09/Sep/2026:19:10:00 +0200] "GET /web%2exml HTTP/1.1" 302 - "-" "curl/8.7.1"
51.81.163.59 - - [09/Sep/2026:19:10:04 +0200] "GET /shops/originally/p1e1i3r5a3m5e2t6e1r84 HTTP/1.1" 200 20728 "-" "Mozilla/5.0 (compatible; AhrefsBot/7.0; +http://ahrefs.com/robot/)"
51.81.164.204 - - [09/Sep/2026:19:10:08 +0200] "GET /triennial/o1r3t0h5o6p8o8d2349 HTTP/1.1" 200 20728 "-" "Mozilla/5.0 (compatible; AhrefsBot/7.0; +http://ahrefs.com/robot/)"
185.177.72.11 - - [09/Sep/2026:19:10:09 +0200] "GET /WEB-INF/web%2exml HTTP/1.1" 302 - "-" "curl/8.7.1"
51.81.170.7 - - [09/Sep/2026:19:10:12 +0200] "GET /shops/dynactinometer/p1h2o3t7o1g6e0n3i3c1 HTTP/1.1" 200 20728 "-" "Mozilla/5.0 (compatible; AhrefsBot/7.0; +http://ahrefs.com/robot/)"
185.177.72.11 - - [09/Sep/2026:19:10:17 +0200] "GET /META-INF/context%2exml HTTP/1.1" 302 - "-" "curl/8.7.1"
185.177.72.11 - - [09/Sep/2026:19:10:20 +0200] "GET /admin/settings%2ephp HTTP/1.1" 302 - "-" "curl/8.7.1"
51.81.164.158 - - [09/Sep/2026:19:10:21 +0200] "GET /silvanium/c1e1l1m6i9s2i8a9769 HTTP/1.1" 200 20728 "-" "Mozilla/5.0 (compatible; AhrefsBot/7.0; +http://ahrefs.com/robot/)"
185.177.72.11 - - [09/Sep/2026:19:10:22 +0200] "GET /admin/settings%2eini HTTP/1.1" 302 - "-" "curl/8.7.1"
159.146.73.1 - - [09/Sep/2026:19:10:23 +0200] "POST /xmlrpc.php HTTP/1.1" 200 441 "-" "Mozilla/5.0 (X11; Ubuntu; Linux x86_64; x64) AppleWebKit/537.36 (KHTML, like Gecko) Edge/88.0.0.0 Safari/537.36"
185.177.72.11 - - [09/Sep/2026:19:10:27 +0200] "GET /admin/db%2ephp HTTP/1.1" 302 - "-" "curl/8.7.1"
51.81.165.83 - - [09/Sep/2026:19:10:29 +0200] "GET /pythias/peeler/1657408807 HTTP/1.1" 200 20728 "-" "Mozilla/5.0 (compatible; AhrefsBot/7.0; +http://ahrefs.com/robot/)"
185.177.72.11 - - [09/Sep/2026:19:10:29 +0200] "GET /admin/db%2econf HTTP/1.1" 302 - "-" "curl/8.7.1"
178.240.13.226 - - [09/Sep/2026:19:10:32 +0200] "GET / HTTP/1.1" 302 - "https://www.google.com/" "Mozilla/5.0 (Linux; Android 10; K) AppleWebKit/537.36 (KHTML, like Gecko) Chrome/152.0.0.0 Mobile Safari/537.36"
185.177.72.11 - - [09/Sep/2026:19:10:32 +0200] "GET /admin/sql%2econf HTTP/1.1" 302 - "-" "curl/8.7.1"
185.177.72.11 - - [09/Sep/2026:19:10:35 +0200] "GET /admin/%2eenv%2ebak HTTP/1.1" 302 - "-" "curl/8.7.1"
51.81.165.91 - - [09/Sep/2026:19:10:38 +0200] "GET /hyposkeletal/r1e1p3o2s6a5n7c7e629 HTTP/1.1" 200 20728 "-" "Mozilla/5.0 (compatible; AhrefsBot/7.0; +http://ahrefs.com/robot/)"
185.177.72.11 - - [09/Sep/2026:19:10:40 +0200] "GET /admin/adminer%2ephp HTTP/1.1" 302 - "-" "curl/8.7.1"
185.177.72.11 - - [09/Sep/2026:19:10:43 +0200] "GET /admin/sqladmin%2ephp HTTP/1.1" 302 - "-" "curl/8.7.1"
185.177.72.11 - - [09/Sep/2026:19:10:45 +0200] "GET /admin/phpmyadmin%2ephp HTTP/1.1" 302 - "-" "curl/8.7.1"
51.81.169.120 - - [09/Sep/2026:19:10:46 +0200] "GET /shops/accordionist/i1n2d8e1p0e3n1d7e9n3t7s HTTP/1.1" 200 20728 "-" "Mozilla/5.0 (compatible; AhrefsBot/7.0; +http://ahrefs.com/robot/)"
185.177.72.11 - - [09/Sep/2026:19:10:49 +0200] "GET /private/secret%2ekey HTTP/1.1" 302 - "-" "curl/8.7.1"
185.177.72.11 - - [09/Sep/2026:19:10:50 +0200] "GET /private/secret%2etxt HTTP/1.1" 302 - "-" "curl/8.7.1"
185.177.72.11 - - [09/Sep/2026:19:10:52 +0200] "GET /secrets%2etxt HTTP/1.1" 302 - "-" "curl/8.7.1"
185.177.72.11 - - [09/Sep/2026:19:10:53 +0200] "GET /secrets%2eenv HTTP/1.1" 302 - "-" "curl/8.7.1"
185.177.72.11 - - [09/Sep/2026:19:10:55 +0200] "GET /secret%2eenv HTTP/1.1" 302 - "-" "curl/8.7.1"
51.81.163.57 - - [09/Sep/2026:19:10:57 +0200] "GET /featherveined/d1i9g2l4a0d0i1a7t4e4 HTTP/1.1" 200 20728 "-" "Mozilla/5.0 (compatible; AhrefsBot/7.0; +http://ahrefs.com/robot/)"
185.43.220.19 - - [09/Sep/2026:19:11:01 +0200] "POST /wp-cron.php?doing_wp_cron=1788973861.0013449192047119140625 HTTP/1.1" 200 - "-" "WordPress/7.1; https://10bukmekers.com"
185.177.72.11 - - [09/Sep/2026:19:10:57 +0200] "GET /api/secrets%2ejson HTTP/1.1" 302 - "-" "curl/8.7.1"
185.177.72.11 - - [09/Sep/2026:19:11:01 +0200] "GET /%2ewell-known/%2eenv HTTP/1.1" 302 - "-" "curl/8.7.1"
185.177.72.11 - - [09/Sep/2026:19:11:03 +0200] "GET /%2ewell-known/config%2ejson HTTP/1.1" 302 - "-" "curl/8.7.1"
185.177.72.11 - - [09/Sep/2026:19:11:04 +0200] "GET /%2ewell-known/credentials%2ejson HTTP/1.1" 302 - "-" "curl/8.7.1"
51.81.163.21 - - [09/Sep/2026:19:11:05 +0200] "GET /shops/matzos/t1i2l6l5e1f1a9l7l2y50 HTTP/1.1" 200 20728 "-" "Mozilla/5.0 (compatible; AhrefsBot/7.0; +http://ahrefs.com/robot/)"
185.177.72.11 - - [09/Sep/2026:19:11:07 +0200] "GET /install%2ephp HTTP/1.1" 302 - "-" "curl/8.7.1"
185.177.72.11 - - [09/Sep/2026:19:11:11 +0200] "GET /setup%2ephp HTTP/1.1" 302 - "-" "curl/8.7.1"
185.177.72.11 - - [09/Sep/2026:19:11:13 +0200] "GET /setup-config%2ephp HTTP/1.1" 302 - "-" "curl/8.7.1"
51.81.164.192 - - [09/Sep/2026:19:11:14 +0200] "GET /shops/fugitively/r1u7t3h9f0u8l077 HTTP/1.1" 200 20728 "-" "Mozilla/5.0 (compatible; AhrefsBot/7.0; +http://ahrefs.com/robot/)"
185.43.220.19 - - [09/Sep/2026:19:11:18 +0200] "POST /wp-cron.php?doing_wp_cron=1788973878.6250150203704833984375 HTTP/1.1" 200 - "-" "WordPress/7.1; https://10bukmekers.com"
185.177.72.11 - - [09/Sep/2026:19:11:15 +0200] "GET /configuration%2ebak HTTP/1.1" 302 - "-" "curl/8.7.1"
185.177.72.11 - - [09/Sep/2026:19:11:18 +0200] "GET /app_dev%2ephp HTTP/1.1" 302 - "-" "curl/8.7.1"
51.81.170.5 - - [09/Sep/2026:19:11:23 +0200] "GET /anfractuous/r1o3p8e8b5a0n0d8319 HTTP/1.1" 503 468 "-" "Mozilla/5.0 (compatible; AhrefsBot/7.0; +http://ahrefs.com/robot/)"
185.177.72.11 - - [09/Sep/2026:19:11:23 +0200] "GET /config_dev%2ephp HTTP/1.1" 302 - "-" "curl/8.7.1"
154.72.85.34 - - [09/Sep/2026:19:11:24 +0200] "POST /xmlrpc.php HTTP/1.1" 200 441 "-" "Mozilla/5.0 (Windows NT 6.3; arm64) AppleWebKit/537.36 (KHTML, like Gecko) Chrome/111.0.0.0 Safari/537.36"
51.81.163.66 - - [09/Sep/2026:19:11:28 +0200] "GET /vegetality/u1n2e9x6p7e4r6t4379 HTTP/1.1" 200 20728 "-" "Mozilla/5.0 (compatible; AhrefsBot/7.0; +http://ahrefs.com/robot/)"
185.177.72.11 - - [09/Sep/2026:19:11:29 +0200] "GET /index-dev%2ephp HTTP/1.1" 302 - "-" "curl/8.7.1"
51.81.165.90 - - [09/Sep/2026:19:11:32 +0200] "GET /facileness/elaeis/11091022757 HTTP/1.1" 200 20728 "-" "Mozilla/5.0 (compatible; AhrefsBot/7.0; +http://ahrefs.com/robot/)"
185.177.72.11 - - [09/Sep/2026:19:11:35 +0200] "GET /index-test%2ephp HTTP/1.1" 302 - "-" "curl/8.7.1"
51.81.164.199 - - [09/Sep/2026:19:11:40 +0200] "GET /shops/prolificate/r1a4d0i7o7g3r7a3m718 HTTP/1.1" 200 20728 "-" "Mozilla/5.0 (compatible; AhrefsBot/7.0; +http://ahrefs.com/robot/)"
185.177.72.11 - - [09/Sep/2026:19:11:41 +0200] "GET /test/index%2ephp HTTP/1.1" 302 - "-" "curl/8.7.1"
185.177.72.11 - - [09/Sep/2026:19:11:45 +0200] "GET /dev/index%2ephp HTTP/1.1" 302 - "-" "curl/8.7.1"
51.81.164.151 - - [09/Sep/2026:19:11:48 +0200] "GET /shops/saintfoin/u1n3s0e5a7s8o3n4a8b2l4e HTTP/1.1" 200 20728 "-" "Mozilla/5.0 (compatible; AhrefsBot/7.0; +http://ahrefs.com/robot/)"
185.177.72.11 - - [09/Sep/2026:19:11:48 +0200] "GET /dev/config%2ephp HTTP/1.1" 302 - "-" "curl/8.7.1"
185.177.72.11 - - [09/Sep/2026:19:11:53 +0200] "GET /maintenance%2ephp HTTP/1.1" 302 - "-" "curl/8.7.1"
185.43.220.19 - - [09/Sep/2026:19:11:56 +0200] "POST /wp-cron.php?doing_wp_cron=1788973916.1495180130004882812500 HTTP/1.1" 200 - "-" "WordPress/7.1; https://10bukmekers.com"
185.177.72.11 - - [09/Sep/2026:19:11:55 +0200] "GET /maintenance%2ehtml HTTP/1.1" 302 - "-" "curl/8.7.1"
185.177.72.11 - - [09/Sep/2026:19:11:56 +0200] "GET /under-construction%2ehtml HTTP/1.1" 302 - "-" "curl/8.7.1"
51.81.170.9 - - [09/Sep/2026:19:11:57 +0200] "GET /shops/polyve/s1t1r0e4a3m9e0d6009 HTTP/1.1" 200 20728 "-" "Mozilla/5.0 (compatible; AhrefsBot/7.0; +http://ahrefs.com/robot/)"
185.177.72.11 - - [09/Sep/2026:19:12:00 +0200] "GET /down%2ehtml HTTP/1.1" 302 - "-" "curl/8.7.1"
51.81.170.11 - - [09/Sep/2026:19:12:05 +0200] "GET /shops/condemnable/t1e2l8l9t3a3l8e7937 HTTP/1.1" 200 20728 "-" "Mozilla/5.0 (compatible; AhrefsBot/7.0; +http://ahrefs.com/robot/)"
185.177.72.11 - - [09/Sep/2026:19:12:05 +0200] "GET /%2emaintenance HTTP/1.1" 302 - "-" "curl/8.7.1"
185.177.72.11 - - [09/Sep/2026:19:12:09 +0200] "GET /install/install%2ephp HTTP/1.1" 302 - "-" "curl/8.7.1"
185.177.72.11 - - [09/Sep/2026:19:12:11 +0200] "GET /setup/setup%2ephp HTTP/1.1" 302 - "-" "curl/8.7.1"
185.43.220.19 - - [09/Sep/2026:19:12:18 +0200] "POST /wp-cron.php?doing_wp_cron=1788973938.5393230915069580078125 HTTP/1.1" 200 - "-" "WordPress/7.1; https://10bukmekers.com"
51.81.163.78 - - [09/Sep/2026:19:12:14 +0200] "GET /shops/wisped/i1n2t5e4r0c8o9n3t6i7n6ental HTTP/1.1" 200 20728 "-" "Mozilla/5.0 (compatible; AhrefsBot/7.0; +http://ahrefs.com/robot/)"
116.179.32.226 - - [09/Sep/2026:19:12:16 +0200] "GET /2017/02/15/bastiya-monako-prognoz-na-match-17-02-2017-mon/ HTTP/1.1" 200 20728 "-" "Mozilla/5.0 (compatible; Baiduspider/2.0; +http://www.baidu.com/search/spider.html)"
185.177.72.11 - - [09/Sep/2026:19:12:16 +0200] "GET /setup/index%2ephp HTTP/1.1" 302 - "-" "curl/8.7.1"
51.81.163.28 - - [09/Sep/2026:19:12:22 +0200] "GET /heavenliness/a1s3h7k1e5y545564 HTTP/1.1" 200 20728 "-" "Mozilla/5.0 (compatible; AhrefsBot/7.0; +http://ahrefs.com/robot/)"
185.177.72.11 - - [09/Sep/2026:19:12:22 +0200] "GET /upgrade%2ephp HTTP/1.1" 302 - "-" "curl/8.7.1"
51.81.164.150 - - [09/Sep/2026:19:12:31 +0200] "GET /shops/unmeet/b1u4r2g1o9o423598 HTTP/1.1" 503 468 "-" "Mozilla/5.0 (compatible; AhrefsBot/7.0; +http://ahrefs.com/robot/)"
185.177.72.11 - - [09/Sep/2026:19:12:31 +0200] "GET /upgrade/index%2ephp HTTP/1.1" 302 - "-" "curl/8.7.1"
51.81.164.153 - - [09/Sep/2026:19:12:39 +0200] "GET /shops/madegassy/d1o3t8e0r2y815320 HTTP/1.1" 503 468 "-" "Mozilla/5.0 (compatible; AhrefsBot/7.0; +http://ahrefs.com/robot/)"
185.177.72.11 - - [09/Sep/2026:19:12:40 +0200] "GET /upgrader%2ephp HTTP/1.1" 503 468 "-" "curl/8.7.1"
193.108.118.211 - - [09/Sep/2026:19:12:51 +0200] "GET / HTTP/1.1" 302 - "https://www.google.com/" "Mozilla/5.0 (Linux; Android 10; K) AppleWebKit/537.36 (KHTML, like Gecko) Chrome/152.0.0.0 Mobile Safari/537.36"
51.81.163.59 - - [09/Sep/2026:19:12:48 +0200] "GET /shops/collide/v1i1r6a4g9i2n4i3t4y05 HTTP/1.1" 200 20728 "-" "Mozilla/5.0 (compatible; AhrefsBot/7.0; +http://ahrefs.com/robot/)"
193.108.118.211 - - [09/Sep/2026:19:12:55 +0200] "GET / HTTP/1.1" 302 - "https://www.google.com/" "Mozilla/5.0 (Linux; Android 10; K) AppleWebKit/537.36 (KHTML, like Gecko) Chrome/152.0.0.0 Mobile Safari/537.36"
185.177.72.11 - - [09/Sep/2026:19:12:50 +0200] "GET /migrate%2ephp HTTP/1.1" 302 - "-" "curl/8.7.1"
185.177.72.11 - - [09/Sep/2026:19:12:57 +0200] "GET /migration%2ephp HTTP/1.1" 302 - "-" "curl/8.7.1"
185.177.72.11 - - [09/Sep/2026:19:13:01 +0200] "GET /console%2ephp HTTP/1.1" 302 - "-" "curl/8.7.1"
185.177.72.11 - - [09/Sep/2026:19:13:03 +0200] "GET /scripts/install%2esh HTTP/1.1" 302 - "-" "curl/8.7.1"
185.177.72.11 - - [09/Sep/2026:19:13:07 +0200] "GET /scripts/db%2esh HTTP/1.1" 302 - "-" "curl/8.7.1"
185.177.72.11 - - [09/Sep/2026:19:13:09 +0200] "GET /scripts/deploy%2esh HTTP/1.1" 302 - "-" "curl/8.7.1"
185.177.72.11 - - [09/Sep/2026:19:13:12 +0200] "GET /env%2esh HTTP/1.1" 302 - "-" "curl/8.7.1"
185.177.72.11 - - [09/Sep/2026:19:13:13 +0200] "GET /%2eenv%2esh HTTP/1.1" 302 - "-" "curl/8.7.1"
185.177.72.11 - - [09/Sep/2026:19:13:14 +0200] "GET /backup%2esh HTTP/1.1" 302 - "-" "curl/8.7.1"
185.43.220.19 - - [09/Sep/2026:19:13:21 +0200] "POST /wp-cron.php?doing_wp_cron=1788974001.1426079273223876953125 HTTP/1.1" 200 - "-" "WordPress/7.1; https://10bukmekers.com"
185.177.72.11 - - [09/Sep/2026:19:13:18 +0200] "GET /test%2esh HTTP/1.1" 302 - "-" "curl/8.7.1"
185.177.72.11 - - [09/Sep/2026:19:13:21 +0200] "GET /debug%2esh HTTP/1.1" 302 - "-" "curl/8.7.1"
185.177.72.11 - - [09/Sep/2026:19:13:24 +0200] "GET /logs%2esh HTTP/1.1" 302 - "-" "curl/8.7.1"
185.177.72.11 - - [09/Sep/2026:19:13:27 +0200] "GET /deploy%2esh HTTP/1.1" 302 - "-" "curl/8.7.1"
5.46.147.152 - - [09/Sep/2026:19:13:31 +0200] "GET / HTTP/1.1" 302 - "https://www.google.com/" "Mozilla/5.0 (iPhone; CPU iPhone OS 26_6_0 like Mac OS X) AppleWebKit/605.1.15 (KHTML, like Gecko) CriOS/151.0.7922.112 Mobile/15E148 Safari/604.1"
185.177.72.11 - - [09/Sep/2026:19:13:31 +0200] "GET /init%2esh HTTP/1.1" 302 - "-" "curl/8.7.1"
185.177.72.11 - - [09/Sep/2026:19:13:34 +0200] "GET /install%2esh HTTP/1.1" 302 - "-" "curl/8.7.1"
185.177.72.11 - - [09/Sep/2026:19:13:37 +0200] "GET /uninstall%2esh HTTP/1.1" 302 - "-" "curl/8.7.1"
78.190.206.234 - - [09/Sep/2026:19:13:43 +0200] "GET / HTTP/1.1" 302 - "https://www.google.com/" "Mozilla/5.0 (Windows NT 10.0; Win64; x64) AppleWebKit/537.36 (KHTML, like Gecko) Chrome/152.0.0.0 Safari/537.36 Edg/152.0.0.0"
185.177.72.11 - - [09/Sep/2026:19:13:42 +0200] "GET /remove%2esh HTTP/1.1" 302 - "-" "curl/8.7.1"
185.177.72.11 - - [09/Sep/2026:19:13:46 +0200] "GET /install%2esql HTTP/1.1" 302 - "-" "curl/8.7.1"
185.177.72.11 - - [09/Sep/2026:19:13:51 +0200] "GET /update%2esql HTTP/1.1" 302 - "-" "curl/8.7.1"
185.177.72.11 - - [09/Sep/2026:19:13:52 +0200] "GET /delete%2esql HTTP/1.1" 302 - "-" "curl/8.7.1"
185.43.220.19 - - [09/Sep/2026:19:13:56 +0200] "POST /wp-cron.php?doing_wp_cron=1788974036.4633800983428955078125 HTTP/1.1" 200 - "-" "WordPress/7.1; https://10bukmekers.com"
185.177.72.11 - - [09/Sep/2026:19:13:55 +0200] "GET /sample%2eenv HTTP/1.1" 302 - "-" "curl/8.7.1"
185.177.72.11 - - [09/Sep/2026:19:13:56 +0200] "GET /example%2eenv HTTP/1.1" 302 - "-" "curl/8.7.1"
185.177.72.11 - - [09/Sep/2026:19:14:00 +0200] "GET /example-config%2ephp HTTP/1.1" 302 - "-" "curl/8.7.1"
185.177.72.11 - - [09/Sep/2026:19:14:05 +0200] "GET /sample-config%2ephp HTTP/1.1" 302 - "-" "curl/8.7.1"
51.81.169.205 - - [09/Sep/2026:19:14:05 +0200] "GET /spongiaria/j1e2r2s0e3y7s59534 HTTP/1.1" 200 20728 "-" "Mozilla/5.0 (compatible; AhrefsBot/7.0; +http://ahrefs.com/robot/)"
185.177.72.11 - - [09/Sep/2026:19:14:08 +0200] "GET /%2f%2eenv HTTP/1.1" 302 - "-" "curl/8.7.1"
185.177.72.11 - - [09/Sep/2026:19:14:12 +0200] "GET /%2egit/%63onfig HTTP/1.1" 302 - "-" "curl/8.7.1"
185.177.72.11 - - [09/Sep/2026:19:14:14 +0200] "GET /%62ackend/%2eenv HTTP/1.1" 302 - "-" "curl/8.7.1"
185.43.220.19 - - [09/Sep/2026:19:14:19 +0200] "POST /wp-cron.php?doing_wp_cron=1788974059.4659969806671142578125 HTTP/1.1" 200 - "-" "WordPress/7.1; https://10bukmekers.com"
185.177.72.11 - - [09/Sep/2026:19:14:16 +0200] "GET /%2fbackend%2f%2eenv HTTP/1.1" 302 - "-" "curl/8.7.1"
185.177.72.11 - - [09/Sep/2026:19:14:19 +0200] "GET /%2f%2eaws%2fcredentials HTTP/1.1" 302 - "-" "curl/8.7.1"
51.81.165.93 - - [09/Sep/2026:19:14:22 +0200] "GET /shops/pygidia/n1o3n5c5h5a6l8a0n2c4e3 HTTP/1.1" 200 20728 "-" "Mozilla/5.0 (compatible; AhrefsBot/7.0; +http://ahrefs.com/robot/)"
185.177.72.11 - - [09/Sep/2026:19:14:25 +0200] "GET /error/ HTTP/1.1" 302 - "-" "curl/8.7.1"
185.177.72.11 - - [09/Sep/2026:19:14:31 +0200] "GET /api/user HTTP/1.1" 302 - "-" "curl/8.7.1"
185.177.72.11 - - [09/Sep/2026:19:14:34 +0200] "GET /%2e%2e%5c%2e%2e%5c%2e%2e%5c%2e%2e%5c%2e%2e%5c%2e%2e%5cvar/log/apache2/access%2elog HTTP/1.1" 302 - "-" "curl/8.7.1"
185.177.72.11 - - [09/Sep/2026:19:14:39 +0200] "GET /var/task/next%2econfig%2ejs HTTP/1.1" 302 - "-" "curl/8.7.1"
51.81.164.148 - - [09/Sep/2026:19:14:40 +0200] "GET /shops/forcipate/a1t3t4e4n9t5l0y1909 HTTP/1.1" 200 20728 "-" "Mozilla/5.0 (compatible; AhrefsBot/7.0; +http://ahrefs.com/robot/)"
185.177.72.11 - - [09/Sep/2026:19:14:40 +0200] "GET /var/task/next%2econfig%2emjs HTTP/1.1" 302 - "-" "curl/8.7.1"
185.177.72.11 - - [09/Sep/2026:19:14:45 +0200] "GET /var/task/next%2econfig%2ets HTTP/1.1" 302 - "-" "curl/8.7.1"
185.43.220.19 - - [09/Sep/2026:19:14:56 +0200] "POST /wp-cron.php?doing_wp_cron=1788974096.0289070606231689453125 HTTP/1.1" 200 - "-" "WordPress/7.1; https://10bukmekers.com"
185.177.72.11 - - [09/Sep/2026:19:14:51 +0200] "GET /app/next%2econfig%2ejs HTTP/1.1" 302 - "-" "curl/8.7.1"
185.177.72.11 - - [09/Sep/2026:19:14:56 +0200] "GET /app/next%2econfig%2emjs HTTP/1.1" 302 - "-" "curl/8.7.1"
185.177.72.11 - - [09/Sep/2026:19:14:59 +0200] "GET /$(pwd)/next%2econfig%2ejs HTTP/1.1" 302 - "-" "curl/8.7.1"
185.177.72.11 - - [09/Sep/2026:19:15:01 +0200] "GET /$(pwd)/next%2econfig%2emjs HTTP/1.1" 302 - "-" "curl/8.7.1"
185.177.72.11 - - [09/Sep/2026:19:15:04 +0200] "GET /var/task/nuxt%2econfig%2ejs HTTP/1.1" 302 - "-" "curl/8.7.1"
185.177.72.11 - - [09/Sep/2026:19:15:07 +0200] "GET /var/task/nuxt%2econfig%2ets HTTP/1.1" 302 - "-" "curl/8.7.1"
185.177.72.11 - - [09/Sep/2026:19:15:10 +0200] "GET /app/nuxt%2econfig%2ejs HTTP/1.1" 302 - "-" "curl/8.7.1"
185.177.72.11 - - [09/Sep/2026:19:15:11 +0200] "GET /var/task/serverless%2eyml HTTP/1.1" 302 - "-" "curl/8.7.1"
185.177.72.11 - - [09/Sep/2026:19:15:12 +0200] "GET /var/task/serverless%2eyaml HTTP/1.1" 302 - "-" "curl/8.7.1"
185.43.220.19 - - [09/Sep/2026:19:15:18 +0200] "POST /wp-cron.php?doing_wp_cron=1788974118.1098439693450927734375 HTTP/1.1" 200 - "-" "WordPress/7.1; https://10bukmekers.com"
185.177.72.11 - - [09/Sep/2026:19:15:16 +0200] "GET /var/task/serverless%2ejson HTTP/1.1" 302 - "-" "curl/8.7.1"
185.177.72.11 - - [09/Sep/2026:19:15:18 +0200] "GET /app/serverless%2eyml HTTP/1.1" 302 - "-" "curl/8.7.1"
185.177.72.11 - - [09/Sep/2026:19:15:21 +0200] "GET /app/serverless%2eyaml HTTP/1.1" 302 - "-" "curl/8.7.1"
185.177.72.11 - - [09/Sep/2026:19:15:24 +0200] "GET /$(pwd)/serverless%2eyml HTTP/1.1" 302 - "-" "curl/8.7.1"
185.177.72.11 - - [09/Sep/2026:19:15:28 +0200] "GET /$(pwd)/serverless%2eyaml HTTP/1.1" 302 - "-" "curl/8.7.1"
185.177.72.11 - - [09/Sep/2026:19:15:33 +0200] "GET /var/task/package%2ejson HTTP/1.1" 302 - "-" "curl/8.7.1"
185.177.72.11 - - [09/Sep/2026:19:15:34 +0200] "GET /app/package%2ejson HTTP/1.1" 302 - "-" "curl/8.7.1"
185.177.72.11 - - [09/Sep/2026:19:15:37 +0200] "GET /$(pwd)/package%2ejson HTTP/1.1" 302 - "-" "curl/8.7.1"
185.177.72.11 - - [09/Sep/2026:19:15:42 +0200] "GET /var/task/vercel%2ejson HTTP/1.1" 302 - "-" "curl/8.7.1"
185.177.72.11 - - [09/Sep/2026:19:15:47 +0200] "GET /app/vercel%2ejson HTTP/1.1" 302 - "-" "curl/8.7.1"
185.177.72.11 - - [09/Sep/2026:19:15:50 +0200] "GET /$(pwd)/vercel%2ejson HTTP/1.1" 302 - "-" "curl/8.7.1"
185.177.72.11 - - [09/Sep/2026:19:15:52 +0200] "GET /var/task/netlify%2etoml HTTP/1.1" 302 - "-" "curl/8.7.1"
185.43.220.19 - - [09/Sep/2026:19:15:55 +0200] "POST /wp-cron.php?doing_wp_cron=1788974155.6992828845977783203125 HTTP/1.1" 200 - "-" "WordPress/7.1; https://10bukmekers.com"
185.177.72.11 - - [09/Sep/2026:19:15:53 +0200] "GET /app/netlify%2etoml HTTP/1.1" 302 - "-" "curl/8.7.1"
185.177.72.11 - - [09/Sep/2026:19:15:55 +0200] "GET /$(pwd)/netlify%2etoml HTTP/1.1" 302 - "-" "curl/8.7.1"
51.81.169.115 - - [09/Sep/2026:19:15:57 +0200] "GET /shops/checkin/b1e2f1o7r9t4u8n7e579 HTTP/1.1" 200 20728 "-" "Mozilla/5.0 (compatible; AhrefsBot/7.0; +http://ahrefs.com/robot/)"
185.177.72.11 - - [09/Sep/2026:19:16:00 +0200] "GET /var/task/docker-compose%2eyml HTTP/1.1" 302 - "-" "curl/8.7.1"
185.177.72.11 - - [09/Sep/2026:19:16:04 +0200] "GET /var/task/docker-compose%2eyaml HTTP/1.1" 302 - "-" "curl/8.7.1"
185.177.72.11 - - [09/Sep/2026:19:16:07 +0200] "GET /app/docker-compose%2eyml HTTP/1.1" 302 - "-" "curl/8.7.1"
185.177.72.11 - - [09/Sep/2026:19:16:08 +0200] "GET /$(pwd)/docker-compose%2eyml HTTP/1.1" 302 - "-" "curl/8.7.1"
185.177.72.11 - - [09/Sep/2026:19:16:12 +0200] "GET /docker/overlay/config%2ejson HTTP/1.1" 302 - "-" "curl/8.7.1"
185.177.72.11 - - [09/Sep/2026:19:16:14 +0200] "GET /opt/mailcow-dockerized/mailcow%2econf HTTP/1.1" 302 - "-" "curl/8.7.1"
185.43.220.19 - - [09/Sep/2026:19:16:17 +0200] "POST /wp-cron.php?doing_wp_cron=1788974177.4637069702148437500000 HTTP/1.1" 200 - "-" "WordPress/7.1; https://10bukmekers.com"
185.177.72.11 - - [09/Sep/2026:19:16:16 +0200] "GET /docker/registry/config%2eyml HTTP/1.1" 302 - "-" "curl/8.7.1"
185.177.72.11 - - [09/Sep/2026:19:16:17 +0200] "GET /%2edocker/secrets%2ejson HTTP/1.1" 302 - "-" "curl/8.7.1"
185.177.72.11 - - [09/Sep/2026:19:16:21 +0200] "GET /attacker/docker-compose%2eyml HTTP/1.1" 302 - "-" "curl/8.7.1"
47.128.29.94 - - [09/Sep/2026:19:16:26 +0200] "GET / HTTP/1.1" 200 20728 "-" "Mozilla/5.0 (Linux; Android 5.0) AppleWebKit/537.36 (KHTML, like Gecko) Mobile Safari/537.36 (compatible; Bytespider; [email protected])"
185.177.72.11 - - [09/Sep/2026:19:16:23 +0200] "GET /_vercel/insights HTTP/1.1" 302 - "-" "curl/8.7.1"
185.177.72.11 - - [09/Sep/2026:19:16:28 +0200] "GET /aws/bucket HTTP/1.1" 302 - "-" "curl/8.7.1"
185.177.72.11 - - [09/Sep/2026:19:16:33 +0200] "GET /aws/buckets HTTP/1.1" 302 - "-" "curl/8.7.1"
51.81.170.3 - - [09/Sep/2026:19:16:35 +0200] "GET /shops/instanter/s1t1a8n3d2o8f6f9i6s0h1ness HTTP/1.1" 200 20728 "-" "Mozilla/5.0 (compatible; AhrefsBot/7.0; +http://ahrefs.com/robot/)"
185.177.72.11 - - [09/Sep/2026:19:16:37 +0200] "GET /aws/config/s3%2ejson HTTP/1.1" 302 - "-" "curl/8.7.1"
185.177.72.11 - - [09/Sep/2026:19:16:40 +0200] "GET /aws/s3/credentials HTTP/1.1" 302 - "-" "curl/8.7.1"
185.177.72.11 - - [09/Sep/2026:19:16:42 +0200] "GET /aws/s3/env%2eenv HTTP/1.1" 302 - "-" "curl/8.7.1"
185.177.72.11 - - [09/Sep/2026:19:16:45 +0200] "GET /aws_s3_bucket HTTP/1.1" 302 - "-" "curl/8.7.1"
47.128.115.23 - - [09/Sep/2026:19:16:49 +0200] "GET / HTTP/1.1" 302 - "-" "Mozilla/5.0 (Linux; Android 5.0) AppleWebKit/537.36 (KHTML, like Gecko) Mobile Safari/537.36 (compatible; TikTokSpider; [email protected])"
185.177.72.11 - - [09/Sep/2026:19:16:49 +0200] "GET /aws_s3_config%2ejson HTTP/1.1" 302 - "-" "curl/8.7.1"
185.177.72.11 - - [09/Sep/2026:19:16:50 +0200] "GET /s3/%2eaws/config HTTP/1.1" 302 - "-" "curl/8.7.1"
185.43.220.19 - - [09/Sep/2026:19:16:56 +0200] "POST /wp-cron.php?doing_wp_cron=1788974216.0459849834442138671875 HTTP/1.1" 200 - "-" "WordPress/7.1; https://10bukmekers.com"
185.177.72.11 - - [09/Sep/2026:19:16:53 +0200] "GET /config/aws%2ephp HTTP/1.1" 302 - "-" "curl/8.7.1"
185.177.72.11 - - [09/Sep/2026:19:16:56 +0200] "GET /aws-codecommit/ HTTP/1.1" 302 - "-" "curl/8.7.1"
51.81.163.29 - - [09/Sep/2026:19:17:00 +0200] "GET /involve/vinette/o1n3e2y7e5a4r76420 HTTP/1.1" 200 20728 "-" "Mozilla/5.0 (compatible; AhrefsBot/7.0; +http://ahrefs.com/robot/)"
185.177.72.11 - - [09/Sep/2026:19:17:01 +0200] "GET /aws%2eyaml HTTP/1.1" 302 - "-" "curl/8.7.1"
46.106.100.163 - - [09/Sep/2026:19:17:05 +0200] "GET / HTTP/1.1" 302 - "https://www.google.com/" "Mozilla/5.0 (Linux; Android 10; K) AppleWebKit/537.36 (KHTML, like Gecko) Chrome/152.0.0.0 Mobile Safari/537.36"
185.177.72.11 - - [09/Sep/2026:19:17:04 +0200] "GET /old/aws_config HTTP/1.1" 302 - "-" "curl/8.7.1"
185.177.72.11 - - [09/Sep/2026:19:17:07 +0200] "GET /aws%2eenv%2ejson HTTP/1.1" 302 - "-" "curl/8.7.1"
185.177.72.11 - - [09/Sep/2026:19:17:09 +0200] "GET /aws%2eenv HTTP/1.1" 302 - "-" "curl/8.7.1"
185.177.72.11 - - [09/Sep/2026:19:17:10 +0200] "GET /aws-ses%2ejson HTTP/1.1" 302 - "-" "curl/8.7.1"
185.177.72.11 - - [09/Sep/2026:19:17:13 +0200] "GET /aws/ses/smtp%2eenv HTTP/1.1" 302 - "-" "curl/8.7.1"
185.43.220.19 - - [09/Sep/2026:19:17:21 +0200] "POST /wp-cron.php?doing_wp_cron=1788974241.5321290493011474609375 HTTP/1.1" 200 - "-" "WordPress/7.1; https://10bukmekers.com"
185.177.72.11 - - [09/Sep/2026:19:17:17 +0200] "GET /aws/metadata HTTP/1.1" 302 - "-" "curl/8.7.1"
185.177.72.11 - - [09/Sep/2026:19:17:21 +0200] "GET /%2eenv%2eaws HTTP/1.1" 302 - "-" "curl/8.7.1"
185.177.72.11 - - [09/Sep/2026:19:17:25 +0200] "GET /s3/credentials HTTP/1.1" 302 - "-" "curl/8.7.1"
51.81.165.209 - - [09/Sep/2026:19:17:26 +0200] "GET /shops/hawsehole/d1i3e4m4i7c3t3y7l3u1s9 HTTP/1.1" 200 20728 "-" "Mozilla/5.0 (compatible; AhrefsBot/7.0; +http://ahrefs.com/robot/)"
185.177.72.11 - - [09/Sep/2026:19:17:29 +0200] "GET /s3/bucket%2eenv HTTP/1.1" 302 - "-" "curl/8.7.1"
185.177.72.11 - - [09/Sep/2026:19:17:36 +0200] "GET /s3/bucket HTTP/1.1" 302 - "-" "curl/8.7.1"
185.177.72.11 - - [09/Sep/2026:19:17:40 +0200] "GET /s3/buckets HTTP/1.1" 302 - "-" "curl/8.7.1"
185.177.72.11 - - [09/Sep/2026:19:17:41 +0200] "GET /s3/backup HTTP/1.1" 302 - "-" "curl/8.7.1"
185.177.72.11 - - [09/Sep/2026:19:17:43 +0200] "GET /s3%2eyml HTTP/1.1" 302 - "-" "curl/8.7.1"
185.177.72.11 - - [09/Sep/2026:19:17:44 +0200] "GET /s3%2eyaml HTTP/1.1" 302 - "-" "curl/8.7.1"
185.177.72.11 - - [09/Sep/2026:19:17:48 +0200] "GET /s3%2eproperties HTTP/1.1" 302 - "-" "curl/8.7.1"
51.81.169.199 - - [09/Sep/2026:19:17:51 +0200] "GET /shops/ascended/s1l1a0v6s2818504 HTTP/1.1" 200 20728 "-" "Mozilla/5.0 (compatible; AhrefsBot/7.0; +http://ahrefs.com/robot/)"
185.43.220.19 - - [09/Sep/2026:19:17:56 +0200] "POST /wp-cron.php?doing_wp_cron=1788974276.6242990493774414062500 HTTP/1.1" 200 - "-" "WordPress/7.1; https://10bukmekers.com"
185.177.72.11 - - [09/Sep/2026:19:17:53 +0200] "GET /s3%2ekey HTTP/1.1" 302 - "-" "curl/8.7.1"
185.177.72.11 - - [09/Sep/2026:19:17:57 +0200] "GET /s3%2esecret HTTP/1.1" 302 - "-" "curl/8.7.1"
185.177.72.11 - - [09/Sep/2026:19:18:05 +0200] "GET /s3/%2eenv%2ebak HTTP/1.1" 302 - "-" "curl/8.7.1"
185.177.72.11 - - [09/Sep/2026:19:18:11 +0200] "GET /root/%2eaws/config HTTP/1.1" 503 468 "-" "curl/8.7.1"
51.81.170.14 - - [09/Sep/2026:19:18:16 +0200] "GET /shops/mouldering/b1a3l5a6e3n2i0c2i1p1i0tidae HTTP/1.1" 503 468 "-" "Mozilla/5.0 (compatible; AhrefsBot/7.0; +http://ahrefs.com/robot/)"
185.43.220.19 - - [09/Sep/2026:19:18:26 +0200] "POST /wp-cron.php?doing_wp_cron=1788974306.5325770378112792968750 HTTP/1.1" 200 - "-" "WordPress/7.1; https://10bukmekers.com"
185.177.72.11 - - [09/Sep/2026:19:18:17 +0200] "GET /home/*/%2eaws/credentials HTTP/1.1" 302 - "-" "curl/8.7.1"
185.177.72.11 - - [09/Sep/2026:19:18:27 +0200] "GET /root/%2eboto HTTP/1.1" 302 - "-" "curl/8.7.1"
51.81.169.115 - - [09/Sep/2026:19:18:29 +0200] "GET /shops/corymbiferous/c1r3o5s5s6b2u4t6t9o9c1k HTTP/1.1" 200 20728 "-" "Mozilla/5.0 (compatible; AhrefsBot/7.0; +http://ahrefs.com/robot/)"
185.177.72.11 - - [09/Sep/2026:19:18:34 +0200] "GET /%2es3cfg HTTP/1.1" 302 - "-" "curl/8.7.1"
51.81.163.17 - - [09/Sep/2026:19:18:41 +0200] "GET /tilly/sparth/13915900295 HTTP/1.1" 200 20728 "-" "Mozilla/5.0 (compatible; AhrefsBot/7.0; +http://ahrefs.com/robot/)"
185.177.72.11 - - [09/Sep/2026:19:18:42 +0200] "GET /root/%2es3cfg HTTP/1.1" 302 - "-" "curl/8.7.1"
185.177.72.11 - - [09/Sep/2026:19:18:48 +0200] "GET /etc/boto%2ecfg HTTP/1.1" 302 - "-" "curl/8.7.1"
185.177.72.11 - - [09/Sep/2026:19:18:50 +0200] "GET /%2eterraform/credentials%2etfrc%2ejson HTTP/1.1" 302 - "-" "curl/8.7.1"
185.177.72.11 - - [09/Sep/2026:19:18:52 +0200] "GET /terraform%2etfstate HTTP/1.1" 302 - "-" "curl/8.7.1"
51.81.169.207 - - [09/Sep/2026:19:18:55 +0200] "GET /shops/scorpionidea/p1r3o8v5i7s5o9r9i3l6y1 HTTP/1.1" 200 20728 "-" "Mozilla/5.0 (compatible; AhrefsBot/7.0; +http://ahrefs.com/robot/)"
185.177.72.11 - - [09/Sep/2026:19:18:55 +0200] "GET /terraform%2etfstate%2ebackup HTTP/1.1" 302 - "-" "curl/8.7.1"
185.177.72.11 - - [09/Sep/2026:19:18:59 +0200] "GET /%2eterraform%2etfstate HTTP/1.1" 302 - "-" "curl/8.7.1"
185.177.72.11 - - [09/Sep/2026:19:19:01 +0200] "GET /serverless%2eyaml HTTP/1.1" 302 - "-" "curl/8.7.1"
185.177.72.11 - - [09/Sep/2026:19:19:02 +0200] "GET /sam-template%2eyaml HTTP/1.1" 302 - "-" "curl/8.7.1"
185.177.72.11 - - [09/Sep/2026:19:19:06 +0200] "GET /template%2eyaml HTTP/1.1" 302 - "-" "curl/8.7.1"
51.81.169.112 - - [09/Sep/2026:19:19:07 +0200] "GET /shops/boviform/d1i3l5u6v4i4a14209 HTTP/1.1" 200 20728 "-" "Mozilla/5.0 (compatible; AhrefsBot/7.0; +http://ahrefs.com/robot/)"
185.177.72.11 - - [09/Sep/2026:19:19:11 +0200] "GET /amplify/team-provider-info%2ejson HTTP/1.1" 302 - "-" "curl/8.7.1"
185.177.72.11 - - [09/Sep/2026:19:19:13 +0200] "GET /%2eamplifyrc HTTP/1.1" 302 - "-" "curl/8.7.1"
185.177.72.11 - - [09/Sep/2026:19:19:14 +0200] "GET /$(pwd)/terraform%2etfstate HTTP/1.1" 302 - "-" "curl/8.7.1"
185.177.72.11 - - [09/Sep/2026:19:19:16 +0200] "GET /$(pwd)/%2eterraform/terraform%2etfstate HTTP/1.1" 302 - "-" "curl/8.7.1"
185.177.72.11 - - [09/Sep/2026:19:19:17 +0200] "GET /$(pwd)/terraform%2etfvars HTTP/1.1" 302 - "-" "curl/8.7.1"
51.81.165.91 - - [09/Sep/2026:19:19:19 +0200] "GET /shops/clipfish/h1y1d6r7o3t2h0e1r4a5py HTTP/1.1" 200 20728 "-" "Mozilla/5.0 (compatible; AhrefsBot/7.0; +http://ahrefs.com/robot/)"
185.177.72.11 - - [09/Sep/2026:19:19:22 +0200] "GET /$(pwd)/*%2eauto%2etfvars HTTP/1.1" 302 - "-" "curl/8.7.1"
185.43.220.19 - - [09/Sep/2026:19:19:27 +0200] "POST /wp-cron.php?doing_wp_cron=1788974367.7251980304718017578125 HTTP/1.1" 200 - "-" "WordPress/7.1; https://10bukmekers.com"
185.177.72.11 - - [09/Sep/2026:19:19:25 +0200] "GET /app/terraform%2etfstate HTTP/1.1" 302 - "-" "curl/8.7.1"
185.177.72.11 - - [09/Sep/2026:19:19:28 +0200] "GET /app/%2eterraform/terraform%2etfstate HTTP/1.1" 302 - "-" "curl/8.7.1"
185.177.72.11 - - [09/Sep/2026:19:19:33 +0200] "GET /~/%2eaws/credentials HTTP/1.1" 302 - "-" "curl/8.7.1"
51.81.169.201 - - [09/Sep/2026:19:19:33 +0200] "GET /lithogenesy/disbelieved/d1i1g0i6t2o4x1i5n311 HTTP/1.1" 200 20728 "-" "Mozilla/5.0 (compatible; AhrefsBot/7.0; +http://ahrefs.com/robot/)"
185.177.72.11 - - [09/Sep/2026:19:19:38 +0200] "GET /~/%2eaws/config HTTP/1.1" 302 - "-" "curl/8.7.1"
185.177.72.11 - - [09/Sep/2026:19:19:42 +0200] "GET /~/%2eboto HTTP/1.1" 302 - "-" "curl/8.7.1"
51.81.165.217 - - [09/Sep/2026:19:19:46 +0200] "GET /shops/campus/t1i3l4l0y904207 HTTP/1.1" 200 20728 "-" "Mozilla/5.0 (compatible; AhrefsBot/7.0; +http://ahrefs.com/robot/)"
185.177.72.11 - - [09/Sep/2026:19:19:47 +0200] "GET /~/%2es3cfg HTTP/1.1" 302 - "-" "curl/8.7.1"
185.43.220.19 - - [09/Sep/2026:19:19:57 +0200] "POST /wp-cron.php?doing_wp_cron=1788974397.5277609825134277343750 HTTP/1.1" 200 - "-" "WordPress/7.1; https://10bukmekers.com"
185.177.72.11 - - [09/Sep/2026:19:19:55 +0200] "GET /%2eterraform%2elock%2ehcl HTTP/1.1" 302 - "-" "curl/8.7.1"
185.177.72.11 - - [09/Sep/2026:19:19:57 +0200] "GET /terraform%2etfvars HTTP/1.1" 302 - "-" "curl/8.7.1"
51.81.165.216 - - [09/Sep/2026:19:19:58 +0200] "GET /shops/protosomite/b1y2s9s2i9f6e5r5o4u8s6 HTTP/1.1" 200 20728 "-" "Mozilla/5.0 (compatible; AhrefsBot/7.0; +http://ahrefs.com/robot/)"
185.177.72.11 - - [09/Sep/2026:19:20:04 +0200] "GET /terraform/terraform%2etfvars%2ejson HTTP/1.1" 302 - "-" "curl/8.7.1"
185.177.72.11 - - [09/Sep/2026:19:20:08 +0200] "GET /var/task/amplify%2eyml HTTP/1.1" 302 - "-" "curl/8.7.1"
185.177.72.11 - - [09/Sep/2026:19:20:10 +0200] "GET /var/task/amplify%2eyaml HTTP/1.1" 302 - "-" "curl/8.7.1"
51.81.169.120 - - [09/Sep/2026:19:20:12 +0200] "GET /shops/dissemination/r1e1d8o9l7e1n2t3100 HTTP/1.1" 200 20728 "-" "Mozilla/5.0 (compatible; AhrefsBot/7.0; +http://ahrefs.com/robot/)"
185.43.220.19 - - [09/Sep/2026:19:20:17 +0200] "POST /wp-cron.php?doing_wp_cron=1788974417.2245988845825195312500 HTTP/1.1" 200 - "-" "WordPress/7.1; https://10bukmekers.com"
185.177.72.11 - - [09/Sep/2026:19:20:13 +0200] "GET /app/amplify%2eyml HTTP/1.1" 302 - "-" "curl/8.7.1"
185.177.72.11 - - [09/Sep/2026:19:20:17 +0200] "GET /app/amplify%2eyaml HTTP/1.1" 302 - "-" "curl/8.7.1"
185.177.72.11 - - [09/Sep/2026:19:20:21 +0200] "GET /var/task/amplify/backend/function/*/src/index%2ejs HTTP/1.1" 302 - "-" "curl/8.7.1"
51.81.163.22 - - [09/Sep/2026:19:20:24 +0200] "GET /shops/polarity/d1e1c0i8p9i2e6n1c3y92 HTTP/1.1" 200 20728 "-" "Mozilla/5.0 (compatible; AhrefsBot/7.0; +http://ahrefs.com/robot/)"
185.177.72.11 - - [09/Sep/2026:19:20:25 +0200] "GET /$(pwd)/%2eenv HTTP/1.1" 302 - "-" "curl/8.7.1"
185.177.72.11 - - [09/Sep/2026:19:20:31 +0200] "GET /$(pwd)/%2eenv%2elocal HTTP/1.1" 302 - "-" "curl/8.7.1"
185.177.72.11 - - [09/Sep/2026:19:20:36 +0200] "GET /$(pwd)/%2eenv%2eproduction HTTP/1.1" 302 - "-" "curl/8.7.1"
51.81.163.49 - - [09/Sep/2026:19:20:36 +0200] "GET /bushman/lampooned/p1i3n1a4c7o7l0i6n680 HTTP/1.1" 200 20728 "-" "Mozilla/5.0 (compatible; AhrefsBot/7.0; +http://ahrefs.com/robot/)"
51.81.163.79 - - [09/Sep/2026:19:20:43 +0200] "GET /shops/suffragist/v1a2r1i5a7b3i4l1i9s96 HTTP/1.1" 200 20728 "-" "Mozilla/5.0 (compatible; AhrefsBot/7.0; +http://ahrefs.com/robot/)"
185.177.72.11 - - [09/Sep/2026:19:20:43 +0200] "GET /$(pwd)/%2eenv%2edevelopment HTTP/1.1" 302 - "-" "curl/8.7.1"
51.81.163.66 - - [09/Sep/2026:19:20:50 +0200] "GET /soothly/dummies/d1u3p4l7e8x3e7r0713 HTTP/1.1" 503 21196 "-" "Mozilla/5.0 (compatible; AhrefsBot/7.0; +http://ahrefs.com/robot/)"
185.177.72.11 - - [09/Sep/2026:19:20:51 +0200] "GET /$(pwd)/%2eenv%2estaging HTTP/1.1" 302 - "-" "curl/8.7.1"
51.81.164.157 - - [09/Sep/2026:19:20:56 +0200] "GET /shops/firewarden/g1r1o2z5i0n3g31590 HTTP/1.1" 200 20728 "-" "Mozilla/5.0 (compatible; AhrefsBot/7.0; +http://ahrefs.com/robot/)"
185.177.72.11 - - [09/Sep/2026:19:20:58 +0200] "GET /app/%2eenv%2elocal HTTP/1.1" 503 468 "-" "curl/8.7.1"
51.81.165.82 - - [09/Sep/2026:19:21:03 +0200] "GET /piperaceous/stoutly/h1a1l1i7o6t4i9s4850 HTTP/1.1" 503 468 "-" "Mozilla/5.0 (compatible; AhrefsBot/7.0; +http://ahrefs.com/robot/)"
185.177.72.11 - - [09/Sep/2026:19:21:07 +0200] "GET /app/%2eenv%2eproduction HTTP/1.1" 503 468 "-" "curl/8.7.1"
51.81.165.219 - - [09/Sep/2026:19:21:09 +0200] "GET /shops/lilith/o1r2t8h8o4g6n5a3t9h7i1c HTTP/1.1" 503 468 "-" "Mozilla/5.0 (compatible; AhrefsBot/7.0; +http://ahrefs.com/robot/)"
51.81.165.215 - - [09/Sep/2026:19:21:15 +0200] "GET /shops/krakowiak/o1r2c0h1o2t8o6m9y760 HTTP/1.1" 503 468 "-" "Mozilla/5.0 (compatible; AhrefsBot/7.0; +http://ahrefs.com/robot/)"
185.177.72.11 - - [09/Sep/2026:19:21:17 +0200] "GET /var/www/%2eenv HTTP/1.1" 503 468 "-" "curl/8.7.1"
51.81.165.89 - - [09/Sep/2026:19:21:21 +0200] "GET /shops/witless/c1h1e8c8k8o9u9t4084 HTTP/1.1" 503 468 "-" "Mozilla/5.0 (compatible; AhrefsBot/7.0; +http://ahrefs.com/robot/)"
185.177.72.11 - - [09/Sep/2026:19:21:27 +0200] "GET /var/www/html/%2eenv HTTP/1.1" 302 - "-" "curl/8.7.1"
51.81.164.146 - - [09/Sep/2026:19:21:33 +0200] "GET /shops/unfurnished/d1e1b5t6s8735072 HTTP/1.1" 503 468 "-" "Mozilla/5.0 (compatible; AhrefsBot/7.0; +http://ahrefs.com/robot/)"
185.43.220.19 - - [09/Sep/2026:19:22:30 +0200] "POST /wp-cron.php?doing_wp_cron=1788974550.7376570701599121093750 HTTP/1.1" 200 - "-" "WordPress/7.1; https://10bukmekers.com"
51.81.164.157 - - [09/Sep/2026:19:22:25 +0200] "GET /shops/galatian/c1h1i9r7m4823364 HTTP/1.1" 200 20728 "-" "Mozilla/5.0 (compatible; AhrefsBot/7.0; +http://ahrefs.com/robot/)"
185.43.220.19 - - [09/Sep/2026:19:24:14 +0200] "POST /wp-cron.php?doing_wp_cron=1788974654.0382359027862548828125 HTTP/1.1" 200 - "-" "WordPress/7.1; https://10bukmekers.com"
116.179.32.33 - - [09/Sep/2026:19:24:10 +0200] "GET /2017/03/30/al-sharkeya-yerab-kontraktors-prognoz-n/ HTTP/1.1" 200 20728 "-" "Mozilla/5.0 (compatible; Baiduspider/2.0; +http://www.baidu.com/search/spider.html)"
46.154.160.26 - - [09/Sep/2026:19:25:58 +0200] "GET / HTTP/1.1" 302 - "https://www.google.com/" "Mozilla/5.0 (Linux; Android 10; K) AppleWebKit/537.36 (KHTML, like Gecko) Chrome/152.0.0.0 Mobile Safari/537.36"
185.43.220.19 - - [09/Sep/2026:19:26:51 +0200] "POST /wp-cron.php?doing_wp_cron=1788974811.3341779708862304687500 HTTP/1.1" 200 - "-" "WordPress/7.1; https://10bukmekers.com"
51.81.165.214 - - [09/Sep/2026:19:26:48 +0200] "GET /shops/bowge/v1i2t4u1p6e2r0a9t1e10 HTTP/1.1" 200 20728 "-" "Mozilla/5.0 (compatible; AhrefsBot/7.0; +http://ahrefs.com/robot/)"
47.128.29.89 - - [09/Sep/2026:19:27:31 +0200] "GET / HTTP/1.1" 200 20728 "-" "Mozilla/5.0 (Linux; Android 5.0) AppleWebKit/537.36 (KHTML, like Gecko) Mobile Safari/537.36 (compatible; Bytespider; [email protected])"
47.128.115.72 - - [09/Sep/2026:19:27:53 +0200] "GET / HTTP/1.1" 302 - "-" "Mozilla/5.0 (Linux; Android 5.0) AppleWebKit/537.36 (KHTML, like Gecko) Mobile Safari/537.36 (compatible; TikTokSpider; [email protected])"
34.106.104.218 - - [09/Sep/2026:19:28:40 +0200] "GET / HTTP/1.1" 302 - "-" "Mozilla/5.0 (X11; Linux x86_64) AppleWebKit/537.36 (KHTML, like Gecko) Chrome/124.0 Safari/537.36"
216.73.217.37 - - [09/Sep/2026:19:29:10 +0200] "GET /robots.txt HTTP/1.1" 200 81 "-" "Mozilla/5.0 AppleWebKit/537.36 (KHTML, like Gecko; compatible; ClaudeBot/1.0; [email protected])"
185.43.220.19 - - [09/Sep/2026:19:29:13 +0200] "POST /wp-cron.php?doing_wp_cron=1788974953.1263051033020019531250 HTTP/1.1" 200 - "-" "WordPress/7.1; https://10bukmekers.com"
216.73.217.37 - - [09/Sep/2026:19:29:11 +0200] "GET /sitemap.xml HTTP/1.1" 200 1066 "-" "Mozilla/5.0 AppleWebKit/537.36 (KHTML, like Gecko; compatible; ClaudeBot/1.0; [email protected])"
185.43.220.19 - - [09/Sep/2026:19:30:12 +0200] "POST /wp-cron.php?doing_wp_cron=1788975012.5873179435729980468750 HTTP/1.1" 200 - "-" "WordPress/7.1; https://10bukmekers.com"
51.81.165.90 - - [09/Sep/2026:19:30:11 +0200] "GET /shops/advancer/r1e1c5k7o3n7e2r7069 HTTP/1.1" 200 20728 "-" "Mozilla/5.0 (compatible; AhrefsBot/7.0; +http://ahrefs.com/robot/)"
209.141.32.143 - - [09/Sep/2026:19:31:51 +0200] "GET /wp-content/plugins/tutor/readme.txt HTTP/1.1" 302 - "-" "Mozilla/5.0 (Windows NT 10.0; Win64; x64) AppleWebKit/537.36 (KHTML, like Gecko) Chrome/120.1.2.3 Safari/537.36 Edg/121.0.623.86"
185.43.220.19 - - [09/Sep/2026:19:33:36 +0200] "POST /wp-cron.php?doing_wp_cron=1788975215.9308369159698486328125 HTTP/1.1" 200 - "-" "WordPress/7.1; https://10bukmekers.com"
51.81.164.199 - - [09/Sep/2026:19:33:33 +0200] "GET /shops/olympics/s1p2i6r4i4t2u3a1l8i7s1m HTTP/1.1" 200 20728 "-" "Mozilla/5.0 (compatible; AhrefsBot/7.0; +http://ahrefs.com/robot/)"
185.43.220.19 - - [09/Sep/2026:19:34:33 +0200] "POST /wp-cron.php?doing_wp_cron=1788975273.2341029644012451171875 HTTP/1.1" 200 - "-" "WordPress/7.1; https://10bukmekers.com"
45.130.83.233 - - [09/Sep/2026:19:34:30 +0200] "POST /wp-login.php HTTP/1.1" 200 13500 "-" "Mozilla/5.0 (Windows NT 10.0; Win64; rv:143.0) Gecko/20100101 Firefox/143.0"
47.128.29.41 - - [09/Sep/2026:19:35:32 +0200] "GET / HTTP/1.1" 200 20728 "-" "Mozilla/5.0 (Linux; Android 5.0) AppleWebKit/537.36 (KHTML, like Gecko) Mobile Safari/537.36 (compatible; Bytespider; [email protected])"
47.128.115.47 - - [09/Sep/2026:19:35:50 +0200] "GET / HTTP/1.1" 302 - "-" "Mozilla/5.0 (Linux; Android 5.0) AppleWebKit/537.36 (KHTML, like Gecko) Mobile Safari/537.36 (compatible; TikTokSpider; [email protected])"
220.181.108.84 - - [09/Sep/2026:19:36:05 +0200] "GET /?feed=rss2&p=1 HTTP/1.1" 304 - "-" "Mozilla/5.0 (compatible; Baiduspider/2.0; +http://www.baidu.com/search/spider.html)"
51.81.170.2 - - [09/Sep/2026:19:37:06 +0200] "GET /shops/almayne/d1i2s8c8o7u4n2t3e5n1a1nced HTTP/1.1" 200 20728 "-" "Mozilla/5.0 (compatible; AhrefsBot/7.0; +http://ahrefs.com/robot/)"
51.68.111.244 - - [09/Sep/2026:19:41:11 +0200] "GET /robots.txt HTTP/1.1" 200 81 "-" "Mozilla/5.0 (compatible; MJ12bot/v2.0.5; http://mj12bot.com/)"
51.68.111.244 - - [09/Sep/2026:19:41:12 +0200] "GET / HTTP/1.1" 200 20728 "-" "Mozilla/5.0 (compatible; MJ12bot/v2.0.5; http://mj12bot.com/)"
185.43.220.19 - - [09/Sep/2026:19:41:33 +0200] "POST /wp-cron.php?doing_wp_cron=1788975693.5259931087493896484375 HTTP/1.1" 200 - "-" "WordPress/7.1; https://10bukmekers.com"
51.81.169.121 - - [09/Sep/2026:19:41:31 +0200] "GET /shops/cordaites/t1h1r1e6a5d1f0i4s2h06 HTTP/1.1" 200 20728 "-" "Mozilla/5.0 (compatible; AhrefsBot/7.0; +http://ahrefs.com/robot/)"
51.161.65.145 - - [09/Sep/2026:19:44:50 +0200] "GET /robots.txt HTTP/1.1" 200 81 "-" "Mozilla/5.0 (compatible; AhrefsBot/7.0; +http://ahrefs.com/robot/)"
51.161.37.31 - - [09/Sep/2026:19:44:54 +0200] "GET /cycloidian/seediness/1187003312 HTTP/1.1" 200 20728 "-" "Mozilla/5.0 (compatible; AhrefsBot/7.0; +http://ahrefs.com/robot/)"
47.128.29.90 - - [09/Sep/2026:19:45:39 +0200] "GET / HTTP/1.1" 200 20728 "-" "Mozilla/5.0 (Linux; Android 5.0) AppleWebKit/537.36 (KHTML, like Gecko) Mobile Safari/537.36 (compatible; Bytespider; [email protected])"
47.128.115.23 - - [09/Sep/2026:19:46:05 +0200] "GET / HTTP/1.1" 302 - "-" "Mozilla/5.0 (Linux; Android 5.0) AppleWebKit/537.36 (KHTML, like Gecko) Mobile Safari/537.36 (compatible; TikTokSpider; [email protected])"
91.105.125.244 - - [09/Sep/2026:19:47:28 +0200] "GET /wp-login.php HTTP/1.1" 200 13025 "-" "Mozilla/5.0 (X11; Linux x86_64) AppleWebKit/537.36 (KHTML, like Gecko) Chrome/149.0.0.0 Safari/537.36"
51.222.95.122 - - [09/Sep/2026:19:47:33 +0200] "GET /turbith/rivets/d1i3s4t1e1n4s6i5v8e05 HTTP/1.1" 200 20728 "-" "Mozilla/5.0 (compatible; AhrefsBot/7.0; +http://ahrefs.com/robot/)"
185.176.113.37 - - [09/Sep/2026:19:47:38 +0200] "POST /wp-login.php HTTP/1.1" 200 13493 "https://10bukmekers.com/wp-login.php" "Mozilla/5.0 (X11; Linux x86_64) AppleWebKit/537.36 (KHTML, like Gecko) Chrome/149.0.0.0 Safari/537.36"
185.43.220.19 - - [09/Sep/2026:19:48:00 +0200] "POST /wp-cron.php?doing_wp_cron=1788976080.8609440326690673828125 HTTP/1.1" 200 - "-" "WordPress/7.1; https://10bukmekers.com"
116.179.32.223 - - [09/Sep/2026:19:47:59 +0200] "GET /2018/01/31/keln-borussiya-d-prognoz-na-match-2-02-2018-k/ HTTP/1.1" 200 20728 "-" "Mozilla/5.0 (compatible; Baiduspider/2.0; +http://www.baidu.com/search/spider.html)"
148.113.128.70 - - [09/Sep/2026:19:48:39 +0200] "GET /coralligenous/sensory/13838427242 HTTP/1.1" 200 20728 "-" "Mozilla/5.0 (compatible; AhrefsBot/7.0; +http://ahrefs.com/robot/)"
185.43.220.19 - - [09/Sep/2026:19:49:16 +0200] "POST /wp-cron.php?doing_wp_cron=1788976156.1632289886474609375000 HTTP/1.1" 200 - "-" "WordPress/7.1; https://10bukmekers.com"
51.222.95.3 - - [09/Sep/2026:19:49:14 +0200] "GET /shops/throning/r1i3g6h8t0e4r1787 HTTP/1.1" 200 20728 "-" "Mozilla/5.0 (compatible; AhrefsBot/7.0; +http://ahrefs.com/robot/)"
142.44.225.210 - - [09/Sep/2026:19:49:30 +0200] "GET /shops/musculosity/p1r3o0l7e7g4o1m0e1n3a6ry HTTP/1.1" 200 20728 "-" "Mozilla/5.0 (compatible; AhrefsBot/7.0; +http://ahrefs.com/robot/)"
148.113.128.66 - - [09/Sep/2026:19:49:39 +0200] "GET /towser/parnassius/u1n4m2i4t8e6r85335 HTTP/1.1" 200 20728 "-" "Mozilla/5.0 (compatible; AhrefsBot/7.0; +http://ahrefs.com/robot/)"
15.235.96.136 - - [09/Sep/2026:19:49:47 +0200] "GET /brickfield/reverting/12774695755 HTTP/1.1" 200 20728 "-" "Mozilla/5.0 (compatible; AhrefsBot/7.0; +http://ahrefs.com/robot/)"
185.43.220.19 - - [09/Sep/2026:19:49:56 +0200] "POST /wp-cron.php?doing_wp_cron=1788976196.9364368915557861328125 HTTP/1.1" 200 - "-" "WordPress/7.1; https://10bukmekers.com"
142.44.228.219 - - [09/Sep/2026:19:49:55 +0200] "GET /shops/jocundness/n1e3e8d5l6e387262 HTTP/1.1" 200 20728 "-" "Mozilla/5.0 (compatible; AhrefsBot/7.0; +http://ahrefs.com/robot/)"
148.113.130.32 - - [09/Sep/2026:19:50:03 +0200] "GET /leftish/parasynaxis/e1x3t5r2u8d9e4d5888 HTTP/1.1" 200 20728 "-" "Mozilla/5.0 (compatible; AhrefsBot/7.0; +http://ahrefs.com/robot/)"
15.235.98.138 - - [09/Sep/2026:19:50:11 +0200] "GET /shops/platonist/c1o2n9v6e9n4a8b5l3e52 HTTP/1.1" 200 20728 "-" "Mozilla/5.0 (compatible; AhrefsBot/7.0; +http://ahrefs.com/robot/)"
148.113.130.125 - - [09/Sep/2026:19:50:19 +0200] "GET /shops/corsac/l1a2m7b7k5i0l9l8948 HTTP/1.1" 200 20728 "-" "Mozilla/5.0 (compatible; AhrefsBot/7.0; +http://ahrefs.com/robot/)"
167.114.139.210 - - [09/Sep/2026:19:50:27 +0200] "GET /shops/albescence/c1a1s3e5i8c33447 HTTP/1.1" 200 20728 "-" "Mozilla/5.0 (compatible; AhrefsBot/7.0; +http://ahrefs.com/robot/)"
54.39.6.100 - - [09/Sep/2026:19:50:35 +0200] "GET /shops/elknut/t1h9w6a5r0t3n1e8s4s8 HTTP/1.1" 200 20728 "-" "Mozilla/5.0 (compatible; AhrefsBot/7.0; +http://ahrefs.com/robot/)"
54.39.6.196 - - [09/Sep/2026:19:50:43 +0200] "GET /shops/capitularies/a1d9u9l2t5e3r6i9e0s7 HTTP/1.1" 200 20728 "-" "Mozilla/5.0 (compatible; AhrefsBot/7.0; +http://ahrefs.com/robot/)"
51.222.168.196 - - [09/Sep/2026:19:50:51 +0200] "GET /shops/heartburning/b1e3t9r9o3t1h4e7d287 HTTP/1.1" 200 20728 "-" "Mozilla/5.0 (compatible; AhrefsBot/7.0; +http://ahrefs.com/robot/)"
142.44.228.83 - - [09/Sep/2026:19:51:00 +0200] "GET /alleging/twoedged/1690225703 HTTP/1.1" 200 20728 "-" "Mozilla/5.0 (compatible; AhrefsBot/7.0; +http://ahrefs.com/robot/)"
47.128.29.88 - - [09/Sep/2026:19:51:35 +0200] "GET / HTTP/1.1" 200 20728 "-" "Mozilla/5.0 (Linux; Android 5.0) AppleWebKit/537.36 (KHTML, like Gecko) Mobile Safari/537.36 (compatible; Bytespider; [email protected])"
185.43.220.19 - - [09/Sep/2026:19:52:08 +0200] "POST /wp-cron.php?doing_wp_cron=1788976327.9517979621887207031250 HTTP/1.1" 200 - "-" "WordPress/7.1; https://10bukmekers.com"
167.114.139.52 - - [09/Sep/2026:19:52:06 +0200] "GET /shops/mutic/r1e2s4p3i2r1e60002 HTTP/1.1" 200 20728 "-" "Mozilla/5.0 (compatible; AhrefsBot/7.0; +http://ahrefs.com/robot/)"
54.39.203.39 - - [09/Sep/2026:19:52:13 +0200] "GET /shops/demote/p1a4r0a3c2h8u1t3e6r62 HTTP/1.1" 200 20728 "-" "Mozilla/5.0 (compatible; AhrefsBot/7.0; +http://ahrefs.com/robot/)"
185.43.220.19 - - [09/Sep/2026:19:52:23 +0200] "POST /wp-cron.php?doing_wp_cron=1788976343.4409101009368896484375 HTTP/1.1" 200 - "-" "WordPress/7.1; https://10bukmekers.com"
15.235.96.191 - - [09/Sep/2026:19:52:21 +0200] "GET /azerbaidzhan/insufficiency/11948734360 HTTP/1.1" 200 20728 "-" "Mozilla/5.0 (compatible; AhrefsBot/7.0; +http://ahrefs.com/robot/)"
142.44.225.224 - - [09/Sep/2026:19:52:28 +0200] "GET /shops/serena/p1e4a1s1t0o5n4e662 HTTP/1.1" 200 20728 "-" "Mozilla/5.0 (compatible; AhrefsBot/7.0; +http://ahrefs.com/robot/)"
15.235.27.227 - - [09/Sep/2026:19:52:36 +0200] "GET /shops/pyrrhotine/s1k3i2l7l0f8u8l7l6y48 HTTP/1.1" 200 20728 "-" "Mozilla/5.0 (compatible; AhrefsBot/7.0; +http://ahrefs.com/robot/)"
