185.43.220.19 - - [09/Sep/2026:20:42:57 +0200] "POST /wp-cron.php?doing_wp_cron=1788979377.5298080444335937500000 HTTP/1.1" 200 - "-" "WordPress/7.1; https://10bukmekers.com"
51.161.37.100 - - [09/Sep/2026:20:42:52 +0200] "GET /shops/sycoceric/b1l4o5o3d8s3h5o9t1t9en HTTP/1.1" 301 - "-" "Mozilla/5.0 (compatible; AhrefsBot/7.0; +http://ahrefs.com/robot/)"
5.83.135.102 - - [09/Sep/2026:20:42:55 +0200] "GET /wp-login.php?redirect_to=https%3A%2F%2F10bukmekers.com%2Fwp-admin%2Fprofile.php&reauth=1 HTTP/1.1" 503 - "https://10bukmekers.com/wp-login.php" "Mozilla/5.0 (Macintosh; Intel Mac OS X 10_15_7; rv:120.0) Gecko/20100101 Firefox/120.0"
142.44.220.125 - - [09/Sep/2026:20:43:03 +0200] "GET /shops/physicism/c1l2i0n9a0n5t2h4i6u1m6 HTTP/1.1" 503 468 "-" "Mozilla/5.0 (compatible; AhrefsBot/7.0; +http://ahrefs.com/robot/)"
5.83.135.102 - - [09/Sep/2026:20:43:05 +0200] "GET /wp-login.php?redirect_to=https%3A%2F%2F10bukmekers.com%2Fwp-admin%2Fprofile.php&reauth=1 HTTP/1.1" 200 13143 "https://10bukmekers.com/wp-login.php" "Mozilla/5.0 (Macintosh; Intel Mac OS X 10_15_7; rv:120.0) Gecko/20100101 Firefox/120.0"
5.83.135.102 - - [09/Sep/2026:20:43:12 +0200] "POST /wp-login.php HTTP/1.1" 200 13505 "https://10bukmekers.com/wp-login.php" "Mozilla/5.0 (Macintosh; Intel Mac OS X 10_15_7; rv:121.0) Gecko/20100101 Firefox/121.0"
148.113.130.27 - - [09/Sep/2026:20:43:13 +0200] "GET /shops/niacinamide/c1a6l1o1r2i3d3u4c2t7 HTTP/1.1" 301 - "-" "Mozilla/5.0 (compatible; AhrefsBot/7.0; +http://ahrefs.com/robot/)"
5.83.135.102 - - [09/Sep/2026:20:43:17 +0200] "GET /wp-admin/index.php HTTP/1.1" 302 - "https://10bukmekers.com/wp-login.php" "Mozilla/5.0 (Macintosh; Intel Mac OS X 13_6_1) AppleWebKit/537.36 (KHTML, like Gecko) Chrome/121.0.0.0 Safari/537.36"
5.83.135.102 - - [09/Sep/2026:20:43:22 +0200] "GET /wp-login.php?redirect_to=https%3A%2F%2F10bukmekers.com%2Fwp-admin%2Findex.php&reauth=1 HTTP/1.1" 200 13139 "https://10bukmekers.com/wp-login.php" "Mozilla/5.0 (Macintosh; Intel Mac OS X 13_6_1) AppleWebKit/537.36 (KHTML, like Gecko) Chrome/121.0.0.0 Safari/537.36"
5.83.135.102 - - [09/Sep/2026:20:43:23 +0200] "POST /wp-login.php HTTP/1.1" 200 13505 "https://10bukmekers.com/wp-login.php" "Mozilla/5.0 (Windows NT 10.0; Win64; x64) AppleWebKit/537.36 (KHTML, like Gecko) Chrome/121.0.0.0 Safari/537.36"
5.83.135.102 - - [09/Sep/2026:20:43:25 +0200] "GET /wp-admin/index.php HTTP/1.1" 302 - "https://10bukmekers.com/wp-login.php" "Mozilla/5.0 (Windows NT 11.0; Win64; x64; rv:121.0) Gecko/20100101 Firefox/121.0"
5.83.135.102 - - [09/Sep/2026:20:43:26 +0200] "GET /wp-login.php?redirect_to=https%3A%2F%2F10bukmekers.com%2Fwp-admin%2Findex.php&reauth=1 HTTP/1.1" 200 13139 "https://10bukmekers.com/wp-login.php" "Mozilla/5.0 (Windows NT 11.0; Win64; x64; rv:121.0) Gecko/20100101 Firefox/121.0"
5.83.135.102 - - [09/Sep/2026:20:43:33 +0200] "POST /wp-login.php HTTP/1.1" 200 13505 "https://10bukmekers.com/wp-login.php" "Mozilla/5.0 (Windows NT 10.0; Win64; x64; rv:118.0) Gecko/20100101 Firefox/118.0"
54.39.136.160 - - [09/Sep/2026:20:43:35 +0200] "GET /shops/montezumae/p1h4a4n9t2a4s7m1a3g1oria HTTP/1.1" 301 - "-" "Mozilla/5.0 (compatible; AhrefsBot/7.0; +http://ahrefs.com/robot/)"
5.83.135.102 - - [09/Sep/2026:20:43:37 +0200] "GET /wp-admin/index.php HTTP/1.1" 302 - "https://10bukmekers.com/wp-login.php" "Mozilla/5.0 (Macintosh; Intel Mac OS X 10_15_7; rv:121.0) Gecko/20100101 Firefox/121.0"
5.83.135.102 - - [09/Sep/2026:20:43:39 +0200] "GET /wp-login.php?redirect_to=https%3A%2F%2F10bukmekers.com%2Fwp-admin%2Findex.php&reauth=1 HTTP/1.1" 200 13139 "https://10bukmekers.com/wp-login.php" "Mozilla/5.0 (Macintosh; Intel Mac OS X 10_15_7; rv:121.0) Gecko/20100101 Firefox/121.0"
5.83.135.102 - - [09/Sep/2026:20:43:42 +0200] "POST /wp-login.php HTTP/1.1" 200 13505 "https://10bukmekers.com/wp-login.php" "Mozilla/5.0 (X11; Linux x86_64) AppleWebKit/537.36 (KHTML, like Gecko) Chrome/121.0.0.0 Safari/537.36"
5.83.135.102 - - [09/Sep/2026:20:43:44 +0200] "GET /wp-admin/index.php HTTP/1.1" 302 - "https://10bukmekers.com/wp-login.php" "Mozilla/5.0 (Windows NT 10.0; Win64; x64) AppleWebKit/537.36 (KHTML, like Gecko) Chrome/118.0.0.0 Safari/537.36"
5.83.135.102 - - [09/Sep/2026:20:43:46 +0200] "GET /wp-login.php?redirect_to=https%3A%2F%2F10bukmekers.com%2Fwp-admin%2Findex.php&reauth=1 HTTP/1.1" 200 13139 "https://10bukmekers.com/wp-login.php" "Mozilla/5.0 (Windows NT 10.0; Win64; x64) AppleWebKit/537.36 (KHTML, like Gecko) Chrome/118.0.0.0 Safari/537.36"
5.83.135.102 - - [09/Sep/2026:20:43:47 +0200] "POST /wp-login.php HTTP/1.1" 200 13505 "https://10bukmekers.com/wp-login.php" "Mozilla/5.0 (Windows NT 10.0; Win64; x64; rv:119.0) Gecko/20100101 Firefox/119.0"
5.83.135.102 - - [09/Sep/2026:20:43:48 +0200] "GET /wp-admin/index.php HTTP/1.1" 302 - "https://10bukmekers.com/wp-login.php" "Mozilla/5.0 (Macintosh; Intel Mac OS X 13_6_1; rv:121.0) Gecko/20100101 Firefox/121.0"
5.83.135.102 - - [09/Sep/2026:20:43:49 +0200] "GET /wp-login.php?redirect_to=https%3A%2F%2F10bukmekers.com%2Fwp-admin%2Findex.php&reauth=1 HTTP/1.1" 200 13139 "https://10bukmekers.com/wp-login.php" "Mozilla/5.0 (Macintosh; Intel Mac OS X 13_6_1; rv:121.0) Gecko/20100101 Firefox/121.0"
5.83.135.102 - - [09/Sep/2026:20:43:54 +0200] "POST /wp-login.php HTTP/1.1" 200 13505 "https://10bukmekers.com/wp-login.php" "Mozilla/5.0 (Macintosh; Intel Mac OS X 13_6_1) AppleWebKit/537.36 (KHTML, like Gecko) Chrome/120.0.0.0 Safari/537.36"
185.43.220.19 - - [09/Sep/2026:20:43:58 +0200] "POST /wp-cron.php?doing_wp_cron=1788979438.3607909679412841796875 HTTP/1.1" 200 - "-" "WordPress/7.1; https://10bukmekers.com"
142.44.220.12 - - [09/Sep/2026:20:43:56 +0200] "GET /shops/fervor/d1i4a0t0e1s9s2a1r6o5n4 HTTP/1.1" 301 - "-" "Mozilla/5.0 (compatible; AhrefsBot/7.0; +http://ahrefs.com/robot/)"
5.83.135.102 - - [09/Sep/2026:20:43:59 +0200] "GET /wp-admin/index.php HTTP/1.1" 302 - "https://10bukmekers.com/wp-login.php" "Mozilla/5.0 (Windows NT 10.0; Win64; x64) AppleWebKit/537.36 (KHTML, like Gecko) Chrome/120.0.0.0 Safari/537.36"
5.83.135.102 - - [09/Sep/2026:20:44:01 +0200] "GET /wp-login.php?redirect_to=https%3A%2F%2F10bukmekers.com%2Fwp-admin%2Findex.php&reauth=1 HTTP/1.1" 200 13139 "https://10bukmekers.com/wp-login.php" "Mozilla/5.0 (Windows NT 10.0; Win64; x64) AppleWebKit/537.36 (KHTML, like Gecko) Chrome/120.0.0.0 Safari/537.36"
5.83.135.102 - - [09/Sep/2026:20:44:04 +0200] "POST /wp-login.php HTTP/1.1" 200 13505 "https://10bukmekers.com/wp-login.php" "Mozilla/5.0 (Macintosh; Intel Mac OS X 13_6_1) AppleWebKit/605.1.15 (KHTML, like Gecko) Version/17.2 Safari/605.1.15"
5.83.135.102 - - [09/Sep/2026:20:44:07 +0200] "GET /wp-admin/index.php HTTP/1.1" 302 - "https://10bukmekers.com/wp-login.php" "Mozilla/5.0 (Macintosh; Intel Mac OS X 10_15_7) AppleWebKit/537.36 (KHTML, like Gecko) Chrome/121.0.0.0 Safari/537.36"
5.83.135.102 - - [09/Sep/2026:20:44:09 +0200] "GET /wp-login.php?redirect_to=https%3A%2F%2F10bukmekers.com%2Fwp-admin%2Findex.php&reauth=1 HTTP/1.1" 200 13139 "https://10bukmekers.com/wp-login.php" "Mozilla/5.0 (Macintosh; Intel Mac OS X 10_15_7) AppleWebKit/537.36 (KHTML, like Gecko) Chrome/121.0.0.0 Safari/537.36"
5.83.135.102 - - [09/Sep/2026:20:44:12 +0200] "POST /wp-login.php HTTP/1.1" 200 13505 "https://10bukmekers.com/wp-login.php" "Mozilla/5.0 (Windows NT 10.0; Win64; x64; rv:120.0) Gecko/20100101 Firefox/120.0"
185.43.220.19 - - [09/Sep/2026:20:44:20 +0200] "POST /wp-cron.php?doing_wp_cron=1788979460.2477390766143798828125 HTTP/1.1" 200 - "-" "WordPress/7.1; https://10bukmekers.com"
5.83.135.102 - - [09/Sep/2026:20:44:16 +0200] "GET /wp-admin/index.php HTTP/1.1" 302 - "https://10bukmekers.com/wp-login.php" "Mozilla/5.0 (X11; Ubuntu; Linux x86_64) AppleWebKit/537.36 (KHTML, like Gecko) Chrome/118.0.0.0 Safari/537.36"
54.39.0.129 - - [09/Sep/2026:20:44:17 +0200] "GET /shops/propraetor/b1e6l0l7e047848 HTTP/1.1" 301 - "-" "Mozilla/5.0 (compatible; AhrefsBot/7.0; +http://ahrefs.com/robot/)"
5.83.135.102 - - [09/Sep/2026:20:44:20 +0200] "GET /wp-login.php?redirect_to=https%3A%2F%2F10bukmekers.com%2Fwp-admin%2Findex.php&reauth=1 HTTP/1.1" 200 13139 "https://10bukmekers.com/wp-login.php" "Mozilla/5.0 (X11; Ubuntu; Linux x86_64) AppleWebKit/537.36 (KHTML, like Gecko) Chrome/118.0.0.0 Safari/537.36"
5.83.135.102 - - [09/Sep/2026:20:44:24 +0200] "POST /wp-login.php HTTP/1.1" 200 13505 "https://10bukmekers.com/wp-login.php" "Mozilla/5.0 (X11; Ubuntu; Linux x86_64) AppleWebKit/537.36 (KHTML, like Gecko) Chrome/121.0.0.0 Safari/537.36"
5.83.135.102 - - [09/Sep/2026:20:44:27 +0200] "GET /wp-admin/index.php HTTP/1.1" 302 - "https://10bukmekers.com/wp-login.php" "Mozilla/5.0 (Windows NT 10.0; Win64; x64) AppleWebKit/537.36 (KHTML, like Gecko) Chrome/120.0.0.0 Safari/537.36"
5.83.135.102 - - [09/Sep/2026:20:44:28 +0200] "GET /wp-login.php?redirect_to=https%3A%2F%2F10bukmekers.com%2Fwp-admin%2Findex.php&reauth=1 HTTP/1.1" 200 13139 "https://10bukmekers.com/wp-login.php" "Mozilla/5.0 (Windows NT 10.0; Win64; x64) AppleWebKit/537.36 (KHTML, like Gecko) Chrome/120.0.0.0 Safari/537.36"
5.83.135.102 - - [09/Sep/2026:20:44:29 +0200] "POST /wp-login.php HTTP/1.1" 200 13505 "https://10bukmekers.com/wp-login.php" "Mozilla/5.0 (Macintosh; Intel Mac OS X 13_6_1; rv:121.0) Gecko/20100101 Firefox/121.0"
5.83.135.102 - - [09/Sep/2026:20:44:31 +0200] "GET /wp-admin/index.php HTTP/1.1" 302 - "https://10bukmekers.com/wp-login.php" "Mozilla/5.0 (Macintosh; Intel Mac OS X 10_15_7) AppleWebKit/537.36 (KHTML, like Gecko) Chrome/121.0.0.0 Safari/537.36"
5.83.135.102 - - [09/Sep/2026:20:44:31 +0200] "GET /wp-login.php?redirect_to=https%3A%2F%2F10bukmekers.com%2Fwp-admin%2Findex.php&reauth=1 HTTP/1.1" 200 13139 "https://10bukmekers.com/wp-login.php" "Mozilla/5.0 (Macintosh; Intel Mac OS X 10_15_7) AppleWebKit/537.36 (KHTML, like Gecko) Chrome/121.0.0.0 Safari/537.36"
5.83.135.102 - - [09/Sep/2026:20:44:35 +0200] "POST /wp-login.php HTTP/1.1" 200 13505 "https://10bukmekers.com/wp-login.php" "Mozilla/5.0 (Windows NT 10.0; Win64; x64; rv:121.0) Gecko/20100101 Firefox/121.0"
5.83.135.102 - - [09/Sep/2026:20:44:38 +0200] "GET /wp-admin/index.php HTTP/1.1" 302 - "https://10bukmekers.com/wp-login.php" "Mozilla/5.0 (Macintosh; Intel Mac OS X 13_6_1) AppleWebKit/537.36 (KHTML, like Gecko) Chrome/119.0.0.0 Safari/537.36"
15.235.98.156 - - [09/Sep/2026:20:44:39 +0200] "GET /airwoman/defiatory/o1d1y8n6e1r9u4s406 HTTP/1.1" 301 - "-" "Mozilla/5.0 (compatible; AhrefsBot/7.0; +http://ahrefs.com/robot/)"
5.83.135.102 - - [09/Sep/2026:20:44:41 +0200] "GET /wp-login.php?redirect_to=https%3A%2F%2F10bukmekers.com%2Fwp-admin%2Findex.php&reauth=1 HTTP/1.1" 200 13139 "https://10bukmekers.com/wp-login.php" "Mozilla/5.0 (Macintosh; Intel Mac OS X 13_6_1) AppleWebKit/537.36 (KHTML, like Gecko) Chrome/119.0.0.0 Safari/537.36"
5.83.135.102 - - [09/Sep/2026:20:44:45 +0200] "POST /wp-login.php HTTP/1.1" 200 13505 "https://10bukmekers.com/wp-login.php" "Mozilla/5.0 (Macintosh; Intel Mac OS X 10_15_7) AppleWebKit/605.1.15 (KHTML, like Gecko) Version/16.6 Safari/605.1.15"
5.83.135.102 - - [09/Sep/2026:20:44:47 +0200] "GET /wp-admin/index.php HTTP/1.1" 302 - "https://10bukmekers.com/wp-login.php" "Mozilla/5.0 (Windows NT 10.0; Win64; x64) AppleWebKit/537.36 (KHTML, like Gecko) Chrome/119.0.0.0 Safari/537.36"
5.83.135.102 - - [09/Sep/2026:20:44:49 +0200] "GET /wp-login.php?redirect_to=https%3A%2F%2F10bukmekers.com%2Fwp-admin%2Findex.php&reauth=1 HTTP/1.1" 200 13139 "https://10bukmekers.com/wp-login.php" "Mozilla/5.0 (Windows NT 10.0; Win64; x64) AppleWebKit/537.36 (KHTML, like Gecko) Chrome/119.0.0.0 Safari/537.36"
5.83.135.102 - - [09/Sep/2026:20:44:50 +0200] "POST /wp-login.php HTTP/1.1" 200 13505 "https://10bukmekers.com/wp-login.php" "Mozilla/5.0 (Windows NT 10.0; Win64; x64) AppleWebKit/537.36 (KHTML, like Gecko) Chrome/118.0.0.0 Safari/537.36"
5.83.135.102 - - [09/Sep/2026:20:44:52 +0200] "GET /wp-admin/index.php HTTP/1.1" 302 - "https://10bukmekers.com/wp-login.php" "Mozilla/5.0 (Macintosh; Intel Mac OS X 13_6_1) AppleWebKit/605.1.15 (KHTML, like Gecko) Version/17.1 Safari/605.1.15"
5.83.135.102 - - [09/Sep/2026:20:44:53 +0200] "GET /wp-login.php?redirect_to=https%3A%2F%2F10bukmekers.com%2Fwp-admin%2Findex.php&reauth=1 HTTP/1.1" 200 13139 "https://10bukmekers.com/wp-login.php" "Mozilla/5.0 (Macintosh; Intel Mac OS X 13_6_1) AppleWebKit/605.1.15 (KHTML, like Gecko) Version/17.1 Safari/605.1.15"
185.43.220.19 - - [09/Sep/2026:20:44:57 +0200] "POST /wp-cron.php?doing_wp_cron=1788979497.5346629619598388671875 HTTP/1.1" 200 - "-" "WordPress/7.1; https://10bukmekers.com"
5.83.135.102 - - [09/Sep/2026:20:44:56 +0200] "POST /wp-login.php HTTP/1.1" 200 13505 "https://10bukmekers.com/wp-login.php" "Mozilla/5.0 (Windows NT 10.0; Win64; x64) AppleWebKit/537.36 (KHTML, like Gecko) Chrome/118.0.0.0 Safari/537.36"
5.83.135.102 - - [09/Sep/2026:20:44:57 +0200] "GET /wp-admin/index.php HTTP/1.1" 302 - "https://10bukmekers.com/wp-login.php" "Mozilla/5.0 (Macintosh; Intel Mac OS X 13_6_1) AppleWebKit/605.1.15 (KHTML, like Gecko) Version/17.0 Safari/605.1.15"
148.113.130.9 - - [09/Sep/2026:20:45:00 +0200] "GET /shops/sororize/i1n9f0l4a3t1a8b5l7e7 HTTP/1.1" 301 - "-" "Mozilla/5.0 (compatible; AhrefsBot/7.0; +http://ahrefs.com/robot/)"
5.83.135.102 - - [09/Sep/2026:20:45:00 +0200] "GET /wp-login.php?redirect_to=https%3A%2F%2F10bukmekers.com%2Fwp-admin%2Findex.php&reauth=1 HTTP/1.1" 200 13139 "https://10bukmekers.com/wp-login.php" "Mozilla/5.0 (Macintosh; Intel Mac OS X 13_6_1) AppleWebKit/605.1.15 (KHTML, like Gecko) Version/17.0 Safari/605.1.15"
5.83.135.102 - - [09/Sep/2026:20:45:02 +0200] "POST /wp-login.php HTTP/1.1" 200 13505 "https://10bukmekers.com/wp-login.php" "Mozilla/5.0 (Windows NT 10.0; Win64; x64) AppleWebKit/537.36 (KHTML, like Gecko) Chrome/118.0.0.0 Safari/537.36"
5.83.135.102 - - [09/Sep/2026:20:45:04 +0200] "GET /wp-admin/index.php HTTP/1.1" 302 - "https://10bukmekers.com/wp-login.php" "Mozilla/5.0 (Windows NT 11.0; Win64; x64) AppleWebKit/537.36 (KHTML, like Gecko) Chrome/120.0.0.0 Safari/537.36"
5.83.135.102 - - [09/Sep/2026:20:45:05 +0200] "GET /wp-login.php?redirect_to=https%3A%2F%2F10bukmekers.com%2Fwp-admin%2Findex.php&reauth=1 HTTP/1.1" 200 13139 "https://10bukmekers.com/wp-login.php" "Mozilla/5.0 (Windows NT 11.0; Win64; x64) AppleWebKit/537.36 (KHTML, like Gecko) Chrome/120.0.0.0 Safari/537.36"
5.83.135.102 - - [09/Sep/2026:20:45:07 +0200] "POST /wp-login.php HTTP/1.1" 200 13505 "https://10bukmekers.com/wp-login.php" "Mozilla/5.0 (Macintosh; Intel Mac OS X 13_6_1) AppleWebKit/537.36 (KHTML, like Gecko) Chrome/118.0.0.0 Safari/537.36"
5.83.135.102 - - [09/Sep/2026:20:45:09 +0200] "GET /wp-admin/index.php HTTP/1.1" 302 - "https://10bukmekers.com/wp-login.php" "Mozilla/5.0 (Windows NT 10.0; Win64; x64) AppleWebKit/537.36 (KHTML, like Gecko) Chrome/121.0.0.0 Safari/537.36"
5.83.135.102 - - [09/Sep/2026:20:45:11 +0200] "GET /wp-login.php?redirect_to=https%3A%2F%2F10bukmekers.com%2Fwp-admin%2Findex.php&reauth=1 HTTP/1.1" 200 13139 "https://10bukmekers.com/wp-login.php" "Mozilla/5.0 (Windows NT 10.0; Win64; x64) AppleWebKit/537.36 (KHTML, like Gecko) Chrome/121.0.0.0 Safari/537.36"
5.83.135.102 - - [09/Sep/2026:20:45:13 +0200] "POST /wp-login.php HTTP/1.1" 200 13505 "https://10bukmekers.com/wp-login.php" "Mozilla/5.0 (X11; Linux x86_64) AppleWebKit/537.36 (KHTML, like Gecko) Chrome/118.0.0.0 Safari/537.36"
5.83.135.102 - - [09/Sep/2026:20:45:14 +0200] "GET /wp-admin/index.php HTTP/1.1" 302 - "https://10bukmekers.com/wp-login.php" "Mozilla/5.0 (X11; Ubuntu; Linux x86_64) AppleWebKit/537.36 (KHTML, like Gecko) Chrome/121.0.0.0 Safari/537.36"
5.83.135.102 - - [09/Sep/2026:20:45:14 +0200] "GET /wp-login.php?redirect_to=https%3A%2F%2F10bukmekers.com%2Fwp-admin%2Findex.php&reauth=1 HTTP/1.1" 200 13139 "https://10bukmekers.com/wp-login.php" "Mozilla/5.0 (X11; Ubuntu; Linux x86_64) AppleWebKit/537.36 (KHTML, like Gecko) Chrome/121.0.0.0 Safari/537.36"
185.43.220.19 - - [09/Sep/2026:20:45:18 +0200] "POST /wp-cron.php?doing_wp_cron=1788979517.9381840229034423828125 HTTP/1.1" 200 - "-" "WordPress/7.1; https://10bukmekers.com"
5.83.135.102 - - [09/Sep/2026:20:45:16 +0200] "POST /wp-login.php HTTP/1.1" 200 13505 "https://10bukmekers.com/wp-login.php" "Mozilla/5.0 (Windows NT 10.0; Win64; x64) AppleWebKit/537.36 (KHTML, like Gecko) Chrome/121.0.0.0 Safari/537.36"
5.83.135.102 - - [09/Sep/2026:20:45:18 +0200] "GET /wp-admin/index.php HTTP/1.1" 302 - "https://10bukmekers.com/wp-login.php" "Mozilla/5.0 (Macintosh; Intel Mac OS X 13_6_1) AppleWebKit/537.36 (KHTML, like Gecko) Chrome/121.0.0.0 Safari/537.36"
54.39.210.203 - - [09/Sep/2026:20:45:20 +0200] "GET /shops/lamarckianism/c1i4n0n9a9b7a1r8i5n7e0 HTTP/1.1" 301 - "-" "Mozilla/5.0 (compatible; AhrefsBot/7.0; +http://ahrefs.com/robot/)"
5.83.135.102 - - [09/Sep/2026:20:45:20 +0200] "GET /wp-login.php?redirect_to=https%3A%2F%2F10bukmekers.com%2Fwp-admin%2Findex.php&reauth=1 HTTP/1.1" 200 13139 "https://10bukmekers.com/wp-login.php" "Mozilla/5.0 (Macintosh; Intel Mac OS X 13_6_1) AppleWebKit/537.36 (KHTML, like Gecko) Chrome/121.0.0.0 Safari/537.36"
5.83.135.102 - - [09/Sep/2026:20:45:23 +0200] "POST /wp-login.php HTTP/1.1" 200 13505 "https://10bukmekers.com/wp-login.php" "Mozilla/5.0 (Macintosh; Intel Mac OS X 10_15_7) AppleWebKit/605.1.15 (KHTML, like Gecko) Version/16.6 Safari/605.1.15"
5.83.135.102 - - [09/Sep/2026:20:45:25 +0200] "GET /wp-admin/index.php HTTP/1.1" 302 - "https://10bukmekers.com/wp-login.php" "Mozilla/5.0 (Windows NT 11.0; Win64; x64; rv:119.0) Gecko/20100101 Firefox/119.0"
5.83.135.102 - - [09/Sep/2026:20:45:26 +0200] "GET /wp-login.php?redirect_to=https%3A%2F%2F10bukmekers.com%2Fwp-admin%2Findex.php&reauth=1 HTTP/1.1" 200 13139 "https://10bukmekers.com/wp-login.php" "Mozilla/5.0 (Windows NT 11.0; Win64; x64; rv:119.0) Gecko/20100101 Firefox/119.0"
5.83.135.102 - - [09/Sep/2026:20:45:30 +0200] "POST /wp-login.php HTTP/1.1" 200 13505 "https://10bukmekers.com/wp-login.php" "Mozilla/5.0 (Windows NT 11.0; Win64; x64; rv:120.0) Gecko/20100101 Firefox/120.0"
5.83.135.102 - - [09/Sep/2026:20:45:31 +0200] "GET /wp-admin/index.php HTTP/1.1" 302 - "https://10bukmekers.com/wp-login.php" "Mozilla/5.0 (Windows NT 10.0; Win64; x64) AppleWebKit/537.36 (KHTML, like Gecko) Chrome/121.0.0.0 Safari/537.36"
5.83.135.102 - - [09/Sep/2026:20:45:32 +0200] "GET /wp-login.php?redirect_to=https%3A%2F%2F10bukmekers.com%2Fwp-admin%2Findex.php&reauth=1 HTTP/1.1" 200 13139 "https://10bukmekers.com/wp-login.php" "Mozilla/5.0 (Windows NT 10.0; Win64; x64) AppleWebKit/537.36 (KHTML, like Gecko) Chrome/121.0.0.0 Safari/537.36"
5.83.135.102 - - [09/Sep/2026:20:45:33 +0200] "POST /wp-login.php HTTP/1.1" 200 13505 "https://10bukmekers.com/wp-login.php" "Mozilla/5.0 (Windows NT 10.0; Win64; x64) AppleWebKit/537.36 (KHTML, like Gecko) Chrome/118.0.0.0 Safari/537.36"
5.83.135.102 - - [09/Sep/2026:20:45:35 +0200] "GET /wp-admin/index.php HTTP/1.1" 302 - "https://10bukmekers.com/wp-login.php" "Mozilla/5.0 (Macintosh; Intel Mac OS X 10_15_7; rv:121.0) Gecko/20100101 Firefox/121.0"
5.83.135.102 - - [09/Sep/2026:20:45:37 +0200] "GET /wp-login.php?redirect_to=https%3A%2F%2F10bukmekers.com%2Fwp-admin%2Findex.php&reauth=1 HTTP/1.1" 200 13139 "https://10bukmekers.com/wp-login.php" "Mozilla/5.0 (Macintosh; Intel Mac OS X 10_15_7; rv:121.0) Gecko/20100101 Firefox/121.0"
5.83.135.102 - - [09/Sep/2026:20:45:41 +0200] "POST /wp-login.php HTTP/1.1" 200 13505 "https://10bukmekers.com/wp-login.php" "Mozilla/5.0 (Windows NT 10.0; Win64; x64) AppleWebKit/537.36 (KHTML, like Gecko) Chrome/118.0.0.0 Safari/537.36"
15.235.27.234 - - [09/Sep/2026:20:45:43 +0200] "GET /shops/diarial/o1r3t2h5o9d5r2o5m5i4c4s HTTP/1.1" 301 - "-" "Mozilla/5.0 (compatible; AhrefsBot/7.0; +http://ahrefs.com/robot/)"
5.83.135.102 - - [09/Sep/2026:20:45:45 +0200] "GET /wp-admin/index.php HTTP/1.1" 302 - "https://10bukmekers.com/wp-login.php" "Mozilla/5.0 (Windows NT 10.0; Win64; x64; rv:118.0) Gecko/20100101 Firefox/118.0"
5.83.135.102 - - [09/Sep/2026:20:45:50 +0200] "GET /wp-login.php?redirect_to=https%3A%2F%2F10bukmekers.com%2Fwp-admin%2Findex.php&reauth=1 HTTP/1.1" 200 13139 "https://10bukmekers.com/wp-login.php" "Mozilla/5.0 (Windows NT 10.0; Win64; x64; rv:118.0) Gecko/20100101 Firefox/118.0"
5.83.135.102 - - [09/Sep/2026:20:45:52 +0200] "POST /wp-login.php HTTP/1.1" 200 13505 "https://10bukmekers.com/wp-login.php" "Mozilla/5.0 (Macintosh; Intel Mac OS X 10_15_7) AppleWebKit/537.36 (KHTML, like Gecko) Chrome/121.0.0.0 Safari/537.36"
185.43.220.19 - - [09/Sep/2026:20:45:55 +0200] "POST /wp-cron.php?doing_wp_cron=1788979555.0654931068420410156250 HTTP/1.1" 200 - "-" "WordPress/7.1; https://10bukmekers.com"
5.83.135.102 - - [09/Sep/2026:20:45:54 +0200] "GET /wp-admin/index.php HTTP/1.1" 302 - "https://10bukmekers.com/wp-login.php" "Mozilla/5.0 (Windows NT 10.0; Win64; x64; rv:121.0) Gecko/20100101 Firefox/121.0"
5.83.135.102 - - [09/Sep/2026:20:45:55 +0200] "GET /wp-login.php?redirect_to=https%3A%2F%2F10bukmekers.com%2Fwp-admin%2Findex.php&reauth=1 HTTP/1.1" 200 13139 "https://10bukmekers.com/wp-login.php" "Mozilla/5.0 (Windows NT 10.0; Win64; x64; rv:121.0) Gecko/20100101 Firefox/121.0"
5.83.135.102 - - [09/Sep/2026:20:45:57 +0200] "POST /wp-login.php HTTP/1.1" 200 13505 "https://10bukmekers.com/wp-login.php" "Mozilla/5.0 (X11; Linux x86_64) AppleWebKit/537.36 (KHTML, like Gecko) Chrome/121.0.0.0 Safari/537.36"
5.83.135.102 - - [09/Sep/2026:20:45:59 +0200] "GET /wp-admin/index.php HTTP/1.1" 302 - "https://10bukmekers.com/wp-login.php" "Mozilla/5.0 (Macintosh; Intel Mac OS X 13_6_1) AppleWebKit/537.36 (KHTML, like Gecko) Chrome/121.0.0.0 Safari/537.36"
5.83.135.102 - - [09/Sep/2026:20:46:00 +0200] "GET /wp-login.php?redirect_to=https%3A%2F%2F10bukmekers.com%2Fwp-admin%2Findex.php&reauth=1 HTTP/1.1" 200 13139 "https://10bukmekers.com/wp-login.php" "Mozilla/5.0 (Macintosh; Intel Mac OS X 13_6_1) AppleWebKit/537.36 (KHTML, like Gecko) Chrome/121.0.0.0 Safari/537.36"
5.83.135.102 - - [09/Sep/2026:20:46:01 +0200] "POST /wp-login.php HTTP/1.1" 200 13505 "https://10bukmekers.com/wp-login.php" "Mozilla/5.0 (Macintosh; Intel Mac OS X 13_6_1; rv:119.0) Gecko/20100101 Firefox/119.0"
5.83.135.102 - - [09/Sep/2026:20:46:03 +0200] "GET /wp-admin/index.php HTTP/1.1" 302 - "https://10bukmekers.com/wp-login.php" "Mozilla/5.0 (X11; Linux x86_64) AppleWebKit/537.36 (KHTML, like Gecko) Chrome/120.0.0.0 Safari/537.36"
5.83.135.102 - - [09/Sep/2026:20:46:04 +0200] "GET /wp-login.php?redirect_to=https%3A%2F%2F10bukmekers.com%2Fwp-admin%2Findex.php&reauth=1 HTTP/1.1" 200 13139 "https://10bukmekers.com/wp-login.php" "Mozilla/5.0 (X11; Linux x86_64) AppleWebKit/537.36 (KHTML, like Gecko) Chrome/120.0.0.0 Safari/537.36"
5.83.135.102 - - [09/Sep/2026:20:46:04 +0200] "POST /wp-login.php HTTP/1.1" 200 13505 "https://10bukmekers.com/wp-login.php" "Mozilla/5.0 (X11; Ubuntu; Linux x86_64) AppleWebKit/537.36 (KHTML, like Gecko) Chrome/119.0.0.0 Safari/537.36"
15.235.27.98 - - [09/Sep/2026:20:46:05 +0200] "GET /shops/aristocracy/h1y2l0o5t8h8e5i6s1m15 HTTP/1.1" 301 - "-" "Mozilla/5.0 (compatible; AhrefsBot/7.0; +http://ahrefs.com/robot/)"
5.83.135.102 - - [09/Sep/2026:20:46:06 +0200] "GET /wp-admin/index.php HTTP/1.1" 302 - "https://10bukmekers.com/wp-login.php" "Mozilla/5.0 (X11; Linux x86_64) AppleWebKit/537.36 (KHTML, like Gecko) Chrome/119.0.0.0 Safari/537.36"
5.83.135.102 - - [09/Sep/2026:20:46:08 +0200] "GET /wp-login.php?redirect_to=https%3A%2F%2F10bukmekers.com%2Fwp-admin%2Findex.php&reauth=1 HTTP/1.1" 200 13139 "https://10bukmekers.com/wp-login.php" "Mozilla/5.0 (X11; Linux x86_64) AppleWebKit/537.36 (KHTML, like Gecko) Chrome/119.0.0.0 Safari/537.36"
5.83.135.102 - - [09/Sep/2026:20:46:10 +0200] "POST /wp-login.php HTTP/1.1" 200 13505 "https://10bukmekers.com/wp-login.php" "Mozilla/5.0 (Windows NT 11.0; Win64; x64) AppleWebKit/537.36 (KHTML, like Gecko) Chrome/121.0.0.0 Safari/537.36"
5.83.135.102 - - [09/Sep/2026:20:46:11 +0200] "GET /wp-admin/index.php HTTP/1.1" 302 - "https://10bukmekers.com/wp-login.php" "Mozilla/5.0 (Macintosh; Intel Mac OS X 10_15_7; rv:119.0) Gecko/20100101 Firefox/119.0"
5.83.135.102 - - [09/Sep/2026:20:46:12 +0200] "GET /wp-login.php?redirect_to=https%3A%2F%2F10bukmekers.com%2Fwp-admin%2Findex.php&reauth=1 HTTP/1.1" 200 13139 "https://10bukmekers.com/wp-login.php" "Mozilla/5.0 (Macintosh; Intel Mac OS X 10_15_7; rv:119.0) Gecko/20100101 Firefox/119.0"
5.83.135.102 - - [09/Sep/2026:20:46:14 +0200] "POST /wp-login.php HTTP/1.1" 200 13505 "https://10bukmekers.com/wp-login.php" "Mozilla/5.0 (X11; Ubuntu; Linux x86_64) AppleWebKit/537.36 (KHTML, like Gecko) Chrome/118.0.0.0 Safari/537.36"
5.83.135.102 - - [09/Sep/2026:20:46:15 +0200] "GET /wp-admin/index.php HTTP/1.1" 302 - "https://10bukmekers.com/wp-login.php" "Mozilla/5.0 (Macintosh; Intel Mac OS X 10_15_7; rv:119.0) Gecko/20100101 Firefox/119.0"
185.43.220.19 - - [09/Sep/2026:20:46:18 +0200] "POST /wp-cron.php?doing_wp_cron=1788979578.0258989334106445312500 HTTP/1.1" 200 - "-" "WordPress/7.1; https://10bukmekers.com"
5.83.135.102 - - [09/Sep/2026:20:46:16 +0200] "GET /wp-login.php?redirect_to=https%3A%2F%2F10bukmekers.com%2Fwp-admin%2Findex.php&reauth=1 HTTP/1.1" 200 13139 "https://10bukmekers.com/wp-login.php" "Mozilla/5.0 (Macintosh; Intel Mac OS X 10_15_7; rv:119.0) Gecko/20100101 Firefox/119.0"
5.83.135.102 - - [09/Sep/2026:20:46:18 +0200] "POST /wp-login.php HTTP/1.1" 200 13505 "https://10bukmekers.com/wp-login.php" "Mozilla/5.0 (Macintosh; Intel Mac OS X 13_6_1) AppleWebKit/605.1.15 (KHTML, like Gecko) Version/17.1 Safari/605.1.15"
5.83.135.102 - - [09/Sep/2026:20:46:20 +0200] "GET /wp-admin/index.php HTTP/1.1" 302 - "https://10bukmekers.com/wp-login.php" "Mozilla/5.0 (Windows NT 11.0; Win64; x64) AppleWebKit/537.36 (KHTML, like Gecko) Chrome/119.0.0.0 Safari/537.36"
5.83.135.102 - - [09/Sep/2026:20:46:21 +0200] "GET /wp-login.php?redirect_to=https%3A%2F%2F10bukmekers.com%2Fwp-admin%2Findex.php&reauth=1 HTTP/1.1" 200 13139 "https://10bukmekers.com/wp-login.php" "Mozilla/5.0 (Windows NT 11.0; Win64; x64) AppleWebKit/537.36 (KHTML, like Gecko) Chrome/119.0.0.0 Safari/537.36"
5.83.135.102 - - [09/Sep/2026:20:46:23 +0200] "POST /wp-login.php HTTP/1.1" 200 13505 "https://10bukmekers.com/wp-login.php" "Mozilla/5.0 (Macintosh; Intel Mac OS X 13_6_1) AppleWebKit/605.1.15 (KHTML, like Gecko) Version/16.6 Safari/605.1.15"
5.83.135.102 - - [09/Sep/2026:20:46:24 +0200] "GET /wp-admin/index.php HTTP/1.1" 302 - "https://10bukmekers.com/wp-login.php" "Mozilla/5.0 (Macintosh; Intel Mac OS X 10_15_7) AppleWebKit/537.36 (KHTML, like Gecko) Chrome/121.0.0.0 Safari/537.36"
5.83.135.102 - - [09/Sep/2026:20:46:25 +0200] "GET /wp-login.php?redirect_to=https%3A%2F%2F10bukmekers.com%2Fwp-admin%2Findex.php&reauth=1 HTTP/1.1" 200 13139 "https://10bukmekers.com/wp-login.php" "Mozilla/5.0 (Macintosh; Intel Mac OS X 10_15_7) AppleWebKit/537.36 (KHTML, like Gecko) Chrome/121.0.0.0 Safari/537.36"
5.83.135.102 - - [09/Sep/2026:20:46:26 +0200] "POST /wp-login.php HTTP/1.1" 200 13505 "https://10bukmekers.com/wp-login.php" "Mozilla/5.0 (Windows NT 10.0; Win64; x64; rv:121.0) Gecko/20100101 Firefox/121.0"
5.83.135.102 - - [09/Sep/2026:20:46:27 +0200] "GET /wp-admin/index.php HTTP/1.1" 302 - "https://10bukmekers.com/wp-login.php" "Mozilla/5.0 (Macintosh; Intel Mac OS X 10_15_7) AppleWebKit/605.1.15 (KHTML, like Gecko) Version/17.1 Safari/605.1.15"
54.39.210.76 - - [09/Sep/2026:20:46:28 +0200] "GET /shops/rhynchophore/t1r3u3t6h8t4e2l4l9e5r6 HTTP/1.1" 301 - "-" "Mozilla/5.0 (compatible; AhrefsBot/7.0; +http://ahrefs.com/robot/)"
5.83.135.102 - - [09/Sep/2026:20:46:29 +0200] "GET /wp-login.php?redirect_to=https%3A%2F%2F10bukmekers.com%2Fwp-admin%2Findex.php&reauth=1 HTTP/1.1" 200 13139 "https://10bukmekers.com/wp-login.php" "Mozilla/5.0 (Macintosh; Intel Mac OS X 10_15_7) AppleWebKit/605.1.15 (KHTML, like Gecko) Version/17.1 Safari/605.1.15"
5.83.135.102 - - [09/Sep/2026:20:46:33 +0200] "POST /wp-login.php HTTP/1.1" 200 13505 "https://10bukmekers.com/wp-login.php" "Mozilla/5.0 (Macintosh; Intel Mac OS X 10_15_7; rv:120.0) Gecko/20100101 Firefox/120.0"
5.83.135.102 - - [09/Sep/2026:20:46:35 +0200] "GET /wp-admin/index.php HTTP/1.1" 302 - "https://10bukmekers.com/wp-login.php" "Mozilla/5.0 (Windows NT 11.0; Win64; x64) AppleWebKit/537.36 (KHTML, like Gecko) Chrome/120.0.0.0 Safari/537.36"
5.83.135.102 - - [09/Sep/2026:20:46:37 +0200] "GET /wp-login.php?redirect_to=https%3A%2F%2F10bukmekers.com%2Fwp-admin%2Findex.php&reauth=1 HTTP/1.1" 200 13139 "https://10bukmekers.com/wp-login.php" "Mozilla/5.0 (Windows NT 11.0; Win64; x64) AppleWebKit/537.36 (KHTML, like Gecko) Chrome/120.0.0.0 Safari/537.36"
5.83.135.102 - - [09/Sep/2026:20:46:39 +0200] "POST /wp-login.php HTTP/1.1" 200 13505 "https://10bukmekers.com/wp-login.php" "Mozilla/5.0 (Macintosh; Intel Mac OS X 10_15_7) AppleWebKit/537.36 (KHTML, like Gecko) Chrome/119.0.0.0 Safari/537.36"
5.83.135.102 - - [09/Sep/2026:20:46:40 +0200] "GET /wp-admin/index.php HTTP/1.1" 302 - "https://10bukmekers.com/wp-login.php" "Mozilla/5.0 (Macintosh; Intel Mac OS X 13_6_1) AppleWebKit/605.1.15 (KHTML, like Gecko) Version/17.1 Safari/605.1.15"
5.83.135.102 - - [09/Sep/2026:20:46:41 +0200] "GET /wp-login.php?redirect_to=https%3A%2F%2F10bukmekers.com%2Fwp-admin%2Findex.php&reauth=1 HTTP/1.1" 200 13139 "https://10bukmekers.com/wp-login.php" "Mozilla/5.0 (Macintosh; Intel Mac OS X 13_6_1) AppleWebKit/605.1.15 (KHTML, like Gecko) Version/17.1 Safari/605.1.15"
5.83.135.102 - - [09/Sep/2026:20:46:44 +0200] "POST /wp-login.php HTTP/1.1" 200 13505 "https://10bukmekers.com/wp-login.php" "Mozilla/5.0 (Macintosh; Intel Mac OS X 10_15_7; rv:121.0) Gecko/20100101 Firefox/121.0"
5.83.135.102 - - [09/Sep/2026:20:46:46 +0200] "GET /wp-admin/index.php HTTP/1.1" 302 - "https://10bukmekers.com/wp-login.php" "Mozilla/5.0 (X11; Linux x86_64) AppleWebKit/537.36 (KHTML, like Gecko) Chrome/119.0.0.0 Safari/537.36"
47.128.29.60 - - [09/Sep/2026:20:46:46 +0200] "GET / HTTP/1.1" 302 - "-" "Mozilla/5.0 (Linux; Android 5.0) AppleWebKit/537.36 (KHTML, like Gecko) Mobile Safari/537.36 (compatible; Bytespider; [email protected])"
5.83.135.102 - - [09/Sep/2026:20:46:47 +0200] "GET /wp-login.php?redirect_to=https%3A%2F%2F10bukmekers.com%2Fwp-admin%2Findex.php&reauth=1 HTTP/1.1" 200 13139 "https://10bukmekers.com/wp-login.php" "Mozilla/5.0 (X11; Linux x86_64) AppleWebKit/537.36 (KHTML, like Gecko) Chrome/119.0.0.0 Safari/537.36"
5.83.135.102 - - [09/Sep/2026:20:46:50 +0200] "POST /wp-login.php HTTP/1.1" 200 13505 "https://10bukmekers.com/wp-login.php" "Mozilla/5.0 (X11; Linux x86_64) AppleWebKit/537.36 (KHTML, like Gecko) Chrome/121.0.0.0 Safari/537.36"
15.235.27.172 - - [09/Sep/2026:20:46:51 +0200] "GET /shops/crossbill/i1n1t6r6o5d9u9c1t3i1v0ely HTTP/1.1" 301 - "-" "Mozilla/5.0 (compatible; AhrefsBot/7.0; +http://ahrefs.com/robot/)"
5.83.135.102 - - [09/Sep/2026:20:46:52 +0200] "GET /wp-admin/index.php HTTP/1.1" 302 - "https://10bukmekers.com/wp-login.php" "Mozilla/5.0 (X11; Ubuntu; Linux x86_64) AppleWebKit/537.36 (KHTML, like Gecko) Chrome/118.0.0.0 Safari/537.36"
185.43.220.19 - - [09/Sep/2026:20:46:56 +0200] "POST /wp-cron.php?doing_wp_cron=1788979616.4381508827209472656250 HTTP/1.1" 200 - "-" "WordPress/7.1; https://10bukmekers.com"
5.83.135.102 - - [09/Sep/2026:20:46:55 +0200] "GET /wp-login.php?redirect_to=https%3A%2F%2F10bukmekers.com%2Fwp-admin%2Findex.php&reauth=1 HTTP/1.1" 200 13139 "https://10bukmekers.com/wp-login.php" "Mozilla/5.0 (X11; Ubuntu; Linux x86_64) AppleWebKit/537.36 (KHTML, like Gecko) Chrome/118.0.0.0 Safari/537.36"
5.83.135.102 - - [09/Sep/2026:20:46:56 +0200] "POST /wp-login.php HTTP/1.1" 200 13505 "https://10bukmekers.com/wp-login.php" "Mozilla/5.0 (Macintosh; Intel Mac OS X 13_6_1) AppleWebKit/537.36 (KHTML, like Gecko) Chrome/119.0.0.0 Safari/537.36"
5.83.135.102 - - [09/Sep/2026:20:46:59 +0200] "GET /wp-admin/index.php HTTP/1.1" 302 - "https://10bukmekers.com/wp-login.php" "Mozilla/5.0 (Windows NT 10.0; Win64; x64) AppleWebKit/537.36 (KHTML, like Gecko) Chrome/119.0.0.0 Safari/537.36"
142.44.233.62 - - [09/Sep/2026:20:47:01 +0200] "GET /broth/candlemas/14051889680 HTTP/1.1" 301 - "-" "Mozilla/5.0 (compatible; AhrefsBot/7.0; +http://ahrefs.com/robot/)"
5.83.135.102 - - [09/Sep/2026:20:47:02 +0200] "GET /wp-login.php?redirect_to=https%3A%2F%2F10bukmekers.com%2Fwp-admin%2Findex.php&reauth=1 HTTP/1.1" 200 13139 "https://10bukmekers.com/wp-login.php" "Mozilla/5.0 (Windows NT 10.0; Win64; x64) AppleWebKit/537.36 (KHTML, like Gecko) Chrome/119.0.0.0 Safari/537.36"
5.83.135.102 - - [09/Sep/2026:20:47:05 +0200] "POST /wp-login.php HTTP/1.1" 200 13505 "https://10bukmekers.com/wp-login.php" "Mozilla/5.0 (Macintosh; Intel Mac OS X 13_6_1) AppleWebKit/605.1.15 (KHTML, like Gecko) Version/17.1 Safari/605.1.15"
5.83.135.102 - - [09/Sep/2026:20:47:07 +0200] "GET /wp-admin/index.php HTTP/1.1" 302 - "https://10bukmekers.com/wp-login.php" "Mozilla/5.0 (X11; Ubuntu; Linux x86_64) AppleWebKit/537.36 (KHTML, like Gecko) Chrome/120.0.0.0 Safari/537.36"
5.83.135.102 - - [09/Sep/2026:20:47:09 +0200] "GET /wp-login.php?redirect_to=https%3A%2F%2F10bukmekers.com%2Fwp-admin%2Findex.php&reauth=1 HTTP/1.1" 200 13139 "https://10bukmekers.com/wp-login.php" "Mozilla/5.0 (X11; Ubuntu; Linux x86_64) AppleWebKit/537.36 (KHTML, like Gecko) Chrome/120.0.0.0 Safari/537.36"
5.83.135.102 - - [09/Sep/2026:20:47:10 +0200] "POST /wp-login.php HTTP/1.1" 200 13505 "https://10bukmekers.com/wp-login.php" "Mozilla/5.0 (Windows NT 11.0; Win64; x64; rv:121.0) Gecko/20100101 Firefox/121.0"
5.83.135.102 - - [09/Sep/2026:20:47:11 +0200] "GET /wp-admin/index.php HTTP/1.1" 302 - "https://10bukmekers.com/wp-login.php" "Mozilla/5.0 (X11; Linux x86_64) AppleWebKit/537.36 (KHTML, like Gecko) Chrome/120.0.0.0 Safari/537.36"
142.44.220.244 - - [09/Sep/2026:20:47:12 +0200] "GET /shops/varicous/m1o3o3r1i2n1g7750 HTTP/1.1" 301 - "-" "Mozilla/5.0 (compatible; AhrefsBot/7.0; +http://ahrefs.com/robot/)"
185.43.220.19 - - [09/Sep/2026:20:47:17 +0200] "POST /wp-cron.php?doing_wp_cron=1788979637.4313569068908691406250 HTTP/1.1" 200 - "-" "WordPress/7.1; https://10bukmekers.com"
5.83.135.102 - - [09/Sep/2026:20:47:13 +0200] "GET /wp-login.php?redirect_to=https%3A%2F%2F10bukmekers.com%2Fwp-admin%2Findex.php&reauth=1 HTTP/1.1" 200 13139 "https://10bukmekers.com/wp-login.php" "Mozilla/5.0 (X11; Linux x86_64) AppleWebKit/537.36 (KHTML, like Gecko) Chrome/120.0.0.0 Safari/537.36"
5.83.135.102 - - [09/Sep/2026:20:47:17 +0200] "POST /wp-login.php HTTP/1.1" 200 13505 "https://10bukmekers.com/wp-login.php" "Mozilla/5.0 (Macintosh; Intel Mac OS X 13_6_1) AppleWebKit/605.1.15 (KHTML, like Gecko) Version/17.1 Safari/605.1.15"
5.83.135.102 - - [09/Sep/2026:20:47:20 +0200] "GET /wp-admin/index.php HTTP/1.1" 302 - "https://10bukmekers.com/wp-login.php" "Mozilla/5.0 (X11; Ubuntu; Linux x86_64) AppleWebKit/537.36 (KHTML, like Gecko) Chrome/121.0.0.0 Safari/537.36"
5.83.135.102 - - [09/Sep/2026:20:47:22 +0200] "GET /wp-login.php?redirect_to=https%3A%2F%2F10bukmekers.com%2Fwp-admin%2Findex.php&reauth=1 HTTP/1.1" 200 13139 "https://10bukmekers.com/wp-login.php" "Mozilla/5.0 (X11; Ubuntu; Linux x86_64) AppleWebKit/537.36 (KHTML, like Gecko) Chrome/121.0.0.0 Safari/537.36"
54.39.89.212 - - [09/Sep/2026:20:47:24 +0200] "GET /shops/outargue/m1e1s0o4l8a0b9e1588 HTTP/1.1" 301 - "-" "Mozilla/5.0 (compatible; AhrefsBot/7.0; +http://ahrefs.com/robot/)"
5.83.135.102 - - [09/Sep/2026:20:47:26 +0200] "POST /wp-login.php HTTP/1.1" 200 13505 "https://10bukmekers.com/wp-login.php" "Mozilla/5.0 (Windows NT 10.0; Win64; x64) AppleWebKit/537.36 (KHTML, like Gecko) Chrome/121.0.0.0 Safari/537.36"
220.181.108.83 - - [09/Sep/2026:20:47:29 +0200] "GET /2016/10/10/ HTTP/1.1" 200 75196 "-" "Mozilla/5.0 (compatible; Baiduspider/2.0; +http://www.baidu.com/search/spider.html)"
5.83.135.102 - - [09/Sep/2026:20:47:29 +0200] "GET /wp-admin/index.php HTTP/1.1" 302 - "https://10bukmekers.com/wp-login.php" "Mozilla/5.0 (Windows NT 11.0; Win64; x64) AppleWebKit/537.36 (KHTML, like Gecko) Chrome/118.0.0.0 Safari/537.36"
54.39.6.225 - - [09/Sep/2026:20:47:34 +0200] "GET /shops/cercosporella/s1t3a4i8n4d1e7r1616 HTTP/1.1" 301 - "-" "Mozilla/5.0 (compatible; AhrefsBot/7.0; +http://ahrefs.com/robot/)"
54.39.210.176 - - [09/Sep/2026:20:47:46 +0200] "GET /shops/tapetzella/h1e2a0r1t9y4h3a4l1e29 HTTP/1.1" 301 - "-" "Mozilla/5.0 (compatible; AhrefsBot/7.0; +http://ahrefs.com/robot/)"
185.43.220.19 - - [09/Sep/2026:20:48:00 +0200] "POST /wp-cron.php?doing_wp_cron=1788979680.8250069618225097656250 HTTP/1.1" 200 - "-" "WordPress/7.1; https://10bukmekers.com"
51.222.168.156 - - [09/Sep/2026:20:47:56 +0200] "GET /shops/servility/t1h3u5n1d7e3r9p1r7o0o5f HTTP/1.1" 301 - "-" "Mozilla/5.0 (compatible; AhrefsBot/7.0; +http://ahrefs.com/robot/)"
142.44.228.113 - - [09/Sep/2026:20:48:07 +0200] "GET /shops/scrammed/u1n1d7a2u2n9t2e1d6l2y9 HTTP/1.1" 301 - "-" "Mozilla/5.0 (compatible; AhrefsBot/7.0; +http://ahrefs.com/robot/)"
185.43.220.19 - - [09/Sep/2026:20:48:20 +0200] "POST /wp-cron.php?doing_wp_cron=1788979700.2491919994354248046875 HTTP/1.1" 200 - "-" "WordPress/7.1; https://10bukmekers.com"
148.113.128.203 - - [09/Sep/2026:20:48:18 +0200] "GET /shops/scelestic/i1c1h9t8h6y7o8p0s7i4d0a HTTP/1.1" 301 - "-" "Mozilla/5.0 (compatible; AhrefsBot/7.0; +http://ahrefs.com/robot/)"
148.113.130.86 - - [09/Sep/2026:20:48:30 +0200] "GET /fulsomely/aristocratism/1324041241 HTTP/1.1" 503 468 "-" "Mozilla/5.0 (compatible; AhrefsBot/7.0; +http://ahrefs.com/robot/)"
54.39.89.176 - - [09/Sep/2026:20:48:43 +0200] "GET /bedyeing/wisely/a1r3g3u9e2956503 HTTP/1.1" 503 468 "-" "Mozilla/5.0 (compatible; AhrefsBot/7.0; +http://ahrefs.com/robot/)"
185.43.220.19 - - [09/Sep/2026:20:49:08 +0200] "POST /wp-cron.php?doing_wp_cron=1788979748.1226129531860351562500 HTTP/1.1" 200 - "-" "WordPress/7.1; https://10bukmekers.com"
15.235.98.180 - - [09/Sep/2026:20:49:05 +0200] "GET /shops/misemployment/b1e8a8c6h3e4d993 HTTP/1.1" 301 - "-" "Mozilla/5.0 (compatible; AhrefsBot/7.0; +http://ahrefs.com/robot/)"
185.43.220.19 - - [09/Sep/2026:20:49:56 +0200] "POST /wp-cron.php?doing_wp_cron=1788979796.1365640163421630859375 HTTP/1.1" 200 - "-" "WordPress/7.1; https://10bukmekers.com"
142.44.225.177 - - [09/Sep/2026:20:49:52 +0200] "GET /shops/abigail/i1n2d2i6v5i5d0u8a9l2i2ze HTTP/1.1" 301 - "-" "Mozilla/5.0 (compatible; AhrefsBot/7.0; +http://ahrefs.com/robot/)"
185.43.220.19 - - [09/Sep/2026:20:50:39 +0200] "POST /wp-cron.php?doing_wp_cron=1788979839.1660931110382080078125 HTTP/1.1" 200 - "-" "WordPress/7.1; https://10bukmekers.com"
148.113.130.112 - - [09/Sep/2026:20:50:37 +0200] "GET /shops/hairdresser/e1m8p7h9y4t4e1u6s5i6s HTTP/1.1" 301 - "-" "Mozilla/5.0 (compatible; AhrefsBot/7.0; +http://ahrefs.com/robot/)"
185.43.220.19 - - [09/Sep/2026:20:51:25 +0200] "POST /wp-cron.php?doing_wp_cron=1788979885.2318251132965087890625 HTTP/1.1" 200 - "-" "WordPress/7.1; https://10bukmekers.com"
54.39.210.28 - - [09/Sep/2026:20:51:24 +0200] "GET /shops/disard/c1h2a3r5t0e0r9i8s1t61 HTTP/1.1" 301 - "-" "Mozilla/5.0 (compatible; AhrefsBot/7.0; +http://ahrefs.com/robot/)"
185.43.220.19 - - [09/Sep/2026:20:52:13 +0200] "POST /wp-cron.php?doing_wp_cron=1788979933.5264730453491210937500 HTTP/1.1" 200 - "-" "WordPress/7.1; https://10bukmekers.com"
15.235.27.190 - - [09/Sep/2026:20:52:10 +0200] "GET /shops/egocentric/r1e3f1r5e2s8h6i2n2g0l0y HTTP/1.1" 301 - "-" "Mozilla/5.0 (compatible; AhrefsBot/7.0; +http://ahrefs.com/robot/)"
185.43.220.19 - - [09/Sep/2026:20:52:56 +0200] "POST /wp-cron.php?doing_wp_cron=1788979976.6228458881378173828125 HTTP/1.1" 200 - "-" "WordPress/7.1; https://10bukmekers.com"
54.39.136.14 - - [09/Sep/2026:20:52:55 +0200] "GET /shops/sulphamate/a1c2h7e3n9e8s72801 HTTP/1.1" 301 - "-" "Mozilla/5.0 (compatible; AhrefsBot/7.0; +http://ahrefs.com/robot/)"
185.43.220.19 - - [09/Sep/2026:20:53:59 +0200] "POST /wp-cron.php?doing_wp_cron=1788980039.4593698978424072265625 HTTP/1.1" 200 - "-" "WordPress/7.1; https://10bukmekers.com"
54.39.6.84 - - [09/Sep/2026:20:53:58 +0200] "GET /shops/monothelite/s1t4a2r2t1i5s8h8188 HTTP/1.1" 301 - "-" "Mozilla/5.0 (compatible; AhrefsBot/7.0; +http://ahrefs.com/robot/)"
47.128.29.28 - - [09/Sep/2026:20:54:10 +0200] "GET / HTTP/1.1" 302 - "-" "Mozilla/5.0 (Linux; Android 5.0) AppleWebKit/537.36 (KHTML, like Gecko) Mobile Safari/537.36 (compatible; Bytespider; [email protected])"
51.222.168.168 - - [09/Sep/2026:20:54:52 +0200] "GET /shops/ditation/u1n3e6x1c5e1p7t8i3o6n1able HTTP/1.1" 301 - "-" "Mozilla/5.0 (compatible; AhrefsBot/7.0; +http://ahrefs.com/robot/)"
185.43.220.19 - - [09/Sep/2026:20:55:57 +0200] "POST /wp-cron.php?doing_wp_cron=1788980157.4478640556335449218750 HTTP/1.1" 200 - "-" "WordPress/7.1; https://10bukmekers.com"
167.114.139.168 - - [09/Sep/2026:20:55:54 +0200] "GET /widals/urbanize/c1e3n5t8r3i7n2g9897 HTTP/1.1" 301 - "-" "Mozilla/5.0 (compatible; AhrefsBot/7.0; +http://ahrefs.com/robot/)"
185.43.220.19 - - [09/Sep/2026:20:56:43 +0200] "POST /wp-cron.php?doing_wp_cron=1788980203.9407179355621337890625 HTTP/1.1" 200 - "-" "WordPress/7.1; https://10bukmekers.com"
148.113.128.159 - - [09/Sep/2026:20:56:42 +0200] "GET /shops/odontolite/r1e3e4n4l4i1s0t4231 HTTP/1.1" 301 - "-" "Mozilla/5.0 (compatible; AhrefsBot/7.0; +http://ahrefs.com/robot/)"
51.161.37.144 - - [09/Sep/2026:20:57:11 +0200] "GET /shops/monotremata/a1r1i2u8s6203136 HTTP/1.1" 301 - "-" "Mozilla/5.0 (compatible; AhrefsBot/7.0; +http://ahrefs.com/robot/)"
185.43.220.19 - - [09/Sep/2026:20:57:25 +0200] "POST /wp-cron.php?doing_wp_cron=1788980244.9294850826263427734375 HTTP/1.1" 200 - "-" "WordPress/7.1; https://10bukmekers.com"
15.235.98.82 - - [09/Sep/2026:20:57:22 +0200] "GET /shops/eyeminded/g1a3s4t9r7i2l6o7q1u1y1 HTTP/1.1" 301 - "-" "Mozilla/5.0 (compatible; AhrefsBot/7.0; +http://ahrefs.com/robot/)"
15.235.27.97 - - [09/Sep/2026:20:57:47 +0200] "GET /shops/mainsheet/v1o1l8u9n3t5a8r2y8i7s2m HTTP/1.1" 301 - "-" "Mozilla/5.0 (compatible; AhrefsBot/7.0; +http://ahrefs.com/robot/)"
185.43.220.19 - - [09/Sep/2026:20:58:03 +0200] "POST /wp-cron.php?doing_wp_cron=1788980283.7089979648590087890625 HTTP/1.1" 200 - "-" "WordPress/7.1; https://10bukmekers.com"
51.222.95.253 - - [09/Sep/2026:20:58:03 +0200] "GET /shops/indulge/s1l2a4u1g5h0t4e2r4o1u9sly HTTP/1.1" 301 - "-" "Mozilla/5.0 (compatible; AhrefsBot/7.0; +http://ahrefs.com/robot/)"
51.222.168.16 - - [09/Sep/2026:20:58:04 +0200] "GET /shops/ceratopsia/f1e2r0m4i4l8l7e7t750 HTTP/1.1" 301 - "-" "Mozilla/5.0 (compatible; AhrefsBot/7.0; +http://ahrefs.com/robot/)"
54.39.210.135 - - [09/Sep/2026:20:58:14 +0200] "GET /shops/fondness/r1e2g0u9l6a8r9n2e2s5s1 HTTP/1.1" 301 - "-" "Mozilla/5.0 (compatible; AhrefsBot/7.0; +http://ahrefs.com/robot/)"
51.161.37.106 - - [09/Sep/2026:20:58:26 +0200] "GET /shops/sauropsida/m1i2s6g1r2a1f6f0161 HTTP/1.1" 503 468 "-" "Mozilla/5.0 (compatible; AhrefsBot/7.0; +http://ahrefs.com/robot/)"
185.43.220.19 - - [09/Sep/2026:20:59:25 +0200] "POST /wp-cron.php?doing_wp_cron=1788980365.6277890205383300781250 HTTP/1.1" 200 - "-" "WordPress/7.1; https://10bukmekers.com"
116.179.32.16 - - [09/Sep/2026:20:59:24 +0200] "GET /2017/02/15/bastiya-monako-prognoz-na-match-17-02-2017-mon/ HTTP/1.1" 200 75196 "-" "Mozilla/5.0 (compatible; Baiduspider/2.0; +http://www.baidu.com/search/spider.html)"
51.222.95.48 - - [09/Sep/2026:20:59:39 +0200] "GET /shops/identify/i1m1i6t2a9t7o2r3761 HTTP/1.1" 301 - "-" "Mozilla/5.0 (compatible; AhrefsBot/7.0; +http://ahrefs.com/robot/)"
185.43.220.19 - - [09/Sep/2026:21:00:01 +0200] "POST /wp-cron.php?doing_wp_cron=1788980401.4533720016479492187500 HTTP/1.1" 200 - "-" "WordPress/7.1; https://10bukmekers.com"
51.161.37.58 - - [09/Sep/2026:20:59:59 +0200] "GET /shops/grapheme/w1a3r8r3i1n510341 HTTP/1.1" 301 - "-" "Mozilla/5.0 (compatible; AhrefsBot/7.0; +http://ahrefs.com/robot/)"
51.161.65.18 - - [09/Sep/2026:21:00:39 +0200] "GET /shops/directa/s1p3a8t1h1i5c89687 HTTP/1.1" 301 - "-" "Mozilla/5.0 (compatible; AhrefsBot/7.0; +http://ahrefs.com/robot/)"
185.43.220.19 - - [09/Sep/2026:21:01:04 +0200] "POST /wp-cron.php?doing_wp_cron=1788980464.3422019481658935546875 HTTP/1.1" 200 - "-" "WordPress/7.1; https://10bukmekers.com"
142.44.228.145 - - [09/Sep/2026:21:01:01 +0200] "GET /shops/odorate/h1u4r0d0l6e673981 HTTP/1.1" 301 - "-" "Mozilla/5.0 (compatible; AhrefsBot/7.0; +http://ahrefs.com/robot/)"
185.43.220.19 - - [09/Sep/2026:21:03:34 +0200] "POST /wp-cron.php?doing_wp_cron=1788980614.3511900901794433593750 HTTP/1.1" 200 - "-" "WordPress/7.1; https://10bukmekers.com"
167.114.139.101 - - [09/Sep/2026:21:03:33 +0200] "GET /shops/mischoosing/l1e2e4r4s6i4a83709 HTTP/1.1" 301 - "-" "Mozilla/5.0 (compatible; AhrefsBot/7.0; +http://ahrefs.com/robot/)"
185.43.220.19 - - [09/Sep/2026:21:03:56 +0200] "POST /wp-cron.php?doing_wp_cron=1788980636.1660780906677246093750 HTTP/1.1" 200 - "-" "WordPress/7.1; https://10bukmekers.com"
167.114.139.7 - - [09/Sep/2026:21:03:55 +0200] "GET /shops/unsadness/b1u3r7s3t0w4o7r6t404 HTTP/1.1" 301 - "-" "Mozilla/5.0 (compatible; AhrefsBot/7.0; +http://ahrefs.com/robot/)"
47.128.29.72 - - [09/Sep/2026:21:04:01 +0200] "GET / HTTP/1.1" 302 - "-" "Mozilla/5.0 (Linux; Android 5.0) AppleWebKit/537.36 (KHTML, like Gecko) Mobile Safari/537.36 (compatible; Bytespider; [email protected])"
185.43.220.19 - - [09/Sep/2026:21:04:18 +0200] "POST /wp-cron.php?doing_wp_cron=1788980658.5625619888305664062500 HTTP/1.1" 200 - "-" "WordPress/7.1; https://10bukmekers.com"
142.44.225.130 - - [09/Sep/2026:21:04:17 +0200] "GET /poundkeeper/habilimented/12611996638 HTTP/1.1" 301 - "-" "Mozilla/5.0 (compatible; AhrefsBot/7.0; +http://ahrefs.com/robot/)"
51.222.168.178 - - [09/Sep/2026:21:04:39 +0200] "GET /shops/selfbinder/a1c3e1t6a1l0d2e9h4y1d8e HTTP/1.1" 301 - "-" "Mozilla/5.0 (compatible; AhrefsBot/7.0; +http://ahrefs.com/robot/)"
185.43.220.19 - - [09/Sep/2026:21:05:01 +0200] "POST /wp-cron.php?doing_wp_cron=1788980701.6706581115722656250000 HTTP/1.1" 200 - "-" "WordPress/7.1; https://10bukmekers.com"
15.235.27.134 - - [09/Sep/2026:21:05:00 +0200] "GET /paraded/fishmonger/f1r1u6c7t0u7o4u3s6l0y5 HTTP/1.1" 301 - "-" "Mozilla/5.0 (compatible; AhrefsBot/7.0; +http://ahrefs.com/robot/)"
185.43.220.19 - - [09/Sep/2026:21:05:24 +0200] "POST /wp-cron.php?doing_wp_cron=1788980724.7510449886322021484375 HTTP/1.1" 200 - "-" "WordPress/7.1; https://10bukmekers.com"
54.39.0.158 - - [09/Sep/2026:21:05:22 +0200] "GET /humiri/vlissmaki/m1o3r4o1c1c8a6n8998 HTTP/1.1" 301 - "-" "Mozilla/5.0 (compatible; AhrefsBot/7.0; +http://ahrefs.com/robot/)"
142.44.225.135 - - [09/Sep/2026:21:05:44 +0200] "GET /shops/fazzolet/p1h1a6g2e3759335 HTTP/1.1" 301 - "-" "Mozilla/5.0 (compatible; AhrefsBot/7.0; +http://ahrefs.com/robot/)"
185.43.220.19 - - [09/Sep/2026:21:05:55 +0200] "POST /wp-cron.php?doing_wp_cron=1788980755.3024671077728271484375 HTTP/1.1" 200 - "-" "WordPress/7.1; https://10bukmekers.com"
51.161.65.245 - - [09/Sep/2026:21:05:54 +0200] "GET /shops/shelves/c1o3m3m7o0n8i4t9i1v5e4 HTTP/1.1" 301 - "-" "Mozilla/5.0 (compatible; AhrefsBot/7.0; +http://ahrefs.com/robot/)"
142.44.225.98 - - [09/Sep/2026:21:06:05 +0200] "GET /shops/paragraphically/s1e4a0m6a9r8k11450 HTTP/1.1" 301 - "-" "Mozilla/5.0 (compatible; AhrefsBot/7.0; +http://ahrefs.com/robot/)"
185.43.220.19 - - [09/Sep/2026:21:06:18 +0200] "POST /wp-cron.php?doing_wp_cron=1788980778.0857241153717041015625 HTTP/1.1" 200 - "-" "WordPress/7.1; https://10bukmekers.com"
51.222.95.87 - - [09/Sep/2026:21:06:17 +0200] "GET /shops/obedienciary/h1y3p4e3r9t5e1x5t443 HTTP/1.1" 301 - "-" "Mozilla/5.0 (compatible; AhrefsBot/7.0; +http://ahrefs.com/robot/)"
51.222.168.27 - - [09/Sep/2026:21:06:27 +0200] "GET /shops/martyrologe/s1a4r0l0a7c886080 HTTP/1.1" 301 - "-" "Mozilla/5.0 (compatible; AhrefsBot/7.0; +http://ahrefs.com/robot/)"
142.44.233.210 - - [09/Sep/2026:21:06:38 +0200] "GET /protometals/dicynodon/m1i4d0r8a6s3h0i4m80 HTTP/1.1" 301 - "-" "Mozilla/5.0 (compatible; AhrefsBot/7.0; +http://ahrefs.com/robot/)"
142.44.225.144 - - [09/Sep/2026:21:06:49 +0200] "GET /shops/pericarp/o1d1e0l4s2t6h9i3n9g10 HTTP/1.1" 301 - "-" "Mozilla/5.0 (compatible; AhrefsBot/7.0; +http://ahrefs.com/robot/)"
185.43.220.19 - - [09/Sep/2026:21:07:00 +0200] "POST /wp-cron.php?doing_wp_cron=1788980820.5289239883422851562500 HTTP/1.1" 200 - "-" "WordPress/7.1; https://10bukmekers.com"
54.39.0.104 - - [09/Sep/2026:21:06:59 +0200] "GET /shops/northing/p1l1a2c0e4b7o48444 HTTP/1.1" 301 - "-" "Mozilla/5.0 (compatible; AhrefsBot/7.0; +http://ahrefs.com/robot/)"
142.44.233.154 - - [09/Sep/2026:21:07:10 +0200] "GET /shops/discernibleness/c1o3n5g9e2s6t7i4v2e0 HTTP/1.1" 301 - "-" "Mozilla/5.0 (compatible; AhrefsBot/7.0; +http://ahrefs.com/robot/)"
185.43.220.19 - - [09/Sep/2026:21:07:21 +0200] "POST /wp-cron.php?doing_wp_cron=1788980841.7414679527282714843750 HTTP/1.1" 200 - "-" "WordPress/7.1; https://10bukmekers.com"
15.235.98.51 - - [09/Sep/2026:21:07:21 +0200] "GET /shops/acinose/f1i3t6t3i3n9g0n1e8s4s7 HTTP/1.1" 301 - "-" "Mozilla/5.0 (compatible; AhrefsBot/7.0; +http://ahrefs.com/robot/)"
142.44.225.90 - - [09/Sep/2026:21:07:31 +0200] "GET /shops/rudbeckia/s1u1r4f6e4i9t9w1a1t9e6r HTTP/1.1" 301 - "-" "Mozilla/5.0 (compatible; AhrefsBot/7.0; +http://ahrefs.com/robot/)"
54.39.89.151 - - [09/Sep/2026:21:07:42 +0200] "GET /shops/batoidei/p1t8o7m4a8i5n2e868 HTTP/1.1" 301 - "-" "Mozilla/5.0 (compatible; AhrefsBot/7.0; +http://ahrefs.com/robot/)"
142.44.228.146 - - [09/Sep/2026:21:07:53 +0200] "GET /shops/stoppered/a1b3o9l1i3s4h7i6n1g13 HTTP/1.1" 301 - "-" "Mozilla/5.0 (compatible; AhrefsBot/7.0; +http://ahrefs.com/robot/)"
142.44.228.28 - - [09/Sep/2026:21:08:05 +0200] "GET /shops/upprop/r1e3s4t1i7t4u3t0e199 HTTP/1.1" 301 - "-" "Mozilla/5.0 (compatible; AhrefsBot/7.0; +http://ahrefs.com/robot/)"
185.43.220.19 - - [09/Sep/2026:21:08:17 +0200] "POST /wp-cron.php?doing_wp_cron=1788980897.6475689411163330078125 HTTP/1.1" 200 - "-" "WordPress/7.1; https://10bukmekers.com"
148.113.130.196 - - [09/Sep/2026:21:08:16 +0200] "GET /shops/blewits/s1u2r1e5f3o8o0t1e7d68 HTTP/1.1" 301 - "-" "Mozilla/5.0 (compatible; AhrefsBot/7.0; +http://ahrefs.com/robot/)"
