| Server IP : 172.67.193.39 / Your IP : 216.73.216.217 Web Server : Apache System : Linux sr32.hostlife.net 6.12.0-124.52.3.el10_1.x86_64 #1 SMP PREEMPT_DYNAMIC Sat May 2 09:06:54 EDT 2026 x86_64 User : golfb689 ( 1071) PHP Version : 7.4.33 Disable Function : NONE MySQL : OFF | cURL : ON | WGET : ON | Perl : ON | Python : OFF | Sudo : OFF | Pkexec : OFF Directory : /home/golfb689/access-logs/ |
Upload File : |
185.43.220.19 - - [09/Sep/2026:14:21:25 +0200] "POST /wp-cron.php?doing_wp_cron=1788956485.3288810253143310546875 HTTP/1.1" 200 - "-" "WordPress/7.1; http://bookmakery.ru"
94.154.35.236 - - [09/Sep/2026:14:21:20 +0200] "HEAD /%D0%B1%D0%B5%D0%BA%D0%B0%D0%BF.zip HTTP/1.1" 302 - "-" "Mozilla/5.0 (Windows NT 10.0; Win64; x64) AppleWebKit/537.36 (KHTML, like Gecko) Chrome/101.0.4951.67 Safari/537.36"
185.43.220.19 - - [09/Sep/2026:14:33:20 +0200] "POST /wp-cron.php?doing_wp_cron=1788957200.4329800605773925781250 HTTP/1.1" 200 - "-" "WordPress/7.1; http://bookmakery.ru"
178.20.44.82 - - [09/Sep/2026:14:33:12 +0200] "GET /bukmekerskaya-kontora-gg-bet/ HTTP/1.0" 302 - "http://bookmakery.ru/bukmekerskaya-kontora-gg-bet/#comment-24328" "Mozilla/5.0 (Windows NT 10.0; Win64; x64) AppleWebKit/537.36 (KHTML, like Gecko) Chrome/130.0.0.0 Safari/537.36"
8.217.145.188 - - [09/Sep/2026:14:41:07 +0200] "GET / HTTP/1.1" 302 - "-" "Mozilla/5.0 (Windows NT 10.0; Win64; x64) AppleWebKit/537.36 (KHTML, like Gecko) Chrome/120.0.0.0 Safari/537.36"
45.144.168.45 - - [09/Sep/2026:14:41:08 +0200] "GET / HTTP/1.1" 302 - "-" "Mozilla/5.0 (Windows NT 10.0; Win64; x64) AppleWebKit/537.36 (KHTML, like Gecko) Chrome/131.0.0.0 Safari/537.36"
103.65.236.212 - - [09/Sep/2026:14:43:02 +0200] "GET / HTTP/1.1" 302 - "-" "Mozilla/5.0 (Windows NT 10.0; Win64; x64) AppleWebKit/537.36 (KHTML, like Gecko) Chrome/126.0.0.0 Safari/537.36"
94.154.35.236 - - [09/Sep/2026:14:48:02 +0200] "HEAD /%D0%B1%D0%B5%D0%BA.zip HTTP/1.1" 508 - "-" "Mozilla/5.0 (Windows NT 10.0; Win64; x64) AppleWebKit/537.36 (KHTML, like Gecko) Chrome/101.0.4951.67 Safari/537.36"
185.43.220.19 - - [09/Sep/2026:14:48:37 +0200] "POST /wp-cron.php?doing_wp_cron=1788958117.7384989261627197265625 HTTP/1.1" 200 - "-" "WordPress/7.1; http://bookmakery.ru"
195.200.28.67 - - [09/Sep/2026:14:48:29 +0200] "GET /bukmekerskaya-kontora-gg-bet/ HTTP/1.0" 302 - "http://bookmakery.ru/bukmekerskaya-kontora-gg-bet/" "Mozilla/5.0 (Windows NT 10.0; Win64; x64) AppleWebKit/537.36 (KHTML, like Gecko) Chrome/131.0.0.0 Safari/537.36 Avast/131.0.0.0"
212.83.174.154 - - [09/Sep/2026:15:00:38 +0200] "HEAD / HTTP/1.1" 302 - "-" "Mozilla/5.0 (compatible; PingAdmin.Ru/1.1; +http://pingadmin.ru/)"
185.43.220.19 - - [09/Sep/2026:15:12:07 +0200] "POST /wp-cron.php?doing_wp_cron=1788959527.7305529117584228515625 HTTP/1.1" 200 - "-" "WordPress/7.1; http://bookmakery.ru"
178.20.45.159 - - [09/Sep/2026:15:12:01 +0200] "GET /bukmekerskaya-kontora-gg-bet/ HTTP/1.0" 302 - "http://bookmakery.ru/bukmekerskaya-kontora-gg-bet/" "Mozilla/5.0 (Windows NT 10.0; Win64; x64) AppleWebKit/537.36 (KHTML, like Gecko) Chrome/130.0.0.0 Safari/537.36 CCleaner/130.0.0.0"
185.43.220.19 - - [09/Sep/2026:15:14:40 +0200] "POST /wp-cron.php?doing_wp_cron=1788959680.4252099990844726562500 HTTP/1.1" 200 - "-" "WordPress/7.1; http://bookmakery.ru"
94.154.35.236 - - [09/Sep/2026:15:14:32 +0200] "HEAD /public.zip HTTP/1.1" 302 - "-" "Mozilla/5.0 (Windows NT 10.0; Win64; x64) AppleWebKit/537.36 (KHTML, like Gecko) Chrome/101.0.4951.67 Safari/537.36"
185.43.220.19 - - [09/Sep/2026:15:41:28 +0200] "POST /wp-cron.php?doing_wp_cron=1788961288.2241079807281494140625 HTTP/1.1" 200 - "-" "WordPress/7.1; http://bookmakery.ru"
94.154.35.236 - - [09/Sep/2026:15:41:24 +0200] "HEAD /1.zip HTTP/1.1" 302 - "-" "Mozilla/5.0 (Windows NT 10.0; Win64; x64) AppleWebKit/537.36 (KHTML, like Gecko) Chrome/101.0.4951.67 Safari/537.36"
43.153.10.83 - - [09/Sep/2026:15:58:33 +0200] "GET / HTTP/1.1" 302 - "-" "Mozilla/5.0 (iPhone; CPU iPhone OS 13_2_3 like Mac OS X) AppleWebKit/605.1.15 (KHTML, like Gecko) Version/13.0.3 Mobile/15E148 Safari/604.1"
212.83.174.154 - - [09/Sep/2026:16:00:31 +0200] "HEAD / HTTP/1.1" 302 - "-" "Mozilla/5.0 (compatible; PingAdmin.Ru/1.1; +http://pingadmin.ru/)"
185.43.220.19 - - [09/Sep/2026:16:08:20 +0200] "POST /wp-cron.php?doing_wp_cron=1788962900.8243849277496337890625 HTTP/1.1" 200 - "-" "WordPress/7.1; http://bookmakery.ru"
195.2.84.198 - - [09/Sep/2026:16:08:16 +0200] "GET /author/admin/ HTTP/1.0" 302 - "http://bookmakery.ru/author/admin/" "Mozilla/5.0 (Windows NT 10.0; Win64; x64) AppleWebKit/537.36 (KHTML, like Gecko) Chrome/130.0.0.0 Safari/537.36"
185.43.220.19 - - [09/Sep/2026:16:09:15 +0200] "POST /wp-cron.php?doing_wp_cron=1788962955.8527629375457763671875 HTTP/1.1" 200 - "-" "WordPress/7.1; http://bookmakery.ru"
94.154.35.236 - - [09/Sep/2026:16:09:13 +0200] "HEAD /11.zip HTTP/1.1" 302 - "-" "Mozilla/5.0 (Windows NT 10.0; Win64; x64) AppleWebKit/537.36 (KHTML, like Gecko) Chrome/101.0.4951.67 Safari/537.36"
195.2.67.184 - - [09/Sep/2026:16:11:36 +0200] "GET /author/admin/ HTTP/1.0" 503 468 "http://bookmakery.ru/author/admin/" "Mozilla/5.0 (Windows NT 10.0; Win64; x64) AppleWebKit/537.36 (KHTML, like Gecko) Chrome/131.0.0.0 Safari/537.36 Avast/131.0.0.0"
185.43.220.19 - - [09/Sep/2026:16:23:37 +0200] "POST /wp-cron.php?doing_wp_cron=1788963816.9343318939208984375000 HTTP/1.1" 200 - "-" "WordPress/7.1; http://bookmakery.ru"
66.249.68.194 - - [09/Sep/2026:16:23:34 +0200] "GET /tag/vulkan/ HTTP/1.1" 200 20462 "-" "Mozilla/5.0 (Linux; Android 6.0.1; Nexus 5X Build/MMB29P) AppleWebKit/537.36 (KHTML, like Gecko) Chrome/151.0.7922.173 Mobile Safari/537.36 (compatible; Googlebot/2.1; +http://www.google.com/bot.html)"
185.43.220.19 - - [09/Sep/2026:16:23:49 +0200] "POST /wp-cron.php?doing_wp_cron=1788963829.4254779815673828125000 HTTP/1.1" 200 - "-" "WordPress/7.1; http://bookmakery.ru"
195.2.84.198 - - [09/Sep/2026:16:23:44 +0200] "GET /bukmekerskaya-kontora-gg-bet/ HTTP/1.0" 302 - "http://bookmakery.ru/bukmekerskaya-kontora-gg-bet/#comment-31686" "Mozilla/5.0 (Windows NT 10.0; Win64; x64) AppleWebKit/537.36 (KHTML, like Gecko) Chrome/131.0.0.0 Safari/537.36"
185.43.220.19 - - [09/Sep/2026:16:24:50 +0200] "POST /wp-cron.php?doing_wp_cron=1788963890.4263141155242919921875 HTTP/1.1" 200 - "-" "WordPress/7.1; http://bookmakery.ru"
84.54.44.204 - - [09/Sep/2026:16:24:48 +0200] "GET /bukmekerskaya-kontora-gg-bet/ HTTP/1.0" 302 - "http://bookmakery.ru/bukmekerskaya-kontora-gg-bet/#comment-31686" "Mozilla/5.0 (Windows NT 10.0; Win64; x64) AppleWebKit/537.36 (KHTML, like Gecko) Chrome/129.0.0.0 Safari/537.36"
185.43.220.19 - - [09/Sep/2026:16:38:17 +0200] "POST /wp-cron.php?doing_wp_cron=1788964697.6239950656890869140625 HTTP/1.1" 200 - "-" "WordPress/7.1; http://bookmakery.ru"
94.154.35.236 - - [09/Sep/2026:16:38:15 +0200] "HEAD /111.zip HTTP/1.1" 302 - "-" "Mozilla/5.0 (Windows NT 10.0; Win64; x64) AppleWebKit/537.36 (KHTML, like Gecko) Chrome/101.0.4951.67 Safari/537.36"
43.164.190.124 - - [09/Sep/2026:16:39:54 +0200] "GET / HTTP/1.1" 302 - "-" "Mozilla/5.0 (iPhone; CPU iPhone OS 13_2_3 like Mac OS X) AppleWebKit/605.1.15 (KHTML, like Gecko) Version/13.0.3 Mobile/15E148 Safari/604.1"
212.83.174.154 - - [09/Sep/2026:17:00:34 +0200] "HEAD / HTTP/1.1" 302 - "-" "Mozilla/5.0 (compatible; PingAdmin.Ru/1.1; +http://pingadmin.ru/)"
185.43.220.19 - - [09/Sep/2026:17:06:08 +0200] "POST /wp-cron.php?doing_wp_cron=1788966368.0877521038055419921875 HTTP/1.1" 200 - "-" "WordPress/7.1; http://bookmakery.ru"
94.154.35.236 - - [09/Sep/2026:17:06:05 +0200] "HEAD /1111.zip HTTP/1.1" 302 - "-" "Mozilla/5.0 (Windows NT 10.0; Win64; x64) AppleWebKit/537.36 (KHTML, like Gecko) Chrome/101.0.4951.67 Safari/537.36"
185.43.220.19 - - [09/Sep/2026:17:34:03 +0200] "POST /wp-cron.php?doing_wp_cron=1788968043.0834250450134277343750 HTTP/1.1" 200 - "-" "WordPress/7.1; http://bookmakery.ru"
94.154.35.236 - - [09/Sep/2026:17:33:59 +0200] "HEAD /11111.zip HTTP/1.1" 302 - "-" "Mozilla/5.0 (Windows NT 10.0; Win64; x64) AppleWebKit/537.36 (KHTML, like Gecko) Chrome/101.0.4951.67 Safari/537.36"
146.56.199.139 - - [09/Sep/2026:17:47:28 +0200] "GET / HTTP/1.1" 302 - "-" "Mozilla/5.0 (iPhone; CPU iPhone OS 13_2_3 like Mac OS X) AppleWebKit/605.1.15 (KHTML, like Gecko) Version/13.0.3 Mobile/15E148 Safari/604.1"
212.83.174.154 - - [09/Sep/2026:18:00:31 +0200] "HEAD / HTTP/1.1" 302 - "-" "Mozilla/5.0 (compatible; PingAdmin.Ru/1.1; +http://pingadmin.ru/)"
185.43.220.19 - - [09/Sep/2026:18:00:53 +0200] "POST /wp-cron.php?doing_wp_cron=1788969653.6250920295715332031250 HTTP/1.1" 200 - "-" "WordPress/7.1; http://bookmakery.ru"
94.154.35.236 - - [09/Sep/2026:18:00:49 +0200] "HEAD /2.zip HTTP/1.1" 302 - "-" "Mozilla/5.0 (Windows NT 10.0; Win64; x64) AppleWebKit/537.36 (KHTML, like Gecko) Chrome/101.0.4951.67 Safari/537.36"
51.68.111.243 - - [09/Sep/2026:18:02:03 +0200] "GET /robots.txt HTTP/1.1" 200 93 "-" "Mozilla/5.0 (compatible; MJ12bot/v2.0.5; http://mj12bot.com/)"
51.68.111.243 - - [09/Sep/2026:18:02:03 +0200] "GET / HTTP/1.1" 200 20462 "-" "Mozilla/5.0 (compatible; MJ12bot/v2.0.5; http://mj12bot.com/)"
185.43.220.19 - - [09/Sep/2026:18:27:41 +0200] "POST /wp-cron.php?doing_wp_cron=1788971261.0254530906677246093750 HTTP/1.1" 200 - "-" "WordPress/7.1; http://bookmakery.ru"
94.154.35.236 - - [09/Sep/2026:18:27:37 +0200] "HEAD /22.zip HTTP/1.1" 302 - "-" "Mozilla/5.0 (Windows NT 10.0; Win64; x64) AppleWebKit/537.36 (KHTML, like Gecko) Chrome/101.0.4951.67 Safari/537.36"
51.81.163.27 - - [09/Sep/2026:18:50:02 +0200] "GET /robots.txt HTTP/1.1" 200 93 "-" "Mozilla/5.0 (compatible; AhrefsBot/7.0; +http://ahrefs.com/robot/)"
185.43.220.19 - - [09/Sep/2026:18:50:16 +0200] "POST /wp-cron.php?doing_wp_cron=1788972616.2410209178924560546875 HTTP/1.1" 200 - "-" "WordPress/7.1; http://bookmakery.ru"
51.81.164.147 - - [09/Sep/2026:18:50:12 +0200] "GET /tag/arcanebet/feed/ HTTP/1.1" 200 20462 "-" "Mozilla/5.0 (compatible; AhrefsBot/7.0; +http://ahrefs.com/robot/)"
34.230.176.20 - - [09/Sep/2026:18:53:35 +0200] "GET /robots.txt HTTP/1.1" 200 93 "-" "Mozilla/5.0 (Macintosh; Intel Mac OS X 10_10_1) AppleWebKit/600.2.5 (KHTML, like Gecko) Version/8.0.2 Safari/600.2.5 (Gort)"
185.43.220.19 - - [09/Sep/2026:18:54:01 +0200] "POST /wp-cron.php?doing_wp_cron=1788972840.9275510311126708984375 HTTP/1.1" 200 - "-" "WordPress/7.1; http://bookmakery.ru"
178.20.45.159 - - [09/Sep/2026:18:53:55 +0200] "GET /bukmekerskaya-kontora-gg-bet/ HTTP/1.0" 302 - "http://bookmakery.ru/bukmekerskaya-kontora-gg-bet/#comment-31686" "Mozilla/5.0 (Windows NT 10.0; Win64; x64) AppleWebKit/537.36 (KHTML, like Gecko) Chrome/131.0.0.0 Safari/537.36 Avast/131.0.0.0"
94.154.35.236 - - [09/Sep/2026:19:00:06 +0200] "HEAD /222.zip HTTP/1.1" 503 - "-" "Mozilla/5.0 (Windows NT 10.0; Win64; x64) AppleWebKit/537.36 (KHTML, like Gecko) Chrome/101.0.4951.67 Safari/537.36"
212.83.174.154 - - [09/Sep/2026:19:00:34 +0200] "HEAD / HTTP/1.1" 302 - "-" "Mozilla/5.0 (compatible; PingAdmin.Ru/1.1; +http://pingadmin.ru/)"
185.43.220.19 - - [09/Sep/2026:19:03:55 +0200] "POST /wp-cron.php?doing_wp_cron=1788973435.5257940292358398437500 HTTP/1.1" 200 - "-" "WordPress/7.1; http://bookmakery.ru"
45.147.192.184 - - [09/Sep/2026:19:03:50 +0200] "GET /bukmekerskaya-kontora-gg-bet/ HTTP/1.0" 302 - "http://bookmakery.ru/bukmekerskaya-kontora-gg-bet/" "Mozilla/5.0 (Windows NT 10.0; Win64; x64) AppleWebKit/537.36 (KHTML, like Gecko) Chrome/130.0.0.0 Safari/537.36"
169.58.234.141 - - [09/Sep/2026:19:21:06 +0200] "GET /wp-admin/css/ HTTP/1.1" 503 - "-" "Mozilla/5.0 (Windows NT 10.0; Win64; x64) AppleWebKit/537.36 (KHTML, like Gecko) Chrome/120.0.0.0 Safari/537.36"
169.58.234.141 - - [09/Sep/2026:19:21:00 +0200] "GET /wp-admin/ HTTP/1.1" 503 - "-" "Mozilla/5.0 (Windows NT 10.0; Win64; x64) AppleWebKit/537.36 (KHTML, like Gecko) Chrome/120.0.0.0 Safari/537.36"
169.58.234.141 - - [09/Sep/2026:19:21:14 +0200] "GET /wp-admin/css/colors/ HTTP/1.1" 503 - "-" "Mozilla/5.0 (Windows NT 10.0; Win64; x64) AppleWebKit/537.36 (KHTML, like Gecko) Chrome/120.0.0.0 Safari/537.36"
45.148.10.119 - - [09/Sep/2026:19:21:17 +0200] "POST /?rest_route=/batch/v1 HTTP/1.1" 503 468 "-" "Mozilla/5.0 (Windows NT 10.0; Win64; x64) AppleWebKit/537.36 (KHTML, like Gecko) Chrome/120.0.0.0 Safari/537.36"
169.58.234.141 - - [09/Sep/2026:19:21:17 +0200] "GET /wp-admin/css/colors/blue/ HTTP/1.1" 503 - "-" "Mozilla/5.0 (Windows NT 10.0; Win64; x64) AppleWebKit/537.36 (KHTML, like Gecko) Chrome/120.0.0.0 Safari/537.36"
45.148.10.119 - - [09/Sep/2026:19:21:21 +0200] "GET /wp-json/ HTTP/1.1" 503 468 "-" "Mozilla/5.0 (Windows NT 10.0; Win64; x64) AppleWebKit/537.36 (KHTML, like Gecko) Chrome/120.0.0.0 Safari/537.36"
169.58.234.141 - - [09/Sep/2026:19:21:26 +0200] "GET /wp-admin/includes/ HTTP/1.1" 503 - "-" "Mozilla/5.0 (Windows NT 10.0; Win64; x64) AppleWebKit/537.36 (KHTML, like Gecko) Chrome/120.0.0.0 Safari/537.36"
169.58.234.141 - - [09/Sep/2026:19:21:29 +0200] "GET /wp-admin/maint/ HTTP/1.1" 503 - "-" "Mozilla/5.0 (Windows NT 10.0; Win64; x64) AppleWebKit/537.36 (KHTML, like Gecko) Chrome/120.0.0.0 Safari/537.36"
169.58.234.141 - - [09/Sep/2026:19:21:37 +0200] "GET /wp-admin/js/ HTTP/1.1" 503 - "-" "Mozilla/5.0 (Windows NT 10.0; Win64; x64) AppleWebKit/537.36 (KHTML, like Gecko) Chrome/120.0.0.0 Safari/537.36"
169.58.234.141 - - [09/Sep/2026:19:21:41 +0200] "GET /wp-admin/js/widgets/ HTTP/1.1" 503 - "-" "Mozilla/5.0 (Windows NT 10.0; Win64; x64) AppleWebKit/537.36 (KHTML, like Gecko) Chrome/120.0.0.0 Safari/537.36"
185.43.220.19 - - [09/Sep/2026:19:21:56 +0200] "POST /wp-cron.php?doing_wp_cron=1788974516.9246239662170410156250 HTTP/1.1" 200 - "-" "WordPress/7.1; http://bookmakery.ru"
169.58.234.141 - - [09/Sep/2026:19:21:50 +0200] "GET /wp-admin/images/ HTTP/1.1" 302 - "-" "Mozilla/5.0 (Windows NT 10.0; Win64; x64) AppleWebKit/537.36 (KHTML, like Gecko) Chrome/120.0.0.0 Safari/537.36"
169.58.234.141 - - [09/Sep/2026:19:21:55 +0200] "GET /wp-admin/network/ HTTP/1.1" 503 - "-" "Mozilla/5.0 (Windows NT 10.0; Win64; x64) AppleWebKit/537.36 (KHTML, like Gecko) Chrome/120.0.0.0 Safari/537.36"
169.58.234.141 - - [09/Sep/2026:19:22:04 +0200] "GET /wp-admin/user/ HTTP/1.1" 302 - "-" "Mozilla/5.0 (Windows NT 10.0; Win64; x64) AppleWebKit/537.36 (KHTML, like Gecko) Chrome/120.0.0.0 Safari/537.36"
169.58.234.141 - - [09/Sep/2026:19:22:09 +0200] "GET /wp-includes/ HTTP/1.1" 302 - "-" "Mozilla/5.0 (Windows NT 10.0; Win64; x64) AppleWebKit/537.36 (KHTML, like Gecko) Chrome/120.0.0.0 Safari/537.36"
185.43.220.19 - - [09/Sep/2026:19:22:21 +0200] "POST /wp-cron.php?doing_wp_cron=1788974540.9244461059570312500000 HTTP/1.1" 200 - "-" "WordPress/7.1; http://bookmakery.ru"
169.58.234.141 - - [09/Sep/2026:19:22:16 +0200] "GET /wp-includes/Text/ HTTP/1.1" 302 - "-" "Mozilla/5.0 (Windows NT 10.0; Win64; x64) AppleWebKit/537.36 (KHTML, like Gecko) Chrome/120.0.0.0 Safari/537.36"
169.58.234.141 - - [09/Sep/2026:19:22:21 +0200] "GET /wp-includes/Text/Diff/ HTTP/1.1" 302 - "-" "Mozilla/5.0 (Windows NT 10.0; Win64; x64) AppleWebKit/537.36 (KHTML, like Gecko) Chrome/120.0.0.0 Safari/537.36"
169.58.234.141 - - [09/Sep/2026:19:22:29 +0200] "GET /wp-includes/css/ HTTP/1.1" 302 - "-" "Mozilla/5.0 (Windows NT 10.0; Win64; x64) AppleWebKit/537.36 (KHTML, like Gecko) Chrome/120.0.0.0 Safari/537.36"
169.58.234.141 - - [09/Sep/2026:19:22:34 +0200] "GET /wp-includes/css/dist/ HTTP/1.1" 302 - "-" "Mozilla/5.0 (Windows NT 10.0; Win64; x64) AppleWebKit/537.36 (KHTML, like Gecko) Chrome/120.0.0.0 Safari/537.36"
185.43.220.19 - - [09/Sep/2026:19:22:49 +0200] "POST /wp-cron.php?doing_wp_cron=1788974569.7267971038818359375000 HTTP/1.1" 200 - "-" "WordPress/7.1; http://bookmakery.ru"
169.58.234.141 - - [09/Sep/2026:19:22:45 +0200] "GET /wp-includes/fonts/ HTTP/1.1" 302 - "-" "Mozilla/5.0 (Windows NT 10.0; Win64; x64) AppleWebKit/537.36 (KHTML, like Gecko) Chrome/120.0.0.0 Safari/537.36"
169.58.234.141 - - [09/Sep/2026:19:22:47 +0200] "GET /wp-includes/ID3/ HTTP/1.1" 302 - "-" "Mozilla/5.0 (Windows NT 10.0; Win64; x64) AppleWebKit/537.36 (KHTML, like Gecko) Chrome/120.0.0.0 Safari/537.36"
169.58.234.141 - - [09/Sep/2026:19:22:58 +0200] "GET /wp-includes/sitemaps/ HTTP/1.1" 302 - "-" "Mozilla/5.0 (Windows NT 10.0; Win64; x64) AppleWebKit/537.36 (KHTML, like Gecko) Chrome/120.0.0.0 Safari/537.36"
169.58.234.141 - - [09/Sep/2026:19:23:00 +0200] "GET /wp-includes/sitemaps/providers/ HTTP/1.1" 302 - "-" "Mozilla/5.0 (Windows NT 10.0; Win64; x64) AppleWebKit/537.36 (KHTML, like Gecko) Chrome/120.0.0.0 Safari/537.36"
169.58.234.141 - - [09/Sep/2026:19:23:09 +0200] "GET /wp-includes/IXR/ HTTP/1.1" 302 - "-" "Mozilla/5.0 (Windows NT 10.0; Win64; x64) AppleWebKit/537.36 (KHTML, like Gecko) Chrome/120.0.0.0 Safari/537.36"
185.43.220.19 - - [09/Sep/2026:19:23:19 +0200] "POST /wp-cron.php?doing_wp_cron=1788974599.6248619556427001953125 HTTP/1.1" 200 - "-" "WordPress/7.1; http://bookmakery.ru"
169.58.234.141 - - [09/Sep/2026:19:23:14 +0200] "GET /wp-includes/images/ HTTP/1.1" 302 - "-" "Mozilla/5.0 (Windows NT 10.0; Win64; x64) AppleWebKit/537.36 (KHTML, like Gecko) Chrome/120.0.0.0 Safari/537.36"
169.58.234.141 - - [09/Sep/2026:19:23:22 +0200] "GET /wp-includes/PHPMailer/ HTTP/1.1" 302 - "-" "Mozilla/5.0 (Windows NT 10.0; Win64; x64) AppleWebKit/537.36 (KHTML, like Gecko) Chrome/120.0.0.0 Safari/537.36"
169.58.234.141 - - [09/Sep/2026:19:23:27 +0200] "GET /wp-includes/pomo/ HTTP/1.1" 302 - "-" "Mozilla/5.0 (Windows NT 10.0; Win64; x64) AppleWebKit/537.36 (KHTML, like Gecko) Chrome/120.0.0.0 Safari/537.36"
169.58.234.141 - - [09/Sep/2026:19:23:36 +0200] "GET /wp-includes/blocks/ HTTP/1.1" 302 - "-" "Mozilla/5.0 (Windows NT 10.0; Win64; x64) AppleWebKit/537.36 (KHTML, like Gecko) Chrome/120.0.0.0 Safari/537.36"
169.58.234.141 - - [09/Sep/2026:19:23:40 +0200] "GET /wp-includes/js/ HTTP/1.1" 302 - "-" "Mozilla/5.0 (Windows NT 10.0; Win64; x64) AppleWebKit/537.36 (KHTML, like Gecko) Chrome/120.0.0.0 Safari/537.36"
185.43.220.19 - - [09/Sep/2026:19:23:49 +0200] "POST /wp-cron.php?doing_wp_cron=1788974629.2362370491027832031250 HTTP/1.1" 200 - "-" "WordPress/7.1; http://bookmakery.ru"
169.58.234.141 - - [09/Sep/2026:19:23:46 +0200] "GET /wp-includes/js/codemirror/ HTTP/1.1" 302 - "-" "Mozilla/5.0 (Windows NT 10.0; Win64; x64) AppleWebKit/537.36 (KHTML, like Gecko) Chrome/120.0.0.0 Safari/537.36"
169.58.234.141 - - [09/Sep/2026:19:23:57 +0200] "GET /wp-includes/js/plupload/ HTTP/1.1" 302 - "-" "Mozilla/5.0 (Windows NT 10.0; Win64; x64) AppleWebKit/537.36 (KHTML, like Gecko) Chrome/120.0.0.0 Safari/537.36"
169.58.234.141 - - [09/Sep/2026:19:24:00 +0200] "GET /wp-includes/widgets/ HTTP/1.1" 302 - "-" "Mozilla/5.0 (Windows NT 10.0; Win64; x64) AppleWebKit/537.36 (KHTML, like Gecko) Chrome/120.0.0.0 Safari/537.36"
169.58.234.141 - - [09/Sep/2026:19:24:07 +0200] "GET /wp-content/ HTTP/1.1" 200 - "-" "Mozilla/5.0 (Windows NT 10.0; Win64; x64) AppleWebKit/537.36 (KHTML, like Gecko) Chrome/120.0.0.0 Safari/537.36"
185.43.220.19 - - [09/Sep/2026:19:24:18 +0200] "POST /wp-cron.php?doing_wp_cron=1788974658.2347729206085205078125 HTTP/1.1" 200 - "-" "WordPress/7.1; http://bookmakery.ru"
169.58.234.141 - - [09/Sep/2026:19:24:13 +0200] "GET /wp-content/languages/ HTTP/1.1" 302 - "-" "Mozilla/5.0 (Windows NT 10.0; Win64; x64) AppleWebKit/537.36 (KHTML, like Gecko) Chrome/120.0.0.0 Safari/537.36"
169.58.234.141 - - [09/Sep/2026:19:24:20 +0200] "GET /wp-content/IXR/ HTTP/1.1" 302 - "-" "Mozilla/5.0 (Windows NT 10.0; Win64; x64) AppleWebKit/537.36 (KHTML, like Gecko) Chrome/120.0.0.0 Safari/537.36"
169.58.234.141 - - [09/Sep/2026:19:24:24 +0200] "GET /wp-content/uploads/ HTTP/1.1" 302 - "-" "Mozilla/5.0 (Windows NT 10.0; Win64; x64) AppleWebKit/537.36 (KHTML, like Gecko) Chrome/120.0.0.0 Safari/537.36"
169.58.234.141 - - [09/Sep/2026:19:24:32 +0200] "GET /wp-content/upgrade/ HTTP/1.1" 302 - "-" "Mozilla/5.0 (Windows NT 10.0; Win64; x64) AppleWebKit/537.36 (KHTML, like Gecko) Chrome/120.0.0.0 Safari/537.36"
169.58.234.141 - - [09/Sep/2026:19:24:36 +0200] "GET /wp-content/plugins/ HTTP/1.1" 302 - "-" "Mozilla/5.0 (Windows NT 10.0; Win64; x64) AppleWebKit/537.36 (KHTML, like Gecko) Chrome/120.0.0.0 Safari/537.36"
169.58.234.141 - - [09/Sep/2026:19:24:42 +0200] "GET /wp-content/themes/ HTTP/1.1" 302 - "-" "Mozilla/5.0 (Windows NT 10.0; Win64; x64) AppleWebKit/537.36 (KHTML, like Gecko) Chrome/120.0.0.0 Safari/537.36"
185.43.220.19 - - [09/Sep/2026:19:24:58 +0200] "POST /wp-cron.php?doing_wp_cron=1788974698.3254289627075195312500 HTTP/1.1" 200 - "-" "WordPress/7.1; http://bookmakery.ru"
169.58.234.141 - - [09/Sep/2026:19:24:54 +0200] "GET /.well-known/ HTTP/1.1" 302 - "-" "Mozilla/5.0 (Windows NT 10.0; Win64; x64) AppleWebKit/537.36 (KHTML, like Gecko) Chrome/120.0.0.0 Safari/537.36"
169.58.234.141 - - [09/Sep/2026:19:24:56 +0200] "GET /uploads/ HTTP/1.1" 302 - "-" "Mozilla/5.0 (Windows NT 10.0; Win64; x64) AppleWebKit/537.36 (KHTML, like Gecko) Chrome/120.0.0.0 Safari/537.36"
169.58.234.141 - - [09/Sep/2026:19:25:06 +0200] "GET /files/ HTTP/1.1" 302 - "-" "Mozilla/5.0 (Windows NT 10.0; Win64; x64) AppleWebKit/537.36 (KHTML, like Gecko) Chrome/120.0.0.0 Safari/537.36"
169.58.234.141 - - [09/Sep/2026:19:25:09 +0200] "GET /file/ HTTP/1.1" 302 - "-" "Mozilla/5.0 (Windows NT 10.0; Win64; x64) AppleWebKit/537.36 (KHTML, like Gecko) Chrome/120.0.0.0 Safari/537.36"
185.43.220.19 - - [09/Sep/2026:19:25:24 +0200] "POST /wp-cron.php?doing_wp_cron=1788974724.1266310214996337890625 HTTP/1.1" 200 - "-" "WordPress/7.1; http://bookmakery.ru"
169.58.234.141 - - [09/Sep/2026:19:25:20 +0200] "GET /images/ HTTP/1.1" 302 - "-" "Mozilla/5.0 (Windows NT 10.0; Win64; x64) AppleWebKit/537.36 (KHTML, like Gecko) Chrome/120.0.0.0 Safari/537.36"
169.58.234.141 - - [09/Sep/2026:19:25:24 +0200] "GET /admin/ HTTP/1.1" 302 - "-" "Mozilla/5.0 (Windows NT 10.0; Win64; x64) AppleWebKit/537.36 (KHTML, like Gecko) Chrome/120.0.0.0 Safari/537.36"
169.58.234.141 - - [09/Sep/2026:19:25:31 +0200] "GET /cgi-bin/ HTTP/1.1" 503 468 "-" "Mozilla/5.0 (Windows NT 10.0; Win64; x64) AppleWebKit/537.36 (KHTML, like Gecko) Chrome/120.0.0.0 Safari/537.36"
169.58.234.141 - - [09/Sep/2026:19:25:37 +0200] "GET /.tmb/ HTTP/1.1" 302 - "-" "Mozilla/5.0 (Windows NT 10.0; Win64; x64) AppleWebKit/537.36 (KHTML, like Gecko) Chrome/120.0.0.0 Safari/537.36"
185.43.220.19 - - [09/Sep/2026:19:34:00 +0200] "POST /wp-cron.php?doing_wp_cron=1788975240.4245638847351074218750 HTTP/1.1" 200 - "-" "WordPress/7.1; http://bookmakery.ru"
89.45.125.151 - - [09/Sep/2026:19:33:58 +0200] "GET /wp-content/plugins/pods/readme.txt HTTP/1.1" 302 - "-" "Mozilla/5.0 (X11; Linux x86_64) AppleWebKit/537.36 (KHTML, like Gecko) Chrome/131.0.0.0 Safari/537.36"
172.98.168.19 - - [09/Sep/2026:19:34:03 +0200] "GET /wp-content/plugins/pods/ui/styles/dist/pods-form.css HTTP/1.1" 302 - "-" "Mozilla/5.0 (X11; Linux x86_64) AppleWebKit/537.36 (KHTML, like Gecko) Chrome/131.0.0.0 Safari/537.36"
185.43.220.19 - - [09/Sep/2026:19:38:39 +0200] "POST /wp-cron.php?doing_wp_cron=1788975519.9295179843902587890625 HTTP/1.1" 200 - "-" "WordPress/7.1; http://bookmakery.ru"
195.2.67.184 - - [09/Sep/2026:19:38:38 +0200] "GET /bukmekerskaya-kontora-gg-bet/ HTTP/1.0" 302 - "http://bookmakery.ru/bukmekerskaya-kontora-gg-bet/#comment-31686" "Mozilla/5.0 (Windows NT 10.0; Win64; x64) AppleWebKit/537.36 (KHTML, like Gecko) Chrome/129.0.0.0 Safari/537.36"
185.43.220.19 - - [09/Sep/2026:19:40:13 +0200] "POST /wp-cron.php?doing_wp_cron=1788975613.6241779327392578125000 HTTP/1.1" 200 - "-" "WordPress/7.1; http://bookmakery.ru"
94.154.35.236 - - [09/Sep/2026:19:40:10 +0200] "HEAD /3.zip HTTP/1.1" 302 - "-" "Mozilla/5.0 (Windows NT 10.0; Win64; x64) AppleWebKit/537.36 (KHTML, like Gecko) Chrome/101.0.4951.67 Safari/537.36"
185.43.220.19 - - [09/Sep/2026:19:44:32 +0200] "POST /wp-cron.php?doing_wp_cron=1788975872.4385991096496582031250 HTTP/1.1" 200 - "-" "WordPress/7.1; http://bookmakery.ru"
91.142.73.116 - - [09/Sep/2026:19:44:29 +0200] "GET /bukmekerskaya-kontora-gg-bet/ HTTP/1.0" 302 - "http://bookmakery.ru/bukmekerskaya-kontora-gg-bet/#comment-31686" "Mozilla/5.0 (Windows NT 10.0; Win64; x64) AppleWebKit/537.36 (KHTML, like Gecko) Chrome/131.0.0.0 Safari/537.36 Avast/131.0.0.0"
84.54.44.204 - - [09/Sep/2026:19:56:56 +0200] "GET /bukmekerskaya-kontora-gg-bet/ HTTP/1.0" 404 - "http://bookmakery.ru/bukmekerskaya-kontora-gg-bet/#comment-1877" "Mozilla/5.0 (Windows NT 10.0; Win64; x64) AppleWebKit/537.36 (KHTML, like Gecko) Chrome/130.0.0.0 Safari/537.36"
84.54.44.204 - - [09/Sep/2026:19:56:56 +0200] "GET / HTTP/1.0" 404 - "http://bookmakery.ru/" "Mozilla/5.0 (Windows NT 10.0; Win64; x64) AppleWebKit/537.36 (KHTML, like Gecko) Chrome/130.0.0.0 Safari/537.36"
212.83.174.154 - - [09/Sep/2026:20:00:29 +0200] "HEAD / HTTP/1.1" 302 - "-" "Mozilla/5.0 (compatible; PingAdmin.Ru/1.1; +http://pingadmin.ru/)"
185.43.220.19 - - [09/Sep/2026:20:16:20 +0200] "POST /wp-cron.php?doing_wp_cron=1788977780.7256140708923339843750 HTTP/1.1" 200 - "-" "WordPress/7.1; http://bookmakery.ru"
51.81.163.58 - - [09/Sep/2026:20:16:17 +0200] "GET /titanbet HTTP/1.1" 301 - "-" "Mozilla/5.0 (compatible; AhrefsBot/7.0; +http://ahrefs.com/robot/)"
94.154.35.236 - - [09/Sep/2026:20:16:25 +0200] "HEAD /33.zip HTTP/1.1" 302 - "-" "Mozilla/5.0 (Windows NT 10.0; Win64; x64) AppleWebKit/537.36 (KHTML, like Gecko) Chrome/101.0.4951.67 Safari/537.36"
185.43.220.19 - - [09/Sep/2026:20:17:10 +0200] "POST /wp-cron.php?doing_wp_cron=1788977830.3346889019012451171875 HTTP/1.1" 200 - "-" "WordPress/7.1; http://bookmakery.ru"
212.18.127.253 - - [09/Sep/2026:20:17:05 +0200] "GET /tag/winner HTTP/1.1" 302 - "-" "Mozilla/5.0 (Windows NT 10.0; Win64; x64) AppleWebKit/537.36 (KHTML, like Gecko) Chrome/134.0.0.0 Safari/537.36"
185.43.220.19 - - [09/Sep/2026:20:27:47 +0200] "POST /wp-cron.php?doing_wp_cron=1788978467.2686290740966796875000 HTTP/1.1" 200 - "-" "WordPress/7.1; http://bookmakery.ru"
51.81.163.25 - - [09/Sep/2026:20:27:44 +0200] "GET /obzor-bukmekera-bizonbet/ HTTP/1.1" 200 74995 "-" "Mozilla/5.0 (compatible; AhrefsBot/7.0; +http://ahrefs.com/robot/)"
51.81.164.151 - - [09/Sep/2026:20:29:55 +0200] "GET /wp-includes/js/dist/hooks.min.js HTTP/1.1" 200 5107 "-" "Mozilla/5.0 (compatible; AhrefsBot/7.0; +http://ahrefs.com/robot/)"
51.81.169.114 - - [09/Sep/2026:20:29:56 +0200] "GET /wp-content/plugins/contact-form-7/includes/swv/js/index.js?ver=6.1.6 HTTP/1.1" 200 12512 "-" "Mozilla/5.0 (compatible; AhrefsBot/7.0; +http://ahrefs.com/robot/)"
51.81.163.70 - - [09/Sep/2026:20:29:57 +0200] "GET /wp-includes/js/dist/script-modules/block-library/navigation/view.min.js HTTP/1.1" 200 3033 "-" "Mozilla/5.0 (compatible; AhrefsBot/7.0; +http://ahrefs.com/robot/)"
51.81.169.125 - - [09/Sep/2026:20:29:59 +0200] "GET /wp-content/plugins/contact-form-7/includes/js/index.js?ver=6.1.6 HTTP/1.1" 200 13452 "-" "Mozilla/5.0 (compatible; AhrefsBot/7.0; +http://ahrefs.com/robot/)"
51.81.170.4 - - [09/Sep/2026:20:30:00 +0200] "GET /wp-content/plugins/contact-form-7/includes/css/styles.css?ver=6.1.6 HTTP/1.1" 200 2979 "-" "Mozilla/5.0 (compatible; AhrefsBot/7.0; +http://ahrefs.com/robot/)"
51.81.163.67 - - [09/Sep/2026:20:30:01 +0200] "GET /wp-includes/js/dist/i18n.min.js HTTP/1.1" 200 5791 "-" "Mozilla/5.0 (compatible; AhrefsBot/7.0; +http://ahrefs.com/robot/)"
65.98.5.196 - - [09/Sep/2026:20:37:05 +0200] "GET / HTTP/1.1" 302 - "-" "Mozilla/5.0 (X11; Linux x86_64) AppleWebKit/537.36 (KHTML, like Gecko) Chrome/131.0.0.0 Safari/537.36"
185.43.220.19 - - [09/Sep/2026:20:37:14 +0200] "POST /wp-cron.php?doing_wp_cron=1788979034.7389891147613525390625 HTTP/1.1" 200 - "-" "WordPress/7.1; http://bookmakery.ru"
65.98.5.196 - - [09/Sep/2026:20:37:08 +0200] "GET /wp-login.php HTTP/1.1" 200 12940 "-" "Mozilla/5.0 (Windows NT 10.0; Win64; x64) AppleWebKit/537.36 (KHTML, like Gecko) Chrome/130.0.0.0 Safari/537.36 Edg/130.0.0.0"
65.98.5.196 - - [09/Sep/2026:20:37:15 +0200] "GET /feed/ HTTP/1.1" 302 - "-" "Mozilla/5.0 (iPhone; CPU iPhone OS 17_0 like Mac OS X) AppleWebKit/605.1.15 (KHTML, like Gecko) Version/17.0 Mobile/15E148 Safari/604.1"
66.249.66.36 - - [09/Sep/2026:20:38:24 +0200] "GET /robots.txt HTTP/1.1" 301 - "-" "Mozilla/5.0 (compatible; Googlebot/2.1; +http://www.google.com/bot.html)"
66.249.66.195 - - [09/Sep/2026:20:38:31 +0200] "GET /robots.txt/ HTTP/1.1" 200 74995 "-" "Mozilla/5.0 (compatible; Googlebot/2.1; +http://www.google.com/bot.html)"
185.43.220.19 - - [09/Sep/2026:20:47:51 +0200] "POST /wp-cron.php?doing_wp_cron=1788979671.4239649772644042968750 HTTP/1.1" 200 - "-" "WordPress/7.1; http://bookmakery.ru"
62.60.130.247 - - [09/Sep/2026:20:47:48 +0200] "GET //images/images/cache.php HTTP/1.1" 302 - "www.google.com" "Mozlila/5.0 (Linux; Android 7.0; SM-G892A Bulid/NRD90M; wv) AppleWebKit/537.36 (KHTML, like Gecko) Version/4.0 Chrome/60.0.3112.107 Moblie Safari/537.36"
62.60.130.247 - - [09/Sep/2026:20:47:52 +0200] "GET //assets/images/images/cache.php HTTP/1.1" 302 - "www.google.com" "Mozlila/5.0 (Linux; Android 7.0; SM-G892A Bulid/NRD90M; wv) AppleWebKit/537.36 (KHTML, like Gecko) Version/4.0 Chrome/60.0.3112.107 Moblie Safari/537.36"
62.60.130.247 - - [09/Sep/2026:20:47:56 +0200] "GET //cgi-bin/cgi-bin/cgi-bin/cgi-bin/cache.php HTTP/1.1" 302 - "www.google.com" "Mozlila/5.0 (Linux; Android 7.0; SM-G892A Bulid/NRD90M; wv) AppleWebKit/537.36 (KHTML, like Gecko) Version/4.0 Chrome/60.0.3112.107 Moblie Safari/537.36"
62.60.130.247 - - [09/Sep/2026:20:48:00 +0200] "GET //images/images/images/images/images/images/images/images/cache.php HTTP/1.1" 302 - "www.google.com" "Mozlila/5.0 (Linux; Android 7.0; SM-G892A Bulid/NRD90M; wv) AppleWebKit/537.36 (KHTML, like Gecko) Version/4.0 Chrome/60.0.3112.107 Moblie Safari/537.36"
185.43.220.19 - - [09/Sep/2026:20:56:02 +0200] "POST /wp-cron.php?doing_wp_cron=1788980162.9613420963287353515625 HTTP/1.1" 200 - "-" "WordPress/7.1; http://bookmakery.ru"
94.154.35.236 - - [09/Sep/2026:20:56:01 +0200] "HEAD /333.zip HTTP/1.1" 302 - "-" "Mozilla/5.0 (Windows NT 10.0; Win64; x64) AppleWebKit/537.36 (KHTML, like Gecko) Chrome/101.0.4951.67 Safari/537.36"
185.43.220.19 - - [09/Sep/2026:21:00:27 +0200] "POST /wp-cron.php?doing_wp_cron=1788980427.3458108901977539062500 HTTP/1.1" 200 - "-" "WordPress/7.1; http://bookmakery.ru"
195.2.84.198 - - [09/Sep/2026:21:00:26 +0200] "GET /bukmekerskaya-kontora-gg-bet/ HTTP/1.0" 302 - "http://bookmakery.ru/bukmekerskaya-kontora-gg-bet/" "Mozilla/5.0 (Windows NT 10.0; Win64; x64) AppleWebKit/537.36 (KHTML, like Gecko) Chrome/130.0.0.0 Safari/537.36"
212.83.174.154 - - [09/Sep/2026:21:00:51 +0200] "HEAD / HTTP/1.1" 302 - "-" "Mozilla/5.0 (compatible; PingAdmin.Ru/1.1; +http://pingadmin.ru/)"
185.43.220.19 - - [09/Sep/2026:21:10:57 +0200] "POST /wp-cron.php?doing_wp_cron=1788981057.8519139289855957031250 HTTP/1.1" 200 - "-" "WordPress/7.1; http://bookmakery.ru"
91.142.73.116 - - [09/Sep/2026:21:10:55 +0200] "GET /bukmekerskaya-kontora-gg-bet/ HTTP/1.0" 302 - "http://bookmakery.ru/bukmekerskaya-kontora-gg-bet/" "Mozilla/5.0 (Windows NT 10.0; Win64; x64) AppleWebKit/537.36 (KHTML, like Gecko) Chrome/130.0.0.0 Safari/537.36 CCleaner/130.0.0.0"
43.153.54.138 - - [09/Sep/2026:21:13:33 +0200] "GET / HTTP/1.1" 302 - "-" "Mozilla/5.0 (iPhone; CPU iPhone OS 13_2_3 like Mac OS X) AppleWebKit/605.1.15 (KHTML, like Gecko) Version/13.0.3 Mobile/15E148 Safari/604.1"
185.43.220.19 - - [09/Sep/2026:21:34:57 +0200] "POST /wp-cron.php?doing_wp_cron=1788982497.6283419132232666015625 HTTP/1.1" 200 - "-" "WordPress/7.1; http://bookmakery.ru"
94.154.35.236 - - [09/Sep/2026:21:34:55 +0200] "HEAD /2015.zip HTTP/1.1" 302 - "-" "Mozilla/5.0 (Windows NT 10.0; Win64; x64) AppleWebKit/537.36 (KHTML, like Gecko) Chrome/101.0.4951.67 Safari/537.36"
185.43.220.19 - - [09/Sep/2026:21:49:06 +0200] "POST /wp-cron.php?doing_wp_cron=1788983345.8330559730529785156250 HTTP/1.1" 200 - "-" "WordPress/7.1; http://bookmakery.ru"
195.2.67.184 - - [09/Sep/2026:21:48:58 +0200] "GET /bukmekerskaya-kontora-gg-bet/ HTTP/1.0" 302 - "http://bookmakery.ru/bukmekerskaya-kontora-gg-bet/" "Mozilla/5.0 (Windows NT 10.0; Win64; x64) AppleWebKit/537.36 (KHTML, like Gecko) Chrome/130.0.0.0 Safari/537.36"
212.83.174.154 - - [09/Sep/2026:22:00:31 +0200] "HEAD / HTTP/1.1" 302 - "-" "Mozilla/5.0 (compatible; PingAdmin.Ru/1.1; +http://pingadmin.ru/)"
185.43.220.19 - - [09/Sep/2026:22:13:03 +0200] "POST /wp-cron.php?doing_wp_cron=1788984783.3402628898620605468750 HTTP/1.1" 200 - "-" "WordPress/7.1; http://bookmakery.ru"
94.154.35.236 - - [09/Sep/2026:22:13:02 +0200] "HEAD /2016.zip HTTP/1.1" 302 - "-" "Mozilla/5.0 (Windows NT 10.0; Win64; x64) AppleWebKit/537.36 (KHTML, like Gecko) Chrome/101.0.4951.67 Safari/537.36"
185.43.220.19 - - [09/Sep/2026:22:43:27 +0200] "POST /wp-cron.php?doing_wp_cron=1788986607.4055080413818359375000 HTTP/1.1" 200 - "-" "WordPress/7.1; http://bookmakery.ru"
94.154.35.236 - - [09/Sep/2026:22:43:26 +0200] "HEAD /2017.zip HTTP/1.1" 302 - "-" "Mozilla/5.0 (Windows NT 10.0; Win64; x64) AppleWebKit/537.36 (KHTML, like Gecko) Chrome/101.0.4951.67 Safari/537.36"
185.43.220.19 - - [09/Sep/2026:22:46:18 +0200] "POST /wp-cron.php?doing_wp_cron=1788986777.9557459354400634765625 HTTP/1.1" 200 - "-" "WordPress/7.1; http://bookmakery.ru"
178.20.44.140 - - [09/Sep/2026:22:46:16 +0200] "GET /bukmekerskaya-kontora-gg-bet/ HTTP/1.0" 302 - "http://bookmakery.ru/bukmekerskaya-kontora-gg-bet/#comment-8645" "Mozilla/5.0 (Windows NT 10.0; Win64; x64) AppleWebKit/537.36 (KHTML, like Gecko) Chrome/131.0.0.0 Safari/537.36 Avast/131.0.0.0"
185.43.220.19 - - [09/Sep/2026:22:48:49 +0200] "POST /wp-cron.php?doing_wp_cron=1788986929.8246219158172607421875 HTTP/1.1" 200 - "-" "WordPress/7.1; http://bookmakery.ru"
84.54.44.19 - - [09/Sep/2026:22:48:43 +0200] "GET /bukmekerskaya-kontora-gg-bet/ HTTP/1.0" 302 - "http://bookmakery.ru/bukmekerskaya-kontora-gg-bet/" "Mozilla/5.0 (Windows NT 10.0; Win64; x64) AppleWebKit/537.36 (KHTML, like Gecko) Chrome/131.0.0.0 Safari/537.36"
212.83.174.154 - - [09/Sep/2026:23:00:32 +0200] "HEAD / HTTP/1.1" 302 - "-" "Mozilla/5.0 (compatible; PingAdmin.Ru/1.1; +http://pingadmin.ru/)"
43.153.122.30 - - [09/Sep/2026:23:02:56 +0200] "GET / HTTP/1.1" 302 - "-" "Mozilla/5.0 (iPhone; CPU iPhone OS 13_2_3 like Mac OS X) AppleWebKit/605.1.15 (KHTML, like Gecko) Version/13.0.3 Mobile/15E148 Safari/604.1"
185.43.220.19 - - [09/Sep/2026:23:13:11 +0200] "POST /wp-cron.php?doing_wp_cron=1788988391.8098359107971191406250 HTTP/1.1" 200 - "-" "WordPress/7.1; http://bookmakery.ru"
94.154.35.236 - - [09/Sep/2026:23:13:08 +0200] "HEAD /2018.zip HTTP/1.1" 302 - "-" "Mozilla/5.0 (Windows NT 10.0; Win64; x64) AppleWebKit/537.36 (KHTML, like Gecko) Chrome/101.0.4951.67 Safari/537.36"
185.43.220.19 - - [09/Sep/2026:23:23:38 +0200] "POST /wp-cron.php?doing_wp_cron=1788989018.6242539882659912109375 HTTP/1.1" 200 - "-" "WordPress/7.1; http://bookmakery.ru"
107.23.62.75 - - [09/Sep/2026:23:23:36 +0200] "GET /bukmekerskaya-kontora-gg-bet/ HTTP/1.1" 302 - "-" "Mozilla/5.0 AppleWebKit/537.36 (KHTML, like Gecko; compatible; Amazonbot/0.1; +https://developer.amazon.com/support/amazonbot) Chrome/119.0.6045.214 Safari/537.36"
185.43.220.19 - - [09/Sep/2026:23:27:56 +0200] "POST /wp-cron.php?doing_wp_cron=1788989276.8311240673065185546875 HTTP/1.1" 200 - "-" "WordPress/7.1; http://bookmakery.ru"
66.249.66.198 - - [09/Sep/2026:23:27:52 +0200] "GET /robots.txt HTTP/1.1" 301 - "-" "Mozilla/5.0 (compatible; Googlebot/2.1; +http://www.google.com/bot.html)"
66.249.66.194 - - [09/Sep/2026:23:27:57 +0200] "GET /robots.txt/ HTTP/1.1" 200 76261 "-" "Mozilla/5.0 (compatible; Googlebot/2.1; +http://www.google.com/bot.html)"
185.43.220.19 - - [09/Sep/2026:23:32:18 +0200] "POST /wp-cron.php?doing_wp_cron=1788989538.0245618820190429687500 HTTP/1.1" 200 - "-" "WordPress/7.1; http://bookmakery.ru"
27.109.115.131 - - [09/Sep/2026:23:32:11 +0200] "GET /sftp-config.json HTTP/1.1" 302 - "-" "Mozilla/5.0 (Macintosh; Intel Mac OS X 10.15; rv:77.0) Gecko/20100101 Firefox/77.0"
27.109.115.131 - - [09/Sep/2026:23:32:14 +0200] "GET /.vscode/sftp.json HTTP/1.1" 302 - "-" "Mozilla/5.0 (Macintosh; Intel Mac OS X 10.15; rv:77.0) Gecko/20100101 Firefox/77.0"
185.43.220.19 - - [09/Sep/2026:23:32:48 +0200] "POST /wp-cron.php?doing_wp_cron=1788989568.7284541130065917968750 HTTP/1.1" 200 - "-" "WordPress/7.1; http://bookmakery.ru"
144.124.230.156 - - [09/Sep/2026:23:32:47 +0200] "GET /bukmekerskaya-kontora-gg-bet/ HTTP/1.0" 302 - "http://bookmakery.ru/bukmekerskaya-kontora-gg-bet/" "Mozilla/5.0 (Windows NT 10.0; Win64; x64) AppleWebKit/537.36 (KHTML, like Gecko) Chrome/130.0.0.0 Safari/537.36"
144.31.52.136 - - [09/Sep/2026:23:37:07 +0200] "GET / HTTP/1.0" 302 - "http://bookmakery.ru/" "Mozilla/5.0 (Windows NT 10.0; Win64; x64) AppleWebKit/537.36 (KHTML, like Gecko) Chrome/130.0.0.0 Safari/537.36 CCleaner/130.0.0.0"
170.168.99.236 - - [09/Sep/2026:23:40:20 +0200] "GET /tag/winner HTTP/1.1" 302 - "-" "Mozilla/5.0 (Windows NT 10.0; Win64; x64) AppleWebKit/537.36 (KHTML, like Gecko) Chrome/127.0.0.0 Safari/537.36"
94.154.35.236 - - [09/Sep/2026:23:42:24 +0200] "HEAD /2019.zip HTTP/1.1" 503 - "-" "Mozilla/5.0 (Windows NT 10.0; Win64; x64) AppleWebKit/537.36 (KHTML, like Gecko) Chrome/101.0.4951.67 Safari/537.36"
185.12.251.27 - - [09/Sep/2026:23:57:18 +0200] "GET / HTTP/1.1" 302 - "-" "Mozilla/5.0 (Linux; U; Android 13; sk-sk; Xiaomi 11T Pro Build/TKQ1.220829.002) AppleWebKit/537.36 (KHTML, like Gecko) Version/4.0 Chrome/112.0.5615.136 Mobile Safari/537.36 XiaoMi/MiuiBrowser/14.4.0-g"
212.83.174.154 - - [10/Sep/2026:00:00:37 +0200] "HEAD / HTTP/1.1" 302 - "-" "Mozilla/5.0 (compatible; PingAdmin.Ru/1.1; +http://pingadmin.ru/)"
110.42.208.131 - - [10/Sep/2026:00:11:09 +0200] "GET / HTTP/1.1" 302 - "-" "Mozilla/5.0 (iPhone; CPU iPhone OS 13_2_3 like Mac OS X) AppleWebKit/605.1.15 (KHTML, like Gecko) Version/13.0.3 Mobile/15E148 Safari/604.1"
94.154.35.236 - - [10/Sep/2026:00:11:44 +0200] "HEAD /2020.zip HTTP/1.1" 508 - "-" "Mozilla/5.0 (Windows NT 10.0; Win64; x64) AppleWebKit/537.36 (KHTML, like Gecko) Chrome/101.0.4951.67 Safari/537.36"
185.231.155.169 - - [10/Sep/2026:00:14:35 +0200] "GET /bukmekerskaya-kontora-gg-bet/ HTTP/1.0" 302 - "http://bookmakery.ru/bukmekerskaya-kontora-gg-bet/#comment-24627" "Mozilla/5.0 (Windows NT 10.0; Win64; x64) AppleWebKit/537.36 (KHTML, like Gecko) Chrome/130.0.0.0 Safari/537.36"
185.43.220.19 - - [10/Sep/2026:00:16:58 +0200] "POST /wp-cron.php?doing_wp_cron=1788992218.8239760398864746093750 HTTP/1.1" 200 - "-" "WordPress/7.1; http://bookmakery.ru"
192.18.143.53 - - [10/Sep/2026:00:16:56 +0200] "GET /bukmekerskaya-kontora-gg-bet/ HTTP/1.0" 302 - "http://bookmakery.ru/bukmekerskaya-kontora-gg-bet/" "Mozilla/5.0 (Windows NT 10.0; Win64; x64) AppleWebKit/537.36 (KHTML, like Gecko) Chrome/130.0.0.0 Safari/537.36"
192.18.143.53 - - [10/Sep/2026:00:17:16 +0200] "GET / HTTP/1.0" 302 - "http://bookmakery.ru/" "Mozilla/5.0 (Windows NT 10.0; Win64; x64) AppleWebKit/537.36 (KHTML, like Gecko) Chrome/130.0.0.0 Safari/537.36"
160.250.133.152 - - [10/Sep/2026:00:28:20 +0200] "GET / HTTP/1.1" 302 - "-" "Mozilla/5.0 (Windows NT 10.0; Win64; x64) AppleWebKit/537.36 (KHTML, like Gecko) Chrome/120.0.0.0 Safari/537.36"
160.250.133.152 - - [10/Sep/2026:00:28:22 +0200] "GET /index.php HTTP/1.1" 302 - "-" "Mozilla/5.0 (Windows NT 10.0; Win64; x64) AppleWebKit/537.36 (KHTML, like Gecko) Chrome/120.0.0.0 Safari/537.36"
185.43.220.19 - - [10/Sep/2026:00:42:40 +0200] "POST /wp-cron.php?doing_wp_cron=1788993760.8244619369506835937500 HTTP/1.1" 200 - "-" "WordPress/7.1; http://bookmakery.ru"
94.154.35.236 - - [10/Sep/2026:00:42:35 +0200] "HEAD /2021.zip HTTP/1.1" 302 - "-" "Mozilla/5.0 (Windows NT 10.0; Win64; x64) AppleWebKit/537.36 (KHTML, like Gecko) Chrome/101.0.4951.67 Safari/537.36"
185.43.220.19 - - [10/Sep/2026:00:54:06 +0200] "POST /wp-cron.php?doing_wp_cron=1788994446.3301448822021484375000 HTTP/1.1" 200 - "-" "WordPress/7.1; http://bookmakery.ru"
195.2.78.191 - - [10/Sep/2026:00:54:00 +0200] "GET /bukmekerskaya-kontora-gg-bet/ HTTP/1.0" 302 - "http://bookmakery.ru/bukmekerskaya-kontora-gg-bet/#comment-31686" "Mozilla/5.0 (Windows NT 10.0; Win64; x64) AppleWebKit/537.36 (KHTML, like Gecko) Chrome/131.0.0.0 Safari/537.36"
212.83.174.154 - - [10/Sep/2026:01:00:32 +0200] "HEAD / HTTP/1.1" 302 - "-" "Mozilla/5.0 (compatible; PingAdmin.Ru/1.1; +http://pingadmin.ru/)"
185.43.220.19 - - [10/Sep/2026:01:02:51 +0200] "POST /wp-cron.php?doing_wp_cron=1788994971.0263779163360595703125 HTTP/1.1" 200 - "-" "WordPress/7.1; http://bookmakery.ru"
178.20.47.39 - - [10/Sep/2026:01:02:44 +0200] "GET /bukmekerskaya-kontora-gg-bet/ HTTP/1.0" 302 - "http://bookmakery.ru/bukmekerskaya-kontora-gg-bet/" "Mozilla/5.0 (Windows NT 10.0; Win64; x64) AppleWebKit/537.36 (KHTML, like Gecko) Chrome/130.0.0.0 Safari/537.36"
185.43.220.19 - - [10/Sep/2026:01:12:49 +0200] "POST /wp-cron.php?doing_wp_cron=1788995569.9245810508728027343750 HTTP/1.1" 200 - "-" "WordPress/7.1; http://bookmakery.ru"
94.154.35.236 - - [10/Sep/2026:01:12:44 +0200] "HEAD /2022.zip HTTP/1.1" 302 - "-" "Mozilla/5.0 (Windows NT 10.0; Win64; x64) AppleWebKit/537.36 (KHTML, like Gecko) Chrome/101.0.4951.67 Safari/537.36"
185.43.220.19 - - [10/Sep/2026:01:13:58 +0200] "POST /wp-cron.php?doing_wp_cron=1788995638.5617160797119140625000 HTTP/1.1" 200 - "-" "WordPress/7.1; http://bookmakery.ru"
82.29.226.203 - - [10/Sep/2026:01:13:55 +0200] "GET /wp-content/plugins/elementor-pro/assets/css/app.min.css HTTP/1.1" 302 - "-" "Mozilla/5.0 (X11; Linux x86_64) AppleWebKit/537.36 (KHTML, like Gecko) Chrome/131.0.0.0 Safari/537.36"
104.143.245.230 - - [10/Sep/2026:01:14:01 +0200] "GET /wp-content/plugins/elementor-pro/readme.txt HTTP/1.1" 302 - "-" "Mozilla/5.0 (X11; Linux x86_64) AppleWebKit/537.36 (KHTML, like Gecko) Chrome/131.0.0.0 Safari/537.36"
66.249.66.193 - - [10/Sep/2026:01:19:28 +0200] "GET /?r=fgutf7ibv1y828f HTTP/1.1" 200 76379 "-" "Mozilla/5.0 (Linux; Android 6.0.1; Nexus 5X Build/MMB29P) AppleWebKit/537.36 (KHTML, like Gecko) Chrome/152.0.7977.82 Mobile Safari/537.36 (compatible; Googlebot/2.1; +http://www.google.com/bot.html)"
185.43.220.19 - - [10/Sep/2026:01:23:43 +0200] "POST /wp-cron.php?doing_wp_cron=1788996223.5412929058074951171875 HTTP/1.1" 200 - "-" "WordPress/7.1; http://bookmakery.ru"
51.195.244.112 - - [10/Sep/2026:01:23:35 +0200] "GET /robots.txt HTTP/1.1" 301 - "-" "Mozilla/5.0 (compatible; AhrefsBot/7.0; +http://ahrefs.com/robot/)"
51.195.244.112 - - [10/Sep/2026:01:23:43 +0200] "GET /robots.txt/ HTTP/1.1" 200 76261 "-" "Mozilla/5.0 (compatible; AhrefsBot/7.0; +http://ahrefs.com/robot/)"
51.195.215.72 - - [10/Sep/2026:01:24:00 +0200] "GET /titanbet/ HTTP/1.1" 503 468 "-" "Mozilla/5.0 (compatible; AhrefsBot/7.0; +http://ahrefs.com/robot/)"
185.43.220.19 - - [10/Sep/2026:01:26:47 +0200] "POST /wp-cron.php?doing_wp_cron=1788996407.2533600330352783203125 HTTP/1.1" 200 - "-" "WordPress/7.1; http://bookmakery.ru"
185.43.220.19 - - [10/Sep/2026:01:29:27 +0200] "POST /wp-cron.php?doing_wp_cron=1788996567.2630460262298583984375 HTTP/1.1" 200 - "-" "WordPress/7.1; http://bookmakery.ru"
185.43.220.19 - - [10/Sep/2026:01:31:00 +0200] "POST /wp-cron.php?doing_wp_cron=1788996660.3512439727783203125000 HTTP/1.1" 200 - "-" "WordPress/7.1; http://bookmakery.ru"
91.224.92.19 - - [10/Sep/2026:01:30:57 +0200] "GET /filefuns.php HTTP/1.1" 302 - "-" "Mozlila/5.0 (Linux; Android 7.0; SM-G892A Bulid/NRD90M; wv) AppleWebKit/537.36 (KHTML, like Gecko) Version/4.0 Chrome/60.0.3112.107 Moblie Safari/537.36"
185.43.220.19 - - [10/Sep/2026:01:42:52 +0200] "POST /wp-cron.php?doing_wp_cron=1788997372.3244900703430175781250 HTTP/1.1" 200 - "-" "WordPress/7.1; http://bookmakery.ru"
94.154.35.236 - - [10/Sep/2026:01:42:45 +0200] "HEAD /2023.zip HTTP/1.1" 302 - "-" "Mozilla/5.0 (Windows NT 10.0; Win64; x64) AppleWebKit/537.36 (KHTML, like Gecko) Chrome/101.0.4951.67 Safari/537.36"
212.83.174.154 - - [10/Sep/2026:02:00:33 +0200] "HEAD / HTTP/1.1" 302 - "-" "Mozilla/5.0 (compatible; PingAdmin.Ru/1.1; +http://pingadmin.ru/)"
185.43.220.19 - - [10/Sep/2026:02:09:53 +0200] "POST /wp-cron.php?doing_wp_cron=1788998993.6251530647277832031250 HTTP/1.1" 200 - "-" "WordPress/7.1; http://bookmakery.ru"
95.142.47.113 - - [10/Sep/2026:02:09:47 +0200] "GET /bukmekerskaya-kontora-gg-bet/ HTTP/1.0" 302 - "http://bookmakery.ru/bukmekerskaya-kontora-gg-bet/#comment-1877" "Mozilla/5.0 (Windows NT 10.0; Win64; x64) AppleWebKit/537.36 (KHTML, like Gecko) Chrome/131.0.0.0 Safari/537.36"
185.43.220.19 - - [10/Sep/2026:02:12:59 +0200] "POST /wp-cron.php?doing_wp_cron=1788999179.2386019229888916015625 HTTP/1.1" 200 - "-" "WordPress/7.1; http://bookmakery.ru"
94.154.35.236 - - [10/Sep/2026:02:12:55 +0200] "HEAD /2024.zip HTTP/1.1" 302 - "-" "Mozilla/5.0 (Windows NT 10.0; Win64; x64) AppleWebKit/537.36 (KHTML, like Gecko) Chrome/101.0.4951.67 Safari/537.36"
185.43.220.19 - - [10/Sep/2026:02:15:32 +0200] "POST /wp-cron.php?doing_wp_cron=1788999332.4250109195709228515625 HTTP/1.1" 200 - "-" "WordPress/7.1; http://bookmakery.ru"
93.171.188.94 - - [10/Sep/2026:02:15:26 +0200] "GET /bukmekerskaya-kontora-gg-bet/ HTTP/1.0" 302 - "-" "Mozilla/5.0 (Windows NT 10.0; Win64; x64) AppleWebKit/537.36 (KHTML, like Gecko) Chrome/118.0.0.0 Safari/537.36"
185.43.220.19 - - [10/Sep/2026:02:43:11 +0200] "POST /wp-cron.php?doing_wp_cron=1789000991.8254210948944091796875 HTTP/1.1" 200 - "-" "WordPress/7.1; http://bookmakery.ru"
94.154.35.236 - - [10/Sep/2026:02:43:09 +0200] "HEAD /2023.zip HTTP/1.1" 302 - "-" "Mozilla/5.0 (Windows NT 10.0; Win64; x64) AppleWebKit/537.36 (KHTML, like Gecko) Chrome/101.0.4951.67 Safari/537.36"
212.83.174.154 - - [10/Sep/2026:03:00:35 +0200] "HEAD / HTTP/1.1" 302 - "-" "Mozilla/5.0 (compatible; PingAdmin.Ru/1.1; +http://pingadmin.ru/)"
185.43.220.19 - - [10/Sep/2026:03:13:44 +0200] "POST /wp-cron.php?doing_wp_cron=1789002824.8279390335083007812500 HTTP/1.1" 200 - "-" "WordPress/7.1; http://bookmakery.ru"
94.154.35.236 - - [10/Sep/2026:03:13:39 +0200] "HEAD /2025.zip HTTP/1.1" 302 - "-" "Mozilla/5.0 (Windows NT 10.0; Win64; x64) AppleWebKit/537.36 (KHTML, like Gecko) Chrome/101.0.4951.67 Safari/537.36"
43.165.65.117 - - [10/Sep/2026:03:18:59 +0200] "GET / HTTP/1.1" 302 - "-" "Mozilla/5.0 (iPhone; CPU iPhone OS 13_2_3 like Mac OS X) AppleWebKit/605.1.15 (KHTML, like Gecko) Version/13.0.3 Mobile/15E148 Safari/604.1"
185.43.220.19 - - [10/Sep/2026:03:31:13 +0200] "POST /wp-cron.php?doing_wp_cron=1789003873.5242879390716552734375 HTTP/1.1" 200 - "-" "WordPress/7.1; http://bookmakery.ru"
195.2.67.184 - - [10/Sep/2026:03:31:11 +0200] "GET /bukmekerskaya-kontora-gg-bet/ HTTP/1.0" 302 - "http://bookmakery.ru/bukmekerskaya-kontora-gg-bet/#comment-24405" "Mozilla/5.0 (Windows NT 10.0; Win64; x64) AppleWebKit/537.36 (KHTML, like Gecko) Chrome/130.0.0.0 Safari/537.36 CCleaner/130.0.0.0"
185.43.220.19 - - [10/Sep/2026:03:43:22 +0200] "POST /wp-cron.php?doing_wp_cron=1789004602.0270380973815917968750 HTTP/1.1" 200 - "-" "WordPress/7.1; http://bookmakery.ru"
94.154.35.236 - - [10/Sep/2026:03:43:17 +0200] "HEAD /2026.zip HTTP/1.1" 302 - "-" "Mozilla/5.0 (Windows NT 10.0; Win64; x64) AppleWebKit/537.36 (KHTML, like Gecko) Chrome/101.0.4951.67 Safari/537.36"
212.83.174.154 - - [10/Sep/2026:04:00:35 +0200] "HEAD / HTTP/1.1" 302 - "-" "Mozilla/5.0 (compatible; PingAdmin.Ru/1.1; +http://pingadmin.ru/)"
185.43.220.19 - - [10/Sep/2026:04:02:32 +0200] "POST /wp-cron.php?doing_wp_cron=1789005752.9262690544128417968750 HTTP/1.1" 200 - "-" "WordPress/7.1; http://bookmakery.ru"
46.138.90.249 - - [10/Sep/2026:04:02:30 +0200] "GET /bukmekerskaya-kontora-gg-bet/ HTTP/1.0" 302 - "http://bookmakery.ru/bukmekerskaya-kontora-gg-bet/" "Mozilla/5.0 (Windows NT 10.0; Win64; x64) AppleWebKit/537.36 (KHTML, like Gecko) Chrome/130.0.0.0 Safari/537.36"
185.43.220.19 - - [10/Sep/2026:04:03:33 +0200] "POST /wp-cron.php?doing_wp_cron=1789005813.1256089210510253906250 HTTP/1.1" 200 - "-" "WordPress/7.1; http://bookmakery.ru"
95.142.47.113 - - [10/Sep/2026:04:03:26 +0200] "GET /bukmekerskaya-kontora-gg-bet/ HTTP/1.0" 302 - "http://bookmakery.ru/bukmekerskaya-kontora-gg-bet/#comment-24627" "Mozilla/5.0 (Windows NT 10.0; Win64; x64) AppleWebKit/537.36 (KHTML, like Gecko) Chrome/131.0.0.0 Safari/537.36"
185.43.220.19 - - [10/Sep/2026:04:04:42 +0200] "POST /wp-cron.php?doing_wp_cron=1789005881.8874359130859375000000 HTTP/1.1" 200 - "-" "WordPress/7.1; http://bookmakery.ru"
2.26.23.219 - - [10/Sep/2026:04:04:35 +0200] "GET /bukmekerskaya-kontora-gg-bet/ HTTP/1.0" 302 - "http://bookmakery.ru/bukmekerskaya-kontora-gg-bet/" "Mozilla/5.0 (Windows NT 10.0; Win64; x64) AppleWebKit/537.36 (KHTML, like Gecko) Chrome/129.0.0.0 Safari/537.36"
43.155.27.244 - - [10/Sep/2026:04:09:31 +0200] "GET / HTTP/1.1" 302 - "-" "Mozilla/5.0 (iPhone; CPU iPhone OS 13_2_3 like Mac OS X) AppleWebKit/605.1.15 (KHTML, like Gecko) Version/13.0.3 Mobile/15E148 Safari/604.1"
185.43.220.19 - - [10/Sep/2026:04:12:38 +0200] "POST /wp-cron.php?doing_wp_cron=1789006358.7445430755615234375000 HTTP/1.1" 200 - "-" "WordPress/7.1; http://bookmakery.ru"
94.154.35.236 - - [10/Sep/2026:04:12:32 +0200] "HEAD /core.zip HTTP/1.1" 302 - "-" "Mozilla/5.0 (Windows NT 10.0; Win64; x64) AppleWebKit/537.36 (KHTML, like Gecko) Chrome/101.0.4951.67 Safari/537.36"
185.43.220.19 - - [10/Sep/2026:04:15:53 +0200] "POST /wp-cron.php?doing_wp_cron=1789006553.7246510982513427734375 HTTP/1.1" 200 - "-" "WordPress/7.1; http://bookmakery.ru"
62.113.113.162 - - [10/Sep/2026:04:15:50 +0200] "GET /bukmekerskaya-kontora-gg-bet/ HTTP/1.0" 302 - "http://bookmakery.ru/bukmekerskaya-kontora-gg-bet/" "Mozilla/5.0 (Windows NT 10.0; Win64; x64) AppleWebKit/537.36 (KHTML, like Gecko) Chrome/129.0.0.0 Safari/537.36"
23.124.23.92 - - [10/Sep/2026:04:23:18 +0200] "GET http://bookmakery.ru/wp-content/uploads/2017/07/0687d2efc11.png HTTP/1.1" 302 - "http://bookmakery.ru/" "mozilla/5.0 (windows nt 10.0; win64; x64) applewebkit/537.36"
161.118.209.161 - - [10/Sep/2026:04:24:10 +0200] "GET /wp-includes/css/buttons.css HTTP/1.1" 200 13059 "-" "Go-http-client/1.1"
