| Server IP : 172.67.193.39 / Your IP : 216.73.216.217 Web Server : Apache System : Linux sr32.hostlife.net 6.12.0-124.52.3.el10_1.x86_64 #1 SMP PREEMPT_DYNAMIC Sat May 2 09:06:54 EDT 2026 x86_64 User : golfb689 ( 1071) PHP Version : 7.4.33 Disable Function : NONE MySQL : OFF | cURL : ON | WGET : ON | Perl : ON | Python : OFF | Sudo : OFF | Pkexec : OFF Directory : /home/golfb689/access-logs/ |
Upload File : |
66.249.68.199 - - [09/Sep/2026:14:11:46 +0200] "GET /?r=e6kft98w9t8uz6p HTTP/1.1" 200 20462 "-" "Mozilla/5.0 (Linux; Android 6.0.1; Nexus 5X Build/MMB29P) AppleWebKit/537.36 (KHTML, like Gecko) Chrome/151.0.7922.173 Mobile Safari/537.36 (compatible; Googlebot/2.1; +http://www.google.com/bot.html)"
49.206.26.34 - - [09/Sep/2026:14:23:13 +0200] "GET /robots.txt HTTP/1.1" 200 93 "-" "Mozilla/5.0 (Windows NT 10.0; Win64; x64) AppleWebKit/537.36 (KHTML, like Gecko) Chrome/127.0.0.0 Safari/537.36"
66.249.68.200 - - [09/Sep/2026:14:23:19 +0200] "GET /?r=f1egn32b3qus1gb HTTP/1.1" 200 20462 "-" "Mozilla/5.0 (Linux; Android 6.0.1; Nexus 5X Build/MMB29P) AppleWebKit/537.36 (KHTML, like Gecko) Chrome/151.0.7922.173 Mobile Safari/537.36 (compatible; Googlebot/2.1; +http://www.google.com/bot.html)"
185.43.220.19 - - [09/Sep/2026:14:23:24 +0200] "POST /wp-cron.php?doing_wp_cron=1788956604.6544029712677001953125 HTTP/1.1" 200 - "-" "WordPress/7.1; https://bookmakery.ru"
49.206.26.34 - - [09/Sep/2026:14:23:19 +0200] "GET /index.php/sitemap.xml HTTP/1.1" 302 - "-" "Mozilla/5.0 (Windows NT 10.0; Win64; x64) AppleWebKit/537.36 (KHTML, like Gecko) Chrome/127.0.0.0 Safari/537.36"
49.206.26.34 - - [09/Sep/2026:14:23:25 +0200] "GET /sitemap_index.xml HTTP/1.1" 503 468 "-" "Mozilla/5.0 (Windows NT 10.0; Win64; x64) AppleWebKit/537.36 (KHTML, like Gecko) Chrome/127.0.0.0 Safari/537.36"
49.206.26.34 - - [09/Sep/2026:14:23:25 +0200] "GET /sitemap.xml HTTP/1.1" 503 468 "-" "Mozilla/5.0 (Windows NT 10.0; Win64; x64) AppleWebKit/537.36 (KHTML, like Gecko) Chrome/127.0.0.0 Safari/537.36"
49.206.26.34 - - [09/Sep/2026:14:23:33 +0200] "GET / HTTP/1.1" 302 - "-" "Mozilla/5.0 (Windows NT 10.0; Win64; x64) AppleWebKit/537.36 (KHTML, like Gecko) Chrome/127.0.0.0 Safari/537.36"
49.206.26.34 - - [09/Sep/2026:14:23:36 +0200] "GET /sitemap.xml HTTP/1.1" 200 1057 "https://istanbullady.lol/" "Mozilla/5.0 (Windows NT 10.0; Win64; x64) AppleWebKit/537.36 (KHTML, like Gecko) Chrome/127.0.0.0 Safari/537.36"
49.206.26.34 - - [09/Sep/2026:14:23:41 +0200] "GET /sitemap.xml HTTP/1.1" 200 1057 "-" "Mozilla/5.0 (Windows NT 10.0; Win64; x64) AppleWebKit/537.36 (KHTML, like Gecko) Chrome/127.0.0.0 Safari/537.36"
49.206.26.34 - - [09/Sep/2026:14:23:46 +0200] "GET /sitemap_index.xml HTTP/1.1" 302 - "https://bookmakery.ru/sitemap.xml" "Mozilla/5.0 (Windows NT 10.0; Win64; x64) AppleWebKit/537.36 (KHTML, like Gecko) Chrome/127.0.0.0 Safari/537.36"
49.206.26.34 - - [09/Sep/2026:14:23:46 +0200] "GET /default-sitemap.xsl?sitemap=root HTTP/1.1" 200 14655 "https://bookmakery.ru/sitemap.xml" "Mozilla/5.0 (Windows NT 10.0; Win64; x64) AppleWebKit/537.36 (KHTML, like Gecko) Chrome/127.0.0.0 Safari/537.36"
49.206.26.34 - - [09/Sep/2026:14:23:52 +0200] "GET /sitemap.xml HTTP/1.1" 503 468 "https://bookmakery.ru/sitemap.xml" "Mozilla/5.0 (Windows NT 10.0; Win64; x64) AppleWebKit/537.36 (KHTML, like Gecko) Chrome/127.0.0.0 Safari/537.36"
49.206.26.34 - - [09/Sep/2026:14:23:52 +0200] "GET /sitemap_index.xml HTTP/1.1" 302 - "-" "Mozilla/5.0 (Windows NT 10.0; Win64; x64) AppleWebKit/537.36 (KHTML, like Gecko) Chrome/127.0.0.0 Safari/537.36"
49.206.26.34 - - [09/Sep/2026:14:23:52 +0200] "GET /favicon.ico HTTP/1.1" 302 - "https://bookmakery.ru/sitemap.xml" "Mozilla/5.0 (Windows NT 10.0; Win64; x64) AppleWebKit/537.36 (KHTML, like Gecko) Chrome/127.0.0.0 Safari/537.36"
49.206.26.34 - - [09/Sep/2026:14:23:58 +0200] "GET /sitemap.xml HTTP/1.1" 200 1057 "-" "Mozilla/5.0 (Windows NT 10.0; Win64; x64) AppleWebKit/537.36 (KHTML, like Gecko) Chrome/127.0.0.0 Safari/537.36"
49.206.26.34 - - [09/Sep/2026:14:24:05 +0200] "GET /default-sitemap.xsl?sitemap=root HTTP/1.1" 200 14655 "https://bookmakery.ru/sitemap.xml" "Mozilla/5.0 (Windows NT 10.0; Win64; x64) AppleWebKit/537.36 (KHTML, like Gecko) Chrome/127.0.0.0 Safari/537.36"
49.206.26.34 - - [09/Sep/2026:14:24:06 +0200] "GET /?s=McLuck HTTP/1.1" 200 77995 "https://bookmakery.ru/sitemap.xml" "Mozilla/5.0 (Windows NT 10.0; Win64; x64) AppleWebKit/537.36 (KHTML, like Gecko) Chrome/127.0.0.0 Safari/537.36"
49.206.26.34 - - [09/Sep/2026:14:24:13 +0200] "GET /favicon.ico HTTP/1.1" 302 - "https://bookmakery.ru/sitemap.xml" "Mozilla/5.0 (Windows NT 10.0; Win64; x64) AppleWebKit/537.36 (KHTML, like Gecko) Chrome/127.0.0.0 Safari/537.36"
49.206.26.34 - - [09/Sep/2026:14:24:13 +0200] "GET /?s=McLuck HTTP/1.1" 200 77995 "-" "Mozilla/5.0 (Windows NT 10.0; Win64; x64) AppleWebKit/537.36 (KHTML, like Gecko) Chrome/127.0.0.0 Safari/537.36"
49.206.26.34 - - [09/Sep/2026:14:24:21 +0200] "GET /wp-content/plugins/contact-form-7/includes/css/styles.css?ver=6.1.6 HTTP/1.1" 200 2979 "https://bookmakery.ru/?s=McLuck" "Mozilla/5.0 (Windows NT 10.0; Win64; x64) AppleWebKit/537.36 (KHTML, like Gecko) Chrome/127.0.0.0 Safari/537.36"
49.206.26.34 - - [09/Sep/2026:14:24:22 +0200] "GET /wp-includes/js/dist/script-modules/interactivity/index.min.js?ver=efaa5193bbad9c60ffd1 HTTP/1.1" 200 40106 "-" "Mozilla/5.0 (Windows NT 10.0; Win64; x64) AppleWebKit/537.36 (KHTML, like Gecko) Chrome/127.0.0.0 Safari/537.36"
49.206.26.34 - - [09/Sep/2026:14:24:22 +0200] "GET /wp-includes/js/dist/hooks.min.js?ver=f0f188028580e8dc1255 HTTP/1.1" 200 5107 "https://bookmakery.ru/?s=McLuck" "Mozilla/5.0 (Windows NT 10.0; Win64; x64) AppleWebKit/537.36 (KHTML, like Gecko) Chrome/127.0.0.0 Safari/537.36"
49.206.26.34 - - [09/Sep/2026:14:24:22 +0200] "GET /wp-includes/js/dist/script-modules/block-library/navigation/view.min.js?ver=1bf28ded04f9f188bdcb HTTP/1.1" 200 3033 "https://bookmakery.ru/?s=McLuck" "Mozilla/5.0 (Windows NT 10.0; Win64; x64) AppleWebKit/537.36 (KHTML, like Gecko) Chrome/127.0.0.0 Safari/537.36"
49.206.26.34 - - [09/Sep/2026:14:24:22 +0200] "GET /wp-includes/js/dist/i18n.min.js?ver=1dfe7db3940c23ea9216 HTTP/1.1" 200 5791 "https://bookmakery.ru/?s=McLuck" "Mozilla/5.0 (Windows NT 10.0; Win64; x64) AppleWebKit/537.36 (KHTML, like Gecko) Chrome/127.0.0.0 Safari/537.36"
49.206.26.34 - - [09/Sep/2026:14:24:22 +0200] "GET /wp-content/plugins/contact-form-7/includes/swv/js/index.js?ver=6.1.6 HTTP/1.1" 200 12512 "https://bookmakery.ru/?s=McLuck" "Mozilla/5.0 (Windows NT 10.0; Win64; x64) AppleWebKit/537.36 (KHTML, like Gecko) Chrome/127.0.0.0 Safari/537.36"
49.206.26.34 - - [09/Sep/2026:14:24:22 +0200] "GET /wp-content/plugins/contact-form-7/includes/js/index.js?ver=6.1.6 HTTP/1.1" 200 13452 "https://bookmakery.ru/?s=McLuck" "Mozilla/5.0 (Windows NT 10.0; Win64; x64) AppleWebKit/537.36 (KHTML, like Gecko) Chrome/127.0.0.0 Safari/537.36"
49.206.26.34 - - [09/Sep/2026:14:24:22 +0200] "GET /wp-includes/js/wp-emoji-release.min.js?ver=7.1 HTTP/1.1" 200 22752 "https://bookmakery.ru/?s=McLuck" "Mozilla/5.0 (Windows NT 10.0; Win64; x64) AppleWebKit/537.36 (KHTML, like Gecko) Chrome/127.0.0.0 Safari/537.36"
49.206.26.34 - - [09/Sep/2026:14:24:22 +0200] "GET / HTTP/1.1" 302 - "https://bookmakery.ru/?s=McLuck" "Mozilla/5.0 (Windows NT 10.0; Win64; x64) AppleWebKit/537.36 (KHTML, like Gecko) Chrome/127.0.0.0 Safari/537.36"
49.206.26.34 - - [09/Sep/2026:14:24:24 +0200] "GET / HTTP/1.1" 302 - "-" "Mozilla/5.0 (Windows NT 10.0; Win64; x64) AppleWebKit/537.36 (KHTML, like Gecko) Chrome/127.0.0.0 Safari/537.36"
185.43.220.19 - - [09/Sep/2026:14:24:29 +0200] "POST /wp-cron.php?doing_wp_cron=1788956668.7314689159393310546875 HTTP/1.1" 200 - "-" "WordPress/7.1; https://bookmakery.ru"
49.206.26.34 - - [09/Sep/2026:14:24:22 +0200] "GET /favicon.ico HTTP/1.1" 302 - "https://bookmakery.ru/?s=McLuck" "Mozilla/5.0 (Windows NT 10.0; Win64; x64) AppleWebKit/537.36 (KHTML, like Gecko) Chrome/127.0.0.0 Safari/537.36"
185.43.220.19 - - [09/Sep/2026:14:24:30 +0200] "POST /wp-cron.php?doing_wp_cron=1788956669.8853850364685058593750 HTTP/1.1" 200 - "-" "WordPress/7.1; https://bookmakery.ru"
49.206.26.34 - - [09/Sep/2026:14:24:26 +0200] "GET /casinos HTTP/1.1" 302 - "https://istanbullady.lol/" "Mozilla/5.0 (Windows NT 10.0; Win64; x64) AppleWebKit/537.36 (KHTML, like Gecko) Chrome/127.0.0.0 Safari/537.36"
49.206.26.34 - - [09/Sep/2026:14:24:30 +0200] "GET /casinos HTTP/1.1" 302 - "-" "Mozilla/5.0 (Windows NT 10.0; Win64; x64) AppleWebKit/537.36 (KHTML, like Gecko) Chrome/127.0.0.0 Safari/537.36"
49.206.26.34 - - [09/Sep/2026:14:24:38 +0200] "GET /casino HTTP/1.1" 302 - "-" "Mozilla/5.0 (Windows NT 10.0; Win64; x64) AppleWebKit/537.36 (KHTML, like Gecko) Chrome/127.0.0.0 Safari/537.36"
185.43.220.19 - - [09/Sep/2026:14:25:02 +0200] "POST /wp-cron.php?doing_wp_cron=1788956702.4253060817718505859375 HTTP/1.1" 200 - "-" "WordPress/7.1; https://bookmakery.ru"
49.206.26.34 - - [09/Sep/2026:14:24:58 +0200] "GET /casino HTTP/1.1" 302 - "-" "Mozilla/5.0 (Windows NT 10.0; Win64; x64) AppleWebKit/537.36 (KHTML, like Gecko) Chrome/127.0.0.0 Safari/537.36"
49.206.26.34 - - [09/Sep/2026:14:25:04 +0200] "GET /brands HTTP/1.1" 302 - "https://istanbullady.lol/" "Mozilla/5.0 (Windows NT 10.0; Win64; x64) AppleWebKit/537.36 (KHTML, like Gecko) Chrome/127.0.0.0 Safari/537.36"
49.206.26.34 - - [09/Sep/2026:14:25:09 +0200] "GET /brands HTTP/1.1" 302 - "-" "Mozilla/5.0 (Windows NT 10.0; Win64; x64) AppleWebKit/537.36 (KHTML, like Gecko) Chrome/127.0.0.0 Safari/537.36"
185.43.220.19 - - [09/Sep/2026:14:25:21 +0200] "POST /wp-cron.php?doing_wp_cron=1788956721.8275671005249023437500 HTTP/1.1" 200 - "-" "WordPress/7.1; https://bookmakery.ru"
49.206.26.34 - - [09/Sep/2026:14:25:16 +0200] "GET /reviews HTTP/1.1" 302 - "https://istanbullady.lol/" "Mozilla/5.0 (Windows NT 10.0; Win64; x64) AppleWebKit/537.36 (KHTML, like Gecko) Chrome/127.0.0.0 Safari/537.36"
49.206.26.34 - - [09/Sep/2026:14:25:22 +0200] "GET /reviews HTTP/1.1" 302 - "-" "Mozilla/5.0 (Windows NT 10.0; Win64; x64) AppleWebKit/537.36 (KHTML, like Gecko) Chrome/127.0.0.0 Safari/537.36"
49.206.26.34 - - [09/Sep/2026:14:25:29 +0200] "GET /bookmakers HTTP/1.1" 302 - "https://istanbullady.lol/" "Mozilla/5.0 (Windows NT 10.0; Win64; x64) AppleWebKit/537.36 (KHTML, like Gecko) Chrome/127.0.0.0 Safari/537.36"
49.206.26.34 - - [09/Sep/2026:14:25:34 +0200] "GET /bookmakers HTTP/1.1" 302 - "-" "Mozilla/5.0 (Windows NT 10.0; Win64; x64) AppleWebKit/537.36 (KHTML, like Gecko) Chrome/127.0.0.0 Safari/537.36"
49.206.26.34 - - [09/Sep/2026:14:25:39 +0200] "GET /sportsbooks HTTP/1.1" 302 - "https://istanbullady.lol/" "Mozilla/5.0 (Windows NT 10.0; Win64; x64) AppleWebKit/537.36 (KHTML, like Gecko) Chrome/127.0.0.0 Safari/537.36"
185.43.220.19 - - [09/Sep/2026:14:25:50 +0200] "POST /wp-cron.php?doing_wp_cron=1788956750.0293319225311279296875 HTTP/1.1" 200 - "-" "WordPress/7.1; https://bookmakery.ru"
49.206.26.34 - - [09/Sep/2026:14:25:44 +0200] "GET /sportsbooks HTTP/1.1" 302 - "-" "Mozilla/5.0 (Windows NT 10.0; Win64; x64) AppleWebKit/537.36 (KHTML, like Gecko) Chrome/127.0.0.0 Safari/537.36"
66.249.68.199 - - [09/Sep/2026:14:27:56 +0200] "GET /?r=fuccxp0bdegqpqx HTTP/1.1" 200 20462 "-" "Mozilla/5.0 (Linux; Android 6.0.1; Nexus 5X Build/MMB29P) AppleWebKit/537.36 (KHTML, like Gecko) Chrome/151.0.7922.173 Mobile Safari/537.36 (compatible; Googlebot/2.1; +http://www.google.com/bot.html)"
185.43.220.19 - - [09/Sep/2026:14:28:49 +0200] "POST /wp-cron.php?doing_wp_cron=1788956929.2341599464416503906250 HTTP/1.1" 200 - "-" "WordPress/7.1; https://bookmakery.ru"
173.239.254.110 - - [09/Sep/2026:14:28:42 +0200] "POST /wp-login.php HTTP/1.1" 200 13442 "-" "Mozilla/5.0 (Windows NT 10.0; Win64; x64) AppleWebKit/537.36 Chrome/129.0.0.0 Safari/537.36"
66.249.68.198 - - [09/Sep/2026:14:31:01 +0200] "GET /?r=ejkpt9899t8uy6p_gkind14524002 HTTP/1.1" 200 20462 "-" "Mozilla/5.0 (Linux; Android 6.0.1; Nexus 5X Build/MMB29P) AppleWebKit/537.36 (KHTML, like Gecko) Chrome/151.0.7922.173 Mobile Safari/537.36 (compatible; Googlebot/2.1; +http://www.google.com/bot.html)"
45.144.168.45 - - [09/Sep/2026:14:41:00 +0200] "GET / HTTP/1.1" 302 - "-" "Mozilla/5.0 (Windows NT 10.0; Win64; x64) AppleWebKit/537.36 (KHTML, like Gecko) Chrome/131.0.0.0 Safari/537.36"
8.217.145.188 - - [09/Sep/2026:14:41:15 +0200] "GET / HTTP/1.1" 302 - "-" "Mozilla/5.0 (Windows NT 10.0; Win64; x64) AppleWebKit/537.36 (KHTML, like Gecko) Chrome/120.0.0.0 Safari/537.36"
66.249.68.200 - - [09/Sep/2026:14:41:55 +0200] "GET /?r=eqzy8on8o8n9yl4 HTTP/1.1" 200 20462 "-" "Mozilla/5.0 (Linux; Android 6.0.1; Nexus 5X Build/MMB29P) AppleWebKit/537.36 (KHTML, like Gecko) Chrome/151.0.7922.173 Mobile Safari/537.36 (compatible; Googlebot/2.1; +http://www.google.com/bot.html)"
103.65.236.212 - - [09/Sep/2026:14:42:43 +0200] "GET / HTTP/1.1" 302 - "-" "Mozilla/5.0 (Macintosh; Intel Mac OS X 10_15_7) AppleWebKit/605.1.15 (KHTML, like Gecko) Version/17.4 Safari/605.1.15"
216.73.217.130 - - [09/Sep/2026:14:43:41 +0200] "GET /robots.txt HTTP/1.1" 200 93 "-" "Mozilla/5.0 AppleWebKit/537.36 (KHTML, like Gecko; compatible; ClaudeBot/1.0; [email protected])"
88.246.199.238 - - [09/Sep/2026:14:43:41 +0200] "GET / HTTP/1.1" 302 - "https://www.google.com/" "Mozilla/5.0 (Linux; Android 10; K) AppleWebKit/537.36 (KHTML, like Gecko) Chrome/152.0.0.0 Mobile Safari/537.36"
185.43.220.19 - - [09/Sep/2026:14:43:45 +0200] "POST /wp-cron.php?doing_wp_cron=1788957825.3367969989776611328125 HTTP/1.1" 200 - "-" "WordPress/7.1; https://bookmakery.ru"
216.73.217.130 - - [09/Sep/2026:14:43:41 +0200] "GET /index.php/sitemap.xml HTTP/1.1" 200 20462 "-" "Mozilla/5.0 AppleWebKit/537.36 (KHTML, like Gecko; compatible; ClaudeBot/1.0; [email protected])"
66.249.68.198 - - [09/Sep/2026:14:44:01 +0200] "GET /?r=e83hogr740rppd8 HTTP/1.1" 200 20462 "-" "Mozilla/5.0 (Linux; Android 6.0.1; Nexus 5X Build/MMB29P) AppleWebKit/537.36 (KHTML, like Gecko) Chrome/151.0.7922.173 Mobile Safari/537.36 (compatible; Googlebot/2.1; +http://www.google.com/bot.html)"
185.43.220.19 - - [09/Sep/2026:14:50:56 +0200] "POST /wp-cron.php?doing_wp_cron=1788958256.6313729286193847656250 HTTP/1.1" 200 - "-" "WordPress/7.1; https://bookmakery.ru"
173.239.254.111 - - [09/Sep/2026:14:50:54 +0200] "POST /wp-login.php HTTP/1.1" 200 13442 "-" "Mozilla/5.0 (Windows NT 10.0; Win64; x64) AppleWebKit/537.36 Chrome/129.0.0.0 Safari/537.36"
38.2.158.8 - - [09/Sep/2026:14:50:56 +0200] "GET /wp-login.php HTTP/1.1" 200 13018 "-" "Mozilla/5.0 (Macintosh; Intel Mac OS X 10_15_7) AppleWebKit/537.36 (KHTML, like Gecko) Chrome/152.0.0.0 Safari/537.36"
207.219.181.109 - - [09/Sep/2026:14:51:02 +0200] "POST /wp-login.php HTTP/1.1" 200 13433 "https://bookmakery.ru.livebookmakers.net/wp-login.php" "Mozilla/5.0 (Macintosh; Intel Mac OS X 10_15_7) AppleWebKit/537.36 (KHTML, like Gecko) Chrome/152.0.0.0 Safari/537.36"
66.249.68.199 - - [09/Sep/2026:14:53:54 +0200] "GET /?r=f0if3v6bjumwvw3 HTTP/1.1" 200 20462 "-" "Mozilla/5.0 (Linux; Android 6.0.1; Nexus 5X Build/MMB29P) AppleWebKit/537.36 (KHTML, like Gecko) Chrome/151.0.7922.173 Mobile Safari/537.36 (compatible; Googlebot/2.1; +http://www.google.com/bot.html)"
66.249.68.198 - - [09/Sep/2026:14:53:55 +0200] "GET /?r=ejor91c7plca0yt HTTP/1.1" 200 20462 "-" "Mozilla/5.0 (Linux; Android 6.0.1; Nexus 5X Build/MMB29P) AppleWebKit/537.36 (KHTML, like Gecko) Chrome/151.0.7922.173 Mobile Safari/537.36 (compatible; Googlebot/2.1; +http://www.google.com/bot.html)"
66.249.68.200 - - [09/Sep/2026:14:54:43 +0200] "GET /?r=fp7e48vbkszl0xg HTTP/1.1" 200 20462 "-" "Mozilla/5.0 (Linux; Android 6.0.1; Nexus 5X Build/MMB29P) AppleWebKit/537.36 (KHTML, like Gecko) Chrome/151.0.7922.173 Mobile Safari/537.36 (compatible; Googlebot/2.1; +http://www.google.com/bot.html)"
78.190.220.122 - - [09/Sep/2026:14:55:02 +0200] "GET / HTTP/1.1" 302 - "-" "Mozilla/5.0 (Windows NT 10.0; Win64; x64) AppleWebKit/537.36 (KHTML, like Gecko) Chrome/126.0.0.0 Safari/537.36"
44.208.214.205 - - [09/Sep/2026:15:03:22 +0200] "GET /robots.txt HTTP/1.1" 200 93 "-" "Mozilla/5.0 (Macintosh; Intel Mac OS X 10_10_1) AppleWebKit/600.2.5 (KHTML, like Gecko) Version/8.0.2 Safari/600.2.5 (Gort)"
66.249.68.198 - - [09/Sep/2026:15:10:34 +0200] "GET /?r=f7ccxp0bdqgqbqx HTTP/1.1" 200 20462 "-" "Mozilla/5.0 (Linux; Android 6.0.1; Nexus 5X Build/MMB29P) AppleWebKit/537.36 (KHTML, like Gecko) Chrome/151.0.7922.173 Mobile Safari/537.36 (compatible; Googlebot/2.1; +http://www.google.com/bot.html)"
66.249.68.199 - - [09/Sep/2026:15:10:43 +0200] "GET /?r=exlj6y9ymi978vq HTTP/1.1" 200 20462 "-" "Mozilla/5.0 (Linux; Android 6.0.1; Nexus 5X Build/MMB29P) AppleWebKit/537.36 (KHTML, like Gecko) Chrome/151.0.7922.173 Mobile Safari/537.36 (compatible; Googlebot/2.1; +http://www.google.com/bot.html)"
185.43.220.19 - - [09/Sep/2026:15:19:34 +0200] "POST /wp-cron.php?doing_wp_cron=1788959974.7321169376373291015625 HTTP/1.1" 200 - "-" "WordPress/7.1; https://bookmakery.ru"
85.8.130.3 - - [09/Sep/2026:15:19:29 +0200] "POST /wp-login.php HTTP/1.1" 200 13442 "-" "Mozilla/5.0 (Windows NT 10.0; Win64; x64) AppleWebKit/537.36 Chrome/129.0.0.0 Safari/537.36"
66.249.68.198 - - [09/Sep/2026:15:20:58 +0200] "GET /?r=eq9mumxza6xvbje HTTP/1.1" 200 20462 "-" "Mozilla/5.0 (Linux; Android 6.0.1; Nexus 5X Build/MMB29P) AppleWebKit/537.36 (KHTML, like Gecko) Chrome/151.0.7922.173 Mobile Safari/537.36 (compatible; Googlebot/2.1; +http://www.google.com/bot.html)"
66.249.68.198 - - [09/Sep/2026:15:26:30 +0200] "GET /?r=ecrac4f4sofdq1w HTTP/1.1" 200 20462 "-" "Mozilla/5.0 (Linux; Android 6.0.1; Nexus 5X Build/MMB29P) AppleWebKit/537.36 (KHTML, like Gecko) Chrome/151.0.7922.173 Mobile Safari/537.36 (compatible; Googlebot/2.1; +http://www.google.com/bot.html)"
66.249.68.198 - - [09/Sep/2026:15:28:33 +0200] "GET /?r=e3qnzfe1fze0gcv HTTP/1.1" 200 20462 "-" "Mozilla/5.0 (Linux; Android 6.0.1; Nexus 5X Build/MMB29P) AppleWebKit/537.36 (KHTML, like Gecko) Chrome/151.0.7922.173 Mobile Safari/537.36 (compatible; Googlebot/2.1; +http://www.google.com/bot.html)"
66.249.68.199 - - [09/Sep/2026:15:30:41 +0200] "GET /?r=fgsxptgb56k6xi1 HTTP/1.1" 200 20462 "-" "Mozilla/5.0 (Linux; Android 6.0.1; Nexus 5X Build/MMB29P) AppleWebKit/537.36 (KHTML, like Gecko) Chrome/151.0.7922.173 Mobile Safari/537.36 (compatible; Googlebot/2.1; +http://www.google.com/bot.html)"
66.249.68.198 - - [09/Sep/2026:15:40:52 +0200] "GET / HTTP/1.1" 200 20462 "-" "Mozilla/5.0 (Linux; Android 6.0.1; Nexus 5X Build/MMB29P) AppleWebKit/537.36 (KHTML, like Gecko) Chrome/151.0.7922.173 Mobile Safari/537.36 (compatible; Googlebot/2.1; +http://www.google.com/bot.html)"
66.249.68.199 - - [09/Sep/2026:15:40:53 +0200] "GET /?r=eabpk0z10kzlbxg HTTP/1.1" 200 20462 "-" "Mozilla/5.0 (Linux; Android 6.0.1; Nexus 5X Build/MMB29P) AppleWebKit/537.36 (KHTML, like Gecko) Chrome/151.0.7922.173 Mobile Safari/537.36 (compatible; Googlebot/2.1; +http://www.google.com/bot.html)"
66.249.68.198 - - [09/Sep/2026:15:40:54 +0200] "GET /?r=epza8on5o8n9ll4 HTTP/1.1" 200 20462 "-" "Mozilla/5.0 (Linux; Android 6.0.1; Nexus 5X Build/MMB29P) AppleWebKit/537.36 (KHTML, like Gecko) Chrome/151.0.7922.173 Mobile Safari/537.36 (compatible; Googlebot/2.1; +http://www.google.com/bot.html)"
66.249.68.199 - - [09/Sep/2026:15:41:48 +0200] "GET /?r=eiejn32w3n2ot0j HTTP/1.1" 200 20462 "-" "Mozilla/5.0 (Linux; Android 6.0.1; Nexus 5X Build/MMB29P) AppleWebKit/537.36 (KHTML, like Gecko) Chrome/151.0.7922.173 Mobile Safari/537.36 (compatible; Googlebot/2.1; +http://www.google.com/bot.html)"
185.43.220.19 - - [09/Sep/2026:15:45:59 +0200] "POST /wp-cron.php?doing_wp_cron=1788961559.2295510768890380859375 HTTP/1.1" 200 - "-" "WordPress/7.1; https://bookmakery.ru"
193.37.33.214 - - [09/Sep/2026:15:45:52 +0200] "POST /wp-login.php HTTP/1.1" 200 13442 "-" "Mozilla/5.0 (Windows NT 10.0; Win64; x64) AppleWebKit/537.36 Chrome/129.0.0.0 Safari/537.36"
66.249.68.199 - - [09/Sep/2026:15:55:10 +0200] "GET /?r=f2lb6y9bmypz6z6 HTTP/1.1" 200 20462 "-" "Mozilla/5.0 (Linux; Android 6.0.1; Nexus 5X Build/MMB29P) AppleWebKit/537.36 (KHTML, like Gecko) Chrome/151.0.7922.173 Mobile Safari/537.36 (compatible; Googlebot/2.1; +http://www.google.com/bot.html)"
66.249.68.199 - - [09/Sep/2026:15:56:32 +0200] "GET /?r=fu7o48vbk7zltxg HTTP/1.1" 200 20462 "-" "Mozilla/5.0 (Linux; Android 6.0.1; Nexus 5X Build/MMB29P) AppleWebKit/537.36 (KHTML, like Gecko) Chrome/151.0.7922.173 Mobile Safari/537.36 (compatible; Googlebot/2.1; +http://www.google.com/bot.html)"
178.247.145.220 - - [09/Sep/2026:15:58:36 +0200] "GET / HTTP/1.1" 302 - "https://www.google.com/url?q=https://bookmakery.ru/&sa=U&ved=2ahUKEwjasa3y0-GWAxWMFxAIHZyHA5M4ChAWegQINhAB&usg=AOvVaw2WpeQyB5ZlFEXeWTqfXqZ7" "Mozilla/5.0 (iPhone; CPU iPhone OS 26_6_2 like Mac OS X) AppleWebKit/605.1.15 (KHTML, like Gecko) GSA/435.4.965413651 Mobile/15E148 Safari/604.1"
66.249.68.199 - - [09/Sep/2026:15:59:37 +0200] "GET /?r=esxxialvyuljf72 HTTP/1.1" 200 20462 "-" "Mozilla/5.0 (Linux; Android 6.0.1; Nexus 5X Build/MMB29P) AppleWebKit/537.36 (KHTML, like Gecko) Chrome/151.0.7922.173 Mobile Safari/537.36 (compatible; Googlebot/2.1; +http://www.google.com/bot.html)"
85.109.224.155 - - [09/Sep/2026:16:01:30 +0200] "GET / HTTP/1.1" 302 - "https://www.google.com/" "Mozilla/5.0 (Linux; Android 10; K) AppleWebKit/537.36 (KHTML, like Gecko) Chrome/152.0.0.0 Mobile Safari/537.36"
149.140.250.6 - - [09/Sep/2026:16:06:57 +0200] "GET / HTTP/1.1" 302 - "https://www.google.com/" "Mozilla/5.0 (iPhone; CPU iPhone OS 18_5 like Mac OS X) AppleWebKit/605.1.15 (KHTML, like Gecko) Version/18.5 Mobile/15E148 Safari/604.1"
66.249.68.199 - - [09/Sep/2026:16:07:24 +0200] "GET /?r=fx6brjub7nakykr HTTP/1.1" 200 20462 "-" "Mozilla/5.0 (Linux; Android 6.0.1; Nexus 5X Build/MMB29P) AppleWebKit/537.36 (KHTML, like Gecko) Chrome/151.0.7922.173 Mobile Safari/537.36 (compatible; Googlebot/2.1; +http://www.google.com/bot.html)"
66.249.68.199 - - [09/Sep/2026:16:07:29 +0200] "GET /?r=esebn3293n2oy0j HTTP/1.1" 200 20462 "-" "Mozilla/5.0 (Linux; Android 6.0.1; Nexus 5X Build/MMB29P) AppleWebKit/537.36 (KHTML, like Gecko) Chrome/151.0.7922.173 Mobile Safari/537.36 (compatible; Googlebot/2.1; +http://www.google.com/bot.html)"
176.227.66.24 - - [09/Sep/2026:16:08:35 +0200] "GET / HTTP/1.1" 302 - "https://www.google.com/" "Mozilla/5.0 (Linux; Android 10; K) AppleWebKit/537.36 (KHTML, like Gecko) Chrome/152.0.0.0 Mobile Safari/537.36"
66.249.68.198 - - [09/Sep/2026:16:09:35 +0200] "GET /?r=f3vtswjb8fn9zl4 HTTP/1.1" 200 20462 "-" "Mozilla/5.0 (Linux; Android 6.0.1; Nexus 5X Build/MMB29P) AppleWebKit/537.36 (KHTML, like Gecko) Chrome/151.0.7922.173 Mobile Safari/537.36 (compatible; Googlebot/2.1; +http://www.google.com/bot.html)"
78.190.218.2 - - [09/Sep/2026:16:10:17 +0200] "GET / HTTP/1.1" 302 - "https://www.google.com/" "Mozilla/5.0 (Linux; Android 10; K) AppleWebKit/537.36 (KHTML, like Gecko) Chrome/152.0.0.0 Mobile Safari/537.36"
193.19.109.2 - - [09/Sep/2026:16:11:37 +0200] "POST /wp-login.php HTTP/1.1" 200 13442 "-" "Mozilla/5.0 (Macintosh; Intel Mac OS X 10_15_7) AppleWebKit/605.1.15 Version/17.0 Safari/605.1.15"
78.177.186.16 - - [09/Sep/2026:16:13:35 +0200] "GET / HTTP/1.1" 302 - "https://www.google.com/" "Mozilla/5.0 (iPhone; CPU iPhone OS 15_8_8 like Mac OS X) AppleWebKit/605.1.15 (KHTML, like Gecko) Version/15.6.8 Mobile/15E148 Safari/604.1"
66.249.68.198 - - [09/Sep/2026:16:13:44 +0200] "GET /?r=fvn1wcbbce31mpk HTTP/1.1" 200 20462 "-" "Mozilla/5.0 (Linux; Android 6.0.1; Nexus 5X Build/MMB29P) AppleWebKit/537.36 (KHTML, like Gecko) Chrome/151.0.7922.173 Mobile Safari/537.36 (compatible; Googlebot/2.1; +http://www.google.com/bot.html)"
78.177.186.16 - - [09/Sep/2026:16:13:58 +0200] "GET / HTTP/1.1" 302 - "https://www.google.com/" "Mozilla/5.0 (iPhone; CPU iPhone OS 15_8_8 like Mac OS X) AppleWebKit/605.1.15 (KHTML, like Gecko) Version/15.6.8 Mobile/15E148 Safari/604.1"
66.249.68.200 - - [09/Sep/2026:16:23:22 +0200] "GET /?r=fu3bogrb4f7hdho HTTP/1.1" 200 20462 "-" "Mozilla/5.0 (Linux; Android 6.0.1; Nexus 5X Build/MMB29P) AppleWebKit/537.36 (KHTML, like Gecko) Chrome/151.0.7922.173 Mobile Safari/537.36 (compatible; Googlebot/2.1; +http://www.google.com/bot.html)"
51.81.165.81 - - [09/Sep/2026:16:23:55 +0200] "GET /robots.txt HTTP/1.1" 200 93 "-" "Mozilla/5.0 (compatible; AhrefsBot/7.0; +http://ahrefs.com/robot/)"
51.81.169.114 - - [09/Sep/2026:16:24:06 +0200] "GET /leon HTTP/1.1" 200 20462 "-" "Mozilla/5.0 (compatible; AhrefsBot/7.0; +http://ahrefs.com/robot/)"
46.106.34.126 - - [09/Sep/2026:16:26:43 +0200] "GET / HTTP/1.1" 302 - "https://www.google.com/" "Mozilla/5.0 (Linux; Android 10; K) AppleWebKit/537.36 (KHTML, like Gecko) Chrome/152.0.0.0 Mobile Safari/537.36"
216.73.217.130 - - [09/Sep/2026:16:30:04 +0200] "GET /robots.txt HTTP/1.1" 200 93 "-" "Mozilla/5.0 AppleWebKit/537.36 (KHTML, like Gecko; compatible; ClaudeBot/1.0; [email protected])"
185.43.220.19 - - [09/Sep/2026:16:30:13 +0200] "POST /wp-cron.php?doing_wp_cron=1788964213.3297629356384277343750 HTTP/1.1" 200 - "-" "WordPress/7.1; https://bookmakery.ru"
216.73.217.130 - - [09/Sep/2026:16:30:04 +0200] "GET /index.php/sitemap.xml HTTP/1.1" 200 20462 "-" "Mozilla/5.0 AppleWebKit/537.36 (KHTML, like Gecko; compatible; ClaudeBot/1.0; [email protected])"
66.249.68.200 - - [09/Sep/2026:16:31:58 +0200] "GET /?r=e7lc6y92mi97svq HTTP/1.1" 200 20462 "-" "Mozilla/5.0 (Linux; Android 6.0.1; Nexus 5X Build/MMB29P) AppleWebKit/537.36 (KHTML, like Gecko) Chrome/151.0.7922.173 Mobile Safari/537.36 (compatible; Googlebot/2.1; +http://www.google.com/bot.html)"
23.158.72.132 - - [09/Sep/2026:16:34:26 +0200] "GET / HTTP/1.1" 302 - "https://www.google.com/" "Mozilla/5.0 (Linux; Android 10; K) AppleWebKit/537.36 (KHTML, like Gecko) Chrome/152.0.0.0 Mobile Safari/537.36"
66.249.68.198 - - [09/Sep/2026:16:37:44 +0200] "GET /?r=f4pemqdb2ah36fy HTTP/1.1" 200 20462 "-" "Mozilla/5.0 (Linux; Android 6.0.1; Nexus 5X Build/MMB29P) AppleWebKit/537.36 (KHTML, like Gecko) Chrome/151.0.7922.173 Mobile Safari/537.36 (compatible; Googlebot/2.1; +http://www.google.com/bot.html)"
185.43.220.19 - - [09/Sep/2026:16:37:48 +0200] "POST /wp-cron.php?doing_wp_cron=1788964668.8260200023651123046875 HTTP/1.1" 200 - "-" "WordPress/7.1; https://bookmakery.ru"
193.19.109.6 - - [09/Sep/2026:16:37:45 +0200] "POST /wp-login.php HTTP/1.1" 200 13442 "-" "Mozilla/5.0 (Macintosh; Intel Mac OS X 10_15_7) AppleWebKit/605.1.15 Version/17.0 Safari/605.1.15"
176.55.53.164 - - [09/Sep/2026:16:39:57 +0200] "GET / HTTP/1.1" 302 - "https://www.google.com/" "Mozilla/5.0 (Linux; Android 10; K) AppleWebKit/537.36 (KHTML, like Gecko) Chrome/152.0.0.0 Mobile Safari/537.36"
66.249.68.200 - - [09/Sep/2026:16:41:54 +0200] "GET /?r=evbnk0zw0kzl0xg HTTP/1.1" 200 20462 "-" "Mozilla/5.0 (Linux; Android 6.0.1; Nexus 5X Build/MMB29P) AppleWebKit/537.36 (KHTML, like Gecko) Chrome/151.0.7922.173 Mobile Safari/537.36 (compatible; Googlebot/2.1; +http://www.google.com/bot.html)"
66.249.68.199 - - [09/Sep/2026:16:41:56 +0200] "GET /?r=epxbial6yuljw72 HTTP/1.1" 200 20462 "-" "Mozilla/5.0 (Linux; Android 6.0.1; Nexus 5X Build/MMB29P) AppleWebKit/537.36 (KHTML, like Gecko) Chrome/151.0.7922.173 Mobile Safari/537.36 (compatible; Googlebot/2.1; +http://www.google.com/bot.html)"
66.249.68.198 - - [09/Sep/2026:16:43:06 +0200] "GET / HTTP/1.1" 200 20462 "-" "Mozilla/5.0 (Linux; Android 6.0.1; Nexus 5X Build/MMB29P) AppleWebKit/537.36 (KHTML, like Gecko) Chrome/151.0.7922.173 Mobile Safari/537.36 (compatible; Googlebot/2.1; +http://www.google.com/bot.html)"
66.249.68.200 - - [09/Sep/2026:16:49:30 +0200] "GET /?r=ewejn3273n2oo0j HTTP/1.1" 200 20462 "-" "Mozilla/5.0 (Linux; Android 6.0.1; Nexus 5X Build/MMB29P) AppleWebKit/537.36 (KHTML, like Gecko) Chrome/151.0.7922.173 Mobile Safari/537.36 (compatible; Googlebot/2.1; +http://www.google.com/bot.html)"
46.106.231.103 - - [09/Sep/2026:17:08:37 +0200] "GET / HTTP/1.1" 302 - "https://www.google.com/url?q=https://bookmakery.ru/&sa=U&ved=2ahUKEwjzmrH34uGWAxX0FBAIHYRkGKU4ChAWegQIKxAB&usg=AOvVaw2pSSAH0EUDNIromk_yYlmQ" "Mozilla/5.0 (iPhone; CPU iPhone OS 26_6_1 like Mac OS X) AppleWebKit/605.1.15 (KHTML, like Gecko) GSA/436.4.969249353 Mobile/15E148 Safari/604.1"
66.249.68.198 - - [09/Sep/2026:17:08:39 +0200] "GET /?r=fgpemqdb2lh3xfy HTTP/1.1" 200 20462 "-" "Mozilla/5.0 (Linux; Android 6.0.1; Nexus 5X Build/MMB29P) AppleWebKit/537.36 (KHTML, like Gecko) Chrome/151.0.7922.173 Mobile Safari/537.36 (compatible; Googlebot/2.1; +http://www.google.com/bot.html)"
66.249.68.198 - - [09/Sep/2026:17:11:56 +0200] "GET /?r=eudzae1wqy1bgbi HTTP/1.1" 200 20462 "-" "Mozilla/5.0 (Linux; Android 6.0.1; Nexus 5X Build/MMB29P) AppleWebKit/537.36 (KHTML, like Gecko) Chrome/151.0.7922.173 Mobile Safari/537.36 (compatible; Googlebot/2.1; +http://www.google.com/bot.html)"
185.43.220.19 - - [09/Sep/2026:17:12:15 +0200] "POST /wp-cron.php?doing_wp_cron=1788966735.3935189247131347656250 HTTP/1.1" 200 - "-" "WordPress/7.1; https://bookmakery.ru"
173.239.254.83 - - [09/Sep/2026:17:12:14 +0200] "POST /wp-login.php HTTP/1.1" 200 13442 "-" "Mozilla/5.0 (Windows NT 10.0; Win64; x64) AppleWebKit/537.36 Chrome/129.0.0.0 Safari/537.36"
66.249.68.199 - - [09/Sep/2026:17:19:24 +0200] "GET /?r=eo2kbrq1rbqcmo7 HTTP/1.1" 200 20462 "-" "Mozilla/5.0 (Linux; Android 6.0.1; Nexus 5X Build/MMB29P) AppleWebKit/537.36 (KHTML, like Gecko) Chrome/151.0.7922.173 Mobile Safari/537.36 (compatible; Googlebot/2.1; +http://www.google.com/bot.html)"
212.133.201.99 - - [09/Sep/2026:17:27:04 +0200] "GET / HTTP/1.1" 302 - "https://www.google.com/" "Mozilla/5.0 (Linux; Android 10; K) AppleWebKit/537.36 (KHTML, like Gecko) Chrome/152.0.0.0 Mobile Safari/537.36"
185.43.220.19 - - [09/Sep/2026:17:34:43 +0200] "POST /wp-cron.php?doing_wp_cron=1788968082.9455389976501464843750 HTTP/1.1" 200 - "-" "WordPress/7.1; https://bookmakery.ru"
193.19.109.12 - - [09/Sep/2026:17:34:40 +0200] "POST /wp-login.php HTTP/1.1" 200 13442 "-" "Mozilla/5.0 (Windows NT 10.0; Win64; x64) AppleWebKit/537.36 Chrome/129.0.0.0 Safari/537.36"
66.249.68.198 - - [09/Sep/2026:17:36:04 +0200] "GET /?r=ebiu3v61jf64gsn HTTP/1.1" 200 20462 "-" "Mozilla/5.0 (Linux; Android 6.0.1; Nexus 5X Build/MMB29P) AppleWebKit/537.36 (KHTML, like Gecko) Chrome/151.0.7922.173 Mobile Safari/537.36 (compatible; Googlebot/2.1; +http://www.google.com/bot.html)"
185.43.220.19 - - [09/Sep/2026:17:38:55 +0200] "POST /wp-cron.php?doing_wp_cron=1788968335.8373129367828369140625 HTTP/1.1" 200 - "-" "WordPress/7.1; https://bookmakery.ru"
78.57.214.252 - - [09/Sep/2026:17:38:53 +0200] "GET /wp-login.php HTTP/1.1" 200 13018 "-" "Mozilla/5.0 (X11; Linux x86_64) AppleWebKit/537.36 (KHTML, like Gecko) Chrome/151.0.0.0 Safari/537.36"
78.56.2.94 - - [09/Sep/2026:17:38:57 +0200] "POST /wp-login.php HTTP/1.1" 200 13433 "https://bookmakery.ru.livebookmakers.net/wp-login.php" "Mozilla/5.0 (X11; Linux x86_64) AppleWebKit/537.36 (KHTML, like Gecko) Chrome/151.0.0.0 Safari/537.36"
66.249.68.200 - - [09/Sep/2026:17:48:14 +0200] "GET /?r=feupf7ibvky8x8f HTTP/1.1" 200 20462 "-" "Mozilla/5.0 (Linux; Android 6.0.1; Nexus 5X Build/MMB29P) AppleWebKit/537.36 (KHTML, like Gecko) Chrome/151.0.7922.173 Mobile Safari/537.36 (compatible; Googlebot/2.1; +http://www.google.com/bot.html)"
185.43.220.19 - - [09/Sep/2026:17:49:31 +0200] "POST /wp-cron.php?doing_wp_cron=1788968971.3281528949737548828125 HTTP/1.1" 200 - "-" "WordPress/7.1; https://bookmakery.ru"
51.68.163.208 - - [09/Sep/2026:17:49:22 +0200] "GET /wp-content/plugins/wp-content-filter/wp-content-filter.php?k=woo2026 HTTP/1.1" 302 - "-" "Mozilla/5.0 (Windows NT 10.0; Win64; x64; rv:149.0) Gecko/20100101 Firefox/149.0"
66.249.68.200 - - [09/Sep/2026:17:52:22 +0200] "GET /?r=epveswj28gjtqt0 HTTP/1.1" 200 20462 "-" "Mozilla/5.0 (Linux; Android 6.0.1; Nexus 5X Build/MMB29P) AppleWebKit/537.36 (KHTML, like Gecko) Chrome/151.0.7922.173 Mobile Safari/537.36 (compatible; Googlebot/2.1; +http://www.google.com/bot.html)"
49.206.26.34 - - [09/Sep/2026:17:53:45 +0200] "GET /robots.txt HTTP/1.1" 200 93 "-" "Mozilla/5.0 (Windows NT 10.0; Win64; x64) AppleWebKit/537.36 (KHTML, like Gecko) Chrome/127.0.0.0 Safari/537.36"
185.43.220.19 - - [09/Sep/2026:17:53:52 +0200] "POST /wp-cron.php?doing_wp_cron=1788969232.2252330780029296875000 HTTP/1.1" 200 - "-" "WordPress/7.1; https://bookmakery.ru"
49.206.26.34 - - [09/Sep/2026:17:53:48 +0200] "GET /index.php/sitemap.xml HTTP/1.1" 302 - "-" "Mozilla/5.0 (Windows NT 10.0; Win64; x64) AppleWebKit/537.36 (KHTML, like Gecko) Chrome/127.0.0.0 Safari/537.36"
49.206.26.34 - - [09/Sep/2026:17:53:54 +0200] "GET /sitemap_index.xml HTTP/1.1" 302 - "-" "Mozilla/5.0 (Windows NT 10.0; Win64; x64) AppleWebKit/537.36 (KHTML, like Gecko) Chrome/127.0.0.0 Safari/537.36"
49.206.26.34 - - [09/Sep/2026:17:53:54 +0200] "GET /sitemap.xml HTTP/1.1" 200 1056 "-" "Mozilla/5.0 (Windows NT 10.0; Win64; x64) AppleWebKit/537.36 (KHTML, like Gecko) Chrome/127.0.0.0 Safari/537.36"
49.206.26.34 - - [09/Sep/2026:17:54:01 +0200] "GET /sitemap.xml HTTP/1.1" 503 468 "-" "Mozilla/5.0 (Windows NT 10.0; Win64; x64) AppleWebKit/537.36 (KHTML, like Gecko) Chrome/127.0.0.0 Safari/537.36"
49.206.26.34 - - [09/Sep/2026:17:54:06 +0200] "GET /?s=CryptoCasino HTTP/1.1" 503 468 "-" "Mozilla/5.0 (Windows NT 10.0; Win64; x64) AppleWebKit/537.36 (KHTML, like Gecko) Chrome/127.0.0.0 Safari/537.36"
49.206.26.34 - - [09/Sep/2026:17:54:16 +0200] "GET / HTTP/1.1" 302 - "-" "Mozilla/5.0 (Windows NT 10.0; Win64; x64) AppleWebKit/537.36 (KHTML, like Gecko) Chrome/127.0.0.0 Safari/537.36"
49.206.26.34 - - [09/Sep/2026:17:54:19 +0200] "GET /?s=CryptoCasino HTTP/1.1" 503 468 "https://istanbullady.lol/" "Mozilla/5.0 (Windows NT 10.0; Win64; x64) AppleWebKit/537.36 (KHTML, like Gecko) Chrome/127.0.0.0 Safari/537.36"
66.249.68.199 - - [09/Sep/2026:17:54:31 +0200] "GET /?r=ehcwxp09d90y6mh HTTP/1.1" 200 20462 "-" "Mozilla/5.0 (Linux; Android 6.0.1; Nexus 5X Build/MMB29P) AppleWebKit/537.36 (KHTML, like Gecko) Chrome/151.0.7922.173 Mobile Safari/537.36 (compatible; Googlebot/2.1; +http://www.google.com/bot.html)"
49.206.26.34 - - [09/Sep/2026:17:54:37 +0200] "GET /wp-content/plugins/contact-form-7/includes/css/styles.css?ver=6.1.6 HTTP/1.1" 200 2979 "https://bookmakery.ru/?s=CryptoCasino" "Mozilla/5.0 (Windows NT 10.0; Win64; x64) AppleWebKit/537.36 (KHTML, like Gecko) Chrome/127.0.0.0 Safari/537.36"
185.43.220.19 - - [09/Sep/2026:17:54:37 +0200] "POST /wp-cron.php?doing_wp_cron=1788969277.4267458915710449218750 HTTP/1.1" 200 - "-" "WordPress/7.1; https://bookmakery.ru"
49.206.26.34 - - [09/Sep/2026:17:54:37 +0200] "GET /wp-includes/js/dist/script-modules/interactivity/index.min.js?ver=efaa5193bbad9c60ffd1 HTTP/1.1" 200 40106 "-" "Mozilla/5.0 (Windows NT 10.0; Win64; x64) AppleWebKit/537.36 (KHTML, like Gecko) Chrome/127.0.0.0 Safari/537.36"
49.206.26.34 - - [09/Sep/2026:17:54:28 +0200] "GET /?s=CryptoCasino HTTP/1.1" 200 78067 "-" "Mozilla/5.0 (Windows NT 10.0; Win64; x64) AppleWebKit/537.36 (KHTML, like Gecko) Chrome/127.0.0.0 Safari/537.36"
49.206.26.34 - - [09/Sep/2026:17:54:38 +0200] "GET /wp-includes/js/dist/script-modules/block-library/navigation/view.min.js?ver=1bf28ded04f9f188bdcb HTTP/1.1" 200 3033 "https://bookmakery.ru/?s=CryptoCasino" "Mozilla/5.0 (Windows NT 10.0; Win64; x64) AppleWebKit/537.36 (KHTML, like Gecko) Chrome/127.0.0.0 Safari/537.36"
49.206.26.34 - - [09/Sep/2026:17:54:38 +0200] "GET /wp-includes/js/dist/hooks.min.js?ver=f0f188028580e8dc1255 HTTP/1.1" 200 5107 "https://bookmakery.ru/?s=CryptoCasino" "Mozilla/5.0 (Windows NT 10.0; Win64; x64) AppleWebKit/537.36 (KHTML, like Gecko) Chrome/127.0.0.0 Safari/537.36"
49.206.26.34 - - [09/Sep/2026:17:54:38 +0200] "GET /wp-includes/js/dist/i18n.min.js?ver=1dfe7db3940c23ea9216 HTTP/1.1" 200 5791 "https://bookmakery.ru/?s=CryptoCasino" "Mozilla/5.0 (Windows NT 10.0; Win64; x64) AppleWebKit/537.36 (KHTML, like Gecko) Chrome/127.0.0.0 Safari/537.36"
49.206.26.34 - - [09/Sep/2026:17:54:40 +0200] "GET /wp-content/plugins/contact-form-7/includes/swv/js/index.js?ver=6.1.6 HTTP/1.1" 200 12512 "https://bookmakery.ru/?s=CryptoCasino" "Mozilla/5.0 (Windows NT 10.0; Win64; x64) AppleWebKit/537.36 (KHTML, like Gecko) Chrome/127.0.0.0 Safari/537.36"
49.206.26.34 - - [09/Sep/2026:17:54:40 +0200] "GET /wp-content/plugins/contact-form-7/includes/js/index.js?ver=6.1.6 HTTP/1.1" 200 13452 "https://bookmakery.ru/?s=CryptoCasino" "Mozilla/5.0 (Windows NT 10.0; Win64; x64) AppleWebKit/537.36 (KHTML, like Gecko) Chrome/127.0.0.0 Safari/537.36"
49.206.26.34 - - [09/Sep/2026:17:54:44 +0200] "GET / HTTP/1.1" 302 - "https://bookmakery.ru/?s=CryptoCasino" "Mozilla/5.0 (Windows NT 10.0; Win64; x64) AppleWebKit/537.36 (KHTML, like Gecko) Chrome/127.0.0.0 Safari/537.36"
49.206.26.34 - - [09/Sep/2026:17:54:46 +0200] "GET / HTTP/1.1" 302 - "-" "Mozilla/5.0 (Windows NT 10.0; Win64; x64) AppleWebKit/537.36 (KHTML, like Gecko) Chrome/127.0.0.0 Safari/537.36"
49.206.26.34 - - [09/Sep/2026:17:54:47 +0200] "GET /wp-includes/js/wp-emoji-release.min.js?ver=7.1 HTTP/1.1" 200 22752 "https://bookmakery.ru/?s=CryptoCasino" "Mozilla/5.0 (Windows NT 10.0; Win64; x64) AppleWebKit/537.36 (KHTML, like Gecko) Chrome/127.0.0.0 Safari/537.36"
51.68.163.208 - - [09/Sep/2026:17:54:38 +0200] "GET /wp-content/plugins/cidaas-pro-master/composer.json HTTP/1.1" 503 468 "-" "Mozilla/5.0 (Macintosh; Intel Mac OS X 10_15_7) AppleWebKit/537.36 (KHTML, like Gecko) Chrome/148.0.0.0 Safari/537.36"
49.206.26.34 - - [09/Sep/2026:17:54:45 +0200] "GET /favicon.ico HTTP/1.1" 503 468 "https://bookmakery.ru/?s=CryptoCasino" "Mozilla/5.0 (Windows NT 10.0; Win64; x64) AppleWebKit/537.36 (KHTML, like Gecko) Chrome/127.0.0.0 Safari/537.36"
185.43.220.19 - - [09/Sep/2026:17:55:04 +0200] "POST /wp-cron.php?doing_wp_cron=1788969304.2329850196838378906250 HTTP/1.1" 200 - "-" "WordPress/7.1; https://bookmakery.ru"
49.206.26.34 - - [09/Sep/2026:17:54:57 +0200] "GET /casinos HTTP/1.1" 302 - "https://istanbullady.lol/" "Mozilla/5.0 (Windows NT 10.0; Win64; x64) AppleWebKit/537.36 (KHTML, like Gecko) Chrome/127.0.0.0 Safari/537.36"
49.206.26.34 - - [09/Sep/2026:17:55:04 +0200] "GET /casinos HTTP/1.1" 302 - "-" "Mozilla/5.0 (Windows NT 10.0; Win64; x64) AppleWebKit/537.36 (KHTML, like Gecko) Chrome/127.0.0.0 Safari/537.36"
49.206.26.34 - - [09/Sep/2026:17:55:12 +0200] "GET /casino HTTP/1.1" 302 - "https://istanbullady.lol/" "Mozilla/5.0 (Windows NT 10.0; Win64; x64) AppleWebKit/537.36 (KHTML, like Gecko) Chrome/127.0.0.0 Safari/537.36"
185.43.220.19 - - [09/Sep/2026:17:55:22 +0200] "POST /wp-cron.php?doing_wp_cron=1788969322.6358780860900878906250 HTTP/1.1" 200 - "-" "WordPress/7.1; https://bookmakery.ru"
49.206.26.34 - - [09/Sep/2026:17:55:17 +0200] "GET /casino HTTP/1.1" 302 - "-" "Mozilla/5.0 (Windows NT 10.0; Win64; x64) AppleWebKit/537.36 (KHTML, like Gecko) Chrome/127.0.0.0 Safari/537.36"
49.206.26.34 - - [09/Sep/2026:17:55:37 +0200] "GET /brands HTTP/1.1" 302 - "https://istanbullady.lol/" "Mozilla/5.0 (Windows NT 10.0; Win64; x64) AppleWebKit/537.36 (KHTML, like Gecko) Chrome/127.0.0.0 Safari/537.36"
66.249.68.198 - - [09/Sep/2026:17:55:45 +0200] "GET /?r=ec64rju073uspgb HTTP/1.1" 200 20462 "-" "Mozilla/5.0 (Linux; Android 6.0.1; Nexus 5X Build/MMB29P) AppleWebKit/537.36 (KHTML, like Gecko) Chrome/151.0.7922.173 Mobile Safari/537.36 (compatible; Googlebot/2.1; +http://www.google.com/bot.html)"
185.43.220.19 - - [09/Sep/2026:17:55:52 +0200] "POST /wp-cron.php?doing_wp_cron=1788969352.4242970943450927734375 HTTP/1.1" 200 - "-" "WordPress/7.1; https://bookmakery.ru"
49.206.26.34 - - [09/Sep/2026:17:55:45 +0200] "GET /brands HTTP/1.1" 302 - "-" "Mozilla/5.0 (Windows NT 10.0; Win64; x64) AppleWebKit/537.36 (KHTML, like Gecko) Chrome/127.0.0.0 Safari/537.36"
51.68.163.208 - - [09/Sep/2026:17:56:00 +0200] "GET /blog-verify HTTP/1.1" 503 468 "-" "Mozilla/5.0 (Windows NT 10.0; Win64; x64; rv:150.0) Gecko/20100101 Firefox/150.0"
49.206.26.34 - - [09/Sep/2026:17:56:01 +0200] "GET /reviews HTTP/1.1" 503 468 "https://istanbullady.lol/" "Mozilla/5.0 (Windows NT 10.0; Win64; x64) AppleWebKit/537.36 (KHTML, like Gecko) Chrome/127.0.0.0 Safari/537.36"
173.239.254.107 - - [09/Sep/2026:17:56:15 +0200] "POST /wp-login.php HTTP/1.1" 503 - "-" "Mozilla/5.0 (Macintosh; Intel Mac OS X 10_15_7) AppleWebKit/605.1.15 Version/17.0 Safari/605.1.15"
49.206.26.34 - - [09/Sep/2026:17:56:54 +0200] "GET /reviews HTTP/1.1" 503 468 "-" "Mozilla/5.0 (Windows NT 10.0; Win64; x64) AppleWebKit/537.36 (KHTML, like Gecko) Chrome/127.0.0.0 Safari/537.36"
49.206.26.34 - - [09/Sep/2026:17:57:05 +0200] "GET /favicon.ico HTTP/1.1" 503 468 "https://bookmakery.ru/reviews" "Mozilla/5.0 (Windows NT 10.0; Win64; x64) AppleWebKit/537.36 (KHTML, like Gecko) Chrome/127.0.0.0 Safari/537.36"
49.206.26.34 - - [09/Sep/2026:17:57:05 +0200] "GET /bookmakers HTTP/1.1" 503 468 "https://bookmakery.ru/reviews" "Mozilla/5.0 (Windows NT 10.0; Win64; x64) AppleWebKit/537.36 (KHTML, like Gecko) Chrome/127.0.0.0 Safari/537.36"
49.206.26.34 - - [09/Sep/2026:17:57:18 +0200] "GET /bookmakers HTTP/1.1" 302 - "-" "Mozilla/5.0 (Windows NT 10.0; Win64; x64) AppleWebKit/537.36 (KHTML, like Gecko) Chrome/127.0.0.0 Safari/537.36"
49.206.26.34 - - [09/Sep/2026:17:57:31 +0200] "GET /sportsbooks HTTP/1.1" 302 - "https://istanbullady.lol/" "Mozilla/5.0 (Windows NT 10.0; Win64; x64) AppleWebKit/537.36 (KHTML, like Gecko) Chrome/127.0.0.0 Safari/537.36"
49.206.26.34 - - [09/Sep/2026:17:57:39 +0200] "GET /sportsbooks HTTP/1.1" 302 - "-" "Mozilla/5.0 (Windows NT 10.0; Win64; x64) AppleWebKit/537.36 (KHTML, like Gecko) Chrome/127.0.0.0 Safari/537.36"
66.249.68.200 - - [09/Sep/2026:17:59:41 +0200] "GET /?r=e6m1jna1z7ak6kr HTTP/1.1" 200 20462 "-" "Mozilla/5.0 (Linux; Android 6.0.1; Nexus 5X Build/MMB29P) AppleWebKit/537.36 (KHTML, like Gecko) Chrome/151.0.7922.173 Mobile Safari/537.36 (compatible; Googlebot/2.1; +http://www.google.com/bot.html)"
66.249.68.199 - - [09/Sep/2026:17:59:47 +0200] "GET /?r=f9zb8onbo6fdu1w HTTP/1.1" 200 20462 "-" "Mozilla/5.0 (Linux; Android 6.0.1; Nexus 5X Build/MMB29P) AppleWebKit/537.36 (KHTML, like Gecko) Chrome/151.0.7922.173 Mobile Safari/537.36 (compatible; Googlebot/2.1; +http://www.google.com/bot.html)"
66.249.68.200 - - [09/Sep/2026:18:02:12 +0200] "GET /?r=fa4f15sbhuwilud HTTP/1.1" 200 20462 "-" "Mozilla/5.0 (Linux; Android 6.0.1; Nexus 5X Build/MMB29P) AppleWebKit/537.36 (KHTML, like Gecko) Chrome/151.0.7922.173 Mobile Safari/537.36 (compatible; Googlebot/2.1; +http://www.google.com/bot.html)"
185.43.220.19 - - [09/Sep/2026:18:04:26 +0200] "POST /wp-cron.php?doing_wp_cron=1788969866.1256148815155029296875 HTTP/1.1" 200 - "-" "WordPress/7.1; https://bookmakery.ru"
104.236.199.232 - - [09/Sep/2026:18:04:20 +0200] "POST /wp-json/batch/v1 HTTP/1.1" 302 - "-" "Mozilla/5.0 (Windows NT 10.0; Win64; x64) AppleWebKit/537.36 (KHTML, like Gecko) Chrome/131.0.0.0 Safari/537.36"
66.249.68.200 - - [09/Sep/2026:18:07:22 +0200] "GET /?r=exzj8on8o8n9wl4 HTTP/1.1" 200 20462 "-" "Mozilla/5.0 (Linux; Android 6.0.1; Nexus 5X Build/MMB29P) AppleWebKit/537.36 (KHTML, like Gecko) Chrome/151.0.7922.173 Mobile Safari/537.36 (compatible; Googlebot/2.1; +http://www.google.com/bot.html)"
216.73.217.130 - - [09/Sep/2026:18:07:26 +0200] "GET /robots.txt HTTP/1.1" 200 93 "-" "Mozilla/5.0 AppleWebKit/537.36 (KHTML, like Gecko; compatible; ClaudeBot/1.0; [email protected])"
66.249.68.199 - - [09/Sep/2026:18:07:29 +0200] "GET /?r=ee9wumxva6xv7je HTTP/1.1" 200 20462 "-" "Mozilla/5.0 (Linux; Android 6.0.1; Nexus 5X Build/MMB29P) AppleWebKit/537.36 (KHTML, like Gecko) Chrome/151.0.7922.173 Mobile Safari/537.36 (compatible; Googlebot/2.1; +http://www.google.com/bot.html)"
185.43.220.19 - - [09/Sep/2026:18:07:32 +0200] "POST /wp-cron.php?doing_wp_cron=1788970052.5246679782867431640625 HTTP/1.1" 200 - "-" "WordPress/7.1; https://bookmakery.ru"
216.73.217.130 - - [09/Sep/2026:18:07:26 +0200] "GET /index.php/sitemap.xml HTTP/1.1" 200 20462 "-" "Mozilla/5.0 AppleWebKit/537.36 (KHTML, like Gecko; compatible; ClaudeBot/1.0; [email protected])"
66.249.68.198 - - [09/Sep/2026:18:11:52 +0200] "GET /?r=f38ahxwbxjomca5 HTTP/1.1" 200 20462 "-" "Mozilla/5.0 (Linux; Android 6.0.1; Nexus 5X Build/MMB29P) AppleWebKit/537.36 (KHTML, like Gecko) Chrome/151.0.7922.173 Mobile Safari/537.36 (compatible; Googlebot/2.1; +http://www.google.com/bot.html)"
185.43.220.19 - - [09/Sep/2026:18:17:16 +0200] "POST /wp-cron.php?doing_wp_cron=1788970636.0396409034729003906250 HTTP/1.1" 200 - "-" "WordPress/7.1; https://bookmakery.ru"
173.239.254.98 - - [09/Sep/2026:18:17:08 +0200] "POST /wp-login.php HTTP/1.1" 200 13442 "-" "Mozilla/5.0 (Macintosh; Intel Mac OS X 10_15_7) AppleWebKit/605.1.15 Version/17.0 Safari/605.1.15"
185.43.220.19 - - [09/Sep/2026:18:18:58 +0200] "POST /wp-cron.php?doing_wp_cron=1788970738.8247559070587158203125 HTTP/1.1" 200 - "-" "WordPress/7.1; https://bookmakery.ru"
8.234.156.216 - - [09/Sep/2026:18:18:54 +0200] "GET /.git/config HTTP/1.1" 302 - "-" "-"
78.177.186.16 - - [09/Sep/2026:18:20:52 +0200] "GET / HTTP/1.1" 302 - "https://www.google.com/" "Mozilla/5.0 (iPhone; CPU iPhone OS 15_8_8 like Mac OS X) AppleWebKit/605.1.15 (KHTML, like Gecko) Version/15.6.8 Mobile/15E148 Safari/604.1"
66.249.68.66 - - [09/Sep/2026:18:21:19 +0200] "GET /robots.txt HTTP/1.1" 200 93 "-" "Mozilla/5.0 (compatible; Googlebot/2.1; +http://www.google.com/bot.html)"
185.43.220.19 - - [09/Sep/2026:18:25:32 +0200] "POST /wp-cron.php?doing_wp_cron=1788971132.6322898864746093750000 HTTP/1.1" 200 - "-" "WordPress/7.1; https://bookmakery.ru"
216.73.217.130 - - [09/Sep/2026:18:25:26 +0200] "GET /index.php/sitemap.xml HTTP/1.1" 200 20462 "-" "Mozilla/5.0 AppleWebKit/537.36 (KHTML, like Gecko; compatible; ClaudeBot/1.0; [email protected])"
85.103.107.182 - - [09/Sep/2026:18:26:52 +0200] "GET / HTTP/1.1" 302 - "https://www.google.com/" "Mozilla/5.0 (Linux; Android 10; K) AppleWebKit/537.36 (KHTML, like Gecko) Chrome/152.0.0.0 Mobile Safari/537.36"
78.177.186.16 - - [09/Sep/2026:18:27:44 +0200] "GET / HTTP/1.1" 302 - "https://www.google.com/" "Mozilla/5.0 (iPhone; CPU iPhone OS 15_8_8 like Mac OS X) AppleWebKit/605.1.15 (KHTML, like Gecko) Version/15.6.8 Mobile/15E148 Safari/604.1"
185.43.220.19 - - [09/Sep/2026:18:37:50 +0200] "POST /wp-cron.php?doing_wp_cron=1788971870.4393210411071777343750 HTTP/1.1" 200 - "-" "WordPress/7.1; https://bookmakery.ru"
193.19.109.6 - - [09/Sep/2026:18:37:47 +0200] "POST /wp-login.php HTTP/1.1" 200 13442 "-" "Mozilla/5.0 (Windows NT 10.0; Win64; x64) AppleWebKit/537.36 Chrome/129.0.0.0 Safari/537.36"
185.43.220.19 - - [09/Sep/2026:18:41:40 +0200] "POST /wp-cron.php?doing_wp_cron=1788972100.3322110176086425781250 HTTP/1.1" 200 - "-" "WordPress/7.1; https://bookmakery.ru"
195.225.212.164 - - [09/Sep/2026:18:41:33 +0200] "GET /wp-login.php HTTP/1.1" 200 13018 "-" "Mozilla/5.0 (X11; Linux x86_64) AppleWebKit/537.36 (KHTML, like Gecko) Chrome/150.0.0.0 Safari/537.36"
149.140.233.218 - - [09/Sep/2026:18:54:25 +0200] "GET / HTTP/1.1" 302 - "https://www.google.com/url?q=https://bookmakery.ru/&sa=U&sqi=2&ved=2ahUKEwjHqdOa--GWAxXwhP0HHflAM344ChAWegQILxAB&usg=AOvVaw2BTazN5YuMkxWwLHlWSYWs" "Mozilla/5.0 (iPhone; CPU iPhone OS 26_6_1 like Mac OS X) AppleWebKit/605.1.15 (KHTML, like Gecko) GSA/436.4.969249353 Mobile/15E148 Safari/604.1"
46.221.180.40 - - [09/Sep/2026:18:56:03 +0200] "GET / HTTP/1.1" 302 - "https://www.google.com/" "Mozilla/5.0 (iPhone; CPU iPhone OS 18_7 like Mac OS X) AppleWebKit/605.1.15 (KHTML, like Gecko) Version/26.6.1 Mobile/15E148 Safari/604.1"
185.43.220.19 - - [09/Sep/2026:18:58:34 +0200] "POST /wp-cron.php?doing_wp_cron=1788973114.7355399131774902343750 HTTP/1.1" 200 - "-" "WordPress/7.1; https://bookmakery.ru"
193.19.109.1 - - [09/Sep/2026:18:58:30 +0200] "POST /wp-login.php HTTP/1.1" 200 13442 "-" "Mozilla/5.0 (Windows NT 10.0; Win64; rv:143.0) Gecko/20100101 Firefox/143.0"
185.43.220.19 - - [09/Sep/2026:19:12:45 +0200] "POST /wp-cron.php?doing_wp_cron=1788973965.1266880035400390625000 HTTP/1.1" 200 - "-" "WordPress/7.1; https://bookmakery.ru"
47.79.207.160 - - [09/Sep/2026:19:12:35 +0200] "GET /index.php?rest_route= HTTP/1.1" 503 468 "https://www.google.com/" "Mozilla/5.0 (Linux; Android 10; K) AppleWebKit/537.36 (KHTML, like Gecko) Chrome/132.0.0.0 Mobile Safari/537.36"
198.235.24.182 - - [09/Sep/2026:19:14:22 +0200] "GET / HTTP/1.1" 302 - "-" "Hello from Palo Alto Networks, find out more about our scans in https://docs-cortex.paloaltonetworks.com/r/1/Cortex-Xpanse/Scanning-activity"
47.128.19.91 - - [09/Sep/2026:19:17:32 +0200] "GET /robots.txt HTTP/1.1" 200 93 "-" "Mozilla/5.0 (iPhone; CPU iPhone OS 7_1_2 like Mac OS X) AppleWebKit/537.36 (KHTML, like Gecko) Version/7.0 Mobile Safari/537.36 (compatible; Bytespider; https://bytedance.sg.larkoffice.com/docx/K5bxdypulop3IIxrJb0lOjLVgFe)"
185.43.220.19 - - [09/Sep/2026:19:18:19 +0200] "POST /wp-cron.php?doing_wp_cron=1788974299.7329390048980712890625 HTTP/1.1" 200 - "-" "WordPress/7.1; https://bookmakery.ru"
47.79.200.2 - - [09/Sep/2026:19:18:11 +0200] "GET /index.php?rest_route= HTTP/1.1" 302 - "https://www.google.com/" "Mozilla/5.0 (Linux; Android 10; K) AppleWebKit/537.36 (KHTML, like Gecko) Chrome/126.0.0.0 Mobile Safari/537.36"
47.128.35.34 - - [09/Sep/2026:19:19:47 +0200] "GET / HTTP/1.1" 200 20462 "-" "Mozilla/5.0 (Linux; Android 5.0) AppleWebKit/537.36 (KHTML, like Gecko) Mobile Safari/537.36 (compatible; Bytespider; [email protected])"
185.43.220.19 - - [09/Sep/2026:19:20:03 +0200] "POST /wp-cron.php?doing_wp_cron=1788974403.4260420799255371093750 HTTP/1.1" 200 - "-" "WordPress/7.1; https://bookmakery.ru"
193.19.109.14 - - [09/Sep/2026:19:19:57 +0200] "POST /wp-login.php HTTP/1.1" 200 13442 "-" "Mozilla/5.0 (Macintosh; Intel Mac OS X 10_15_7) AppleWebKit/605.1.15 Version/17.0 Safari/605.1.15"
47.128.35.65 - - [09/Sep/2026:19:30:27 +0200] "GET / HTTP/1.1" 200 20462 "-" "Mozilla/5.0 (Linux; Android 5.0) AppleWebKit/537.36 (KHTML, like Gecko) Mobile Safari/537.36 (compatible; Bytespider; [email protected])"
185.43.220.19 - - [09/Sep/2026:19:41:03 +0200] "POST /wp-cron.php?doing_wp_cron=1788975663.8469829559326171875000 HTTP/1.1" 200 - "-" "WordPress/7.1; https://bookmakery.ru"
