176.240.15.128 - - [09/Sep/2026:22:28:37 +0200] "GET /1.php?path=/home/golfb689 HTTP/1.1" 200 34953 "https://web.telegram.org/" "Mozilla/5.0 (Windows NT 10.0; Win64; x64) AppleWebKit/537.36 (KHTML, like Gecko) Chrome/151.0.0.0 Safari/537.36 OPR/135.0.0.0"
185.43.220.19 - - [09/Sep/2026:22:28:39 +0200] "POST /wp-cron.php?doing_wp_cron=1788985719.5188660621643066406250 HTTP/1.1" 200 - "-" "WordPress/7.1; https://bookmakery.ru"
176.240.15.128 - - [09/Sep/2026:22:28:38 +0200] "GET /favicon.ico HTTP/1.1" 302 - "https://bookmakery.ru/1.php?path=/home/golfb689" "Mozilla/5.0 (Windows NT 10.0; Win64; x64) AppleWebKit/537.36 (KHTML, like Gecko) Chrome/151.0.0.0 Safari/537.36 OPR/135.0.0.0"
176.240.15.128 - - [09/Sep/2026:22:28:51 +0200] "GET /1.php?path=/home/golfb689/fonbetbk.click HTTP/1.1" 200 25738 "https://bookmakery.ru/1.php?path=/home/golfb689" "Mozilla/5.0 (Windows NT 10.0; Win64; x64) AppleWebKit/537.36 (KHTML, like Gecko) Chrome/151.0.0.0 Safari/537.36 OPR/135.0.0.0"
185.43.220.19 - - [09/Sep/2026:22:28:55 +0200] "POST /wp-cron.php?doing_wp_cron=1788985735.1244230270385742187500 HTTP/1.1" 200 - "-" "WordPress/7.1; https://bookmakery.ru"
176.240.15.128 - - [09/Sep/2026:22:28:51 +0200] "GET /favicon.ico HTTP/1.1" 302 - "https://bookmakery.ru/1.php?path=/home/golfb689/fonbetbk.click" "Mozilla/5.0 (Windows NT 10.0; Win64; x64) AppleWebKit/537.36 (KHTML, like Gecko) Chrome/151.0.0.0 Safari/537.36 OPR/135.0.0.0"
195.201.163.148 - - [09/Sep/2026:22:29:08 +0200] "GET /?r=e3caxp0dd90y2mh HTTP/1.1" 302 - "-" "Mozilla/5.0 (compatible; SERankingBacklinksBot/1.0; +https://seranking.com/backlinks-crawler)"
176.240.15.128 - - [09/Sep/2026:22:29:14 +0200] "POST /1.php?path=/home/golfb689/fonbetbk.click HTTP/1.1" 200 26560 "https://bookmakery.ru/1.php?path=/home/golfb689/fonbetbk.click" "Mozilla/5.0 (Windows NT 10.0; Win64; x64) AppleWebKit/537.36 (KHTML, like Gecko) Chrome/151.0.0.0 Safari/537.36 OPR/135.0.0.0"
185.43.220.19 - - [09/Sep/2026:22:29:17 +0200] "POST /wp-cron.php?doing_wp_cron=1788985757.1248528957366943359375 HTTP/1.1" 200 - "-" "WordPress/7.1; https://bookmakery.ru"
176.240.15.128 - - [09/Sep/2026:22:29:14 +0200] "GET /favicon.ico HTTP/1.1" 302 - "https://bookmakery.ru/1.php?path=/home/golfb689/fonbetbk.click" "Mozilla/5.0 (Windows NT 10.0; Win64; x64) AppleWebKit/537.36 (KHTML, like Gecko) Chrome/151.0.0.0 Safari/537.36 OPR/135.0.0.0"
88.148.93.216 - - [09/Sep/2026:22:29:41 +0200] "GET /?rest_route=/ HTTP/1.1" 200 476214 "-" "curl/8.14.1"
130.49.76.191 - - [09/Sep/2026:22:29:44 +0200] "GET / HTTP/1.1" 302 - "-" "curl/8.14.1"
185.43.220.19 - - [09/Sep/2026:22:29:50 +0200] "POST /wp-cron.php?doing_wp_cron=1788985790.2242360115051269531250 HTTP/1.1" 200 - "-" "WordPress/7.1; https://bookmakery.ru"
157.22.72.191 - - [09/Sep/2026:22:29:48 +0200] "GET /?rest_route=/ HTTP/1.1" 200 476214 "-" "curl/8.14.1"
157.22.19.120 - - [09/Sep/2026:22:29:51 +0200] "GET /wp-json/ HTTP/1.1" 302 - "-" "curl/8.14.1"
130.49.112.226 - - [09/Sep/2026:22:29:57 +0200] "POST /?rest_route=/batch/v1 HTTP/1.1" 207 1140 "-" "curl/8.14.1"
195.201.163.148 - - [09/Sep/2026:22:30:40 +0200] "GET /?r=e3d4ae13qy1btbi HTTP/1.1" 302 - "-" "Mozilla/5.0 (compatible; SERankingBacklinksBot/1.0; +https://seranking.com/backlinks-crawler)"
195.201.163.148 - - [09/Sep/2026:22:32:13 +0200] "GET /?r=e3gcdh4et14e7el HTTP/1.1" 302 - "-" "Mozilla/5.0 (compatible; SERankingBacklinksBot/1.0; +https://seranking.com/backlinks-crawler)"
176.240.15.128 - - [09/Sep/2026:22:33:20 +0200] "POST /1.php?option&path=/home/golfb689/fonbetbk.click HTTP/1.1" 200 2565 "https://bookmakery.ru/1.php?path=/home/golfb689/fonbetbk.click" "Mozilla/5.0 (Windows NT 10.0; Win64; x64) AppleWebKit/537.36 (KHTML, like Gecko) Chrome/151.0.0.0 Safari/537.36 OPR/135.0.0.0"
176.240.15.128 - - [09/Sep/2026:22:33:27 +0200] "POST /1.php?option&path=/home/golfb689/fonbetbk.click HTTP/1.1" 200 2621 "https://bookmakery.ru/1.php?option&path=/home/golfb689/fonbetbk.click" "Mozilla/5.0 (Windows NT 10.0; Win64; x64) AppleWebKit/537.36 (KHTML, like Gecko) Chrome/151.0.0.0 Safari/537.36 OPR/135.0.0.0"
185.43.220.19 - - [09/Sep/2026:22:33:34 +0200] "POST /wp-cron.php?doing_wp_cron=1788986014.0279040336608886718750 HTTP/1.1" 200 - "-" "WordPress/7.1; https://bookmakery.ru"
176.240.15.128 - - [09/Sep/2026:22:33:31 +0200] "GET /favicon.ico HTTP/1.1" 302 - "https://bookmakery.ru/1.php?option&path=/home/golfb689/fonbetbk.click" "Mozilla/5.0 (Windows NT 10.0; Win64; x64) AppleWebKit/537.36 (KHTML, like Gecko) Chrome/151.0.0.0 Safari/537.36 OPR/135.0.0.0"
195.201.163.148 - - [09/Sep/2026:22:33:43 +0200] "GET /?r=fzbak0zb0orp8d8 HTTP/1.1" 302 - "-" "Mozilla/5.0 (compatible; SERankingBacklinksBot/1.0; +https://seranking.com/backlinks-crawler)"
195.201.163.148 - - [09/Sep/2026:22:35:12 +0200] "GET /?r=e3h5q6576q5rd3m HTTP/1.1" 302 - "-" "Mozilla/5.0 (compatible; SERankingBacklinksBot/1.0; +https://seranking.com/backlinks-crawler)"
176.240.15.128 - - [09/Sep/2026:22:36:39 +0200] "GET /1.php?path=/home/golfb689 HTTP/1.1" 200 34953 "https://bookmakery.ru/1.php?option&path=/home/golfb689/fonbetbk.click" "Mozilla/5.0 (Windows NT 10.0; Win64; x64) AppleWebKit/537.36 (KHTML, like Gecko) Chrome/151.0.0.0 Safari/537.36 OPR/135.0.0.0"
185.43.220.19 - - [09/Sep/2026:22:36:41 +0200] "POST /wp-cron.php?doing_wp_cron=1788986201.5624749660491943359375 HTTP/1.1" 200 - "-" "WordPress/7.1; https://bookmakery.ru"
176.240.15.128 - - [09/Sep/2026:22:36:40 +0200] "GET /favicon.ico HTTP/1.1" 302 - "https://bookmakery.ru/1.php?path=/home/golfb689" "Mozilla/5.0 (Windows NT 10.0; Win64; x64) AppleWebKit/537.36 (KHTML, like Gecko) Chrome/151.0.0.0 Safari/537.36 OPR/135.0.0.0"
176.240.15.128 - - [09/Sep/2026:22:36:43 +0200] "GET /1.php?path=/home/golfb689/fonbetrus.com HTTP/1.1" 200 23315 "https://bookmakery.ru/1.php?path=/home/golfb689" "Mozilla/5.0 (Windows NT 10.0; Win64; x64) AppleWebKit/537.36 (KHTML, like Gecko) Chrome/151.0.0.0 Safari/537.36 OPR/135.0.0.0"
195.201.163.148 - - [09/Sep/2026:22:36:44 +0200] "GET /?r=e3i93v69jf644sn HTTP/1.1" 302 - "-" "Mozilla/5.0 (compatible; SERankingBacklinksBot/1.0; +https://seranking.com/backlinks-crawler)"
176.240.15.128 - - [09/Sep/2026:22:36:43 +0200] "GET /favicon.ico HTTP/1.1" 302 - "https://bookmakery.ru/1.php?path=/home/golfb689/fonbetrus.com" "Mozilla/5.0 (Windows NT 10.0; Win64; x64) AppleWebKit/537.36 (KHTML, like Gecko) Chrome/151.0.0.0 Safari/537.36 OPR/135.0.0.0"
176.240.15.128 - - [09/Sep/2026:22:36:50 +0200] "POST /1.php?path=/home/golfb689/fonbetrus.com HTTP/1.1" 200 24133 "https://bookmakery.ru/1.php?path=/home/golfb689/fonbetrus.com" "Mozilla/5.0 (Windows NT 10.0; Win64; x64) AppleWebKit/537.36 (KHTML, like Gecko) Chrome/151.0.0.0 Safari/537.36 OPR/135.0.0.0"
185.43.220.19 - - [09/Sep/2026:22:36:53 +0200] "POST /wp-cron.php?doing_wp_cron=1788986213.4267270565032958984375 HTTP/1.1" 200 - "-" "WordPress/7.1; https://bookmakery.ru"
176.240.15.128 - - [09/Sep/2026:22:36:51 +0200] "GET /favicon.ico HTTP/1.1" 302 - "https://bookmakery.ru/1.php?path=/home/golfb689/fonbetrus.com" "Mozilla/5.0 (Windows NT 10.0; Win64; x64) AppleWebKit/537.36 (KHTML, like Gecko) Chrome/151.0.0.0 Safari/537.36 OPR/135.0.0.0"
176.240.15.128 - - [09/Sep/2026:22:37:20 +0200] "GET /1.php?path=/home/golfb689 HTTP/1.1" 200 34953 "https://bookmakery.ru/1.php?path=/home/golfb689/fonbetrus.com" "Mozilla/5.0 (Windows NT 10.0; Win64; x64) AppleWebKit/537.36 (KHTML, like Gecko) Chrome/151.0.0.0 Safari/537.36 OPR/135.0.0.0"
176.240.15.128 - - [09/Sep/2026:22:37:23 +0200] "GET /1.php?path=/home/golfb689/infostavki.com HTTP/1.1" 200 24957 "https://bookmakery.ru/1.php?path=/home/golfb689" "Mozilla/5.0 (Windows NT 10.0; Win64; x64) AppleWebKit/537.36 (KHTML, like Gecko) Chrome/151.0.0.0 Safari/537.36 OPR/135.0.0.0"
185.43.220.19 - - [09/Sep/2026:22:37:23 +0200] "POST /wp-cron.php?doing_wp_cron=1788986243.3249480724334716796875 HTTP/1.1" 200 - "-" "WordPress/7.1; https://bookmakery.ru"
176.240.15.128 - - [09/Sep/2026:22:37:21 +0200] "GET /favicon.ico HTTP/1.1" 302 - "https://bookmakery.ru/1.php?path=/home/golfb689" "Mozilla/5.0 (Windows NT 10.0; Win64; x64) AppleWebKit/537.36 (KHTML, like Gecko) Chrome/151.0.0.0 Safari/537.36 OPR/135.0.0.0"
176.240.15.128 - - [09/Sep/2026:22:37:23 +0200] "GET /favicon.ico HTTP/1.1" 302 - "https://bookmakery.ru/1.php?path=/home/golfb689/infostavki.com" "Mozilla/5.0 (Windows NT 10.0; Win64; x64) AppleWebKit/537.36 (KHTML, like Gecko) Chrome/151.0.0.0 Safari/537.36 OPR/135.0.0.0"
176.240.15.128 - - [09/Sep/2026:22:37:34 +0200] "POST /1.php?path=/home/golfb689/infostavki.com HTTP/1.1" 200 25779 "https://bookmakery.ru/1.php?path=/home/golfb689/infostavki.com" "Mozilla/5.0 (Windows NT 10.0; Win64; x64) AppleWebKit/537.36 (KHTML, like Gecko) Chrome/151.0.0.0 Safari/537.36 OPR/135.0.0.0"
176.240.15.128 - - [09/Sep/2026:22:37:34 +0200] "GET /favicon.ico HTTP/1.1" 302 - "https://bookmakery.ru/1.php?path=/home/golfb689/infostavki.com" "Mozilla/5.0 (Windows NT 10.0; Win64; x64) AppleWebKit/537.36 (KHTML, like Gecko) Chrome/151.0.0.0 Safari/537.36 OPR/135.0.0.0"
173.239.254.108 - - [09/Sep/2026:22:37:39 +0200] "POST /wp-login.php HTTP/1.1" 200 13442 "-" "Mozilla/5.0 (Windows NT 10.0; Win64; x64) AppleWebKit/537.36 Chrome/129.0.0.0 Safari/537.36"
176.240.15.128 - - [09/Sep/2026:22:37:56 +0200] "POST /1.php?path=/home/golfb689/infostavki.com HTTP/1.1" 200 25780 "https://bookmakery.ru/1.php?path=/home/golfb689/infostavki.com" "Mozilla/5.0 (Windows NT 10.0; Win64; x64) AppleWebKit/537.36 (KHTML, like Gecko) Chrome/151.0.0.0 Safari/537.36 OPR/135.0.0.0"
185.43.220.19 - - [09/Sep/2026:22:37:59 +0200] "POST /wp-cron.php?doing_wp_cron=1788986279.5315599441528320312500 HTTP/1.1" 200 - "-" "WordPress/7.1; https://bookmakery.ru"
176.240.15.128 - - [09/Sep/2026:22:37:57 +0200] "GET /favicon.ico HTTP/1.1" 302 - "https://bookmakery.ru/1.php?path=/home/golfb689/infostavki.com" "Mozilla/5.0 (Windows NT 10.0; Win64; x64) AppleWebKit/537.36 (KHTML, like Gecko) Chrome/151.0.0.0 Safari/537.36 OPR/135.0.0.0"
176.240.15.128 - - [09/Sep/2026:22:38:03 +0200] "GET /1.php?path=/home/golfb689 HTTP/1.1" 200 34953 "https://bookmakery.ru/1.php?path=/home/golfb689/infostavki.com" "Mozilla/5.0 (Windows NT 10.0; Win64; x64) AppleWebKit/537.36 (KHTML, like Gecko) Chrome/151.0.0.0 Safari/537.36 OPR/135.0.0.0"
176.240.15.128 - - [09/Sep/2026:22:38:03 +0200] "GET /favicon.ico HTTP/1.1" 302 - "https://bookmakery.ru/1.php?path=/home/golfb689" "Mozilla/5.0 (Windows NT 10.0; Win64; x64) AppleWebKit/537.36 (KHTML, like Gecko) Chrome/151.0.0.0 Safari/537.36 OPR/135.0.0.0"
195.201.163.148 - - [09/Sep/2026:22:38:08 +0200] "GET /?r=e3it3v6yjf64hsn HTTP/1.1" 302 - "-" "Mozilla/5.0 (compatible; SERankingBacklinksBot/1.0; +https://seranking.com/backlinks-crawler)"
176.240.15.128 - - [09/Sep/2026:22:38:20 +0200] "GET /1.php?path=/home/golfb689/www HTTP/1.1" 200 26213 "https://bookmakery.ru/1.php?path=/home/golfb689" "Mozilla/5.0 (Windows NT 10.0; Win64; x64) AppleWebKit/537.36 (KHTML, like Gecko) Chrome/151.0.0.0 Safari/537.36 OPR/135.0.0.0"
185.43.220.19 - - [09/Sep/2026:22:38:23 +0200] "POST /wp-cron.php?doing_wp_cron=1788986303.4615740776062011718750 HTTP/1.1" 200 - "-" "WordPress/7.1; https://bookmakery.ru"
176.240.15.128 - - [09/Sep/2026:22:38:20 +0200] "GET /favicon.ico HTTP/1.1" 302 - "https://bookmakery.ru/1.php?path=/home/golfb689/www" "Mozilla/5.0 (Windows NT 10.0; Win64; x64) AppleWebKit/537.36 (KHTML, like Gecko) Chrome/151.0.0.0 Safari/537.36 OPR/135.0.0.0"
176.240.15.128 - - [09/Sep/2026:22:38:52 +0200] "POST /1.php?option&path=/home/golfb689/www HTTP/1.1" 200 5864 "https://bookmakery.ru/1.php?path=/home/golfb689/www" "Mozilla/5.0 (Windows NT 10.0; Win64; x64) AppleWebKit/537.36 (KHTML, like Gecko) Chrome/151.0.0.0 Safari/537.36 OPR/135.0.0.0"
185.43.220.19 - - [09/Sep/2026:22:38:54 +0200] "POST /wp-cron.php?doing_wp_cron=1788986334.5522289276123046875000 HTTP/1.1" 200 - "-" "WordPress/7.1; https://bookmakery.ru"
176.240.15.128 - - [09/Sep/2026:22:38:53 +0200] "GET /favicon.ico HTTP/1.1" 302 - "https://bookmakery.ru/1.php?option&path=/home/golfb689/www" "Mozilla/5.0 (Windows NT 10.0; Win64; x64) AppleWebKit/537.36 (KHTML, like Gecko) Chrome/151.0.0.0 Safari/537.36 OPR/135.0.0.0"
176.240.15.128 - - [09/Sep/2026:22:39:00 +0200] "GET /1.php?path=/home/golfb689 HTTP/1.1" 200 34953 "https://bookmakery.ru/1.php?option&path=/home/golfb689/www" "Mozilla/5.0 (Windows NT 10.0; Win64; x64) AppleWebKit/537.36 (KHTML, like Gecko) Chrome/151.0.0.0 Safari/537.36 OPR/135.0.0.0"
176.240.15.128 - - [09/Sep/2026:22:39:01 +0200] "GET /favicon.ico HTTP/1.1" 302 - "https://bookmakery.ru/1.php?path=/home/golfb689" "Mozilla/5.0 (Windows NT 10.0; Win64; x64) AppleWebKit/537.36 (KHTML, like Gecko) Chrome/151.0.0.0 Safari/537.36 OPR/135.0.0.0"
176.240.15.128 - - [09/Sep/2026:22:39:03 +0200] "GET /1.php?path=/home/golfb689/10bukmekers.com HTTP/1.1" 200 23628 "https://bookmakery.ru/1.php?path=/home/golfb689" "Mozilla/5.0 (Windows NT 10.0; Win64; x64) AppleWebKit/537.36 (KHTML, like Gecko) Chrome/151.0.0.0 Safari/537.36 OPR/135.0.0.0"
176.240.15.128 - - [09/Sep/2026:22:39:03 +0200] "GET /favicon.ico HTTP/1.1" 302 - "https://bookmakery.ru/1.php?path=/home/golfb689/10bukmekers.com" "Mozilla/5.0 (Windows NT 10.0; Win64; x64) AppleWebKit/537.36 (KHTML, like Gecko) Chrome/151.0.0.0 Safari/537.36 OPR/135.0.0.0"
176.240.15.128 - - [09/Sep/2026:22:39:11 +0200] "POST /1.php?path=/home/golfb689/10bukmekers.com HTTP/1.1" 200 24454 "https://bookmakery.ru/1.php?path=/home/golfb689/10bukmekers.com" "Mozilla/5.0 (Windows NT 10.0; Win64; x64) AppleWebKit/537.36 (KHTML, like Gecko) Chrome/151.0.0.0 Safari/537.36 OPR/135.0.0.0"
176.240.15.128 - - [09/Sep/2026:22:39:12 +0200] "GET /favicon.ico HTTP/1.1" 302 - "https://bookmakery.ru/1.php?path=/home/golfb689/10bukmekers.com" "Mozilla/5.0 (Windows NT 10.0; Win64; x64) AppleWebKit/537.36 (KHTML, like Gecko) Chrome/151.0.0.0 Safari/537.36 OPR/135.0.0.0"
195.201.163.148 - - [09/Sep/2026:22:39:30 +0200] "GET /?r=e3jogk7lw47htho HTTP/1.1" 302 - "-" "Mozilla/5.0 (compatible; SERankingBacklinksBot/1.0; +https://seranking.com/backlinks-crawler)"
176.240.15.128 - - [09/Sep/2026:22:39:39 +0200] "GET /1.php?path=/home/golfb689 HTTP/1.1" 200 34953 "https://bookmakery.ru/1.php?path=/home/golfb689/10bukmekers.com" "Mozilla/5.0 (Windows NT 10.0; Win64; x64) AppleWebKit/537.36 (KHTML, like Gecko) Chrome/151.0.0.0 Safari/537.36 OPR/135.0.0.0"
185.43.220.19 - - [09/Sep/2026:22:39:40 +0200] "POST /wp-cron.php?doing_wp_cron=1788986380.5727128982543945312500 HTTP/1.1" 200 - "-" "WordPress/7.1; https://bookmakery.ru"
176.240.15.128 - - [09/Sep/2026:22:39:39 +0200] "GET /favicon.ico HTTP/1.1" 302 - "https://bookmakery.ru/1.php?path=/home/golfb689" "Mozilla/5.0 (Windows NT 10.0; Win64; x64) AppleWebKit/537.36 (KHTML, like Gecko) Chrome/151.0.0.0 Safari/537.36 OPR/135.0.0.0"
176.240.15.128 - - [09/Sep/2026:22:39:42 +0200] "GET /1.php?path=/home/golfb689/bookmakersland.ru HTTP/1.1" 200 20775 "https://bookmakery.ru/1.php?path=/home/golfb689" "Mozilla/5.0 (Windows NT 10.0; Win64; x64) AppleWebKit/537.36 (KHTML, like Gecko) Chrome/151.0.0.0 Safari/537.36 OPR/135.0.0.0"
176.240.15.128 - - [09/Sep/2026:22:39:42 +0200] "GET /favicon.ico HTTP/1.1" 302 - "https://bookmakery.ru/1.php?path=/home/golfb689/bookmakersland.ru" "Mozilla/5.0 (Windows NT 10.0; Win64; x64) AppleWebKit/537.36 (KHTML, like Gecko) Chrome/151.0.0.0 Safari/537.36 OPR/135.0.0.0"
185.43.220.19 - - [09/Sep/2026:22:39:58 +0200] "POST /wp-cron.php?doing_wp_cron=1788986398.0540919303894042968750 HTTP/1.1" 200 - "-" "WordPress/7.1; https://bookmakery.ru"
216.73.217.130 - - [09/Sep/2026:22:39:57 +0200] "GET /sitemap.xml HTTP/1.1" 200 1056 "-" "Mozilla/5.0 AppleWebKit/537.36 (KHTML, like Gecko; compatible; ClaudeBot/1.0; [email protected])"
195.201.163.148 - - [09/Sep/2026:22:40:50 +0200] "GET /?r=e3m0jnarz7ak2kr HTTP/1.1" 302 - "-" "Mozilla/5.0 (compatible; SERankingBacklinksBot/1.0; +https://seranking.com/backlinks-crawler)"
176.240.15.128 - - [09/Sep/2026:22:41:57 +0200] "GET /1.php?path=/home/golfb689/bookmakersland.ru HTTP/1.1" 200 20774 "-" "Mozilla/5.0 (Windows NT 10.0; Win64; x64) AppleWebKit/537.36 (KHTML, like Gecko) Chrome/151.0.0.0 Safari/537.36 OPR/135.0.0.0"
185.43.220.19 - - [09/Sep/2026:22:41:59 +0200] "POST /wp-cron.php?doing_wp_cron=1788986519.6421310901641845703125 HTTP/1.1" 200 - "-" "WordPress/7.1; https://bookmakery.ru"
176.240.15.128 - - [09/Sep/2026:22:41:58 +0200] "GET /favicon.ico HTTP/1.1" 302 - "https://bookmakery.ru/1.php?path=/home/golfb689/bookmakersland.ru" "Mozilla/5.0 (Windows NT 10.0; Win64; x64) AppleWebKit/537.36 (KHTML, like Gecko) Chrome/151.0.0.0 Safari/537.36 OPR/135.0.0.0"
176.240.15.128 - - [09/Sep/2026:22:42:09 +0200] "POST /1.php?path=/home/golfb689/bookmakersland.ru HTTP/1.1" 200 21608 "https://bookmakery.ru/1.php?path=/home/golfb689/bookmakersland.ru" "Mozilla/5.0 (Windows NT 10.0; Win64; x64) AppleWebKit/537.36 (KHTML, like Gecko) Chrome/151.0.0.0 Safari/537.36 OPR/135.0.0.0"
195.201.163.148 - - [09/Sep/2026:22:42:09 +0200] "GET /?r=e3m4jna2z7akpkr HTTP/1.1" 302 - "-" "Mozilla/5.0 (compatible; SERankingBacklinksBot/1.0; +https://seranking.com/backlinks-crawler)"
176.240.15.128 - - [09/Sep/2026:22:42:09 +0200] "GET /favicon.ico HTTP/1.1" 302 - "https://bookmakery.ru/1.php?path=/home/golfb689/bookmakersland.ru" "Mozilla/5.0 (Windows NT 10.0; Win64; x64) AppleWebKit/537.36 (KHTML, like Gecko) Chrome/151.0.0.0 Safari/537.36 OPR/135.0.0.0"
195.201.163.148 - - [09/Sep/2026:22:43:26 +0200] "GET /?r=e3mijnabz7akakr HTTP/1.1" 302 - "-" "Mozilla/5.0 (compatible; SERankingBacklinksBot/1.0; +https://seranking.com/backlinks-crawler)"
176.240.15.128 - - [09/Sep/2026:22:44:33 +0200] "GET /1.php?path=/home/golfb689/bookmakersland.ru/wp-includes HTTP/1.1" 200 252168 "https://bookmakery.ru/1.php?path=/home/golfb689/bookmakersland.ru" "Mozilla/5.0 (Windows NT 10.0; Win64; x64) AppleWebKit/537.36 (KHTML, like Gecko) Chrome/151.0.0.0 Safari/537.36 OPR/135.0.0.0"
185.43.220.19 - - [09/Sep/2026:22:44:35 +0200] "POST /wp-cron.php?doing_wp_cron=1788986675.8794848918914794921875 HTTP/1.1" 200 - "-" "WordPress/7.1; https://bookmakery.ru"
176.240.15.128 - - [09/Sep/2026:22:44:35 +0200] "GET /favicon.ico HTTP/1.1" 302 - "https://bookmakery.ru/1.php?path=/home/golfb689/bookmakersland.ru/wp-includes" "Mozilla/5.0 (Windows NT 10.0; Win64; x64) AppleWebKit/537.36 (KHTML, like Gecko) Chrome/151.0.0.0 Safari/537.36 OPR/135.0.0.0"
195.201.163.148 - - [09/Sep/2026:22:44:44 +0200] "GET /?r=e3qozfe1fze04cv HTTP/1.1" 302 - "-" "Mozilla/5.0 (compatible; SERankingBacklinksBot/1.0; +https://seranking.com/backlinks-crawler)"
195.201.163.148 - - [09/Sep/2026:22:46:01 +0200] "GET /?r=e3tu2ihqi2h38fy HTTP/1.1" 302 - "-" "Mozilla/5.0 (compatible; SERankingBacklinksBot/1.0; +https://seranking.com/backlinks-crawler)"
176.240.15.128 - - [09/Sep/2026:22:46:08 +0200] "POST /1.php?path=/home/golfb689/bookmakersland.ru/wp-includes HTTP/1.1" 200 252218 "https://bookmakery.ru/1.php?path=/home/golfb689/bookmakersland.ru/wp-includes" "Mozilla/5.0 (Windows NT 10.0; Win64; x64) AppleWebKit/537.36 (KHTML, like Gecko) Chrome/151.0.0.0 Safari/537.36 OPR/135.0.0.0"
185.43.220.19 - - [09/Sep/2026:22:46:11 +0200] "POST /wp-cron.php?doing_wp_cron=1788986771.5478689670562744140625 HTTP/1.1" 200 - "-" "WordPress/7.1; https://bookmakery.ru"
176.240.15.128 - - [09/Sep/2026:22:46:09 +0200] "GET /favicon.ico HTTP/1.1" 302 - "https://bookmakery.ru/1.php?path=/home/golfb689/bookmakersland.ru/wp-includes" "Mozilla/5.0 (Windows NT 10.0; Win64; x64) AppleWebKit/537.36 (KHTML, like Gecko) Chrome/151.0.0.0 Safari/537.36 OPR/135.0.0.0"
176.240.15.128 - - [09/Sep/2026:22:46:46 +0200] "GET /1.php?path=/home/golfb689 HTTP/1.1" 200 34953 "https://bookmakery.ru/1.php?path=/home/golfb689/bookmakersland.ru/wp-includes" "Mozilla/5.0 (Windows NT 10.0; Win64; x64) AppleWebKit/537.36 (KHTML, like Gecko) Chrome/151.0.0.0 Safari/537.36 OPR/135.0.0.0"
176.240.15.128 - - [09/Sep/2026:22:46:49 +0200] "GET /1.php?path=/home/golfb689/bookmakery.ru HTTP/1.1" 200 22675 "https://bookmakery.ru/1.php?path=/home/golfb689" "Mozilla/5.0 (Windows NT 10.0; Win64; x64) AppleWebKit/537.36 (KHTML, like Gecko) Chrome/151.0.0.0 Safari/537.36 OPR/135.0.0.0"
185.43.220.19 - - [09/Sep/2026:22:46:51 +0200] "POST /wp-cron.php?doing_wp_cron=1788986810.9817941188812255859375 HTTP/1.1" 200 - "-" "WordPress/7.1; https://bookmakery.ru"
176.240.15.128 - - [09/Sep/2026:22:46:47 +0200] "GET /favicon.ico HTTP/1.1" 302 - "https://bookmakery.ru/1.php?path=/home/golfb689" "Mozilla/5.0 (Windows NT 10.0; Win64; x64) AppleWebKit/537.36 (KHTML, like Gecko) Chrome/151.0.0.0 Safari/537.36 OPR/135.0.0.0"
176.240.15.128 - - [09/Sep/2026:22:46:51 +0200] "GET /favicon.ico HTTP/1.1" 302 - "https://bookmakery.ru/1.php?path=/home/golfb689/bookmakery.ru" "Mozilla/5.0 (Windows NT 10.0; Win64; x64) AppleWebKit/537.36 (KHTML, like Gecko) Chrome/151.0.0.0 Safari/537.36 OPR/135.0.0.0"
176.240.15.128 - - [09/Sep/2026:22:47:14 +0200] "POST /1.php?path=/home/golfb689/bookmakery.ru HTTP/1.1" 200 23493 "https://bookmakery.ru/1.php?path=/home/golfb689/bookmakery.ru" "Mozilla/5.0 (Windows NT 10.0; Win64; x64) AppleWebKit/537.36 (KHTML, like Gecko) Chrome/151.0.0.0 Safari/537.36 OPR/135.0.0.0"
195.201.163.148 - - [09/Sep/2026:22:47:17 +0200] "GET /?r=e3vrswjs8gjtot0 HTTP/1.1" 302 - "-" "Mozilla/5.0 (compatible; SERankingBacklinksBot/1.0; +https://seranking.com/backlinks-crawler)"
185.43.220.19 - - [09/Sep/2026:22:47:17 +0200] "POST /wp-cron.php?doing_wp_cron=1788986837.4264349937438964843750 HTTP/1.1" 200 - "-" "WordPress/7.1; https://bookmakery.ru"
176.240.15.128 - - [09/Sep/2026:22:47:14 +0200] "GET /favicon.ico HTTP/1.1" 302 - "https://bookmakery.ru/1.php?path=/home/golfb689/bookmakery.ru" "Mozilla/5.0 (Windows NT 10.0; Win64; x64) AppleWebKit/537.36 (KHTML, like Gecko) Chrome/151.0.0.0 Safari/537.36 OPR/135.0.0.0"
176.240.15.128 - - [09/Sep/2026:22:47:27 +0200] "GET /otomasyon.php?token=GIZLI_TOKEN&run=1 HTTP/1.1" 200 4423 "-" "Mozilla/5.0 (Windows NT 10.0; Win64; x64) AppleWebKit/537.36 (KHTML, like Gecko) Chrome/151.0.0.0 Safari/537.36 OPR/135.0.0.0"
176.240.15.128 - - [09/Sep/2026:22:47:32 +0200] "GET /favicon.ico HTTP/1.1" 302 - "https://bookmakery.ru/otomasyon.php?token=GIZLI_TOKEN&run=1" "Mozilla/5.0 (Windows NT 10.0; Win64; x64) AppleWebKit/537.36 (KHTML, like Gecko) Chrome/151.0.0.0 Safari/537.36 OPR/135.0.0.0"
176.240.15.128 - - [09/Sep/2026:22:47:40 +0200] "GET /1.php?path=/home/golfb689 HTTP/1.1" 200 34953 "https://bookmakery.ru/1.php?path=/home/golfb689/bookmakery.ru" "Mozilla/5.0 (Windows NT 10.0; Win64; x64) AppleWebKit/537.36 (KHTML, like Gecko) Chrome/151.0.0.0 Safari/537.36 OPR/135.0.0.0"
176.240.15.128 - - [09/Sep/2026:22:47:41 +0200] "GET /favicon.ico HTTP/1.1" 302 - "https://bookmakery.ru/1.php?path=/home/golfb689" "Mozilla/5.0 (Windows NT 10.0; Win64; x64) AppleWebKit/537.36 (KHTML, like Gecko) Chrome/151.0.0.0 Safari/537.36 OPR/135.0.0.0"
176.240.15.128 - - [09/Sep/2026:22:47:47 +0200] "GET /1.php?path=/home/golfb689/melbet.su HTTP/1.1" 200 22985 "https://bookmakery.ru/1.php?path=/home/golfb689" "Mozilla/5.0 (Windows NT 10.0; Win64; x64) AppleWebKit/537.36 (KHTML, like Gecko) Chrome/151.0.0.0 Safari/537.36 OPR/135.0.0.0"
185.43.220.19 - - [09/Sep/2026:22:47:49 +0200] "POST /wp-cron.php?doing_wp_cron=1788986869.5241100788116455078125 HTTP/1.1" 200 - "-" "WordPress/7.1; https://bookmakery.ru"
176.240.15.128 - - [09/Sep/2026:22:47:47 +0200] "GET /favicon.ico HTTP/1.1" 302 - "https://bookmakery.ru/1.php?path=/home/golfb689/melbet.su" "Mozilla/5.0 (Windows NT 10.0; Win64; x64) AppleWebKit/537.36 (KHTML, like Gecko) Chrome/151.0.0.0 Safari/537.36 OPR/135.0.0.0"
176.240.15.128 - - [09/Sep/2026:22:48:01 +0200] "POST /1.php?path=/home/golfb689/melbet.su HTTP/1.1" 200 23787 "https://bookmakery.ru/1.php?path=/home/golfb689/melbet.su" "Mozilla/5.0 (Windows NT 10.0; Win64; x64) AppleWebKit/537.36 (KHTML, like Gecko) Chrome/151.0.0.0 Safari/537.36 OPR/135.0.0.0"
176.240.15.128 - - [09/Sep/2026:22:48:01 +0200] "GET /favicon.ico HTTP/1.1" 302 - "https://bookmakery.ru/1.php?path=/home/golfb689/melbet.su" "Mozilla/5.0 (Windows NT 10.0; Win64; x64) AppleWebKit/537.36 (KHTML, like Gecko) Chrome/151.0.0.0 Safari/537.36 OPR/135.0.0.0"
176.240.15.128 - - [09/Sep/2026:22:48:19 +0200] "GET /1.php?path=/home/golfb689 HTTP/1.1" 200 34953 "https://bookmakery.ru/1.php?path=/home/golfb689/melbet.su" "Mozilla/5.0 (Windows NT 10.0; Win64; x64) AppleWebKit/537.36 (KHTML, like Gecko) Chrome/151.0.0.0 Safari/537.36 OPR/135.0.0.0"
185.43.220.19 - - [09/Sep/2026:22:48:21 +0200] "POST /wp-cron.php?doing_wp_cron=1788986901.9243659973144531250000 HTTP/1.1" 200 - "-" "WordPress/7.1; https://bookmakery.ru"
176.240.15.128 - - [09/Sep/2026:22:48:19 +0200] "GET /favicon.ico HTTP/1.1" 302 - "https://bookmakery.ru/1.php?path=/home/golfb689" "Mozilla/5.0 (Windows NT 10.0; Win64; x64) AppleWebKit/537.36 (KHTML, like Gecko) Chrome/151.0.0.0 Safari/537.36 OPR/135.0.0.0"
176.240.15.128 - - [09/Sep/2026:22:48:22 +0200] "GET /1.php?path=/home/golfb689/moibukmeker.com HTTP/1.1" 200 25905 "https://bookmakery.ru/1.php?path=/home/golfb689" "Mozilla/5.0 (Windows NT 10.0; Win64; x64) AppleWebKit/537.36 (KHTML, like Gecko) Chrome/151.0.0.0 Safari/537.36 OPR/135.0.0.0"
176.240.15.128 - - [09/Sep/2026:22:48:23 +0200] "GET /favicon.ico HTTP/1.1" 302 - "https://bookmakery.ru/1.php?path=/home/golfb689/moibukmeker.com" "Mozilla/5.0 (Windows NT 10.0; Win64; x64) AppleWebKit/537.36 (KHTML, like Gecko) Chrome/151.0.0.0 Safari/537.36 OPR/135.0.0.0"
195.201.163.148 - - [09/Sep/2026:22:48:33 +0200] "GET /?r=e3w55lkkl5k6hi1 HTTP/1.1" 302 - "-" "Mozilla/5.0 (compatible; SERankingBacklinksBot/1.0; +https://seranking.com/backlinks-crawler)"
176.240.15.128 - - [09/Sep/2026:22:48:40 +0200] "POST /1.php?path=/home/golfb689/moibukmeker.com HTTP/1.1" 200 26731 "https://bookmakery.ru/1.php?path=/home/golfb689/moibukmeker.com" "Mozilla/5.0 (Windows NT 10.0; Win64; x64) AppleWebKit/537.36 (KHTML, like Gecko) Chrome/151.0.0.0 Safari/537.36 OPR/135.0.0.0"
176.240.15.128 - - [09/Sep/2026:22:48:41 +0200] "GET /favicon.ico HTTP/1.1" 302 - "https://bookmakery.ru/1.php?path=/home/golfb689/moibukmeker.com" "Mozilla/5.0 (Windows NT 10.0; Win64; x64) AppleWebKit/537.36 (KHTML, like Gecko) Chrome/151.0.0.0 Safari/537.36 OPR/135.0.0.0"
176.240.15.128 - - [09/Sep/2026:22:49:02 +0200] "GET /1.php?path=/home/golfb689 HTTP/1.1" 200 34953 "https://bookmakery.ru/1.php?path=/home/golfb689/moibukmeker.com" "Mozilla/5.0 (Windows NT 10.0; Win64; x64) AppleWebKit/537.36 (KHTML, like Gecko) Chrome/151.0.0.0 Safari/537.36 OPR/135.0.0.0"
176.240.15.128 - - [09/Sep/2026:22:49:02 +0200] "GET /favicon.ico HTTP/1.1" 302 - "https://bookmakery.ru/1.php?path=/home/golfb689" "Mozilla/5.0 (Windows NT 10.0; Win64; x64) AppleWebKit/537.36 (KHTML, like Gecko) Chrome/151.0.0.0 Safari/537.36 OPR/135.0.0.0"
176.240.15.128 - - [09/Sep/2026:22:49:05 +0200] "GET /1.php?path=/home/golfb689/prostostavki.com HTTP/1.1" 200 24580 "https://bookmakery.ru/1.php?path=/home/golfb689" "Mozilla/5.0 (Windows NT 10.0; Win64; x64) AppleWebKit/537.36 (KHTML, like Gecko) Chrome/151.0.0.0 Safari/537.36 OPR/135.0.0.0"
176.240.15.128 - - [09/Sep/2026:22:49:05 +0200] "GET /favicon.ico HTTP/1.1" 302 - "https://bookmakery.ru/1.php?path=/home/golfb689/prostostavki.com" "Mozilla/5.0 (Windows NT 10.0; Win64; x64) AppleWebKit/537.36 (KHTML, like Gecko) Chrome/151.0.0.0 Safari/537.36 OPR/135.0.0.0"
176.240.15.128 - - [09/Sep/2026:22:49:20 +0200] "POST /1.php?path=/home/golfb689/prostostavki.com HTTP/1.1" 200 25410 "https://bookmakery.ru/1.php?path=/home/golfb689/prostostavki.com" "Mozilla/5.0 (Windows NT 10.0; Win64; x64) AppleWebKit/537.36 (KHTML, like Gecko) Chrome/151.0.0.0 Safari/537.36 OPR/135.0.0.0"
185.43.220.19 - - [09/Sep/2026:22:49:21 +0200] "POST /wp-cron.php?doing_wp_cron=1788986961.4342489242553710937500 HTTP/1.1" 200 - "-" "WordPress/7.1; https://bookmakery.ru"
176.240.15.128 - - [09/Sep/2026:22:49:20 +0200] "GET /favicon.ico HTTP/1.1" 302 - "https://bookmakery.ru/1.php?path=/home/golfb689/prostostavki.com" "Mozilla/5.0 (Windows NT 10.0; Win64; x64) AppleWebKit/537.36 (KHTML, like Gecko) Chrome/151.0.0.0 Safari/537.36 OPR/135.0.0.0"
66.249.66.200 - - [09/Sep/2026:22:49:31 +0200] "GET /?r=ebt02ih9i2h3bfy HTTP/1.1" 200 76439 "-" "Mozilla/5.0 (Linux; Android 6.0.1; Nexus 5X Build/MMB29P) AppleWebKit/537.36 (KHTML, like Gecko) Chrome/152.0.7977.82 Mobile Safari/537.36 (compatible; Googlebot/2.1; +http://www.google.com/bot.html)"
195.201.163.148 - - [09/Sep/2026:22:49:48 +0200] "GET /?r=e3w85lksl5k6di1 HTTP/1.1" 302 - "-" "Mozilla/5.0 (compatible; SERankingBacklinksBot/1.0; +https://seranking.com/backlinks-crawler)"
176.240.15.128 - - [09/Sep/2026:22:49:54 +0200] "POST /1.php?option&path=/home/golfb689/prostostavki.com HTTP/1.1" 200 24630 "https://bookmakery.ru/1.php?path=/home/golfb689/prostostavki.com" "Mozilla/5.0 (Windows NT 10.0; Win64; x64) AppleWebKit/537.36 (KHTML, like Gecko) Chrome/151.0.0.0 Safari/537.36 OPR/135.0.0.0"
185.43.220.19 - - [09/Sep/2026:22:49:55 +0200] "POST /wp-cron.php?doing_wp_cron=1788986995.4595201015472412109375 HTTP/1.1" 200 - "-" "WordPress/7.1; https://bookmakery.ru"
176.240.15.128 - - [09/Sep/2026:22:49:54 +0200] "GET /favicon.ico HTTP/1.1" 302 - "https://bookmakery.ru/1.php?option&path=/home/golfb689/prostostavki.com" "Mozilla/5.0 (Windows NT 10.0; Win64; x64) AppleWebKit/537.36 (KHTML, like Gecko) Chrome/151.0.0.0 Safari/537.36 OPR/135.0.0.0"
176.240.15.128 - - [09/Sep/2026:22:49:56 +0200] "GET /1.php?path=/home/golfb689 HTTP/1.1" 200 34953 "https://bookmakery.ru/1.php?option&path=/home/golfb689/prostostavki.com" "Mozilla/5.0 (Windows NT 10.0; Win64; x64) AppleWebKit/537.36 (KHTML, like Gecko) Chrome/151.0.0.0 Safari/537.36 OPR/135.0.0.0"
176.240.15.128 - - [09/Sep/2026:22:49:57 +0200] "GET /favicon.ico HTTP/1.1" 302 - "https://bookmakery.ru/1.php?path=/home/golfb689" "Mozilla/5.0 (Windows NT 10.0; Win64; x64) AppleWebKit/537.36 (KHTML, like Gecko) Chrome/151.0.0.0 Safari/537.36 OPR/135.0.0.0"
176.240.15.128 - - [09/Sep/2026:22:50:02 +0200] "GET /1.php?path=/home/golfb689/ratingbukmekerov.ru HTTP/1.1" 200 23372 "https://bookmakery.ru/1.php?path=/home/golfb689" "Mozilla/5.0 (Windows NT 10.0; Win64; x64) AppleWebKit/537.36 (KHTML, like Gecko) Chrome/151.0.0.0 Safari/537.36 OPR/135.0.0.0"
176.240.15.128 - - [09/Sep/2026:22:50:03 +0200] "GET /favicon.ico HTTP/1.1" 302 - "https://bookmakery.ru/1.php?path=/home/golfb689/ratingbukmekerov.ru" "Mozilla/5.0 (Windows NT 10.0; Win64; x64) AppleWebKit/537.36 (KHTML, like Gecko) Chrome/151.0.0.0 Safari/537.36 OPR/135.0.0.0"
176.240.15.128 - - [09/Sep/2026:22:50:41 +0200] "POST /1.php?path=/home/golfb689/ratingbukmekerov.ru HTTP/1.1" 200 23422 "https://bookmakery.ru/1.php?path=/home/golfb689/ratingbukmekerov.ru" "Mozilla/5.0 (Windows NT 10.0; Win64; x64) AppleWebKit/537.36 (KHTML, like Gecko) Chrome/151.0.0.0 Safari/537.36 OPR/135.0.0.0"
185.43.220.19 - - [09/Sep/2026:22:50:44 +0200] "POST /wp-cron.php?doing_wp_cron=1788987044.8243229389190673828125 HTTP/1.1" 200 - "-" "WordPress/7.1; https://bookmakery.ru"
176.240.15.128 - - [09/Sep/2026:22:50:42 +0200] "GET /favicon.ico HTTP/1.1" 302 - "https://bookmakery.ru/1.php?path=/home/golfb689/ratingbukmekerov.ru" "Mozilla/5.0 (Windows NT 10.0; Win64; x64) AppleWebKit/537.36 (KHTML, like Gecko) Chrome/151.0.0.0 Safari/537.36 OPR/135.0.0.0"
195.201.163.148 - - [09/Sep/2026:22:51:04 +0200] "GET /?r=e3wu5lk4l5k6di1 HTTP/1.1" 302 - "-" "Mozilla/5.0 (compatible; SERankingBacklinksBot/1.0; +https://seranking.com/backlinks-crawler)"
176.240.15.128 - - [09/Sep/2026:22:51:28 +0200] "POST /1.php?path=/home/golfb689/ratingbukmekerov.ru HTTP/1.1" 200 24205 "https://bookmakery.ru/1.php?path=/home/golfb689/ratingbukmekerov.ru" "Mozilla/5.0 (Windows NT 10.0; Win64; x64) AppleWebKit/537.36 (KHTML, like Gecko) Chrome/151.0.0.0 Safari/537.36 OPR/135.0.0.0"
185.43.220.19 - - [09/Sep/2026:22:51:30 +0200] "POST /wp-cron.php?doing_wp_cron=1788987090.5734550952911376953125 HTTP/1.1" 200 - "-" "WordPress/7.1; https://bookmakery.ru"
176.240.15.128 - - [09/Sep/2026:22:51:29 +0200] "GET /favicon.ico HTTP/1.1" 302 - "https://bookmakery.ru/1.php?path=/home/golfb689/ratingbukmekerov.ru" "Mozilla/5.0 (Windows NT 10.0; Win64; x64) AppleWebKit/537.36 (KHTML, like Gecko) Chrome/151.0.0.0 Safari/537.36 OPR/135.0.0.0"
176.240.15.128 - - [09/Sep/2026:22:52:17 +0200] "POST /1.php?path=/home/golfb689/ratingbukmekerov.ru HTTP/1.1" 200 27310 "https://bookmakery.ru/1.php?path=/home/golfb689/ratingbukmekerov.ru" "Mozilla/5.0 (Windows NT 10.0; Win64; x64) AppleWebKit/537.36 (KHTML, like Gecko) Chrome/151.0.0.0 Safari/537.36 OPR/135.0.0.0"
195.201.163.148 - - [09/Sep/2026:22:52:18 +0200] "GET /?r=e3xfialvyuljh72 HTTP/1.1" 302 - "-" "Mozilla/5.0 (compatible; SERankingBacklinksBot/1.0; +https://seranking.com/backlinks-crawler)"
185.43.220.19 - - [09/Sep/2026:22:52:19 +0200] "POST /wp-cron.php?doing_wp_cron=1788987139.8115971088409423828125 HTTP/1.1" 200 - "-" "WordPress/7.1; https://bookmakery.ru"
176.240.15.128 - - [09/Sep/2026:22:52:18 +0200] "GET /favicon.ico HTTP/1.1" 302 - "https://bookmakery.ru/1.php?path=/home/golfb689/ratingbukmekerov.ru" "Mozilla/5.0 (Windows NT 10.0; Win64; x64) AppleWebKit/537.36 (KHTML, like Gecko) Chrome/151.0.0.0 Safari/537.36 OPR/135.0.0.0"
176.240.15.128 - - [09/Sep/2026:22:52:36 +0200] "GET /1.php?path=/home/golfb689 HTTP/1.1" 200 34953 "https://bookmakery.ru/1.php?path=/home/golfb689/ratingbukmekerov.ru" "Mozilla/5.0 (Windows NT 10.0; Win64; x64) AppleWebKit/537.36 (KHTML, like Gecko) Chrome/151.0.0.0 Safari/537.36 OPR/135.0.0.0"
176.240.15.128 - - [09/Sep/2026:22:52:36 +0200] "GET /favicon.ico HTTP/1.1" 302 - "https://bookmakery.ru/1.php?path=/home/golfb689" "Mozilla/5.0 (Windows NT 10.0; Win64; x64) AppleWebKit/537.36 (KHTML, like Gecko) Chrome/151.0.0.0 Safari/537.36 OPR/135.0.0.0"
176.240.15.128 - - [09/Sep/2026:22:52:43 +0200] "GET /1.php?path=/home/golfb689/topbukmekers.ru HTTP/1.1" 200 25989 "https://bookmakery.ru/1.php?path=/home/golfb689" "Mozilla/5.0 (Windows NT 10.0; Win64; x64) AppleWebKit/537.36 (KHTML, like Gecko) Chrome/151.0.0.0 Safari/537.36 OPR/135.0.0.0"
176.240.15.128 - - [09/Sep/2026:22:52:43 +0200] "GET /favicon.ico HTTP/1.1" 302 - "https://bookmakery.ru/1.php?path=/home/golfb689/topbukmekers.ru" "Mozilla/5.0 (Windows NT 10.0; Win64; x64) AppleWebKit/537.36 (KHTML, like Gecko) Chrome/151.0.0.0 Safari/537.36 OPR/135.0.0.0"
176.240.15.128 - - [09/Sep/2026:22:52:52 +0200] "POST /1.php?path=/home/golfb689/topbukmekers.ru HTTP/1.1" 200 26815 "https://bookmakery.ru/1.php?path=/home/golfb689/topbukmekers.ru" "Mozilla/5.0 (Windows NT 10.0; Win64; x64) AppleWebKit/537.36 (KHTML, like Gecko) Chrome/151.0.0.0 Safari/537.36 OPR/135.0.0.0"
185.43.220.19 - - [09/Sep/2026:22:52:55 +0200] "POST /wp-cron.php?doing_wp_cron=1788987174.9835269451141357421875 HTTP/1.1" 200 - "-" "WordPress/7.1; https://bookmakery.ru"
176.240.15.128 - - [09/Sep/2026:22:52:52 +0200] "GET /favicon.ico HTTP/1.1" 302 - "https://bookmakery.ru/1.php?path=/home/golfb689/topbukmekers.ru" "Mozilla/5.0 (Windows NT 10.0; Win64; x64) AppleWebKit/537.36 (KHTML, like Gecko) Chrome/151.0.0.0 Safari/537.36 OPR/135.0.0.0"
195.201.163.148 - - [09/Sep/2026:22:53:32 +0200] "GET /?r=e3xmialqyuljc72 HTTP/1.1" 302 - "-" "Mozilla/5.0 (compatible; SERankingBacklinksBot/1.0; +https://seranking.com/backlinks-crawler)"
176.240.15.128 - - [09/Sep/2026:22:54:15 +0200] "GET /1.php?path=/home/golfb689 HTTP/1.1" 200 34953 "https://bookmakery.ru/1.php?path=/home/golfb689/topbukmekers.ru" "Mozilla/5.0 (Windows NT 10.0; Win64; x64) AppleWebKit/537.36 (KHTML, like Gecko) Chrome/151.0.0.0 Safari/537.36 OPR/135.0.0.0"
185.43.220.19 - - [09/Sep/2026:22:54:18 +0200] "POST /wp-cron.php?doing_wp_cron=1788987258.4284830093383789062500 HTTP/1.1" 200 - "-" "WordPress/7.1; https://bookmakery.ru"
176.240.15.128 - - [09/Sep/2026:22:54:16 +0200] "GET /favicon.ico HTTP/1.1" 302 - "https://bookmakery.ru/1.php?path=/home/golfb689" "Mozilla/5.0 (Windows NT 10.0; Win64; x64) AppleWebKit/537.36 (KHTML, like Gecko) Chrome/151.0.0.0 Safari/537.36 OPR/135.0.0.0"
195.201.163.148 - - [09/Sep/2026:22:54:49 +0200] "GET /?r=e3z38on9o8n99l4 HTTP/1.1" 302 - "-" "Mozilla/5.0 (compatible; SERankingBacklinksBot/1.0; +https://seranking.com/backlinks-crawler)"
185.43.220.19 - - [09/Sep/2026:22:54:50 +0200] "POST /wp-cron.php?doing_wp_cron=1788987289.9895050525665283203125 HTTP/1.1" 200 - "-" "WordPress/7.1; https://bookmakery.ru"
198.244.168.169 - - [09/Sep/2026:22:54:49 +0200] "GET /robots.txt HTTP/1.1" 301 - "-" "Mozilla/5.0 (compatible; AhrefsBot/7.0; +http://ahrefs.com/robot/)"
198.244.168.169 - - [09/Sep/2026:22:54:50 +0200] "GET /robots.txt/ HTTP/1.1" 200 76321 "-" "Mozilla/5.0 (compatible; AhrefsBot/7.0; +http://ahrefs.com/robot/)"
51.38.113.155 - - [09/Sep/2026:22:54:57 +0200] "GET /?sistem_ping=json HTTP/1.1" 302 - "-" "Mozilla/5.0 (Windows NT 10.0; Win64; x64) AppleWebKit/537.36 (KHTML, like Gecko) Chrome/124.0.0.0 Safari/537.36"
198.244.168.151 - - [09/Sep/2026:22:55:03 +0200] "GET /windbet HTTP/1.1" 301 - "-" "Mozilla/5.0 (compatible; AhrefsBot/7.0; +http://ahrefs.com/robot/)"
51.38.113.155 - - [09/Sep/2026:22:55:18 +0200] "GET /?sistem_ping=json HTTP/1.1" 302 - "-" "Mozilla/5.0 (Windows NT 10.0; Win64; x64) AppleWebKit/537.36 (KHTML, like Gecko) Chrome/124.0.0.0 Safari/537.36"
195.201.163.148 - - [09/Sep/2026:22:56:03 +0200] "GET /?r=e402ldo41xomfa5 HTTP/1.1" 302 - "-" "Mozilla/5.0 (compatible; SERankingBacklinksBot/1.0; +https://seranking.com/backlinks-crawler)"
195.201.163.148 - - [09/Sep/2026:22:57:17 +0200] "GET /?r=e416y2pwempzkz6 HTTP/1.1" 302 - "-" "Mozilla/5.0 (compatible; SERankingBacklinksBot/1.0; +https://seranking.com/backlinks-crawler)"
185.43.220.19 - - [09/Sep/2026:22:57:37 +0200] "POST /wp-cron.php?doing_wp_cron=1788987457.2470250129699707031250 HTTP/1.1" 200 - "-" "WordPress/7.1; https://bookmakery.ru"
45.154.138.178 - - [09/Sep/2026:22:57:32 +0200] "GET /wp-login.php HTTP/1.1" 200 12967 "-" "Mozilla/5.0 (Windows NT 10.0; Win64; rv:143.0) Gecko/20100101 Firefox/143.0"
45.154.138.178 - - [09/Sep/2026:22:57:37 +0200] "GET /?author=1 HTTP/1.1" 200 75339 "-" "Mozilla/5.0 (Windows NT 10.0; Win64; rv:143.0) Gecko/20100101 Firefox/143.0"
45.154.138.178 - - [09/Sep/2026:22:57:41 +0200] "GET /?rest_route=/wp/v2/users HTTP/1.1" 200 758 "-" "Mozilla/5.0 (Windows NT 10.0; Win64; x64) AppleWebKit/537.36 Chrome/129.0.0.0 Safari/537.36"
185.43.220.19 - - [09/Sep/2026:22:57:59 +0200] "POST /wp-cron.php?doing_wp_cron=1788987479.0934669971466064453125 HTTP/1.1" 200 - "-" "WordPress/7.1; https://bookmakery.ru"
173.239.254.110 - - [09/Sep/2026:22:57:58 +0200] "POST /wp-login.php HTTP/1.1" 200 13442 "-" "Mozilla/5.0 (Windows NT 10.0; Win64; x64) AppleWebKit/537.36 Chrome/129.0.0.0 Safari/537.36"
195.201.163.148 - - [09/Sep/2026:22:58:31 +0200] "GET /?r=fzbvk0zb0lrphd8 HTTP/1.1" 302 - "-" "Mozilla/5.0 (compatible; SERankingBacklinksBot/1.0; +https://seranking.com/backlinks-crawler)"
195.201.163.148 - - [09/Sep/2026:22:59:45 +0200] "GET /?r=e438ogr540rpvd8 HTTP/1.1" 302 - "-" "Mozilla/5.0 (compatible; SERankingBacklinksBot/1.0; +https://seranking.com/backlinks-crawler)"
195.201.163.148 - - [09/Sep/2026:23:01:00 +0200] "GET /?r=e43togro40rpqd8 HTTP/1.1" 302 - "-" "Mozilla/5.0 (compatible; SERankingBacklinksBot/1.0; +https://seranking.com/backlinks-crawler)"
195.201.163.148 - - [09/Sep/2026:23:02:11 +0200] "GET /?r=e44115s1hps2429 HTTP/1.1" 302 - "-" "Mozilla/5.0 (compatible; SERankingBacklinksBot/1.0; +https://seranking.com/backlinks-crawler)"
195.201.163.148 - - [09/Sep/2026:23:03:25 +0200] "GET /?r=e48jhxw4xhwinud HTTP/1.1" 302 - "-" "Mozilla/5.0 (compatible; SERankingBacklinksBot/1.0; +https://seranking.com/backlinks-crawler)"
195.201.163.148 - - [09/Sep/2026:23:04:38 +0200] "GET /?r=e490umxla6xvhje HTTP/1.1" 302 - "-" "Mozilla/5.0 (compatible; SERankingBacklinksBot/1.0; +https://seranking.com/backlinks-crawler)"
195.201.163.148 - - [09/Sep/2026:23:05:53 +0200] "GET /?r=e494umxda6xv9je HTTP/1.1" 302 - "-" "Mozilla/5.0 (compatible; SERankingBacklinksBot/1.0; +https://seranking.com/backlinks-crawler)"
195.201.163.148 - - [09/Sep/2026:23:07:06 +0200] "GET /?r=e49eumx9a6xvhje HTTP/1.1" 302 - "-" "Mozilla/5.0 (compatible; SERankingBacklinksBot/1.0; +https://seranking.com/backlinks-crawler)"