173.239.254.111 - - [09/Sep/2026:19:41:01 +0200] "POST /wp-login.php HTTP/1.1" 200 13442 "-" "Mozilla/5.0 (Windows NT 10.0; Win64; x64) AppleWebKit/537.36 Chrome/129.0.0.0 Safari/537.36"
77.67.168.118 - - [09/Sep/2026:19:45:05 +0200] "GET / HTTP/1.1" 302 - "https://www.google.com/" "Mozilla/5.0 (Linux; Android 10; K) AppleWebKit/537.36 (KHTML, like Gecko) Chrome/152.0.0.0 Mobile Safari/537.36"
195.201.163.148 - - [09/Sep/2026:19:45:57 +0200] "GET /robots.txt HTTP/1.1" 200 93 "-" "Mozilla/5.0 (compatible; SERankingBacklinksBot/1.0; +https://seranking.com/backlinks-crawler)"
195.201.163.148 - - [09/Sep/2026:19:45:57 +0200] "GET /?r=cj24brqnrbqchho HTTP/1.1" 302 - "-" "Mozilla/5.0 (compatible; SERankingBacklinksBot/1.0; +https://seranking.com/backlinks-crawler)"
195.201.163.148 - - [09/Sep/2026:19:47:04 +0200] "GET /?r=d1k9t98n9t8ub6p HTTP/1.1" 302 - "-" "Mozilla/5.0 (compatible; SERankingBacklinksBot/1.0; +https://seranking.com/backlinks-crawler)"
195.201.163.148 - - [09/Sep/2026:19:48:11 +0200] "GET /?r=d3a47bybnvy8d8f HTTP/1.1" 302 - "-" "Mozilla/5.0 (compatible; SERankingBacklinksBot/1.0; +https://seranking.com/backlinks-crawler)"
195.201.163.148 - - [09/Sep/2026:19:49:17 +0200] "GET /?r=d50mldot1xomla5 HTTP/1.1" 302 - "-" "Mozilla/5.0 (compatible; SERankingBacklinksBot/1.0; +https://seranking.com/backlinks-crawler)"
66.249.68.200 - - [09/Sep/2026:19:50:09 +0200] "GET /?r=fm8bhxwbx5om4a5 HTTP/1.1" 200 20462 "-" "Mozilla/5.0 (Linux; Android 6.0.1; Nexus 5X Build/MMB29P) AppleWebKit/537.36 (KHTML, like Gecko) Chrome/151.0.7922.173 Mobile Safari/537.36 (compatible; Googlebot/2.1; +http://www.google.com/bot.html)"
195.201.163.148 - - [09/Sep/2026:19:50:23 +0200] "GET /?r=d50rldoj1xomba5 HTTP/1.1" 302 - "-" "Mozilla/5.0 (compatible; SERankingBacklinksBot/1.0; +https://seranking.com/backlinks-crawler)"
66.249.68.198 - - [09/Sep/2026:19:50:38 +0200] "GET /?r=e15qeutvuetf5ra HTTP/1.1" 200 20462 "-" "Mozilla/5.0 (Linux; Android 6.0.1; Nexus 5X Build/MMB29P) AppleWebKit/537.36 (KHTML, like Gecko) Chrome/151.0.7922.173 Mobile Safari/537.36 (compatible; Googlebot/2.1; +http://www.google.com/bot.html)"
66.249.68.198 - - [09/Sep/2026:19:50:47 +0200] "GET /?r=ecah7by8nvy8p8f HTTP/1.1" 200 20462 "-" "Mozilla/5.0 (Linux; Android 6.0.1; Nexus 5X Build/MMB29P) AppleWebKit/537.36 (KHTML, like Gecko) Chrome/151.0.7922.173 Mobile Safari/537.36 (compatible; Googlebot/2.1; +http://www.google.com/bot.html)"
66.249.68.198 - - [09/Sep/2026:19:50:48 +0200] "GET /?r=fbrbc4fbs3v5r5c HTTP/1.1" 200 20462 "-" "Mozilla/5.0 (Linux; Android 6.0.1; Nexus 5X Build/MMB29P) AppleWebKit/537.36 (KHTML, like Gecko) Chrome/151.0.7922.173 Mobile Safari/537.36 (compatible; Googlebot/2.1; +http://www.google.com/bot.html)"
66.249.68.199 - - [09/Sep/2026:19:51:05 +0200] "GET /?r=ew7s48v7ksv555c HTTP/1.1" 200 20462 "-" "Mozilla/5.0 (Linux; Android 6.0.1; Nexus 5X Build/MMB29P) AppleWebKit/537.36 (KHTML, like Gecko) Chrome/151.0.7922.173 Mobile Safari/537.36 (compatible; Googlebot/2.1; +http://www.google.com/bot.html)"
66.249.68.199 - - [09/Sep/2026:19:51:16 +0200] "GET /?r=fvrcc4fbs2v5e5c HTTP/1.1" 200 20462 "-" "Mozilla/5.0 (Linux; Android 6.0.1; Nexus 5X Build/MMB29P) AppleWebKit/537.36 (KHTML, like Gecko) Chrome/151.0.7922.173 Mobile Safari/537.36 (compatible; Googlebot/2.1; +http://www.google.com/bot.html)"
195.201.163.148 - - [09/Sep/2026:19:51:30 +0200] "GET /?r=d6djae1uqy1bbbi HTTP/1.1" 302 - "-" "Mozilla/5.0 (compatible; SERankingBacklinksBot/1.0; +https://seranking.com/backlinks-crawler)"
195.201.163.148 - - [09/Sep/2026:19:52:35 +0200] "GET /?r=d6dqae1xqy1b2bi HTTP/1.1" 302 - "-" "Mozilla/5.0 (compatible; SERankingBacklinksBot/1.0; +https://seranking.com/backlinks-crawler)"
195.201.163.148 - - [09/Sep/2026:19:53:41 +0200] "GET /?r=date2ih0i2h3lfy HTTP/1.1" 302 - "-" "Mozilla/5.0 (compatible; SERankingBacklinksBot/1.0; +https://seranking.com/backlinks-crawler)"
195.201.163.148 - - [09/Sep/2026:19:54:45 +0200] "GET /?r=datx2ihki2h3hfy HTTP/1.1" 302 - "-" "Mozilla/5.0 (compatible; SERankingBacklinksBot/1.0; +https://seranking.com/backlinks-crawler)"
62.210.236.42 - - [09/Sep/2026:19:55:05 +0200] "GET / HTTP/1.1" 302 - "https://www.google.com/" "Mozilla/5.0 (Linux; Android 10; K) AppleWebKit/537.36 (KHTML, like Gecko) Chrome/152.0.0.0 Mobile Safari/537.36"
185.43.220.19 - - [09/Sep/2026:19:55:16 +0200] "POST /wp-cron.php?doing_wp_cron=1788976515.4306330680847167968750 HTTP/1.1" 200 - "-" "WordPress/7.1; https://bookmakery.ru"
45.227.253.15 - - [09/Sep/2026:19:55:13 +0200] "GET /index.php/jk HTTP/1.1" 302 - "-" "Mozilla/5.0 (iPad; U; CPU OS 4_3_3 like Mac OS X; ja) AppleWebKit/533.17.9 (KHTML, like Gecko) Version/5.0.2 Mobile/8J2 Safari/6533.18.5"
103.204.210.59 - - [09/Sep/2026:19:55:48 +0200] "GET /wp.php HTTP/1.1" 200 29215 "-" "Mozilla/5.0 (Windows NT 10.0; Win64; x64) AppleWebKit/537.36 (KHTML, like Gecko) Chrome/153.0.0.0 Safari/537.36"
195.201.163.148 - - [09/Sep/2026:19:55:52 +0200] "GET /?r=dcj7gk7fw47h2ho HTTP/1.1" 302 - "-" "Mozilla/5.0 (compatible; SERankingBacklinksBot/1.0; +https://seranking.com/backlinks-crawler)"
185.43.220.19 - - [09/Sep/2026:19:55:57 +0200] "POST /wp-cron.php?doing_wp_cron=1788976557.7253530025482177734375 HTTP/1.1" 200 - "-" "WordPress/7.1; https://bookmakery.ru"
103.204.210.59 - - [09/Sep/2026:19:55:52 +0200] "GET /favicon.ico HTTP/1.1" 302 - "https://bookmakery.ru/wp.php" "Mozilla/5.0 (Windows NT 10.0; Win64; x64) AppleWebKit/537.36 (KHTML, like Gecko) Chrome/153.0.0.0 Safari/537.36"
103.204.210.59 - - [09/Sep/2026:19:56:04 +0200] "POST /wp.php HTTP/1.1" 200 20047 "https://bookmakery.ru/wp.php" "Mozilla/5.0 (Windows NT 10.0; Win64; x64) AppleWebKit/537.36 (KHTML, like Gecko) Chrome/153.0.0.0 Safari/537.36"
103.204.210.59 - - [09/Sep/2026:19:56:05 +0200] "GET /favicon.ico HTTP/1.1" 404 - "https://bookmakery.ru/wp.php" "Mozilla/5.0 (Windows NT 10.0; Win64; x64) AppleWebKit/537.36 (KHTML, like Gecko) Chrome/153.0.0.0 Safari/537.36"
103.204.210.59 - - [09/Sep/2026:19:56:10 +0200] "POST /wp.php HTTP/1.1" 200 21212 "https://bookmakery.ru/wp.php" "Mozilla/5.0 (Windows NT 10.0; Win64; x64) AppleWebKit/537.36 (KHTML, like Gecko) Chrome/153.0.0.0 Safari/537.36"
103.204.210.59 - - [09/Sep/2026:19:56:18 +0200] "POST /wp.php HTTP/1.1" 200 21869 "https://bookmakery.ru/wp.php" "Mozilla/5.0 (Windows NT 10.0; Win64; x64) AppleWebKit/537.36 (KHTML, like Gecko) Chrome/153.0.0.0 Safari/537.36"
103.204.210.59 - - [09/Sep/2026:19:56:25 +0200] "POST /wp.php HTTP/1.1" 200 22461 "https://bookmakery.ru/wp.php" "Mozilla/5.0 (Windows NT 10.0; Win64; x64) AppleWebKit/537.36 (KHTML, like Gecko) Chrome/153.0.0.0 Safari/537.36"
103.204.210.59 - - [09/Sep/2026:19:56:32 +0200] "POST /wp.php HTTP/1.1" 200 23014 "https://bookmakery.ru/wp.php" "Mozilla/5.0 (Windows NT 10.0; Win64; x64) AppleWebKit/537.36 (KHTML, like Gecko) Chrome/153.0.0.0 Safari/537.36"
103.204.210.59 - - [09/Sep/2026:19:56:36 +0200] "GET /1.php HTTP/1.1" 200 20433 "-" "Mozilla/5.0 (Windows NT 10.0; Win64; x64) AppleWebKit/537.36 (KHTML, like Gecko) Chrome/153.0.0.0 Safari/537.36"
185.43.220.19 - - [09/Sep/2026:19:56:59 +0200] "POST /wp-cron.php?doing_wp_cron=1788976619.4274530410766601562500 HTTP/1.1" 200 - "-" "WordPress/7.1; https://bookmakery.ru"
195.201.163.148 - - [09/Sep/2026:19:56:56 +0200] "GET /?r=ddwq5lktl5k65i1 HTTP/1.1" 302 - "-" "Mozilla/5.0 (compatible; SERankingBacklinksBot/1.0; +https://seranking.com/backlinks-crawler)"
195.201.163.148 - - [09/Sep/2026:19:58:07 +0200] "GET /?r=dgz48onpo8n94l4 HTTP/1.1" 302 - "-" "Mozilla/5.0 (compatible; SERankingBacklinksBot/1.0; +https://seranking.com/backlinks-crawler)"
47.79.1.216 - - [09/Sep/2026:19:59:15 +0200] "GET / HTTP/1.1" 302 - "-" "Mozilla/5.0 (X11; Linux x86_64) AppleWebKit/537.36 (KHTML, like Gecko) Chrome/143.0.0.0 Safari/537.36"
185.43.220.19 - - [09/Sep/2026:19:59:18 +0200] "POST /wp-cron.php?doing_wp_cron=1788976758.2678160667419433593750 HTTP/1.1" 200 - "-" "WordPress/7.1; https://bookmakery.ru"
47.79.1.216 - - [09/Sep/2026:19:59:16 +0200] "GET /wordpress/ HTTP/1.1" 302 - "-" "Mozilla/5.0 (Windows NT 10.0; Win64; x64) AppleWebKit/537.36 (KHTML, like Gecko) Chrome/145.0.0.0 Safari/537.36"
195.201.163.148 - - [09/Sep/2026:19:59:19 +0200] "GET /?r=dhcjxp0ed90yimh HTTP/1.1" 302 - "-" "Mozilla/5.0 (compatible; SERankingBacklinksBot/1.0; +https://seranking.com/backlinks-crawler)"
185.43.220.19 - - [09/Sep/2026:20:00:19 +0200] "POST /wp-cron.php?doing_wp_cron=1788976819.6932950019836425781250 HTTP/1.1" 200 - "-" "WordPress/7.1; https://bookmakery.ru"
47.79.1.216 - - [09/Sep/2026:20:00:17 +0200] "GET /old/ HTTP/1.1" 302 - "-" "Mozilla/5.0 (Windows NT 10.0; Win64; x64; rv:146.0) Gecko/20100101 Firefox/146.0"
195.201.163.148 - - [09/Sep/2026:20:00:25 +0200] "GET /?r=dip3mqdd2adnunu HTTP/1.1" 302 - "-" "Mozilla/5.0 (compatible; SERankingBacklinksBot/1.0; +https://seranking.com/backlinks-crawler)"
185.43.220.19 - - [09/Sep/2026:20:01:23 +0200] "POST /wp-cron.php?doing_wp_cron=1788976882.9936559200286865234375 HTTP/1.1" 200 - "-" "WordPress/7.1; https://bookmakery.ru"
173.239.254.97 - - [09/Sep/2026:20:01:21 +0200] "POST /wp-login.php HTTP/1.1" 200 13442 "-" "Mozilla/5.0 (Windows NT 10.0; Win64; x64) AppleWebKit/537.36 Chrome/129.0.0.0 Safari/537.36"
195.201.163.148 - - [09/Sep/2026:20:01:32 +0200] "GET /?r=dipnmqdx2adnenu HTTP/1.1" 302 - "-" "Mozilla/5.0 (compatible; SERankingBacklinksBot/1.0; +https://seranking.com/backlinks-crawler)"
185.43.220.19 - - [09/Sep/2026:20:02:30 +0200] "POST /wp-cron.php?doing_wp_cron=1788976950.0412540435791015625000 HTTP/1.1" 200 - "-" "WordPress/7.1; https://bookmakery.ru"
216.73.217.130 - - [09/Sep/2026:20:02:26 +0200] "GET /robots.txt HTTP/1.1" 301 - "-" "Mozilla/5.0 AppleWebKit/537.36 (KHTML, like Gecko; compatible; ClaudeBot/1.0; [email protected])"
216.73.217.130 - - [09/Sep/2026:20:02:30 +0200] "GET /robots.txt/ HTTP/1.1" 200 75054 "https://bookmakery.ru/robots.txt" "Mozilla/5.0 AppleWebKit/537.36 (KHTML, like Gecko; compatible; ClaudeBot/1.0; [email protected])"
216.73.217.130 - - [09/Sep/2026:20:02:33 +0200] "GET /index.php/sitemap.xml HTTP/1.1" 301 - "-" "Mozilla/5.0 AppleWebKit/537.36 (KHTML, like Gecko; compatible; ClaudeBot/1.0; [email protected])"
216.73.217.130 - - [09/Sep/2026:20:02:35 +0200] "GET /sitemap.xml/ HTTP/1.1" 302 - "https://bookmakery.ru/index.php/sitemap.xml" "Mozilla/5.0 AppleWebKit/537.36 (KHTML, like Gecko; compatible; ClaudeBot/1.0; [email protected])"
216.73.217.130 - - [09/Sep/2026:20:02:37 +0200] "GET /sitemap.xml HTTP/1.1" 200 1056 "https://bookmakery.ru/sitemap.xml/" "Mozilla/5.0 AppleWebKit/537.36 (KHTML, like Gecko; compatible; ClaudeBot/1.0; [email protected])"
195.201.163.148 - - [09/Sep/2026:20:02:38 +0200] "GET /?r=dj2gbrqsrbqcao7 HTTP/1.1" 302 - "-" "Mozilla/5.0 (compatible; SERankingBacklinksBot/1.0; +https://seranking.com/backlinks-crawler)"
185.43.220.19 - - [09/Sep/2026:20:02:58 +0200] "POST /wp-cron.php?doing_wp_cron=1788976978.1258258819580078125000 HTTP/1.1" 200 - "-" "WordPress/7.1; https://bookmakery.ru"
66.249.66.198 - - [09/Sep/2026:20:02:55 +0200] "GET /?r=eppumqd82adnenu HTTP/1.1" 200 75172 "-" "Mozilla/5.0 (Linux; Android 6.0.1; Nexus 5X Build/MMB29P) AppleWebKit/537.36 (KHTML, like Gecko) Chrome/151.0.7922.173 Mobile Safari/537.36 (compatible; Googlebot/2.1; +http://www.google.com/bot.html)"
66.249.66.71 - - [09/Sep/2026:20:02:58 +0200] "GET /?r=fq7c48vbk0zlmxg HTTP/1.1" 200 75172 "-" "Mozilla/5.0 (Linux; Android 6.0.1; Nexus 5X Build/MMB29P) AppleWebKit/537.36 (KHTML, like Gecko) Chrome/151.0.7922.173 Mobile Safari/537.36 (compatible; Googlebot/2.1; +http://www.google.com/bot.html)"
195.201.163.148 - - [09/Sep/2026:20:03:46 +0200] "GET /?r=dry0vzm4bjmwuw3 HTTP/1.1" 302 - "-" "Mozilla/5.0 (compatible; SERankingBacklinksBot/1.0; +https://seranking.com/backlinks-crawler)"
185.43.220.19 - - [09/Sep/2026:20:04:11 +0200] "POST /wp-cron.php?doing_wp_cron=1788977051.5434610843658447265625 HTTP/1.1" 200 - "-" "WordPress/7.1; https://bookmakery.ru"
66.249.66.199 - - [09/Sep/2026:20:04:08 +0200] "GET /?r=fc2fbrqbruigf4z HTTP/1.1" 200 75172 "-" "Mozilla/5.0 (Linux; Android 6.0.1; Nexus 5X Build/MMB29P) AppleWebKit/537.36 (KHTML, like Gecko) Chrome/151.0.7922.173 Mobile Safari/537.36 (compatible; Googlebot/2.1; +http://www.google.com/bot.html)"
66.249.66.199 - - [09/Sep/2026:20:04:11 +0200] "GET /?r=ep7748v1ksv515c HTTP/1.1" 200 75172 "-" "Mozilla/5.0 (Linux; Android 6.0.1; Nexus 5X Build/MMB29P) AppleWebKit/537.36 (KHTML, like Gecko) Chrome/151.0.7922.173 Mobile Safari/537.36 (compatible; Googlebot/2.1; +http://www.google.com/bot.html)"
185.43.220.19 - - [09/Sep/2026:20:04:23 +0200] "POST /wp-cron.php?doing_wp_cron=1788977063.2427530288696289062500 HTTP/1.1" 200 - "-" "WordPress/7.1; https://bookmakery.ru"
66.249.66.71 - - [09/Sep/2026:20:04:20 +0200] "GET /?r=e0byk0zx0kzl3xg HTTP/1.1" 200 75172 "-" "Mozilla/5.0 (Linux; Android 6.0.1; Nexus 5X Build/MMB29P) AppleWebKit/537.36 (KHTML, like Gecko) Chrome/151.0.7922.173 Mobile Safari/537.36 (compatible; Googlebot/2.1; +http://www.google.com/bot.html)"
66.249.66.70 - - [09/Sep/2026:20:04:23 +0200] "GET /?r=f8haq65b6dxvhje HTTP/1.1" 200 75172 "-" "Mozilla/5.0 (Linux; Android 6.0.1; Nexus 5X Build/MMB29P) AppleWebKit/537.36 (KHTML, like Gecko) Chrome/151.0.7922.173 Mobile Safari/537.36 (compatible; Googlebot/2.1; +http://www.google.com/bot.html)"
195.201.163.148 - - [09/Sep/2026:20:04:51 +0200] "GET /?r=drybvzmsbjmwuw3 HTTP/1.1" 302 - "-" "Mozilla/5.0 (compatible; SERankingBacklinksBot/1.0; +https://seranking.com/backlinks-crawler)"
195.201.163.148 - - [09/Sep/2026:20:06:00 +0200] "GET /?r=fyxrialby61bqbi HTTP/1.1" 302 - "-" "Mozilla/5.0 (compatible; SERankingBacklinksBot/1.0; +https://seranking.com/backlinks-crawler)"
195.201.163.148 - - [09/Sep/2026:20:07:07 +0200] "GET /?r=drylvzmubjmw8w3 HTTP/1.1" 302 - "-" "Mozilla/5.0 (compatible; SERankingBacklinksBot/1.0; +https://seranking.com/backlinks-crawler)"
185.43.220.19 - - [09/Sep/2026:20:08:11 +0200] "POST /wp-cron.php?doing_wp_cron=1788977291.8356800079345703125000 HTTP/1.1" 200 - "-" "WordPress/7.1; https://bookmakery.ru"
66.249.66.40 - - [09/Sep/2026:20:08:08 +0200] "GET /?r=f63cogrb447hyho HTTP/1.1" 200 75172 "-" "Mozilla/5.0 (Linux; Android 6.0.1; Nexus 5X Build/MMB29P) AppleWebKit/537.36 (KHTML, like Gecko) Chrome/151.0.7922.173 Mobile Safari/537.36 (compatible; Googlebot/2.1; +http://www.google.com/bot.html)"
195.201.163.148 - - [09/Sep/2026:20:08:12 +0200] "GET /?r=dsbbk0zo0kzlrxg HTTP/1.1" 302 - "-" "Mozilla/5.0 (compatible; SERankingBacklinksBot/1.0; +https://seranking.com/backlinks-crawler)"
195.201.163.148 - - [09/Sep/2026:20:09:18 +0200] "GET /?r=dto791ckplca0yt HTTP/1.1" 302 - "-" "Mozilla/5.0 (compatible; SERankingBacklinksBot/1.0; +https://seranking.com/backlinks-crawler)"
195.201.163.148 - - [09/Sep/2026:20:10:23 +0200] "GET /?r=dve8n32w3n2oq0j HTTP/1.1" 302 - "-" "Mozilla/5.0 (compatible; SERankingBacklinksBot/1.0; +https://seranking.com/backlinks-crawler)"
195.201.163.148 - - [09/Sep/2026:20:11:30 +0200] "GET /?r=dvejn3203n2oi0j HTTP/1.1" 302 - "-" "Mozilla/5.0 (compatible; SERankingBacklinksBot/1.0; +https://seranking.com/backlinks-crawler)"
195.201.163.148 - - [09/Sep/2026:20:12:35 +0200] "GET /?r=dx4p15shhps2d29 HTTP/1.1" 302 - "-" "Mozilla/5.0 (compatible; SERankingBacklinksBot/1.0; +https://seranking.com/backlinks-crawler)"
195.201.163.148 - - [09/Sep/2026:20:13:43 +0200] "GET /?r=e00rldo91xomsa5 HTTP/1.1" 302 - "-" "Mozilla/5.0 (compatible; SERankingBacklinksBot/1.0; +https://seranking.com/backlinks-crawler)"
195.201.163.148 - - [09/Sep/2026:20:14:49 +0200] "GET /?r=e00vldov1xomea5 HTTP/1.1" 302 - "-" "Mozilla/5.0 (compatible; SERankingBacklinksBot/1.0; +https://seranking.com/backlinks-crawler)"
195.201.163.148 - - [09/Sep/2026:20:15:56 +0200] "GET /?r=e03zogr340rp1d8 HTTP/1.1" 302 - "-" "Mozilla/5.0 (compatible; SERankingBacklinksBot/1.0; +https://seranking.com/backlinks-crawler)"
151.135.233.238 - - [09/Sep/2026:20:16:28 +0200] "GET / HTTP/1.1" 302 - "https://www.google.com/url?q=https://bookmakery.ru/&sa=U&ved=2ahUKEwjCmvGijeKWAxV4CBAIHUzVFy84HhAWegQIMRAB&zccpm=epi&usg=AOvVaw02Mmj4lY1NhcceG8TZLL3t" "Mozilla/5.0 (iPhone; CPU iPhone OS 26_6_1 like Mac OS X) AppleWebKit/605.1.15 (KHTML, like Gecko) GSA/437.4.973319807 Mobile/15E148 Safari/604.1"
151.135.233.238 - - [09/Sep/2026:20:16:30 +0200] "GET / HTTP/1.1" 302 - "https://www.google.com/url?q=https://bookmakery.ru/&sa=U&ved=2ahUKEwjCmvGijeKWAxV4CBAIHUzVFy84HhAWegQIMRAB&zccpm=epi&usg=AOvVaw02Mmj4lY1NhcceG8TZLL3t" "Mozilla/5.0 (iPhone; CPU iPhone OS 26_6_1 like Mac OS X) AppleWebKit/605.1.15 (KHTML, like Gecko) GSA/437.4.973319807 Mobile/15E148 Safari/604.1"
195.201.163.148 - - [09/Sep/2026:20:17:04 +0200] "GET /?r=e04615slhps2k29 HTTP/1.1" 302 - "-" "Mozilla/5.0 (compatible; SERankingBacklinksBot/1.0; +https://seranking.com/backlinks-crawler)"
195.201.163.148 - - [09/Sep/2026:20:18:10 +0200] "GET /?r=e05beutouetfcra HTTP/1.1" 302 - "-" "Mozilla/5.0 (compatible; SERankingBacklinksBot/1.0; +https://seranking.com/backlinks-crawler)"
195.201.163.148 - - [09/Sep/2026:20:19:17 +0200] "GET /?r=e091umx0a6xvgje HTTP/1.1" 302 - "-" "Mozilla/5.0 (compatible; SERankingBacklinksBot/1.0; +https://seranking.com/backlinks-crawler)"
195.201.163.148 - - [09/Sep/2026:20:20:24 +0200] "GET /?r=e09gumxna6xvrje HTTP/1.1" 302 - "-" "Mozilla/5.0 (compatible; SERankingBacklinksBot/1.0; +https://seranking.com/backlinks-crawler)"
195.201.163.148 - - [09/Sep/2026:20:21:32 +0200] "GET /?r=e09kumx3a6xv7je HTTP/1.1" 302 - "-" "Mozilla/5.0 (compatible; SERankingBacklinksBot/1.0; +https://seranking.com/backlinks-crawler)"
185.43.220.19 - - [09/Sep/2026:20:21:50 +0200] "POST /wp-cron.php?doing_wp_cron=1788978110.2342419624328613281250 HTTP/1.1" 200 - "-" "WordPress/7.1; https://bookmakery.ru"
173.239.254.96 - - [09/Sep/2026:20:21:48 +0200] "POST /wp-login.php HTTP/1.1" 200 13442 "-" "Mozilla/5.0 (Windows NT 10.0; Win64; x64) AppleWebKit/537.36 Chrome/129.0.0.0 Safari/537.36"
195.201.163.148 - - [09/Sep/2026:20:22:40 +0200] "GET /?r=e09qumx6a6xvaje HTTP/1.1" 302 - "-" "Mozilla/5.0 (compatible; SERankingBacklinksBot/1.0; +https://seranking.com/backlinks-crawler)"
185.43.220.19 - - [09/Sep/2026:20:22:55 +0200] "POST /wp-cron.php?doing_wp_cron=1788978175.2554659843444824218750 HTTP/1.1" 200 - "-" "WordPress/7.1; https://bookmakery.ru"
51.81.164.150 - - [09/Sep/2026:20:22:53 +0200] "GET /obzor-bukmekera-liga-stavok/ HTTP/1.1" 200 75054 "-" "Mozilla/5.0 (compatible; AhrefsBot/7.0; +http://ahrefs.com/robot/)"
195.201.163.148 - - [09/Sep/2026:20:23:48 +0200] "GET /?r=e0ac7byenvy878f HTTP/1.1" 302 - "-" "Mozilla/5.0 (compatible; SERankingBacklinksBot/1.0; +https://seranking.com/backlinks-crawler)"
195.201.163.148 - - [09/Sep/2026:20:24:56 +0200] "GET /?r=e0b8k0zh0kzlzxg HTTP/1.1" 302 - "-" "Mozilla/5.0 (compatible; SERankingBacklinksBot/1.0; +https://seranking.com/backlinks-crawler)"
195.201.163.148 - - [09/Sep/2026:20:26:03 +0200] "GET /?r=e0cfxp0zd90yimh HTTP/1.1" 302 - "-" "Mozilla/5.0 (compatible; SERankingBacklinksBot/1.0; +https://seranking.com/backlinks-crawler)"
195.201.163.148 - - [09/Sep/2026:20:27:15 +0200] "GET /?r=fyxsialbyk1bkbi HTTP/1.1" 302 - "-" "Mozilla/5.0 (compatible; SERankingBacklinksBot/1.0; +https://seranking.com/backlinks-crawler)"
195.201.163.148 - - [09/Sep/2026:20:28:25 +0200] "GET /?r=e0clxp0xd90ysmh HTTP/1.1" 302 - "-" "Mozilla/5.0 (compatible; SERankingBacklinksBot/1.0; +https://seranking.com/backlinks-crawler)"
195.201.163.148 - - [09/Sep/2026:20:29:32 +0200] "GET /?r=e0drae1fqy1bnbi HTTP/1.1" 302 - "-" "Mozilla/5.0 (compatible; SERankingBacklinksBot/1.0; +https://seranking.com/backlinks-crawler)"
195.201.163.148 - - [09/Sep/2026:20:30:40 +0200] "GET /?r=e0fq0s32gc310pk HTTP/1.1" 302 - "-" "Mozilla/5.0 (compatible; SERankingBacklinksBot/1.0; +https://seranking.com/backlinks-crawler)"
195.201.163.148 - - [09/Sep/2026:20:31:47 +0200] "GET /?r=e0gudh4wt14evel HTTP/1.1" 302 - "-" "Mozilla/5.0 (compatible; SERankingBacklinksBot/1.0; +https://seranking.com/backlinks-crawler)"
195.201.163.148 - - [09/Sep/2026:20:32:56 +0200] "GET /?r=e0hvq6586q5r83m HTTP/1.1" 302 - "-" "Mozilla/5.0 (compatible; SERankingBacklinksBot/1.0; +https://seranking.com/backlinks-crawler)"
195.201.163.148 - - [09/Sep/2026:20:34:05 +0200] "GET /?r=e0kot9829t8uh6p HTTP/1.1" 302 - "-" "Mozilla/5.0 (compatible; SERankingBacklinksBot/1.0; +https://seranking.com/backlinks-crawler)"
185.43.220.19 - - [09/Sep/2026:20:34:09 +0200] "POST /wp-cron.php?doing_wp_cron=1788978849.7377269268035888671875 HTTP/1.1" 200 - "-" "WordPress/7.1; https://bookmakery.ru"
216.73.217.130 - - [09/Sep/2026:20:34:05 +0200] "GET /index.php/sitemap.xml HTTP/1.1" 301 - "-" "Mozilla/5.0 AppleWebKit/537.36 (KHTML, like Gecko; compatible; ClaudeBot/1.0; [email protected])"
216.73.217.130 - - [09/Sep/2026:20:34:10 +0200] "GET /sitemap.xml/ HTTP/1.1" 302 - "https://bookmakery.ru/index.php/sitemap.xml" "Mozilla/5.0 AppleWebKit/537.36 (KHTML, like Gecko; compatible; ClaudeBot/1.0; [email protected])"
195.201.163.148 - - [09/Sep/2026:20:35:12 +0200] "GET /?r=e0lr6y91mi97hvq HTTP/1.1" 302 - "-" "Mozilla/5.0 (compatible; SERankingBacklinksBot/1.0; +https://seranking.com/backlinks-crawler)"
195.201.163.148 - - [09/Sep/2026:20:36:21 +0200] "GET /?r=e0pimqdy2adnunu HTTP/1.1" 302 - "-" "Mozilla/5.0 (compatible; SERankingBacklinksBot/1.0; +https://seranking.com/backlinks-crawler)"
65.98.5.196 - - [09/Sep/2026:20:37:28 +0200] "HEAD / HTTP/1.1" 302 - "-" "Mozilla/5.0 (Windows NT 10.0; Win64; x64; rv:133.0) Gecko/20100101 Firefox/133.0"
195.201.163.148 - - [09/Sep/2026:20:37:30 +0200] "GET /?r=e0pmmqdw2adnsnu HTTP/1.1" 302 - "-" "Mozilla/5.0 (compatible; SERankingBacklinksBot/1.0; +https://seranking.com/backlinks-crawler)"
65.98.5.196 - - [09/Sep/2026:20:37:28 +0200] "POST /?rest_route=/batch/v1 HTTP/1.1" 207 16 "-" "Mozilla/5.0 (Windows NT 10.0; Win64; x64) AppleWebKit/537.36 (KHTML, like Gecko) Chrome/130.0.0.0 Safari/537.36 Edg/130.0.0.0"
65.98.5.196 - - [09/Sep/2026:20:37:35 +0200] "POST /?rest_route=/batch/v1 HTTP/1.1" 207 1532 "-" "Mozilla/5.0 (Macintosh; Intel Mac OS X 10_15_7) AppleWebKit/537.36 (KHTML, like Gecko) Chrome/131.0.0.0 Safari/537.36"
65.98.5.196 - - [09/Sep/2026:20:37:42 +0200] "GET / HTTP/1.1" 302 - "-" "Mozilla/5.0 (X11; Linux x86_64) AppleWebKit/537.36 (KHTML, like Gecko) Chrome/131.0.0.0 Safari/537.36"
65.98.5.196 - - [09/Sep/2026:20:37:45 +0200] "POST /?rest_route=/batch/v1&_a6f=292c8d HTTP/1.1" 207 1532 "https://bookmakery.ru/wp-admin/edit.php" "Mozilla/5.0 (Windows NT 10.0; Win64; x64) AppleWebKit/537.36 (KHTML, like Gecko) Chrome/130.0.0.0 Safari/537.36 Edg/130.0.0.0"
65.98.5.196 - - [09/Sep/2026:20:37:49 +0200] "POST /?rest_route=/batch/v1&_7ab=390c28 HTTP/1.1" 207 1532 "https://bookmakery.ru/wp-admin/edit.php" "Mozilla/5.0 (Windows NT 10.0; Win64; x64) AppleWebKit/537.36 (KHTML, like Gecko) Chrome/131.0.0.0 Safari/537.36"
65.98.5.196 - - [09/Sep/2026:20:37:53 +0200] "POST /?rest_route=/batch/v1&_902=757f2c HTTP/1.1" 207 1656 "https://bookmakery.ru/wp-admin/edit.php" "Mozilla/5.0 (X11; Linux x86_64) AppleWebKit/537.36 (KHTML, like Gecko) Chrome/131.0.0.0 Safari/537.36"
65.98.5.196 - - [09/Sep/2026:20:37:58 +0200] "POST /?rest_route=/batch/v1&_d9a=35a919 HTTP/1.1" 207 1532 "https://bookmakery.ru/wp-admin/edit.php" "Mozilla/5.0 (Macintosh; Intel Mac OS X 10_15_7) AppleWebKit/537.36 (KHTML, like Gecko) Chrome/131.0.0.0 Safari/537.36"
65.98.5.196 - - [09/Sep/2026:20:38:04 +0200] "POST /?rest_route=/batch/v1&_ff4=686a6d HTTP/1.1" 207 1656 "https://bookmakery.ru/wp-admin/edit.php" "Mozilla/5.0 (Windows NT 10.0; Win64; x64) AppleWebKit/537.36 (KHTML, like Gecko) Chrome/130.0.0.0 Safari/537.36 Edg/130.0.0.0"
65.98.5.196 - - [09/Sep/2026:20:38:11 +0200] "POST /?rest_route=/batch/v1&_7ee=87db89 HTTP/1.1" 400 548 "https://bookmakery.ru/wp-admin/edit.php" "Mozilla/5.0 (Windows NT 10.0; Win64; x64) AppleWebKit/537.36 (KHTML, like Gecko) Chrome/130.0.0.0 Safari/537.36 Edg/130.0.0.0"
185.43.220.19 - - [09/Sep/2026:20:38:20 +0200] "POST /wp-cron.php?doing_wp_cron=1788979100.4283039569854736328125 HTTP/1.1" 200 - "-" "WordPress/7.1; https://bookmakery.ru"
65.98.5.196 - - [09/Sep/2026:20:38:15 +0200] "POST /?rest_route=/batch/v1&_d15=8146ca HTTP/1.1" 207 1532 "https://bookmakery.ru/wp-admin/edit.php" "Mozilla/5.0 (iPhone; CPU iPhone OS 17_0 like Mac OS X) AppleWebKit/605.1.15 (KHTML, like Gecko) Version/17.0 Mobile/15E148 Safari/604.1"
65.98.5.196 - - [09/Sep/2026:20:38:20 +0200] "POST /?rest_route=/batch/v1&_210=38baa2 HTTP/1.1" 400 220 "https://bookmakery.ru/wp-admin/edit.php" "Mozilla/5.0 (iPhone; CPU iPhone OS 17_0 like Mac OS X) AppleWebKit/605.1.15 (KHTML, like Gecko) Version/17.0 Mobile/15E148 Safari/604.1"
65.98.5.196 - - [09/Sep/2026:20:38:28 +0200] "POST /?rest_route=/batch/v1&_ca8=9575df HTTP/1.1" 207 1532 "https://bookmakery.ru/wp-admin/edit.php" "Mozilla/5.0 (Windows NT 10.0; Win64; x64) AppleWebKit/537.36 (KHTML, like Gecko) Chrome/131.0.0.0 Safari/537.36"
195.201.163.148 - - [09/Sep/2026:20:38:40 +0200] "GET /?r=e0qqzfe3fze0ccv HTTP/1.1" 302 - "-" "Mozilla/5.0 (compatible; SERankingBacklinksBot/1.0; +https://seranking.com/backlinks-crawler)"
195.201.163.148 - - [09/Sep/2026:20:39:52 +0200] "GET /?r=e0suptg35dgqqqx HTTP/1.1" 302 - "-" "Mozilla/5.0 (compatible; SERankingBacklinksBot/1.0; +https://seranking.com/backlinks-crawler)"
195.201.163.148 - - [09/Sep/2026:20:41:00 +0200] "GET /?r=e0uef7izvrigc4z HTTP/1.1" 302 - "-" "Mozilla/5.0 (compatible; SERankingBacklinksBot/1.0; +https://seranking.com/backlinks-crawler)"
195.201.163.148 - - [09/Sep/2026:20:42:12 +0200] "GET /?r=e0ugf7isvrig54z HTTP/1.1" 302 - "-" "Mozilla/5.0 (compatible; SERankingBacklinksBot/1.0; +https://seranking.com/backlinks-crawler)"
195.201.163.148 - - [09/Sep/2026:20:43:20 +0200] "GET /?r=e0uqf7igvrigh4z HTTP/1.1" 302 - "-" "Mozilla/5.0 (compatible; SERankingBacklinksBot/1.0; +https://seranking.com/backlinks-crawler)"
195.201.163.148 - - [09/Sep/2026:20:44:32 +0200] "GET /?r=e0wt5lkel5k6hi1 HTTP/1.1" 302 - "-" "Mozilla/5.0 (compatible; SERankingBacklinksBot/1.0; +https://seranking.com/backlinks-crawler)"
195.201.163.148 - - [09/Sep/2026:20:45:44 +0200] "GET /?r=e0yevzmkbjmwdw3 HTTP/1.1" 302 - "-" "Mozilla/5.0 (compatible; SERankingBacklinksBot/1.0; +https://seranking.com/backlinks-crawler)"
195.201.163.148 - - [09/Sep/2026:20:46:54 +0200] "GET /?r=e0z28on0o8n9il4 HTTP/1.1" 302 - "-" "Mozilla/5.0 (compatible; SERankingBacklinksBot/1.0; +https://seranking.com/backlinks-crawler)"
195.201.163.148 - - [09/Sep/2026:20:48:05 +0200] "GET /?r=e0z28onto8n9zl4 HTTP/1.1" 302 - "-" "Mozilla/5.0 (compatible; SERankingBacklinksBot/1.0; +https://seranking.com/backlinks-crawler)"
185.43.220.19 - - [09/Sep/2026:20:48:44 +0200] "POST /wp-cron.php?doing_wp_cron=1788979724.2274119853973388671875 HTTP/1.1" 200 - "-" "WordPress/7.1; https://bookmakery.ru"
193.19.109.3 - - [09/Sep/2026:20:48:35 +0200] "POST /wp-login.php HTTP/1.1" 302 - "-" "Mozilla/5.0 (Windows NT 10.0; Win64; x64) AppleWebKit/537.36 Chrome/129.0.0.0 Safari/537.36"
195.201.163.148 - - [09/Sep/2026:20:49:15 +0200] "GET /?r=fyzk8onbosfdm1w HTTP/1.1" 302 - "-" "Mozilla/5.0 (compatible; SERankingBacklinksBot/1.0; +https://seranking.com/backlinks-crawler)"
185.43.220.19 - - [09/Sep/2026:20:50:21 +0200] "POST /wp-cron.php?doing_wp_cron=1788979821.9488999843597412109375 HTTP/1.1" 200 - "-" "WordPress/7.1; https://bookmakery.ru"
157.22.18.200 - - [09/Sep/2026:20:50:20 +0200] "GET /tag/winner HTTP/1.1" 302 - "-" "Mozilla/5.0 (Macintosh; Intel Mac OS X 10_15_7) AppleWebKit/605.1.15 (KHTML, like Gecko) Version/17.6 Safari/605.1.15"
195.201.163.148 - - [09/Sep/2026:20:50:26 +0200] "GET /?r=e10aldo21xom7a5 HTTP/1.1" 302 - "-" "Mozilla/5.0 (compatible; SERankingBacklinksBot/1.0; +https://seranking.com/backlinks-crawler)"
195.201.163.148 - - [09/Sep/2026:20:51:36 +0200] "GET /?r=e10wldoq1xomja5 HTTP/1.1" 302 - "-" "Mozilla/5.0 (compatible; SERankingBacklinksBot/1.0; +https://seranking.com/backlinks-crawler)"
195.201.163.148 - - [09/Sep/2026:20:52:46 +0200] "GET /?r=e113y2pkempzez6 HTTP/1.1" 302 - "-" "Mozilla/5.0 (compatible; SERankingBacklinksBot/1.0; +https://seranking.com/backlinks-crawler)"
195.201.163.148 - - [09/Sep/2026:20:53:59 +0200] "GET /?r=e12cbrq3rbqcmo7 HTTP/1.1" 302 - "-" "Mozilla/5.0 (compatible; SERankingBacklinksBot/1.0; +https://seranking.com/backlinks-crawler)"
185.43.220.19 - - [09/Sep/2026:20:54:04 +0200] "POST /wp-cron.php?doing_wp_cron=1788980044.4200310707092285156250 HTTP/1.1" 200 - "-" "WordPress/7.1; https://bookmakery.ru"
45.66.42.181 - - [09/Sep/2026:20:54:03 +0200] "GET /wp-login.php HTTP/1.1" 200 12967 "-" "Mozilla/5.0 (Windows NT 10.0; Win64; x64) AppleWebKit/537.36 (KHTML, like Gecko) Chrome/152.0.0.0 Safari/537.36"
195.201.163.148 - - [09/Sep/2026:20:55:09 +0200] "GET /?r=e14915sphps2a29 HTTP/1.1" 302 - "-" "Mozilla/5.0 (compatible; SERankingBacklinksBot/1.0; +https://seranking.com/backlinks-crawler)"
195.201.163.148 - - [09/Sep/2026:20:56:22 +0200] "GET /?r=e14q15s4hps2129 HTTP/1.1" 302 - "-" "Mozilla/5.0 (compatible; SERankingBacklinksBot/1.0; +https://seranking.com/backlinks-crawler)"
185.43.220.19 - - [09/Sep/2026:20:56:59 +0200] "POST /wp-cron.php?doing_wp_cron=1788980219.9247760772705078125000 HTTP/1.1" 200 - "-" "WordPress/7.1; https://bookmakery.ru"
69.171.230.7 - - [09/Sep/2026:20:56:57 +0200] "GET /robots.txt HTTP/1.1" 302 - "-" "facebookexternalhit/1.1 (+http://www.facebook.com/externalhit_uatext.php)"
69.171.231.33 - - [09/Sep/2026:20:56:59 +0200] "GET /robots.txt HTTP/1.1" 302 - "-" "facebookexternalhit/1.1 (+http://www.facebook.com/externalhit_uatext.php)"
173.252.95.25 - - [09/Sep/2026:20:57:03 +0200] "GET /wp-content/uploads/2017/07/2e45a0e9591.png HTTP/1.1" 302 - "https://telegra.ph/" "Mozilla/5.0 (Windows NT 10.0; Win64; x64) AppleWebKit/537.36 (KHTML, like Gecko) Chrome/145.0.0.0 Safari/537.36 (compatible; meta-webindexer/1.1 (+https://developers.facebook.com/docs/sharing/webmasters/crawler))"
195.201.163.148 - - [09/Sep/2026:20:57:36 +0200] "GET /?r=e15ceutiuetf4ra HTTP/1.1" 302 - "-" "Mozilla/5.0 (compatible; SERankingBacklinksBot/1.0; +https://seranking.com/backlinks-crawler)"
195.201.163.148 - - [09/Sep/2026:20:58:52 +0200] "GET /?r=e15eeutnuetf9ra HTTP/1.1" 302 - "-" "Mozilla/5.0 (compatible; SERankingBacklinksBot/1.0; +https://seranking.com/backlinks-crawler)"
185.43.220.19 - - [09/Sep/2026:20:59:19 +0200] "POST /wp-cron.php?doing_wp_cron=1788980358.9847929477691650390625 HTTP/1.1" 200 - "-" "WordPress/7.1; https://bookmakery.ru"
98.82.214.73 - - [09/Sep/2026:20:59:18 +0200] "GET /?page_id=2 HTTP/1.1" 200 76249 "-" "Mozilla/5.0 AppleWebKit/537.36 (KHTML, like Gecko; compatible; Amazonbot/0.1; +https://developer.amazon.com/support/amazonbot) Chrome/119.0.6045.214 Safari/537.36"
195.201.163.148 - - [09/Sep/2026:21:00:10 +0200] "GET /?r=e17c48viksv5u5c HTTP/1.1" 302 - "-" "Mozilla/5.0 (compatible; SERankingBacklinksBot/1.0; +https://seranking.com/backlinks-crawler)"
195.201.163.148 - - [09/Sep/2026:21:01:26 +0200] "GET /?r=e197umxva6xvxje HTTP/1.1" 302 - "-" "Mozilla/5.0 (compatible; SERankingBacklinksBot/1.0; +https://seranking.com/backlinks-crawler)"
195.201.163.148 - - [09/Sep/2026:21:02:41 +0200] "GET /?r=e1b8k0zp0kzl5xg HTTP/1.1" 302 - "-" "Mozilla/5.0 (compatible; SERankingBacklinksBot/1.0; +https://seranking.com/backlinks-crawler)"
195.201.163.148 - - [09/Sep/2026:21:03:57 +0200] "GET /?r=e1c7xp0nd90y4mh HTTP/1.1" 302 - "-" "Mozilla/5.0 (compatible; SERankingBacklinksBot/1.0; +https://seranking.com/backlinks-crawler)"
195.201.163.148 - - [09/Sep/2026:21:05:13 +0200] "GET /?r=e1ein32w3n2of0j HTTP/1.1" 302 - "-" "Mozilla/5.0 (compatible; SERankingBacklinksBot/1.0; +https://seranking.com/backlinks-crawler)"
195.201.163.148 - - [09/Sep/2026:21:06:28 +0200] "GET /?r=e1ekn3263n2od0j HTTP/1.1" 302 - "-" "Mozilla/5.0 (compatible; SERankingBacklinksBot/1.0; +https://seranking.com/backlinks-crawler)"
195.201.163.148 - - [09/Sep/2026:21:07:45 +0200] "GET /?r=e1ekn32z3n2ou0j HTTP/1.1" 302 - "-" "Mozilla/5.0 (compatible; SERankingBacklinksBot/1.0; +https://seranking.com/backlinks-crawler)"
195.201.163.148 - - [09/Sep/2026:21:09:01 +0200] "GET /?r=e1gwdh47t14egel HTTP/1.1" 302 - "-" "Mozilla/5.0 (compatible; SERankingBacklinksBot/1.0; +https://seranking.com/backlinks-crawler)"
185.43.220.19 - - [09/Sep/2026:21:09:09 +0200] "POST /wp-cron.php?doing_wp_cron=1788980949.3058769702911376953125 HTTP/1.1" 200 - "-" "WordPress/7.1; https://bookmakery.ru"
173.239.254.94 - - [09/Sep/2026:21:09:08 +0200] "POST /wp-login.php HTTP/1.1" 200 13442 "-" "Mozilla/5.0 (Windows NT 10.0; Win64; x64) AppleWebKit/537.36 Chrome/129.0.0.0 Safari/537.36"
195.201.163.148 - - [09/Sep/2026:21:10:18 +0200] "GET /?r=e1jfgk70w47hoho HTTP/1.1" 302 - "-" "Mozilla/5.0 (compatible; SERankingBacklinksBot/1.0; +https://seranking.com/backlinks-crawler)"
195.201.163.148 - - [09/Sep/2026:21:11:37 +0200] "GET /?r=e1lh6y94mi976vq HTTP/1.1" 302 - "-" "Mozilla/5.0 (compatible; SERankingBacklinksBot/1.0; +https://seranking.com/backlinks-crawler)"
178.243.239.26 - - [09/Sep/2026:21:11:50 +0200] "GET / HTTP/1.1" 302 - "https://www.google.com/" "Mozilla/5.0 (Linux; Android 10; K) AppleWebKit/537.36 (KHTML, like Gecko) Chrome/152.0.0.0 Mobile Safari/537.36"
195.201.163.148 - - [09/Sep/2026:21:12:55 +0200] "GET /?r=fyzu8onbowfdm1w HTTP/1.1" 302 - "-" "Mozilla/5.0 (compatible; SERankingBacklinksBot/1.0; +https://seranking.com/backlinks-crawler)"
88.243.156.166 - - [09/Sep/2026:21:12:58 +0200] "GET / HTTP/1.1" 302 - "https://www.google.com/" "Mozilla/5.0 (Linux; Android 10; K) AppleWebKit/537.36 (KHTML, like Gecko) Chrome/152.0.0.0 Mobile Safari/537.36"
195.201.163.148 - - [09/Sep/2026:21:14:12 +0200] "GET /?r=e1m3jnakz7akzkr HTTP/1.1" 302 - "-" "Mozilla/5.0 (compatible; SERankingBacklinksBot/1.0; +https://seranking.com/backlinks-crawler)"
195.201.163.148 - - [09/Sep/2026:21:15:31 +0200] "GET /?r=e1pomqdk2adn2nu HTTP/1.1" 302 - "-" "Mozilla/5.0 (compatible; SERankingBacklinksBot/1.0; +https://seranking.com/backlinks-crawler)"
195.201.163.148 - - [09/Sep/2026:21:16:53 +0200] "GET /?r=e1pymqd22adn8nu HTTP/1.1" 302 - "-" "Mozilla/5.0 (compatible; SERankingBacklinksBot/1.0; +https://seranking.com/backlinks-crawler)"
195.201.163.148 - - [09/Sep/2026:21:18:13 +0200] "GET /?r=e1q9zfelfze0scv HTTP/1.1" 302 - "-" "Mozilla/5.0 (compatible; SERankingBacklinksBot/1.0; +https://seranking.com/backlinks-crawler)"
195.201.163.148 - - [09/Sep/2026:21:19:36 +0200] "GET /?r=e1qpzfe6fze01cv HTTP/1.1" 302 - "-" "Mozilla/5.0 (compatible; SERankingBacklinksBot/1.0; +https://seranking.com/backlinks-crawler)"
195.201.163.148 - - [09/Sep/2026:21:21:01 +0200] "GET /?r=e1r3c4f7sofd31w HTTP/1.1" 302 - "-" "Mozilla/5.0 (compatible; SERankingBacklinksBot/1.0; +https://seranking.com/backlinks-crawler)"
195.201.163.148 - - [09/Sep/2026:21:22:23 +0200] "GET /?r=e1roc4fbsofdj1w HTTP/1.1" 302 - "-" "Mozilla/5.0 (compatible; SERankingBacklinksBot/1.0; +https://seranking.com/backlinks-crawler)"
195.201.163.148 - - [09/Sep/2026:21:23:47 +0200] "GET /?r=e1syptgz5dgq8qx HTTP/1.1" 302 - "-" "Mozilla/5.0 (compatible; SERankingBacklinksBot/1.0; +https://seranking.com/backlinks-crawler)"
195.174.124.196 - - [09/Sep/2026:21:23:59 +0200] "GET / HTTP/1.1" 302 - "https://www.google.com/" "Mozilla/5.0 (Linux; Android 10; K) AppleWebKit/537.36 (KHTML, like Gecko) Chrome/152.0.0.0 Mobile Safari/537.36"
195.201.163.148 - - [09/Sep/2026:21:25:11 +0200] "GET /?r=e1uuf7i5vrigg4z HTTP/1.1" 302 - "-" "Mozilla/5.0 (compatible; SERankingBacklinksBot/1.0; +https://seranking.com/backlinks-crawler)"
195.201.163.148 - - [09/Sep/2026:21:26:30 +0200] "GET /?r=e1vtswj38gjtft0 HTTP/1.1" 302 - "-" "Mozilla/5.0 (compatible; SERankingBacklinksBot/1.0; +https://seranking.com/backlinks-crawler)"
195.201.163.148 - - [09/Sep/2026:21:27:54 +0200] "GET /?r=e1vuswj38gjt3t0 HTTP/1.1" 302 - "-" "Mozilla/5.0 (compatible; SERankingBacklinksBot/1.0; +https://seranking.com/backlinks-crawler)"
195.201.163.148 - - [09/Sep/2026:21:29:17 +0200] "GET /?r=e1w85lknl5k60i1 HTTP/1.1" 302 - "-" "Mozilla/5.0 (compatible; SERankingBacklinksBot/1.0; +https://seranking.com/backlinks-crawler)"
185.43.220.19 - - [09/Sep/2026:21:29:43 +0200] "POST /wp-cron.php?doing_wp_cron=1788982183.3546390533447265625000 HTTP/1.1" 200 - "-" "WordPress/7.1; https://bookmakery.ru"
173.239.254.104 - - [09/Sep/2026:21:29:40 +0200] "POST /wp-login.php HTTP/1.1" 200 13442 "-" "Mozilla/5.0 (Windows NT 10.0; Win64; x64) AppleWebKit/537.36 Chrome/129.0.0.0 Safari/537.36"
195.201.163.148 - - [09/Sep/2026:21:30:37 +0200] "GET /?r=e1wv5lk1l5k6ei1 HTTP/1.1" 302 - "-" "Mozilla/5.0 (compatible; SERankingBacklinksBot/1.0; +https://seranking.com/backlinks-crawler)"
195.201.163.148 - - [09/Sep/2026:21:31:59 +0200] "GET /?r=e1zc8on0o8n9gl4 HTTP/1.1" 302 - "-" "Mozilla/5.0 (compatible; SERankingBacklinksBot/1.0; +https://seranking.com/backlinks-crawler)"
195.201.163.148 - - [09/Sep/2026:21:33:20 +0200] "GET /?r=e22ibrq8rbqcpo7 HTTP/1.1" 302 - "-" "Mozilla/5.0 (compatible; SERankingBacklinksBot/1.0; +https://seranking.com/backlinks-crawler)"
195.201.163.148 - - [09/Sep/2026:21:34:39 +0200] "GET /?r=e22qbrqfrbqcko7 HTTP/1.1" 302 - "-" "Mozilla/5.0 (compatible; SERankingBacklinksBot/1.0; +https://seranking.com/backlinks-crawler)"
185.43.220.19 - - [09/Sep/2026:21:35:51 +0200] "POST /wp-cron.php?doing_wp_cron=1788982551.3390541076660156250000 HTTP/1.1" 200 - "-" "WordPress/7.1; https://bookmakery.ru"
66.249.66.70 - - [09/Sep/2026:21:35:44 +0200] "GET /?r=f82abrqbr0igh4z_gkind14523990 HTTP/1.1" 200 75256 "-" "Mozilla/5.0 (Linux; Android 6.0.1; Nexus 5X Build/MMB29P) AppleWebKit/537.36 (KHTML, like Gecko) Chrome/152.0.7977.82 Mobile Safari/537.36 (compatible; Googlebot/2.1; +http://www.google.com/bot.html)"
195.201.163.148 - - [09/Sep/2026:21:35:59 +0200] "GET /?r=e24c15s1hps2w29 HTTP/1.1" 302 - "-" "Mozilla/5.0 (compatible; SERankingBacklinksBot/1.0; +https://seranking.com/backlinks-crawler)"
66.249.66.71 - - [09/Sep/2026:21:35:58 +0200] "GET /?r=esxeial8yuljg72 HTTP/1.1" 200 75172 "-" "Mozilla/5.0 (Linux; Android 6.0.1; Nexus 5X Build/MMB29P) AppleWebKit/537.36 (KHTML, like Gecko) Chrome/152.0.7977.82 Mobile Safari/537.36 (compatible; Googlebot/2.1; +http://www.google.com/bot.html)"
66.249.66.70 - - [09/Sep/2026:21:36:15 +0200] "GET /wp-content/plugins/contact-form-7/includes/js/index.js?ver=6.1.6 HTTP/1.1" 200 13452 "https://bookmakery.ru/?r=esxeial8yuljg72" "Mozilla/5.0 (Linux; Android 6.0.1; Nexus 5X Build/MMB29P) AppleWebKit/537.36 (KHTML, like Gecko) Chrome/152.0.7977.82 Mobile Safari/537.36 (compatible; Googlebot/2.1; +http://www.google.com/bot.html)"
66.249.66.198 - - [09/Sep/2026:21:36:19 +0200] "GET /wp-includes/js/dist/script-modules/block-library/navigation/view.min.js?ver=1bf28ded04f9f188bdcb HTTP/1.1" 200 3033 "https://bookmakery.ru/?r=esxeial8yuljg72" "Mozilla/5.0 (Linux; Android 6.0.1; Nexus 5X Build/MMB29P) AppleWebKit/537.36 (KHTML, like Gecko) Chrome/152.0.7977.82 Mobile Safari/537.36 (compatible; Googlebot/2.1; +http://www.google.com/bot.html)"
195.201.163.148 - - [09/Sep/2026:21:37:21 +0200] "GET /?r=e24d15sdhps2w29 HTTP/1.1" 302 - "-" "Mozilla/5.0 (compatible; SERankingBacklinksBot/1.0; +https://seranking.com/backlinks-crawler)"
195.201.163.148 - - [09/Sep/2026:21:38:43 +0200] "GET /?r=fz4j15sbhqwivud HTTP/1.1" 302 - "-" "Mozilla/5.0 (compatible; SERankingBacklinksBot/1.0; +https://seranking.com/backlinks-crawler)"
195.201.163.148 - - [09/Sep/2026:21:40:05 +0200] "GET /?r=e28bhxwtxhwisud HTTP/1.1" 302 - "-" "Mozilla/5.0 (compatible; SERankingBacklinksBot/1.0; +https://seranking.com/backlinks-crawler)"
195.201.163.148 - - [09/Sep/2026:21:41:29 +0200] "GET /?r=e29qumxka6xvwje HTTP/1.1" 302 - "-" "Mozilla/5.0 (compatible; SERankingBacklinksBot/1.0; +https://seranking.com/backlinks-crawler)"
195.201.163.148 - - [09/Sep/2026:21:42:53 +0200] "GET /?r=e2bwk0zy0kzloxg HTTP/1.1" 302 - "-" "Mozilla/5.0 (compatible; SERankingBacklinksBot/1.0; +https://seranking.com/backlinks-crawler)"
195.201.163.148 - - [09/Sep/2026:21:44:14 +0200] "GET /?r=e2d5ae1dqy1btbi HTTP/1.1" 302 - "-" "Mozilla/5.0 (compatible; SERankingBacklinksBot/1.0; +https://seranking.com/backlinks-crawler)"
195.201.163.148 - - [09/Sep/2026:21:45:36 +0200] "GET /?r=e2f40s3wgc31qpk HTTP/1.1" 302 - "-" "Mozilla/5.0 (compatible; SERankingBacklinksBot/1.0; +https://seranking.com/backlinks-crawler)"
195.201.163.148 - - [09/Sep/2026:21:47:01 +0200] "GET /?r=e2fw0s38gc31qpk HTTP/1.1" 302 - "-" "Mozilla/5.0 (compatible; SERankingBacklinksBot/1.0; +https://seranking.com/backlinks-crawler)"
195.201.163.148 - - [09/Sep/2026:21:48:25 +0200] "GET /?r=e2h1q65u6q5rq3m HTTP/1.1" 302 - "-" "Mozilla/5.0 (compatible; SERankingBacklinksBot/1.0; +https://seranking.com/backlinks-crawler)"
195.201.163.148 - - [09/Sep/2026:21:49:47 +0200] "GET /?r=e2h6q6526q5ry3m HTTP/1.1" 302 - "-" "Mozilla/5.0 (compatible; SERankingBacklinksBot/1.0; +https://seranking.com/backlinks-crawler)"
185.43.220.19 - - [09/Sep/2026:21:50:03 +0200] "POST /wp-cron.php?doing_wp_cron=1788983403.0419349670410156250000 HTTP/1.1" 200 - "-" "WordPress/7.1; https://bookmakery.ru"
85.8.130.4 - - [09/Sep/2026:21:49:59 +0200] "POST /wp-login.php HTTP/1.1" 200 13442 "-" "Mozilla/5.0 (Windows NT 10.0; Win64; x64) AppleWebKit/537.36 Chrome/129.0.0.0 Safari/537.36"
185.43.220.19 - - [09/Sep/2026:21:50:24 +0200] "POST /wp-cron.php?doing_wp_cron=1788983424.6299319267272949218750 HTTP/1.1" 200 - "-" "WordPress/7.1; https://bookmakery.ru"
74.7.244.39 - - [09/Sep/2026:21:50:18 +0200] "GET /robots.txt HTTP/1.1" 302 - "-" "Mozilla/5.0 (Macintosh; Intel Mac OS X 10_15_7) AppleWebKit/537.36 (KHTML, like Gecko) Chrome/131.0.0.0 Safari/537.36; compatible; OAI-SearchBot/1.4; robots.txt; +https://openai.com/searchbot"
195.201.163.148 - - [09/Sep/2026:21:51:10 +0200] "GET /?r=e2jggk7iw47h4ho HTTP/1.1" 302 - "-" "Mozilla/5.0 (compatible; SERankingBacklinksBot/1.0; +https://seranking.com/backlinks-crawler)"
195.201.163.148 - - [09/Sep/2026:21:52:35 +0200] "GET /?r=e2kqt98j9t8ui6p HTTP/1.1" 302 - "-" "Mozilla/5.0 (compatible; SERankingBacklinksBot/1.0; +https://seranking.com/backlinks-crawler)"
195.201.163.148 - - [09/Sep/2026:21:53:59 +0200] "GET /?r=e2l26y9hmi975vq HTTP/1.1" 302 - "-" "Mozilla/5.0 (compatible; SERankingBacklinksBot/1.0; +https://seranking.com/backlinks-crawler)"
195.201.163.148 - - [09/Sep/2026:21:55:21 +0200] "GET /?r=e2l56y9omi97ovq HTTP/1.1" 302 - "-" "Mozilla/5.0 (compatible; SERankingBacklinksBot/1.0; +https://seranking.com/backlinks-crawler)"
195.201.163.148 - - [09/Sep/2026:21:56:46 +0200] "GET /?r=e2newcbfcwbx59s HTTP/1.1" 302 - "-" "Mozilla/5.0 (compatible; SERankingBacklinksBot/1.0; +https://seranking.com/backlinks-crawler)"
195.201.163.148 - - [09/Sep/2026:21:58:11 +0200] "GET /?r=e2niwcbhcwbxj9s HTTP/1.1" 302 - "-" "Mozilla/5.0 (compatible; SERankingBacklinksBot/1.0; +https://seranking.com/backlinks-crawler)"
195.201.163.148 - - [09/Sep/2026:21:59:37 +0200] "GET /?r=e2nqwcbocwbxe9s HTTP/1.1" 302 - "-" "Mozilla/5.0 (compatible; SERankingBacklinksBot/1.0; +https://seranking.com/backlinks-crawler)"
195.201.163.148 - - [09/Sep/2026:22:01:02 +0200] "GET /?r=e2nvwcb1cwbxf9s HTTP/1.1" 302 - "-" "Mozilla/5.0 (compatible; SERankingBacklinksBot/1.0; +https://seranking.com/backlinks-crawler)"
195.201.163.148 - - [09/Sep/2026:22:02:27 +0200] "GET /?r=e2o891c1plcagyt HTTP/1.1" 302 - "-" "Mozilla/5.0 (compatible; SERankingBacklinksBot/1.0; +https://seranking.com/backlinks-crawler)"
195.201.163.148 - - [09/Sep/2026:22:03:53 +0200] "GET /?r=e2o991c0plcaryt HTTP/1.1" 302 - "-" "Mozilla/5.0 (compatible; SERankingBacklinksBot/1.0; +https://seranking.com/backlinks-crawler)"
195.201.163.148 - - [09/Sep/2026:22:05:16 +0200] "GET /?r=fz9aumxba1dn3nu HTTP/1.1" 302 - "-" "Mozilla/5.0 (compatible; SERankingBacklinksBot/1.0; +https://seranking.com/backlinks-crawler)"
195.201.163.148 - - [09/Sep/2026:22:06:48 +0200] "GET /?r=e2om91c3plcaiyt HTTP/1.1" 302 - "-" "Mozilla/5.0 (compatible; SERankingBacklinksBot/1.0; +https://seranking.com/backlinks-crawler)"
185.43.220.19 - - [09/Sep/2026:22:06:55 +0200] "POST /wp-cron.php?doing_wp_cron=1788984415.3550279140472412109375 HTTP/1.1" 200 - "-" "WordPress/7.1; https://bookmakery.ru"
216.73.217.130 - - [09/Sep/2026:22:06:54 +0200] "GET /robots.txt HTTP/1.1" 301 - "-" "Mozilla/5.0 AppleWebKit/537.36 (KHTML, like Gecko; compatible; ClaudeBot/1.0; [email protected])"
216.73.217.130 - - [09/Sep/2026:22:06:55 +0200] "GET /robots.txt/ HTTP/1.1" 200 75054 "https://bookmakery.ru/robots.txt" "Mozilla/5.0 AppleWebKit/537.36 (KHTML, like Gecko; compatible; ClaudeBot/1.0; [email protected])"
216.73.217.130 - - [09/Sep/2026:22:06:58 +0200] "GET /index.php/sitemap.xml HTTP/1.1" 301 - "-" "Mozilla/5.0 AppleWebKit/537.36 (KHTML, like Gecko; compatible; ClaudeBot/1.0; [email protected])"
216.73.217.130 - - [09/Sep/2026:22:07:00 +0200] "GET /sitemap.xml/ HTTP/1.1" 302 - "https://bookmakery.ru/index.php/sitemap.xml" "Mozilla/5.0 AppleWebKit/537.36 (KHTML, like Gecko; compatible; ClaudeBot/1.0; [email protected])"
216.73.217.130 - - [09/Sep/2026:22:07:02 +0200] "GET /sitemap.xml HTTP/1.1" 200 1056 "https://bookmakery.ru/sitemap.xml/" "Mozilla/5.0 AppleWebKit/537.36 (KHTML, like Gecko; compatible; ClaudeBot/1.0; [email protected])"
195.201.163.148 - - [09/Sep/2026:22:08:15 +0200] "GET /?r=e2pjmqdv2adnznu HTTP/1.1" 302 - "-" "Mozilla/5.0 (compatible; SERankingBacklinksBot/1.0; +https://seranking.com/backlinks-crawler)"
195.201.163.148 - - [09/Sep/2026:22:09:45 +0200] "GET /?r=e2qhzfelfze0ecv HTTP/1.1" 302 - "-" "Mozilla/5.0 (compatible; SERankingBacklinksBot/1.0; +https://seranking.com/backlinks-crawler)"
195.201.163.148 - - [09/Sep/2026:22:11:13 +0200] "GET /?r=e2r2c4fesofd81w HTTP/1.1" 302 - "-" "Mozilla/5.0 (compatible; SERankingBacklinksBot/1.0; +https://seranking.com/backlinks-crawler)"
195.201.163.148 - - [09/Sep/2026:22:12:42 +0200] "GET /?r=e2tt2ihsi2h30fy HTTP/1.1" 302 - "-" "Mozilla/5.0 (compatible; SERankingBacklinksBot/1.0; +https://seranking.com/backlinks-crawler)"
195.201.163.148 - - [09/Sep/2026:22:14:11 +0200] "GET /?r=e2uxf7iuvrigr4z HTTP/1.1" 302 - "-" "Mozilla/5.0 (compatible; SERankingBacklinksBot/1.0; +https://seranking.com/backlinks-crawler)"
195.201.163.148 - - [09/Sep/2026:22:15:40 +0200] "GET /?r=e2wf5lkil5k65i1 HTTP/1.1" 302 - "-" "Mozilla/5.0 (compatible; SERankingBacklinksBot/1.0; +https://seranking.com/backlinks-crawler)"
195.201.163.148 - - [09/Sep/2026:22:17:13 +0200] "GET /?r=e30hldoj1xomka5 HTTP/1.1" 302 - "-" "Mozilla/5.0 (compatible; SERankingBacklinksBot/1.0; +https://seranking.com/backlinks-crawler)"
185.43.220.19 - - [09/Sep/2026:22:17:26 +0200] "POST /wp-cron.php?doing_wp_cron=1788985046.8436710834503173828125 HTTP/1.1" 200 - "-" "WordPress/7.1; https://bookmakery.ru"
173.239.254.97 - - [09/Sep/2026:22:17:25 +0200] "POST /wp-login.php HTTP/1.1" 200 13442 "-" "Mozilla/5.0 (Windows NT 10.0; Win64; x64) AppleWebKit/537.36 Chrome/129.0.0.0 Safari/537.36"
172.86.74.236 - - [09/Sep/2026:22:17:38 +0200] "GET /.git/config HTTP/1.1" 302 - "-" "Mozilla/5.0 (X11; Linux x86_64)"
195.201.163.148 - - [09/Sep/2026:22:18:42 +0200] "GET /?r=e319y2ppempzrz6 HTTP/1.1" 302 - "-" "Mozilla/5.0 (compatible; SERankingBacklinksBot/1.0; +https://seranking.com/backlinks-crawler)"
195.201.163.148 - - [09/Sep/2026:22:20:10 +0200] "GET /?r=e34r15sxhps2q29 HTTP/1.1" 302 - "-" "Mozilla/5.0 (compatible; SERankingBacklinksBot/1.0; +https://seranking.com/backlinks-crawler)"
195.201.163.148 - - [09/Sep/2026:22:21:39 +0200] "GET /?r=e35eeutiuetf0ra HTTP/1.1" 302 - "-" "Mozilla/5.0 (compatible; SERankingBacklinksBot/1.0; +https://seranking.com/backlinks-crawler)"
195.201.163.148 - - [09/Sep/2026:22:23:11 +0200] "GET /?r=e36nrju273uslgb HTTP/1.1" 302 - "-" "Mozilla/5.0 (compatible; SERankingBacklinksBot/1.0; +https://seranking.com/backlinks-crawler)"
195.201.163.148 - - [09/Sep/2026:22:24:43 +0200] "GET /?r=e39xumxka6xvuje HTTP/1.1" 302 - "-" "Mozilla/5.0 (compatible; SERankingBacklinksBot/1.0; +https://seranking.com/backlinks-crawler)"
46.1.29.198 - - [09/Sep/2026:22:24:58 +0200] "GET /1.php HTTP/1.1" 200 22675 "-" "Mozilla/5.0 (Windows NT 10.0; Win64; x64) AppleWebKit/537.36 (KHTML, like Gecko) Chrome/152.0.0.0 Safari/537.36"
46.1.29.198 - - [09/Sep/2026:22:24:59 +0200] "GET /1.php?path=/home/golfb689 HTTP/1.1" 200 34953 "https://bookmakery.ru/1.php" "Mozilla/5.0 (Windows NT 10.0; Win64; x64) AppleWebKit/537.36 (KHTML, like Gecko) Chrome/152.0.0.0 Safari/537.36"
185.43.220.19 - - [09/Sep/2026:22:25:00 +0200] "POST /wp-cron.php?doing_wp_cron=1788985500.4245810508728027343750 HTTP/1.1" 200 - "-" "WordPress/7.1; https://bookmakery.ru"
46.1.29.198 - - [09/Sep/2026:22:24:59 +0200] "GET /favicon.ico HTTP/1.1" 302 - "https://bookmakery.ru/1.php" "Mozilla/5.0 (Windows NT 10.0; Win64; x64) AppleWebKit/537.36 (KHTML, like Gecko) Chrome/152.0.0.0 Safari/537.36"
46.1.29.198 - - [09/Sep/2026:22:25:00 +0200] "GET /favicon.ico HTTP/1.1" 302 - "https://bookmakery.ru/1.php?path=/home/golfb689" "Mozilla/5.0 (Windows NT 10.0; Win64; x64) AppleWebKit/537.36 (KHTML, like Gecko) Chrome/152.0.0.0 Safari/537.36"
195.201.163.148 - - [09/Sep/2026:22:26:11 +0200] "GET /?r=e3bqk0zb0kzlnxg HTTP/1.1" 302 - "-" "Mozilla/5.0 (compatible; SERankingBacklinksBot/1.0; +https://seranking.com/backlinks-crawler)"
185.43.220.19 - - [09/Sep/2026:22:26:47 +0200] "POST /wp-cron.php?doing_wp_cron=1788985606.9295039176940917968750 HTTP/1.1" 200 - "-" "WordPress/7.1; https://bookmakery.ru"
66.249.66.200 - - [09/Sep/2026:22:26:41 +0200] "GET /?r=evbtk0z90kzlpxg HTTP/1.1" 200 75172 "-" "Mozilla/5.0 (Linux; Android 6.0.1; Nexus 5X Build/MMB29P) AppleWebKit/537.36 (KHTML, like Gecko) Chrome/152.0.7977.82 Mobile Safari/537.36 (compatible; Googlebot/2.1; +http://www.google.com/bot.html)"
149.154.161.221 - - [09/Sep/2026:22:27:10 +0200] "GET /1.php?path=/home/golfb689 HTTP/1.1" 200 34953 "-" "TelegramBot (like TwitterBot)"
195.201.163.148 - - [09/Sep/2026:22:27:40 +0200] "GET /?r=e3c7xp0zd90y0mh HTTP/1.1" 302 - "-" "Mozilla/5.0 (compatible; SERankingBacklinksBot/1.0; +https://seranking.com/backlinks-crawler)"
