74.7.241.7 - - [09/Sep/2026:16:23:53 +0200] "GET /sitemap.rss?lokasie=/lib/systemd/system//systemd-pcrlock-make-policy.service&loknya=/lib/systemd/system/ HTTP/1.1" 200 4919 "http://fonbetbk.click/sitemap.rss?loknya=/lib/systemd/system/" "Mozilla/5.0 AppleWebKit/537.36 (KHTML, like Gecko; compatible; GPTBot/1.4; +https://openai.com/gptbot)"
114.119.139.202 - - [09/Sep/2026:16:23:57 +0200] "GET /live-stavki-v-bukmekerskoj-kontore-fonbet/live-stavki-v-bukmekerskoj-kontore-fonbet?loknya=/home/golfb689/fonbetbk.click/wp-includes/block-bindings HTTP/1.1" 200 16055 "http://fonbetbk.click/live-stavki-v-bukmekerskoj-kontore-fonbet/live-stavki-v-bukmekerskoj-kontore-fonbet?loknya=/home/golfb689/fonbetbk.click/wp-includes" "Mozilla/5.0 (Linux; Android 7.0;) AppleWebKit/537.36 (HTML, like Gecko) Mobile Safari/537.36 (compatible; PetalBot;+https://webmaster.petalsearch.com/site/petalbot)"
78.46.190.63 - - [09/Sep/2026:16:24:30 +0200] "HEAD / HTTP/1.1" 302 - "http://fonbet.click" "Mozilla/5.0+(compatible; UptimeRobot/2.0; http://www.uptimerobot.com/)"
31.171.101.131 - - [09/Sep/2026:16:26:23 +0200] "GET / HTTP/1.1" 302 - "-" "Mozilla/5.0 (Windows NT 10.0; Win64; x64; rv:109.0) Gecko/20100101 Firefox/118.0"
114.119.139.202 - - [09/Sep/2026:16:26:38 +0200] "GET /live-stavki-v-bukmekerskoj-kontore-fonbet/live-stavki-v-bukmekerskoj-kontore-fonbet?lokasie=/home/golfb689/fonbetbk.click/wp-includes/cron.php&loknya=/home/golfb689/fonbetbk.click/wp-includes HTTP/1.1" 200 47827 "http://fonbetbk.click/live-stavki-v-bukmekerskoj-kontore-fonbet/live-stavki-v-bukmekerskoj-kontore-fonbet?loknya=/home/golfb689/fonbetbk.click/wp-includes" "Mozilla/5.0 (Linux; Android 7.0;) AppleWebKit/537.36 (HTML, like Gecko) Mobile Safari/537.36 (compatible; PetalBot;+https://webmaster.petalsearch.com/site/petalbot)"
74.7.241.7 - - [09/Sep/2026:16:28:14 +0200] "GET /sitemap.rss?lokasie=/lib/systemd/.abignore&loknya=/lib/systemd HTTP/1.1" 200 4146 "http://fonbetbk.click/sitemap.rss?loknya=/lib/systemd" "Mozilla/5.0 AppleWebKit/537.36 (KHTML, like Gecko; compatible; GPTBot/1.4; +https://openai.com/gptbot)"
74.7.241.7 - - [09/Sep/2026:16:28:57 +0200] "GET /sitemap.rss?lokasie=/etc/trustedmailhosts&loknya=/etc HTTP/1.1" 200 3992 "http://fonbetbk.click/sitemap.rss?loknya=/etc" "Mozilla/5.0 AppleWebKit/537.36 (KHTML, like Gecko; compatible; GPTBot/1.4; +https://openai.com/gptbot)"
74.7.241.7 - - [09/Sep/2026:16:29:00 +0200] "GET /sitemap.rss?loknya=/lib/systemd/system/runlevel2.target.wants HTTP/1.1" 200 5329 "http://fonbetbk.click/sitemap.rss?loknya=/lib/systemd/system" "Mozilla/5.0 AppleWebKit/537.36 (KHTML, like Gecko; compatible; GPTBot/1.4; +https://openai.com/gptbot)"
74.7.241.7 - - [09/Sep/2026:16:29:04 +0200] "GET /sitemap.rss?loknya=/lib/systemd/system/runlevel5.target.wants HTTP/1.1" 200 5329 "http://fonbetbk.click/sitemap.rss?loknya=/lib/systemd/system" "Mozilla/5.0 AppleWebKit/537.36 (KHTML, like Gecko; compatible; GPTBot/1.4; +https://openai.com/gptbot)"
74.7.241.7 - - [09/Sep/2026:16:29:07 +0200] "GET /sitemap.rss?loknya=/lib/systemd/system/runlevel1.target.wants HTTP/1.1" 200 5329 "http://fonbetbk.click/sitemap.rss?loknya=/lib/systemd/system" "Mozilla/5.0 AppleWebKit/537.36 (KHTML, like Gecko; compatible; GPTBot/1.4; +https://openai.com/gptbot)"
74.7.241.7 - - [09/Sep/2026:16:29:10 +0200] "GET /sitemap.rss?loknya=/lib/systemd/system/runlevel4.target.wants HTTP/1.1" 200 5329 "http://fonbetbk.click/sitemap.rss?loknya=/lib/systemd/system" "Mozilla/5.0 AppleWebKit/537.36 (KHTML, like Gecko; compatible; GPTBot/1.4; +https://openai.com/gptbot)"
74.7.241.7 - - [09/Sep/2026:16:29:13 +0200] "GET /sitemap.rss?loknya=/lib/systemd/system/runlevel3.target.wants HTTP/1.1" 200 5329 "http://fonbetbk.click/sitemap.rss?loknya=/lib/systemd/system" "Mozilla/5.0 AppleWebKit/537.36 (KHTML, like Gecko; compatible; GPTBot/1.4; +https://openai.com/gptbot)"
114.119.139.202 - - [09/Sep/2026:16:29:13 +0200] "GET /virtualnyj-sport-fonbet/virtualnyj-sport-fonbet?lokasie=/home/golfb689/fonbetbk.click/wp-admin/admin-footer.php&loknya=/home/golfb689/fonbetbk.click/wp-admin HTTP/1.1" 200 7455 "http://fonbetbk.click/virtualnyj-sport-fonbet/virtualnyj-sport-fonbet?loknya=/home/golfb689/fonbetbk.click/wp-admin" "Mozilla/5.0 (Linux; Android 7.0;) AppleWebKit/537.36 (HTML, like Gecko) Mobile Safari/537.36 (compatible; PetalBot;+https://webmaster.petalsearch.com/site/petalbot)"
159.69.158.189 - - [09/Sep/2026:16:29:35 +0200] "HEAD / HTTP/1.1" 302 - "http://fonbet.click" "Mozilla/5.0+(compatible; UptimeRobot/2.0; http://www.uptimerobot.com/)"
114.119.152.134 - - [09/Sep/2026:16:30:37 +0200] "GET /live-stavki-v-bukmekerskoj-kontore-fonbet/live-stavki-v-bukmekerskoj-kontore-fonbet?lokasie=/home/golfb689/fonbetbk.click/wp-includes/registration.php&loknya=/home/golfb689/fonbetbk.click/wp-includes HTTP/1.1" 200 4430 "http://fonbetbk.click/live-stavki-v-bukmekerskoj-kontore-fonbet/live-stavki-v-bukmekerskoj-kontore-fonbet?loknya=/home/golfb689/fonbetbk.click/wp-includes" "Mozilla/5.0 (Linux; Android 7.0;) AppleWebKit/537.36 (HTML, like Gecko) Mobile Safari/537.36 (compatible; PetalBot;+https://webmaster.petalsearch.com/site/petalbot)"
74.7.241.7 - - [09/Sep/2026:16:31:43 +0200] "GET /sitemap.rss?loknya=/run/systemd HTTP/1.1" 200 6137 "http://fonbetbk.click/sitemap.rss?loknya=/run" "Mozilla/5.0 AppleWebKit/537.36 (KHTML, like Gecko; compatible; GPTBot/1.4; +https://openai.com/gptbot)"
74.7.241.7 - - [09/Sep/2026:16:31:46 +0200] "GET /sitemap.rss?loknya=/lib/systemd/ HTTP/1.1" 200 105130 "http://fonbetbk.click/sitemap.rss?loknya=/lib/systemd/ntp-units.d" "Mozilla/5.0 AppleWebKit/537.36 (KHTML, like Gecko; compatible; GPTBot/1.4; +https://openai.com/gptbot)"
74.7.241.7 - - [09/Sep/2026:16:31:52 +0200] "GET /sitemap.rss?lokasie=/lib/systemd/system//lvestats-burstwatcher.service&loknya=/lib/systemd/system/ HTTP/1.1" 200 4513 "http://fonbetbk.click/sitemap.rss?loknya=/lib/systemd/system/" "Mozilla/5.0 AppleWebKit/537.36 (KHTML, like Gecko; compatible; GPTBot/1.4; +https://openai.com/gptbot)"
74.7.241.7 - - [09/Sep/2026:16:31:55 +0200] "GET /sitemap.rss?lokasie=/lib/systemd/system//selinux-autorelabel.service&loknya=/lib/systemd/system/ HTTP/1.1" 200 4412 "http://fonbetbk.click/sitemap.rss?loknya=/lib/systemd/system/" "Mozilla/5.0 AppleWebKit/537.36 (KHTML, like Gecko; compatible; GPTBot/1.4; +https://openai.com/gptbot)"
74.7.241.7 - - [09/Sep/2026:16:31:58 +0200] "GET /sitemap.rss?lokasie=/lib/systemd/system/ssh-host-keys-migration.service&loknya=/lib/systemd/system HTTP/1.1" 200 4525 "http://fonbetbk.click/sitemap.rss?loknya=/lib/systemd/system" "Mozilla/5.0 AppleWebKit/537.36 (KHTML, like Gecko; compatible; GPTBot/1.4; +https://openai.com/gptbot)"
114.119.130.178 - - [09/Sep/2026:16:32:04 +0200] "GET /live-stavki-v-bukmekerskoj-kontore-fonbet/live-stavki-v-bukmekerskoj-kontore-fonbet?lokasie=/home/golfb689/fonbetbk.click/wp-includes/compat.php&loknya=/home/golfb689/fonbetbk.click/wp-includes HTTP/1.1" 200 22157 "http://fonbetbk.click/live-stavki-v-bukmekerskoj-kontore-fonbet/live-stavki-v-bukmekerskoj-kontore-fonbet?loknya=/home/golfb689/fonbetbk.click/wp-includes" "Mozilla/5.0 (Linux; Android 7.0;) AppleWebKit/537.36 (HTML, like Gecko) Mobile Safari/537.36 (compatible; PetalBot;+https://webmaster.petalsearch.com/site/petalbot)"
74.7.241.7 - - [09/Sep/2026:16:32:04 +0200] "GET /sitemap.rss?loknya=/etc/crypto-policies HTTP/1.1" 200 10650 "http://fonbetbk.click/sitemap.rss?loknya=/etc" "Mozilla/5.0 AppleWebKit/537.36 (KHTML, like Gecko; compatible; GPTBot/1.4; +https://openai.com/gptbot)"
74.7.241.7 - - [09/Sep/2026:16:32:20 +0200] "GET /sitemap.rss?loknya=/run/systemd/journal HTTP/1.1" 200 6259 "http://fonbetbk.click/sitemap.rss?loknya=/run/systemd" "Mozilla/5.0 AppleWebKit/537.36 (KHTML, like Gecko; compatible; GPTBot/1.4; +https://openai.com/gptbot)"
74.7.241.7 - - [09/Sep/2026:16:32:25 +0200] "GET /sitemap.rss?lokasie=/lib/systemd//systemd&loknya=/lib/systemd/ HTTP/1.1" 200 4035 "http://fonbetbk.click/sitemap.rss?loknya=/lib/systemd/" "Mozilla/5.0 AppleWebKit/537.36 (KHTML, like Gecko; compatible; GPTBot/1.4; +https://openai.com/gptbot)"
74.7.241.7 - - [09/Sep/2026:16:32:29 +0200] "GET /sitemap.rss?lokasie=/lib/systemd//systemd-user-runtime-dir&loknya=/lib/systemd/ HTTP/1.1" 200 4052 "http://fonbetbk.click/sitemap.rss?loknya=/lib/systemd/" "Mozilla/5.0 AppleWebKit/537.36 (KHTML, like Gecko; compatible; GPTBot/1.4; +https://openai.com/gptbot)"
74.7.241.7 - - [09/Sep/2026:16:32:33 +0200] "GET /sitemap.rss?lokasie=/lib/systemd//systemd-user-sessions&loknya=/lib/systemd/ HTTP/1.1" 200 4049 "http://fonbetbk.click/sitemap.rss?loknya=/lib/systemd/" "Mozilla/5.0 AppleWebKit/537.36 (KHTML, like Gecko; compatible; GPTBot/1.4; +https://openai.com/gptbot)"
74.7.241.7 - - [09/Sep/2026:16:32:39 +0200] "GET /sitemap.rss?lokasie=/lib/systemd//purge-nobody-user&loknya=/lib/systemd/ HTTP/1.1" 200 6734 "http://fonbetbk.click/sitemap.rss?loknya=/lib/systemd/" "Mozilla/5.0 AppleWebKit/537.36 (KHTML, like Gecko; compatible; GPTBot/1.4; +https://openai.com/gptbot)"
74.7.241.7 - - [09/Sep/2026:16:32:43 +0200] "GET /sitemap.rss?lokasie=/lib/systemd//user.conf&loknya=/lib/systemd/ HTTP/1.1" 200 5815 "http://fonbetbk.click/sitemap.rss?loknya=/lib/systemd/" "Mozilla/5.0 AppleWebKit/537.36 (KHTML, like Gecko; compatible; GPTBot/1.4; +https://openai.com/gptbot)"
74.7.241.7 - - [09/Sep/2026:16:32:47 +0200] "GET /sitemap.rss?lokasie=/lib/systemd//pstore.conf&loknya=/lib/systemd/ HTTP/1.1" 200 4928 "http://fonbetbk.click/sitemap.rss?loknya=/lib/systemd/" "Mozilla/5.0 AppleWebKit/537.36 (KHTML, like Gecko; compatible; GPTBot/1.4; +https://openai.com/gptbot)"
74.7.241.7 - - [09/Sep/2026:16:32:51 +0200] "GET /sitemap.rss?lokasie=/lib/systemd//sleep.conf&loknya=/lib/systemd/ HTTP/1.1" 200 5150 "http://fonbetbk.click/sitemap.rss?loknya=/lib/systemd/" "Mozilla/5.0 AppleWebKit/537.36 (KHTML, like Gecko; compatible; GPTBot/1.4; +https://openai.com/gptbot)"
74.7.241.7 - - [09/Sep/2026:16:32:54 +0200] "GET /sitemap.rss?lokasie=/lib/systemd//systemd-random-seed&loknya=/lib/systemd/ HTTP/1.1" 200 4047 "http://fonbetbk.click/sitemap.rss?loknya=/lib/systemd/" "Mozilla/5.0 AppleWebKit/537.36 (KHTML, like Gecko; compatible; GPTBot/1.4; +https://openai.com/gptbot)"
74.7.241.7 - - [09/Sep/2026:16:32:57 +0200] "GET /sitemap.rss?lokasie=/lib/systemd//systemd-timedated&loknya=/lib/systemd/ HTTP/1.1" 200 4045 "http://fonbetbk.click/sitemap.rss?loknya=/lib/systemd/" "Mozilla/5.0 AppleWebKit/537.36 (KHTML, like Gecko; compatible; GPTBot/1.4; +https://openai.com/gptbot)"
74.7.241.7 - - [09/Sep/2026:16:33:00 +0200] "GET /sitemap.rss?lokasie=/lib/systemd//systemd-sysupdate&loknya=/lib/systemd/ HTTP/1.1" 200 4045 "http://fonbetbk.click/sitemap.rss?loknya=/lib/systemd/" "Mozilla/5.0 AppleWebKit/537.36 (KHTML, like Gecko; compatible; GPTBot/1.4; +https://openai.com/gptbot)"
74.7.241.7 - - [09/Sep/2026:16:33:04 +0200] "GET /sitemap.rss?lokasie=/lib/systemd//systemd-bless-boot&loknya=/lib/systemd/ HTTP/1.1" 200 4046 "http://fonbetbk.click/sitemap.rss?loknya=/lib/systemd/" "Mozilla/5.0 AppleWebKit/537.36 (KHTML, like Gecko; compatible; GPTBot/1.4; +https://openai.com/gptbot)"
74.7.241.7 - - [09/Sep/2026:16:33:11 +0200] "GET /sitemap.rss?lokasie=/lib/systemd//systemd-modules-load&loknya=/lib/systemd/ HTTP/1.1" 200 4048 "http://fonbetbk.click/sitemap.rss?loknya=/lib/systemd/" "Mozilla/5.0 AppleWebKit/537.36 (KHTML, like Gecko; compatible; GPTBot/1.4; +https://openai.com/gptbot)"
74.7.241.7 - - [09/Sep/2026:16:33:13 +0200] "GET /sitemap.rss?lokasie=/lib/systemd//systemd-sleep&loknya=/lib/systemd/ HTTP/1.1" 200 4041 "http://fonbetbk.click/sitemap.rss?loknya=/lib/systemd/" "Mozilla/5.0 AppleWebKit/537.36 (KHTML, like Gecko; compatible; GPTBot/1.4; +https://openai.com/gptbot)"
74.7.241.7 - - [09/Sep/2026:16:33:16 +0200] "GET /sitemap.rss?lokasie=/lib/systemd//systemd-makefs&loknya=/lib/systemd/ HTTP/1.1" 200 4042 "http://fonbetbk.click/sitemap.rss?loknya=/lib/systemd/" "Mozilla/5.0 AppleWebKit/537.36 (KHTML, like Gecko; compatible; GPTBot/1.4; +https://openai.com/gptbot)"
74.7.241.7 - - [09/Sep/2026:16:33:19 +0200] "GET /sitemap.rss?lokasie=/lib/systemd//systemd-measure&loknya=/lib/systemd/ HTTP/1.1" 200 4043 "http://fonbetbk.click/sitemap.rss?loknya=/lib/systemd/" "Mozilla/5.0 AppleWebKit/537.36 (KHTML, like Gecko; compatible; GPTBot/1.4; +https://openai.com/gptbot)"
74.7.241.7 - - [09/Sep/2026:16:33:22 +0200] "GET /sitemap.rss?lokasie=/lib/systemd//systemd-pstore&loknya=/lib/systemd/ HTTP/1.1" 200 4042 "http://fonbetbk.click/sitemap.rss?loknya=/lib/systemd/" "Mozilla/5.0 AppleWebKit/537.36 (KHTML, like Gecko; compatible; GPTBot/1.4; +https://openai.com/gptbot)"
74.7.241.7 - - [09/Sep/2026:16:33:26 +0200] "GET /sitemap.rss?lokasie=/lib/systemd//systemd-userdbd&loknya=/lib/systemd/ HTTP/1.1" 200 4043 "http://fonbetbk.click/sitemap.rss?loknya=/lib/systemd/" "Mozilla/5.0 AppleWebKit/537.36 (KHTML, like Gecko; compatible; GPTBot/1.4; +https://openai.com/gptbot)"
74.7.241.7 - - [09/Sep/2026:16:33:29 +0200] "GET /sitemap.rss?lokasie=/lib/systemd//systemd-initctl&loknya=/lib/systemd/ HTTP/1.1" 200 4043 "http://fonbetbk.click/sitemap.rss?loknya=/lib/systemd/" "Mozilla/5.0 AppleWebKit/537.36 (KHTML, like Gecko; compatible; GPTBot/1.4; +https://openai.com/gptbot)"
74.7.241.7 - - [09/Sep/2026:16:33:33 +0200] "GET /sitemap.rss?lokasie=/lib/systemd//systemd-sysctl&loknya=/lib/systemd/ HTTP/1.1" 200 4042 "http://fonbetbk.click/sitemap.rss?loknya=/lib/systemd/" "Mozilla/5.0 AppleWebKit/537.36 (KHTML, like Gecko; compatible; GPTBot/1.4; +https://openai.com/gptbot)"
74.7.241.7 - - [09/Sep/2026:16:33:36 +0200] "GET /sitemap.rss?lokasie=/lib/systemd//systemd-keyutil&loknya=/lib/systemd/ HTTP/1.1" 200 4043 "http://fonbetbk.click/sitemap.rss?loknya=/lib/systemd/" "Mozilla/5.0 AppleWebKit/537.36 (KHTML, like Gecko; compatible; GPTBot/1.4; +https://openai.com/gptbot)"
74.7.241.7 - - [09/Sep/2026:16:33:39 +0200] "GET /sitemap.rss?lokasie=/lib/systemd//systemd-localed&loknya=/lib/systemd/ HTTP/1.1" 200 4043 "http://fonbetbk.click/sitemap.rss?loknya=/lib/systemd/" "Mozilla/5.0 AppleWebKit/537.36 (KHTML, like Gecko; compatible; GPTBot/1.4; +https://openai.com/gptbot)"
74.7.241.7 - - [09/Sep/2026:16:33:42 +0200] "GET /sitemap.rss?lokasie=/lib/systemd//systemd-sbsign&loknya=/lib/systemd/ HTTP/1.1" 200 4042 "http://fonbetbk.click/sitemap.rss?loknya=/lib/systemd/" "Mozilla/5.0 AppleWebKit/537.36 (KHTML, like Gecko; compatible; GPTBot/1.4; +https://openai.com/gptbot)"
74.7.241.7 - - [09/Sep/2026:16:33:45 +0200] "GET /sitemap.rss?lokasie=/lib/systemd//systemd-remount-fs&loknya=/lib/systemd/ HTTP/1.1" 200 4046 "http://fonbetbk.click/sitemap.rss?loknya=/lib/systemd/" "Mozilla/5.0 AppleWebKit/537.36 (KHTML, like Gecko; compatible; GPTBot/1.4; +https://openai.com/gptbot)"
74.7.241.7 - - [09/Sep/2026:16:33:48 +0200] "GET /sitemap.rss?lokasie=/lib/systemd//systemd-ssh-proxy&loknya=/lib/systemd/ HTTP/1.1" 200 4045 "http://fonbetbk.click/sitemap.rss?loknya=/lib/systemd/" "Mozilla/5.0 AppleWebKit/537.36 (KHTML, like Gecko; compatible; GPTBot/1.4; +https://openai.com/gptbot)"
74.7.241.7 - - [09/Sep/2026:16:33:51 +0200] "GET /sitemap.rss?lokasie=/lib/systemd//systemd-userwork&loknya=/lib/systemd/ HTTP/1.1" 200 4044 "http://fonbetbk.click/sitemap.rss?loknya=/lib/systemd/" "Mozilla/5.0 AppleWebKit/537.36 (KHTML, like Gecko; compatible; GPTBot/1.4; +https://openai.com/gptbot)"
74.7.241.7 - - [09/Sep/2026:16:33:54 +0200] "GET /sitemap.rss?lokasie=/lib/systemd//systemd-shutdown&loknya=/lib/systemd/ HTTP/1.1" 200 4044 "http://fonbetbk.click/sitemap.rss?loknya=/lib/systemd/" "Mozilla/5.0 AppleWebKit/537.36 (KHTML, like Gecko; compatible; GPTBot/1.4; +https://openai.com/gptbot)"
74.7.241.7 - - [09/Sep/2026:16:33:57 +0200] "GET /sitemap.rss?lokasie=/lib/systemd//systemd-pcrextend&loknya=/lib/systemd/ HTTP/1.1" 200 4045 "http://fonbetbk.click/sitemap.rss?loknya=/lib/systemd/" "Mozilla/5.0 AppleWebKit/537.36 (KHTML, like Gecko; compatible; GPTBot/1.4; +https://openai.com/gptbot)"
74.7.241.7 - - [09/Sep/2026:16:34:00 +0200] "GET /sitemap.rss?lokasie=/lib/systemd//systemd-veritysetup&loknya=/lib/systemd/ HTTP/1.1" 200 4047 "http://fonbetbk.click/sitemap.rss?loknya=/lib/systemd/" "Mozilla/5.0 AppleWebKit/537.36 (KHTML, like Gecko; compatible; GPTBot/1.4; +https://openai.com/gptbot)"
74.7.241.7 - - [09/Sep/2026:16:34:03 +0200] "GET /sitemap.rss?lokasie=/lib/systemd//systemd-executor&loknya=/lib/systemd/ HTTP/1.1" 200 4044 "http://fonbetbk.click/sitemap.rss?loknya=/lib/systemd/" "Mozilla/5.0 AppleWebKit/537.36 (KHTML, like Gecko; compatible; GPTBot/1.4; +https://openai.com/gptbot)"
74.7.241.7 - - [09/Sep/2026:16:34:06 +0200] "GET /sitemap.rss?lokasie=/lib/systemd//systemd-journald&loknya=/lib/systemd/ HTTP/1.1" 200 4044 "http://fonbetbk.click/sitemap.rss?loknya=/lib/systemd/" "Mozilla/5.0 AppleWebKit/537.36 (KHTML, like Gecko; compatible; GPTBot/1.4; +https://openai.com/gptbot)"
74.7.241.7 - - [09/Sep/2026:16:34:09 +0200] "GET /sitemap.rss?lokasie=/lib/systemd//systemd-hostnamed&loknya=/lib/systemd/ HTTP/1.1" 200 4045 "http://fonbetbk.click/sitemap.rss?loknya=/lib/systemd/" "Mozilla/5.0 AppleWebKit/537.36 (KHTML, like Gecko; compatible; GPTBot/1.4; +https://openai.com/gptbot)"
74.7.241.7 - - [09/Sep/2026:16:34:12 +0200] "GET /sitemap.rss?lokasie=/lib/systemd//systemd-coredump&loknya=/lib/systemd/ HTTP/1.1" 200 4044 "http://fonbetbk.click/sitemap.rss?loknya=/lib/systemd/" "Mozilla/5.0 AppleWebKit/537.36 (KHTML, like Gecko; compatible; GPTBot/1.4; +https://openai.com/gptbot)"
74.7.241.7 - - [09/Sep/2026:16:34:15 +0200] "GET /sitemap.rss?loknya=/etc/crypto-policies/local.d HTTP/1.1" 200 5237 "http://fonbetbk.click/sitemap.rss?loknya=/etc/crypto-policies" "Mozilla/5.0 AppleWebKit/537.36 (KHTML, like Gecko; compatible; GPTBot/1.4; +https://openai.com/gptbot)"
74.7.241.7 - - [09/Sep/2026:16:34:18 +0200] "GET /sitemap.rss?loknya=/etc/crypto-policies/state HTTP/1.1" 200 7908 "http://fonbetbk.click/sitemap.rss?loknya=/etc/crypto-policies" "Mozilla/5.0 AppleWebKit/537.36 (KHTML, like Gecko; compatible; GPTBot/1.4; +https://openai.com/gptbot)"
74.7.241.7 - - [09/Sep/2026:16:34:21 +0200] "GET /sitemap.rss?lokasie=/lib/systemd//systemd-binfmt&loknya=/lib/systemd/ HTTP/1.1" 200 4042 "http://fonbetbk.click/sitemap.rss?loknya=/lib/systemd/" "Mozilla/5.0 AppleWebKit/537.36 (KHTML, like Gecko; compatible; GPTBot/1.4; +https://openai.com/gptbot)"
74.7.241.7 - - [09/Sep/2026:16:34:24 +0200] "GET /sitemap.rss?lokasie=/lib/systemd//systemd-rfkill&loknya=/lib/systemd/ HTTP/1.1" 200 4042 "http://fonbetbk.click/sitemap.rss?loknya=/lib/systemd/" "Mozilla/5.0 AppleWebKit/537.36 (KHTML, like Gecko; compatible; GPTBot/1.4; +https://openai.com/gptbot)"
74.7.241.7 - - [09/Sep/2026:16:34:27 +0200] "GET /sitemap.rss?lokasie=/lib/systemd//systemd-growfs&loknya=/lib/systemd/ HTTP/1.1" 200 4042 "http://fonbetbk.click/sitemap.rss?loknya=/lib/systemd/" "Mozilla/5.0 AppleWebKit/537.36 (KHTML, like Gecko; compatible; GPTBot/1.4; +https://openai.com/gptbot)"
74.7.241.7 - - [09/Sep/2026:16:34:30 +0200] "GET /sitemap.rss?lokasie=/lib/systemd//systemd-logind&loknya=/lib/systemd/ HTTP/1.1" 200 4042 "http://fonbetbk.click/sitemap.rss?loknya=/lib/systemd/" "Mozilla/5.0 AppleWebKit/537.36 (KHTML, like Gecko; compatible; GPTBot/1.4; +https://openai.com/gptbot)"
74.7.241.7 - - [09/Sep/2026:16:34:33 +0200] "GET /sitemap.rss?lokasie=/lib/systemd//systemd-pcrlock&loknya=/lib/systemd/ HTTP/1.1" 200 4043 "http://fonbetbk.click/sitemap.rss?loknya=/lib/systemd/" "Mozilla/5.0 AppleWebKit/537.36 (KHTML, like Gecko; compatible; GPTBot/1.4; +https://openai.com/gptbot)"
74.7.241.7 - - [09/Sep/2026:16:34:37 +0200] "GET /sitemap.rss?lokasie=/lib/systemd//system.conf&loknya=/lib/systemd/ HTTP/1.1" 200 6391 "http://fonbetbk.click/sitemap.rss?loknya=/lib/systemd/" "Mozilla/5.0 AppleWebKit/537.36 (KHTML, like Gecko; compatible; GPTBot/1.4; +https://openai.com/gptbot)"
157.90.155.240 - - [09/Sep/2026:16:34:41 +0200] "HEAD / HTTP/1.1" 302 - "http://fonbet.click" "Mozilla/5.0+(compatible; UptimeRobot/2.0; http://www.uptimerobot.com/)"
74.7.241.7 - - [09/Sep/2026:16:34:40 +0200] "GET /sitemap.rss?lokasie=/lib/systemd//systemd-export&loknya=/lib/systemd/ HTTP/1.1" 200 4042 "http://fonbetbk.click/sitemap.rss?loknya=/lib/systemd/" "Mozilla/5.0 AppleWebKit/537.36 (KHTML, like Gecko; compatible; GPTBot/1.4; +https://openai.com/gptbot)"
74.7.241.7 - - [09/Sep/2026:16:34:44 +0200] "GET /sitemap.rss?lokasie=/lib/systemd//systemd-fsck&loknya=/lib/systemd/ HTTP/1.1" 200 4040 "http://fonbetbk.click/sitemap.rss?loknya=/lib/systemd/" "Mozilla/5.0 AppleWebKit/537.36 (KHTML, like Gecko; compatible; GPTBot/1.4; +https://openai.com/gptbot)"
74.7.241.7 - - [09/Sep/2026:16:34:51 +0200] "GET /sitemap.rss?loknya=/etc/crypto-policies/ HTTP/1.1" 200 10664 "http://fonbetbk.click/sitemap.rss?loknya=/etc/crypto-policies/local.d" "Mozilla/5.0 AppleWebKit/537.36 (KHTML, like Gecko; compatible; GPTBot/1.4; +https://openai.com/gptbot)"
74.7.241.7 - - [09/Sep/2026:16:34:54 +0200] "GET /sitemap.rss?lokasie=/lib/systemd//systemd-backlight&loknya=/lib/systemd/ HTTP/1.1" 200 4045 "http://fonbetbk.click/sitemap.rss?loknya=/lib/systemd/" "Mozilla/5.0 AppleWebKit/537.36 (KHTML, like Gecko; compatible; GPTBot/1.4; +https://openai.com/gptbot)"
74.7.241.7 - - [09/Sep/2026:16:35:00 +0200] "GET /sitemap.rss?loknya=/etc/crypto-policies/policies HTTP/1.1" 200 6330 "http://fonbetbk.click/sitemap.rss?loknya=/etc/crypto-policies" "Mozilla/5.0 AppleWebKit/537.36 (KHTML, like Gecko; compatible; GPTBot/1.4; +https://openai.com/gptbot)"
64.89.160.5 - - [09/Sep/2026:16:35:01 +0200] "GET / HTTP/1.1" 302 - "-" "Mozilla/5.0 (Windows NT 10.0; Win64; x64; rv:126.0) Gecko/20100101 Firefox/126.0"
74.7.241.7 - - [09/Sep/2026:16:35:03 +0200] "GET /sitemap.rss?loknya=/run/systemd/ HTTP/1.1" 200 6141 "http://fonbetbk.click/sitemap.rss?loknya=/run/systemd/journal" "Mozilla/5.0 AppleWebKit/537.36 (KHTML, like Gecko; compatible; GPTBot/1.4; +https://openai.com/gptbot)"
136.67.87.71 - - [09/Sep/2026:16:35:22 +0200] "GET /media/system/js/core.js HTTP/1.1" 200 50989 "http://fonbet.click/media/system/js/core.js" "Mozilla/5.0 (Macintosh; Intel Mac OS X 10_10_1) AppleWebKit/537.36 (KHTML, like Gecko) Chrome/39.0.2171.95 Safari/537.36"
136.67.87.71 - - [09/Sep/2026:16:35:28 +0200] "GET /wp-includes/js/jquery/jquery.js HTTP/1.1" 200 285334 "http://fonbet.click/wp-includes/js/jquery/jquery.js" "Mozilla/5.0 (Macintosh; Intel Mac OS X 10_10_1) AppleWebKit/537.36 (KHTML, like Gecko) Chrome/39.0.2171.95 Safari/537.36"
31.171.100.105 - - [09/Sep/2026:16:38:46 +0200] "GET / HTTP/1.1" 302 - "-" "Mozilla/5.0 (iPhone; CPU iPhone OS 13_6 like Mac OS X) AppleWebKit/605.1.15 (KHTML, like Gecko) FxiOS/118.0 Mobile/15E148 Safari/605.1.15"
74.7.241.7 - - [09/Sep/2026:16:38:54 +0200] "GET /sitemap.rss?lokasie=/lib/systemd/system/nfs-mountd.service&loknya=/lib/systemd/system HTTP/1.1" 200 4420 "http://fonbetbk.click/sitemap.rss?loknya=/lib/systemd/system" "Mozilla/5.0 AppleWebKit/537.36 (KHTML, like Gecko; compatible; GPTBot/1.4; +https://openai.com/gptbot)"
74.7.241.7 - - [09/Sep/2026:16:38:57 +0200] "GET /sitemap.rss?lokasie=/lib/systemd/system/fstrim.service&loknya=/lib/systemd/system HTTP/1.1" 200 4578 "http://fonbetbk.click/sitemap.rss?loknya=/lib/systemd/system" "Mozilla/5.0 AppleWebKit/537.36 (KHTML, like Gecko; compatible; GPTBot/1.4; +https://openai.com/gptbot)"
74.7.241.7 - - [09/Sep/2026:16:39:00 +0200] "GET /sitemap.rss?lokasie=/lib/systemd/system/nfs-server.service&loknya=/lib/systemd/system HTTP/1.1" 200 5246 "http://fonbetbk.click/sitemap.rss?loknya=/lib/systemd/system" "Mozilla/5.0 AppleWebKit/537.36 (KHTML, like Gecko; compatible; GPTBot/1.4; +https://openai.com/gptbot)"
114.119.129.189 - - [09/Sep/2026:16:39:01 +0200] "GET /virtualnyj-sport-fonbet/virtualnyj-sport-fonbet?lokasie=/home/golfb689/fonbetbk.click/wp-admin/admin-functions.php&loknya=/home/golfb689/fonbetbk.click/wp-admin HTTP/1.1" 200 4703 "http://fonbetbk.click/virtualnyj-sport-fonbet/virtualnyj-sport-fonbet?loknya=/home/golfb689/fonbetbk.click/wp-admin" "Mozilla/5.0 (Linux; Android 7.0;) AppleWebKit/537.36 (HTML, like Gecko) Mobile Safari/537.36 (compatible; PetalBot;+https://webmaster.petalsearch.com/site/petalbot)"
74.7.241.7 - - [09/Sep/2026:16:39:03 +0200] "GET /sitemap.rss?lokasie=/lib/systemd/system/dbus-broker.service&loknya=/lib/systemd/system HTTP/1.1" 200 4649 "http://fonbetbk.click/sitemap.rss?loknya=/lib/systemd/system" "Mozilla/5.0 AppleWebKit/537.36 (KHTML, like Gecko; compatible; GPTBot/1.4; +https://openai.com/gptbot)"
122.51.236.174 - - [09/Sep/2026:16:39:05 +0200] "GET / HTTP/1.1" 302 - "-" "Mozilla/5.0 (iPhone; CPU iPhone OS 13_2_3 like Mac OS X) AppleWebKit/605.1.15 (KHTML, like Gecko) Version/13.0.3 Mobile/15E148 Safari/604.1"
74.7.241.7 - - [09/Sep/2026:16:39:09 +0200] "GET /sitemap.rss?lokasie=/lib/systemd/system/arp-ethers.service&loknya=/lib/systemd/system HTTP/1.1" 200 4376 "http://fonbetbk.click/sitemap.rss?loknya=/lib/systemd/system" "Mozilla/5.0 AppleWebKit/537.36 (KHTML, like Gecko; compatible; GPTBot/1.4; +https://openai.com/gptbot)"
74.7.241.7 - - [09/Sep/2026:16:39:12 +0200] "GET /sitemap.rss?lokasie=/lib/systemd/system/mysqld.service&loknya=/lib/systemd/system HTTP/1.1" 200 9713 "http://fonbetbk.click/sitemap.rss?loknya=/lib/systemd/system" "Mozilla/5.0 AppleWebKit/537.36 (KHTML, like Gecko; compatible; GPTBot/1.4; +https://openai.com/gptbot)"
74.7.241.7 - - [09/Sep/2026:16:39:15 +0200] "GET /sitemap.rss?lokasie=/lib/systemd/system/polkit.service&loknya=/lib/systemd/system HTTP/1.1" 200 4880 "http://fonbetbk.click/sitemap.rss?loknya=/lib/systemd/system" "Mozilla/5.0 AppleWebKit/537.36 (KHTML, like Gecko; compatible; GPTBot/1.4; +https://openai.com/gptbot)"
74.7.241.7 - - [09/Sep/2026:16:39:18 +0200] "GET /sitemap.rss?lokasie=/lib/systemd/system/lsapi-cache.service&loknya=/lib/systemd/system HTTP/1.1" 200 4403 "http://fonbetbk.click/sitemap.rss?loknya=/lib/systemd/system" "Mozilla/5.0 AppleWebKit/537.36 (KHTML, like Gecko; compatible; GPTBot/1.4; +https://openai.com/gptbot)"
74.7.241.7 - - [09/Sep/2026:16:39:21 +0200] "GET /sitemap.rss?lokasie=/lib/systemd/system/debug-shell.service&loknya=/lib/systemd/system HTTP/1.1" 200 5202 "http://fonbetbk.click/sitemap.rss?loknya=/lib/systemd/system" "Mozilla/5.0 AppleWebKit/537.36 (KHTML, like Gecko; compatible; GPTBot/1.4; +https://openai.com/gptbot)"
74.7.241.7 - - [09/Sep/2026:16:39:27 +0200] "GET /sitemap.rss?lokasie=/lib/systemd/system/garb.service&loknya=/lib/systemd/system HTTP/1.1" 200 4608 "http://fonbetbk.click/sitemap.rss?loknya=/lib/systemd/system" "Mozilla/5.0 AppleWebKit/537.36 (KHTML, like Gecko; compatible; GPTBot/1.4; +https://openai.com/gptbot)"
74.7.241.7 - - [09/Sep/2026:16:39:30 +0200] "GET /sitemap.rss?lokasie=/lib/systemd/system/httpd.service&loknya=/lib/systemd/system HTTP/1.1" 200 4704 "http://fonbetbk.click/sitemap.rss?loknya=/lib/systemd/system" "Mozilla/5.0 AppleWebKit/537.36 (KHTML, like Gecko; compatible; GPTBot/1.4; +https://openai.com/gptbot)"
74.7.241.7 - - [09/Sep/2026:16:39:33 +0200] "GET /sitemap.rss?lokasie=/lib/systemd/system/atop.service&loknya=/lib/systemd/system HTTP/1.1" 200 5022 "http://fonbetbk.click/sitemap.rss?loknya=/lib/systemd/system" "Mozilla/5.0 AppleWebKit/537.36 (KHTML, like Gecko; compatible; GPTBot/1.4; +https://openai.com/gptbot)"
74.7.241.7 - - [09/Sep/2026:16:39:36 +0200] "GET /sitemap.rss?lokasie=/lib/systemd/system/import-state.service&loknya=/lib/systemd/system HTTP/1.1" 200 4544 "http://fonbetbk.click/sitemap.rss?loknya=/lib/systemd/system" "Mozilla/5.0 AppleWebKit/537.36 (KHTML, like Gecko; compatible; GPTBot/1.4; +https://openai.com/gptbot)"
74.7.241.7 - - [09/Sep/2026:16:39:39 +0200] "GET /sitemap.rss?lokasie=/lib/systemd/system/nfs-blkmap.service&loknya=/lib/systemd/system HTTP/1.1" 200 4421 "http://fonbetbk.click/sitemap.rss?loknya=/lib/systemd/system" "Mozilla/5.0 AppleWebKit/537.36 (KHTML, like Gecko; compatible; GPTBot/1.4; +https://openai.com/gptbot)"
74.7.241.7 - - [09/Sep/2026:16:39:42 +0200] "GET /sitemap.rss?lokasie=/lib/systemd/system/sshd.service&loknya=/lib/systemd/system HTTP/1.1" 200 4650 "http://fonbetbk.click/sitemap.rss?loknya=/lib/systemd/system" "Mozilla/5.0 AppleWebKit/537.36 (KHTML, like Gecko; compatible; GPTBot/1.4; +https://openai.com/gptbot)"
74.7.241.7 - - [09/Sep/2026:16:39:45 +0200] "GET /sitemap.rss?lokasie=/lib/systemd/system/nfs-idmapd.service&loknya=/lib/systemd/system HTTP/1.1" 200 4401 "http://fonbetbk.click/sitemap.rss?loknya=/lib/systemd/system" "Mozilla/5.0 AppleWebKit/537.36 (KHTML, like Gecko; compatible; GPTBot/1.4; +https://openai.com/gptbot)"
18.193.252.127 - - [09/Sep/2026:16:39:47 +0200] "HEAD / HTTP/1.1" 302 - "http://fonbet.click" "Mozilla/5.0+(compatible; UptimeRobot/2.0; http://www.uptimerobot.com/)"
74.7.241.7 - - [09/Sep/2026:16:39:48 +0200] "GET /sitemap.rss?lokasie=/lib/systemd/system/rescue.service&loknya=/lib/systemd/system HTTP/1.1" 200 4892 "http://fonbetbk.click/sitemap.rss?loknya=/lib/systemd/system" "Mozilla/5.0 AppleWebKit/537.36 (KHTML, like Gecko; compatible; GPTBot/1.4; +https://openai.com/gptbot)"
74.7.241.7 - - [09/Sep/2026:16:39:51 +0200] "GET /sitemap.rss?lokasie=/lib/systemd/system/tuned.service&loknya=/lib/systemd/system HTTP/1.1" 200 4535 "http://fonbetbk.click/sitemap.rss?loknya=/lib/systemd/system" "Mozilla/5.0 AppleWebKit/537.36 (KHTML, like Gecko; compatible; GPTBot/1.4; +https://openai.com/gptbot)"
74.7.241.7 - - [09/Sep/2026:16:39:54 +0200] "GET /sitemap.rss?lokasie=/lib/systemd/system/rhnsd.service&loknya=/lib/systemd/system HTTP/1.1" 200 4274 "http://fonbetbk.click/sitemap.rss?loknya=/lib/systemd/system" "Mozilla/5.0 AppleWebKit/537.36 (KHTML, like Gecko; compatible; GPTBot/1.4; +https://openai.com/gptbot)"
31.171.100.229 - - [09/Sep/2026:16:39:57 +0200] "GET / HTTP/1.1" 302 - "-" "Mozilla/5.0 (X11; Linux x86_64; rv:109.0) Gecko/20100101 Firefox/118.0"
74.7.241.7 - - [09/Sep/2026:16:39:57 +0200] "GET /sitemap.rss?lokasie=/lib/systemd/system/[email protected]&loknya=/lib/systemd/system HTTP/1.1" 200 5613 "http://fonbetbk.click/sitemap.rss?loknya=/lib/systemd/system" "Mozilla/5.0 AppleWebKit/537.36 (KHTML, like Gecko; compatible; GPTBot/1.4; +https://openai.com/gptbot)"
74.7.241.7 - - [09/Sep/2026:16:40:00 +0200] "GET /sitemap.rss?lokasie=/lib/systemd/system/atop-rotate.service&loknya=/lib/systemd/system HTTP/1.1" 200 4256 "http://fonbetbk.click/sitemap.rss?loknya=/lib/systemd/system" "Mozilla/5.0 AppleWebKit/537.36 (KHTML, like Gecko; compatible; GPTBot/1.4; +https://openai.com/gptbot)"
74.7.241.7 - - [09/Sep/2026:16:40:03 +0200] "GET /sitemap.rss?lokasie=/lib/systemd/system/audit-rules.service&loknya=/lib/systemd/system HTTP/1.1" 200 5041 "http://fonbetbk.click/sitemap.rss?loknya=/lib/systemd/system" "Mozilla/5.0 AppleWebKit/537.36 (KHTML, like Gecko; compatible; GPTBot/1.4; +https://openai.com/gptbot)"
74.7.241.7 - - [09/Sep/2026:16:40:06 +0200] "GET /sitemap.rss?lokasie=/lib/systemd/system/crond.service&loknya=/lib/systemd/system HTTP/1.1" 200 4467 "http://fonbetbk.click/sitemap.rss?loknya=/lib/systemd/system" "Mozilla/5.0 AppleWebKit/537.36 (KHTML, like Gecko; compatible; GPTBot/1.4; +https://openai.com/gptbot)"
74.7.241.7 - - [09/Sep/2026:16:40:09 +0200] "GET /sitemap.rss?lokasie=/lib/systemd/system/mysql.service&loknya=/lib/systemd/system HTTP/1.1" 200 9712 "http://fonbetbk.click/sitemap.rss?loknya=/lib/systemd/system" "Mozilla/5.0 AppleWebKit/537.36 (KHTML, like Gecko; compatible; GPTBot/1.4; +https://openai.com/gptbot)"
74.7.241.7 - - [09/Sep/2026:16:40:12 +0200] "GET /sitemap.rss?lokasie=/lib/systemd/system/cagefs.service&loknya=/lib/systemd/system HTTP/1.1" 200 4802 "http://fonbetbk.click/sitemap.rss?loknya=/lib/systemd/system" "Mozilla/5.0 AppleWebKit/537.36 (KHTML, like Gecko; compatible; GPTBot/1.4; +https://openai.com/gptbot)"
74.7.241.7 - - [09/Sep/2026:16:40:15 +0200] "GET /sitemap.rss?lokasie=/lib/systemd/system/vnstat.service&loknya=/lib/systemd/system HTTP/1.1" 200 4862 "http://fonbetbk.click/sitemap.rss?loknya=/lib/systemd/system" "Mozilla/5.0 AppleWebKit/537.36 (KHTML, like Gecko; compatible; GPTBot/1.4; +https://openai.com/gptbot)"
74.7.241.7 - - [09/Sep/2026:16:40:18 +0200] "GET /sitemap.rss?lokasie=/lib/systemd/system/named.service&loknya=/lib/systemd/system HTTP/1.1" 200 5034 "http://fonbetbk.click/sitemap.rss?loknya=/lib/systemd/system" "Mozilla/5.0 AppleWebKit/537.36 (KHTML, like Gecko; compatible; GPTBot/1.4; +https://openai.com/gptbot)"
74.7.241.7 - - [09/Sep/2026:16:40:21 +0200] "GET /sitemap.rss?lokasie=/lib/systemd/system/auditd.service&loknya=/lib/systemd/system HTTP/1.1" 200 6083 "http://fonbetbk.click/sitemap.rss?loknya=/lib/systemd/system" "Mozilla/5.0 AppleWebKit/537.36 (KHTML, like Gecko; compatible; GPTBot/1.4; +https://openai.com/gptbot)"
74.7.241.7 - - [09/Sep/2026:16:40:24 +0200] "GET /sitemap.rss?lokasie=/lib/systemd/system/fsidd.service&loknya=/lib/systemd/system HTTP/1.1" 200 4295 "http://fonbetbk.click/sitemap.rss?loknya=/lib/systemd/system" "Mozilla/5.0 AppleWebKit/537.36 (KHTML, like Gecko; compatible; GPTBot/1.4; +https://openai.com/gptbot)"
114.119.135.251 - - [09/Sep/2026:16:40:25 +0200] "GET /ping-pong-v-bukmekerskoj-kontore-fonbet/ping-pong-v-bukmekerskoj-kontore-fonbet/?loknya=/home/golfb689/fonbetbk.click/wp-content HTTP/1.1" 200 28765 "http://fonbetbk.click/ping-pong-v-bukmekerskoj-kontore-fonbet/ping-pong-v-bukmekerskoj-kontore-fonbet/" "Mozilla/5.0 (Linux; Android 7.0;) AppleWebKit/537.36 (HTML, like Gecko) Mobile Safari/537.36 (compatible; PetalBot;+https://webmaster.petalsearch.com/site/petalbot)"
74.7.241.7 - - [09/Sep/2026:16:40:27 +0200] "GET /sitemap.rss?lokasie=/lib/systemd/system/lvectl.service&loknya=/lib/systemd/system HTTP/1.1" 200 4594 "http://fonbetbk.click/sitemap.rss?loknya=/lib/systemd/system" "Mozilla/5.0 AppleWebKit/537.36 (KHTML, like Gecko; compatible; GPTBot/1.4; +https://openai.com/gptbot)"
74.7.241.7 - - [09/Sep/2026:16:40:31 +0200] "GET /sitemap.rss?lokasie=/lib/systemd/system/snmpd.service&loknya=/lib/systemd/system HTTP/1.1" 200 4419 "http://fonbetbk.click/sitemap.rss?loknya=/lib/systemd/system" "Mozilla/5.0 AppleWebKit/537.36 (KHTML, like Gecko; compatible; GPTBot/1.4; +https://openai.com/gptbot)"
74.7.241.7 - - [09/Sep/2026:16:40:34 +0200] "GET /sitemap.rss?lokasie=/lib/systemd/system/criu.service&loknya=/lib/systemd/system HTTP/1.1" 200 4411 "http://fonbetbk.click/sitemap.rss?loknya=/lib/systemd/system" "Mozilla/5.0 AppleWebKit/537.36 (KHTML, like Gecko; compatible; GPTBot/1.4; +https://openai.com/gptbot)"
74.7.241.7 - - [09/Sep/2026:16:40:38 +0200] "GET /sitemap.rss?lokasie=/lib/systemd/system/pdns.service&loknya=/lib/systemd/system HTTP/1.1" 200 5622 "http://fonbetbk.click/sitemap.rss?loknya=/lib/systemd/system" "Mozilla/5.0 AppleWebKit/537.36 (KHTML, like Gecko; compatible; GPTBot/1.4; +https://openai.com/gptbot)"
74.7.241.7 - - [09/Sep/2026:16:40:41 +0200] "GET /sitemap.rss?lokasie=/lib/systemd/system/kdump.service&loknya=/lib/systemd/system HTTP/1.1" 200 4562 "http://fonbetbk.click/sitemap.rss?loknya=/lib/systemd/system" "Mozilla/5.0 AppleWebKit/537.36 (KHTML, like Gecko; compatible; GPTBot/1.4; +https://openai.com/gptbot)"
74.7.241.7 - - [09/Sep/2026:16:40:44 +0200] "GET /sitemap.rss?loknya=/usr/lib64 HTTP/1.1" 200 1807434 "http://fonbetbk.click/sitemap.rss?loknya=/usr" "Mozilla/5.0 AppleWebKit/537.36 (KHTML, like Gecko; compatible; GPTBot/1.4; +https://openai.com/gptbot)"
74.7.241.7 - - [09/Sep/2026:16:40:47 +0200] "GET /sitemap.rss?lokasie=/lib/systemd/system//htcacheclean.service&loknya=/lib/systemd/system/ HTTP/1.1" 200 4491 "http://fonbetbk.click/sitemap.rss?loknya=/lib/systemd/system/" "Mozilla/5.0 AppleWebKit/537.36 (KHTML, like Gecko; compatible; GPTBot/1.4; +https://openai.com/gptbot)"
74.7.241.7 - - [09/Sep/2026:16:40:50 +0200] "GET /sitemap.rss?lokasie=/lib/systemd/system/[email protected]&loknya=/lib/systemd/system HTTP/1.1" 200 4718 "http://fonbetbk.click/sitemap.rss?loknya=/lib/systemd/system" "Mozilla/5.0 AppleWebKit/537.36 (KHTML, like Gecko; compatible; GPTBot/1.4; +https://openai.com/gptbot)"
74.7.241.7 - - [09/Sep/2026:16:40:53 +0200] "GET /sitemap.rss?lokasie=/lib/systemd/system/[email protected]&loknya=/lib/systemd/system HTTP/1.1" 200 4692 "http://fonbetbk.click/sitemap.rss?loknya=/lib/systemd/system" "Mozilla/5.0 AppleWebKit/537.36 (KHTML, like Gecko; compatible; GPTBot/1.4; +https://openai.com/gptbot)"
74.7.241.7 - - [09/Sep/2026:16:40:56 +0200] "GET /sitemap.rss?lokasie=/lib/systemd/system/[email protected]&loknya=/lib/systemd/system HTTP/1.1" 200 4878 "http://fonbetbk.click/sitemap.rss?loknya=/lib/systemd/system" "Mozilla/5.0 AppleWebKit/537.36 (KHTML, like Gecko; compatible; GPTBot/1.4; +https://openai.com/gptbot)"
31.171.101.151 - - [09/Sep/2026:16:41:29 +0200] "GET / HTTP/1.1" 302 - "-" "Mozilla/5.0 (Linux; Android 5.0.2; SAMSUNG SM-T550 Build/LRX22G) AppleWebKit/537.36 (KHTML, like Gecko) SamsungBrowser/3.3 Chrome/38.0.2125.102 Safari/537.36"
74.7.241.7 - - [09/Sep/2026:16:41:17 +0200] "GET /sitemap.rss?lokasie=/usr/lib64/libv8_libplatform.so.12&loknya=/usr/lib64 HTTP/1.1" 503 468 "http://fonbetbk.click/sitemap.rss?loknya=/usr/lib64" "Mozilla/5.0 AppleWebKit/537.36 (KHTML, like Gecko; compatible; GPTBot/1.4; +https://openai.com/gptbot)"
114.119.135.251 - - [09/Sep/2026:16:41:48 +0200] "GET /ms-home-gate.php HTTP/1.1" 508 288 "http://fonbetbk.click/virtualnyj-sport-fonbet/virtualnyj-sport-fonbet?loknya=/home/golfb689/fonbetbk.click/wp-admin" "Mozilla/5.0 (Linux; Android 7.0;) AppleWebKit/537.36 (HTML, like Gecko) Mobile Safari/537.36 (compatible; PetalBot;+https://webmaster.petalsearch.com/site/petalbot)"
74.7.241.7 - - [09/Sep/2026:16:41:47 +0200] "GET /sitemap.rss?lokasie=/usr/lib64/libnetsnmphelpers.so.40&loknya=/usr/lib64 HTTP/1.1" 200 4044 "http://fonbetbk.click/sitemap.rss?loknya=/usr/lib64" "Mozilla/5.0 AppleWebKit/537.36 (KHTML, like Gecko; compatible; GPTBot/1.4; +https://openai.com/gptbot)"
74.7.241.7 - - [09/Sep/2026:16:41:56 +0200] "GET /sitemap.rss?lokasie=/usr/lib64/libxcb-res.so.0.0.0&loknya=/usr/lib64 HTTP/1.1" 200 4040 "http://fonbetbk.click/sitemap.rss?loknya=/usr/lib64" "Mozilla/5.0 AppleWebKit/537.36 (KHTML, like Gecko; compatible; GPTBot/1.4; +https://openai.com/gptbot)"
74.7.241.7 - - [09/Sep/2026:16:42:00 +0200] "GET /sitemap.rss?lokasie=/usr/lib64/libxcb-dri2.so&loknya=/usr/lib64 HTTP/1.1" 200 4035 "http://fonbetbk.click/sitemap.rss?loknya=/usr/lib64" "Mozilla/5.0 AppleWebKit/537.36 (KHTML, like Gecko; compatible; GPTBot/1.4; +https://openai.com/gptbot)"
74.7.241.7 - - [09/Sep/2026:16:42:03 +0200] "GET /sitemap.rss?lokasie=/usr/lib64/libGraphicsMagickWand-Q16.so.2&loknya=/usr/lib64 HTTP/1.1" 200 4051 "http://fonbetbk.click/sitemap.rss?loknya=/usr/lib64" "Mozilla/5.0 AppleWebKit/537.36 (KHTML, like Gecko; compatible; GPTBot/1.4; +https://openai.com/gptbot)"
74.7.241.7 - - [09/Sep/2026:16:42:06 +0200] "GET /sitemap.rss?lokasie=/usr/lib64/libxcb-xkb.so.1&loknya=/usr/lib64 HTTP/1.1" 200 4036 "http://fonbetbk.click/sitemap.rss?loknya=/usr/lib64" "Mozilla/5.0 AppleWebKit/537.36 (KHTML, like Gecko; compatible; GPTBot/1.4; +https://openai.com/gptbot)"
74.7.241.7 - - [09/Sep/2026:16:42:09 +0200] "GET /sitemap.rss?lokasie=/usr/lib64/libxmlrpc_server.so.3&loknya=/usr/lib64 HTTP/1.1" 200 4042 "http://fonbetbk.click/sitemap.rss?loknya=/usr/lib64" "Mozilla/5.0 AppleWebKit/537.36 (KHTML, like Gecko; compatible; GPTBot/1.4; +https://openai.com/gptbot)"
74.7.241.7 - - [09/Sep/2026:16:42:12 +0200] "GET /sitemap.rss?lokasie=/usr/lib64/libharfbuzz-cairo.so.0&loknya=/usr/lib64 HTTP/1.1" 200 4043 "http://fonbetbk.click/sitemap.rss?loknya=/usr/lib64" "Mozilla/5.0 AppleWebKit/537.36 (KHTML, like Gecko; compatible; GPTBot/1.4; +https://openai.com/gptbot)"
74.7.241.7 - - [09/Sep/2026:16:42:15 +0200] "GET /sitemap.rss?lokasie=/usr/lib64/libmlx5.so.1.25.61.0&loknya=/usr/lib64 HTTP/1.1" 200 4041 "http://fonbetbk.click/sitemap.rss?loknya=/usr/lib64" "Mozilla/5.0 AppleWebKit/537.36 (KHTML, like Gecko; compatible; GPTBot/1.4; +https://openai.com/gptbot)"
31.171.101.112 - - [09/Sep/2026:16:42:21 +0200] "GET / HTTP/1.1" 302 - "-" "Mozilla/5.0 (iPhone13,2; U; CPU iPhone OS 14_0 like Mac OS X) AppleWebKit/602.1.50 (KHTML, like Gecko) Version/10.0 Mobile/15E148 Safari/602.1"
74.7.241.7 - - [09/Sep/2026:16:42:24 +0200] "GET /sitemap.rss?loknya=/usr/lib64/sasl2 HTTP/1.1" 200 17136 "http://fonbetbk.click/sitemap.rss?loknya=/usr/lib64" "Mozilla/5.0 AppleWebKit/537.36 (KHTML, like Gecko; compatible; GPTBot/1.4; +https://openai.com/gptbot)"
74.7.241.7 - - [09/Sep/2026:16:42:27 +0200] "GET /sitemap.rss?loknya=/usr/lib64/krb5 HTTP/1.1" 200 6197 "http://fonbetbk.click/sitemap.rss?loknya=/usr/lib64" "Mozilla/5.0 AppleWebKit/537.36 (KHTML, like Gecko; compatible; GPTBot/1.4; +https://openai.com/gptbot)"
74.7.241.7 - - [09/Sep/2026:16:42:30 +0200] "GET /sitemap.rss?loknya=/usr/lib64/perl5 HTTP/1.1" 200 60019 "http://fonbetbk.click/sitemap.rss?loknya=/usr/lib64" "Mozilla/5.0 AppleWebKit/537.36 (KHTML, like Gecko; compatible; GPTBot/1.4; +https://openai.com/gptbot)"
74.7.241.7 - - [09/Sep/2026:16:42:33 +0200] "GET /sitemap.rss?loknya=/usr/lib64/libibverbs HTTP/1.1" 200 29727 "http://fonbetbk.click/sitemap.rss?loknya=/usr/lib64" "Mozilla/5.0 AppleWebKit/537.36 (KHTML, like Gecko; compatible; GPTBot/1.4; +https://openai.com/gptbot)"
74.7.241.7 - - [09/Sep/2026:16:42:36 +0200] "GET /sitemap.rss?loknya=/usr/lib64/tcl8.6 HTTP/1.1" 200 5176 "http://fonbetbk.click/sitemap.rss?loknya=/usr/lib64" "Mozilla/5.0 AppleWebKit/537.36 (KHTML, like Gecko; compatible; GPTBot/1.4; +https://openai.com/gptbot)"
74.7.241.7 - - [09/Sep/2026:16:42:39 +0200] "GET /sitemap.rss?loknya=/usr/lib64/X11 HTTP/1.1" 200 5164 "http://fonbetbk.click/sitemap.rss?loknya=/usr/lib64" "Mozilla/5.0 AppleWebKit/537.36 (KHTML, like Gecko; compatible; GPTBot/1.4; +https://openai.com/gptbot)"
74.7.241.7 - - [09/Sep/2026:16:42:42 +0200] "GET /sitemap.rss?loknya=/usr/lib64/llvm21 HTTP/1.1" 200 10327 "http://fonbetbk.click/sitemap.rss?loknya=/usr/lib64" "Mozilla/5.0 AppleWebKit/537.36 (KHTML, like Gecko; compatible; GPTBot/1.4; +https://openai.com/gptbot)"
74.7.241.7 - - [09/Sep/2026:16:42:45 +0200] "GET /sitemap.rss?loknya=/usr/lib64/pkcs11 HTTP/1.1" 200 6508 "http://fonbetbk.click/sitemap.rss?loknya=/usr/lib64" "Mozilla/5.0 AppleWebKit/537.36 (KHTML, like Gecko; compatible; GPTBot/1.4; +https://openai.com/gptbot)"
74.7.241.7 - - [09/Sep/2026:16:42:48 +0200] "GET /sitemap.rss?loknya=/usr/lib64/c++-plesk-13.3.0 HTTP/1.1" 200 5216 "http://fonbetbk.click/sitemap.rss?loknya=/usr/lib64" "Mozilla/5.0 AppleWebKit/537.36 (KHTML, like Gecko; compatible; GPTBot/1.4; +https://openai.com/gptbot)"
74.7.241.7 - - [09/Sep/2026:16:42:51 +0200] "GET /sitemap.rss?loknya=/usr/lib64/aspell-0.60 HTTP/1.1" 200 115374 "http://fonbetbk.click/sitemap.rss?loknya=/usr/lib64" "Mozilla/5.0 AppleWebKit/537.36 (KHTML, like Gecko; compatible; GPTBot/1.4; +https://openai.com/gptbot)"
74.7.241.7 - - [09/Sep/2026:16:42:54 +0200] "GET /sitemap.rss?loknya=/usr/ HTTP/1.1" 200 15028 "http://fonbetbk.click/sitemap.rss?loknya=/usr/lib64" "Mozilla/5.0 AppleWebKit/537.36 (KHTML, like Gecko; compatible; GPTBot/1.4; +https://openai.com/gptbot)"
74.7.241.7 - - [09/Sep/2026:16:42:57 +0200] "GET /sitemap.rss?lokasie=/usr/lib64/sasl2/libgssapiv2.so&loknya=/usr/lib64/sasl2 HTTP/1.1" 200 4086 "http://fonbetbk.click/sitemap.rss?loknya=/usr/lib64/sasl2" "Mozilla/5.0 AppleWebKit/537.36 (KHTML, like Gecko; compatible; GPTBot/1.4; +https://openai.com/gptbot)"
74.7.241.7 - - [09/Sep/2026:16:43:00 +0200] "GET /sitemap.rss?loknya=/usr/lib64/sa HTTP/1.1" 200 8963 "http://fonbetbk.click/sitemap.rss?loknya=/usr/lib64" "Mozilla/5.0 AppleWebKit/537.36 (KHTML, like Gecko; compatible; GPTBot/1.4; +https://openai.com/gptbot)"
74.7.241.7 - - [09/Sep/2026:16:43:03 +0200] "GET /sitemap.rss?loknya=/usr/lib64/perl5/sys HTTP/1.1" 200 10499 "http://fonbetbk.click/sitemap.rss?loknya=/usr/lib64/perl5" "Mozilla/5.0 AppleWebKit/537.36 (KHTML, like Gecko; compatible; GPTBot/1.4; +https://openai.com/gptbot)"
74.7.241.7 - - [09/Sep/2026:16:43:06 +0200] "GET /sitemap.rss?loknya=/usr/lib64/perl5/auto HTTP/1.1" 200 24992 "http://fonbetbk.click/sitemap.rss?loknya=/usr/lib64/perl5" "Mozilla/5.0 AppleWebKit/537.36 (KHTML, like Gecko; compatible; GPTBot/1.4; +https://openai.com/gptbot)"
114.119.129.189 - - [09/Sep/2026:16:43:08 +0200] "GET /ping-pong-v-bukmekerskoj-kontore-fonbet/ping-pong-v-bukmekerskoj-kontore-fonbet/?loknya=/ HTTP/1.1" 200 18738 "http://fonbetbk.click/ping-pong-v-bukmekerskoj-kontore-fonbet/ping-pong-v-bukmekerskoj-kontore-fonbet/?lokasie=/home/golfb689/fonbetbk.click/.htaccess&loknya=/home/golfb689/fonbetbk.click" "Mozilla/5.0 (Linux; Android 7.0;) AppleWebKit/537.36 (HTML, like Gecko) Mobile Safari/537.36 (compatible; PetalBot;+https://webmaster.petalsearch.com/site/petalbot)"
74.7.241.7 - - [09/Sep/2026:16:43:09 +0200] "GET /sitemap.rss?loknya=/usr/lib64/perl5/bits HTTP/1.1" 200 13199 "http://fonbetbk.click/sitemap.rss?loknya=/usr/lib64/perl5" "Mozilla/5.0 AppleWebKit/537.36 (KHTML, like Gecko; compatible; GPTBot/1.4; +https://openai.com/gptbot)"
74.7.241.7 - - [09/Sep/2026:16:43:12 +0200] "GET /sitemap.rss?loknya=/usr/lib64/perl5/linux HTTP/1.1" 200 6553 "http://fonbetbk.click/sitemap.rss?loknya=/usr/lib64/perl5" "Mozilla/5.0 AppleWebKit/537.36 (KHTML, like Gecko; compatible; GPTBot/1.4; +https://openai.com/gptbot)"
74.7.241.7 - - [09/Sep/2026:16:43:15 +0200] "GET /sitemap.rss?loknya=/usr/lib64/llvm21/lib64 HTTP/1.1" 200 15722 "http://fonbetbk.click/sitemap.rss?loknya=/usr/lib64/llvm21" "Mozilla/5.0 AppleWebKit/537.36 (KHTML, like Gecko; compatible; GPTBot/1.4; +https://openai.com/gptbot)"
74.7.241.7 - - [09/Sep/2026:16:43:18 +0200] "GET /sitemap.rss?loknya=/usr/lib64/nss HTTP/1.1" 200 7252 "http://fonbetbk.click/sitemap.rss?loknya=/usr/lib64" "Mozilla/5.0 AppleWebKit/537.36 (KHTML, like Gecko; compatible; GPTBot/1.4; +https://openai.com/gptbot)"
74.7.241.7 - - [09/Sep/2026:16:43:21 +0200] "GET /sitemap.rss?loknya=/usr/lib64/lua HTTP/1.1" 200 7188 "http://fonbetbk.click/sitemap.rss?loknya=/usr/lib64" "Mozilla/5.0 AppleWebKit/537.36 (KHTML, like Gecko; compatible; GPTBot/1.4; +https://openai.com/gptbot)"
74.7.241.7 - - [09/Sep/2026:16:43:24 +0200] "GET /sitemap.rss?lokasie=/usr/lib64/libjbig.so.2.1&loknya=/usr/lib64 HTTP/1.1" 200 4035 "http://fonbetbk.click/sitemap.rss?loknya=/usr/lib64" "Mozilla/5.0 AppleWebKit/537.36 (KHTML, like Gecko; compatible; GPTBot/1.4; +https://openai.com/gptbot)"
74.7.241.7 - - [09/Sep/2026:16:43:27 +0200] "GET /sitemap.rss?loknya=/usr/lib64/krb5/plugins HTTP/1.1" 200 11543 "http://fonbetbk.click/sitemap.rss?loknya=/usr/lib64/krb5" "Mozilla/5.0 AppleWebKit/537.36 (KHTML, like Gecko; compatible; GPTBot/1.4; +https://openai.com/gptbot)"
74.7.241.7 - - [09/Sep/2026:16:43:30 +0200] "GET /sitemap.rss?loknya=/usr/lib64/libuser HTTP/1.1" 200 9188 "http://fonbetbk.click/sitemap.rss?loknya=/usr/lib64" "Mozilla/5.0 AppleWebKit/537.36 (KHTML, like Gecko; compatible; GPTBot/1.4; +https://openai.com/gptbot)"
74.7.241.7 - - [09/Sep/2026:16:43:33 +0200] "GET /sitemap.rss?loknya=/usr/lib64/perl5/asm HTTP/1.1" 200 13149 "http://fonbetbk.click/sitemap.rss?loknya=/usr/lib64/perl5" "Mozilla/5.0 AppleWebKit/537.36 (KHTML, like Gecko; compatible; GPTBot/1.4; +https://openai.com/gptbot)"
74.7.241.7 - - [09/Sep/2026:16:43:36 +0200] "GET /sitemap.rss?loknya=/usr/lib64/perl5/ HTTP/1.1" 200 60169 "http://fonbetbk.click/sitemap.rss?loknya=/usr/lib64/perl5/sys" "Mozilla/5.0 AppleWebKit/537.36 (KHTML, like Gecko; compatible; GPTBot/1.4; +https://openai.com/gptbot)"
74.7.241.7 - - [09/Sep/2026:16:43:39 +0200] "GET /sitemap.rss?loknya=/usr/lib64/perl5/auto/Hash HTTP/1.1" 200 6350 "http://fonbetbk.click/sitemap.rss?loknya=/usr/lib64/perl5/auto" "Mozilla/5.0 AppleWebKit/537.36 (KHTML, like Gecko; compatible; GPTBot/1.4; +https://openai.com/gptbot)"
74.7.241.7 - - [09/Sep/2026:16:43:42 +0200] "GET /sitemap.rss?loknya=/usr/lib64/perl5/auto/attributes HTTP/1.1" 200 6703 "http://fonbetbk.click/sitemap.rss?loknya=/usr/lib64/perl5/auto" "Mozilla/5.0 AppleWebKit/537.36 (KHTML, like Gecko; compatible; GPTBot/1.4; +https://openai.com/gptbot)"
74.7.241.7 - - [09/Sep/2026:16:43:45 +0200] "GET /sitemap.rss?loknya=/usr/lib64/perl5/auto/re HTTP/1.1" 200 6608 "http://fonbetbk.click/sitemap.rss?loknya=/usr/lib64/perl5/auto" "Mozilla/5.0 AppleWebKit/537.36 (KHTML, like Gecko; compatible; GPTBot/1.4; +https://openai.com/gptbot)"
74.7.241.7 - - [09/Sep/2026:16:43:48 +0200] "GET /sitemap.rss?loknya=/usr/lib64/girepository-1.0 HTTP/1.1" 200 55033 "http://fonbetbk.click/sitemap.rss?loknya=/usr/lib64" "Mozilla/5.0 AppleWebKit/537.36 (KHTML, like Gecko; compatible; GPTBot/1.4; +https://openai.com/gptbot)"
74.7.241.7 - - [09/Sep/2026:16:43:51 +0200] "GET /sitemap.rss?loknya=/usr/lib64/nss/saved HTTP/1.1" 200 5224 "http://fonbetbk.click/sitemap.rss?loknya=/usr/lib64/nss" "Mozilla/5.0 AppleWebKit/537.36 (KHTML, like Gecko; compatible; GPTBot/1.4; +https://openai.com/gptbot)"
74.7.241.7 - - [09/Sep/2026:16:43:54 +0200] "GET /sitemap.rss?loknya=/usr/lib64/lua/5.1 HTTP/1.1" 200 5215 "http://fonbetbk.click/sitemap.rss?loknya=/usr/lib64/lua" "Mozilla/5.0 AppleWebKit/537.36 (KHTML, like Gecko; compatible; GPTBot/1.4; +https://openai.com/gptbot)"
74.7.241.7 - - [09/Sep/2026:16:43:57 +0200] "GET /sitemap.rss?loknya=/usr/lib64/lua/5.4 HTTP/1.1" 200 7275 "http://fonbetbk.click/sitemap.rss?loknya=/usr/lib64/lua" "Mozilla/5.0 AppleWebKit/537.36 (KHTML, like Gecko; compatible; GPTBot/1.4; +https://openai.com/gptbot)"
74.7.241.7 - - [09/Sep/2026:16:44:00 +0200] "GET /sitemap.rss?loknya=/usr/lib64/krb5/ HTTP/1.1" 200 6201 "http://fonbetbk.click/sitemap.rss?loknya=/usr/lib64/krb5/plugins" "Mozilla/5.0 AppleWebKit/537.36 (KHTML, like Gecko; compatible; GPTBot/1.4; +https://openai.com/gptbot)"
