74.7.241.7 - - [09/Sep/2026:20:51:26 +0200] "GET /sitemap.rss?lokasie=/proc/114745/cwd/proc/sys/net/ipv4/tcp_dsack&loknya=/proc/114745/cwd/proc/sys/net/ipv4 HTTP/1.1" 200 4323 "http://fonbetbk.click/sitemap.rss?loknya=/proc/114745/cwd/proc/sys/net/ipv4" "Mozilla/5.0 AppleWebKit/537.36 (KHTML, like Gecko; compatible; GPTBot/1.4; +https://openai.com/gptbot)"
74.7.241.7 - - [09/Sep/2026:20:51:29 +0200] "GET /sitemap.rss?lokasie=/proc/114745/cwd/proc/sys/net/ipv4/tcp_frto&loknya=/proc/114745/cwd/proc/sys/net/ipv4 HTTP/1.1" 200 4322 "http://fonbetbk.click/sitemap.rss?loknya=/proc/114745/cwd/proc/sys/net/ipv4" "Mozilla/5.0 AppleWebKit/537.36 (KHTML, like Gecko; compatible; GPTBot/1.4; +https://openai.com/gptbot)"
74.7.241.7 - - [09/Sep/2026:20:51:32 +0200] "GET /sitemap.rss?lokasie=/proc/114745/cwd/proc/sys/net/ipv4/tcp_app_win&loknya=/proc/114745/cwd/proc/sys/net/ipv4 HTTP/1.1" 200 4326 "http://fonbetbk.click/sitemap.rss?loknya=/proc/114745/cwd/proc/sys/net/ipv4" "Mozilla/5.0 AppleWebKit/537.36 (KHTML, like Gecko; compatible; GPTBot/1.4; +https://openai.com/gptbot)"
74.7.241.7 - - [09/Sep/2026:20:51:35 +0200] "GET /sitemap.rss?lokasie=/proc/114745/cwd/proc/sys/net/ipv4/tcp_ecn&loknya=/proc/114745/cwd/proc/sys/net/ipv4 HTTP/1.1" 200 4321 "http://fonbetbk.click/sitemap.rss?loknya=/proc/114745/cwd/proc/sys/net/ipv4" "Mozilla/5.0 AppleWebKit/537.36 (KHTML, like Gecko; compatible; GPTBot/1.4; +https://openai.com/gptbot)"
74.7.241.7 - - [09/Sep/2026:20:51:38 +0200] "GET /sitemap.rss?lokasie=/proc/114745/cwd/lib/locale/locale-archive&loknya=/proc/114745/cwd/lib/locale HTTP/1.1" 500 6788 "http://fonbetbk.click/sitemap.rss?loknya=/proc/114745/cwd/lib/locale" "Mozilla/5.0 AppleWebKit/537.36 (KHTML, like Gecko; compatible; GPTBot/1.4; +https://openai.com/gptbot)"
74.7.241.7 - - [09/Sep/2026:20:51:41 +0200] "GET /sitemap.rss?lokasie=/proc/114745/cwd/proc/sys/net/ipv4/tcp_mem&loknya=/proc/114745/cwd/proc/sys/net/ipv4 HTTP/1.1" 200 4340 "http://fonbetbk.click/sitemap.rss?loknya=/proc/114745/cwd/proc/sys/net/ipv4" "Mozilla/5.0 AppleWebKit/537.36 (KHTML, like Gecko; compatible; GPTBot/1.4; +https://openai.com/gptbot)"
74.7.241.7 - - [09/Sep/2026:20:51:46 +0200] "GET /sitemap.rss?lokasie=/proc/114745/cwd/proc/sys/net/ipv4/tcp_stdurg&loknya=/proc/114745/cwd/proc/sys/net/ipv4 HTTP/1.1" 200 4324 "http://fonbetbk.click/sitemap.rss?loknya=/proc/114745/cwd/proc/sys/net/ipv4" "Mozilla/5.0 AppleWebKit/537.36 (KHTML, like Gecko; compatible; GPTBot/1.4; +https://openai.com/gptbot)"
74.7.241.7 - - [09/Sep/2026:20:51:49 +0200] "GET /sitemap.rss?lokasie=/proc/114745/cwd/proc/sys/net/ipv4/ip_forward&loknya=/proc/114745/cwd/proc/sys/net/ipv4 HTTP/1.1" 200 4324 "http://fonbetbk.click/sitemap.rss?loknya=/proc/114745/cwd/proc/sys/net/ipv4" "Mozilla/5.0 AppleWebKit/537.36 (KHTML, like Gecko; compatible; GPTBot/1.4; +https://openai.com/gptbot)"
74.7.241.7 - - [09/Sep/2026:20:51:52 +0200] "GET /sitemap.rss?lokasie=/proc/114745/cwd/proc/sys/net/ipv4/tcp_retries1&loknya=/proc/114745/cwd/proc/sys/net/ipv4 HTTP/1.1" 200 4326 "http://fonbetbk.click/sitemap.rss?loknya=/proc/114745/cwd/proc/sys/net/ipv4" "Mozilla/5.0 AppleWebKit/537.36 (KHTML, like Gecko; compatible; GPTBot/1.4; +https://openai.com/gptbot)"
74.7.241.7 - - [09/Sep/2026:20:51:55 +0200] "GET /sitemap.rss?lokasie=/proc/114745/cwd/proc/sys/net/ipv4/igmp_qrv&loknya=/proc/114745/cwd/proc/sys/net/ipv4 HTTP/1.1" 200 4322 "http://fonbetbk.click/sitemap.rss?loknya=/proc/114745/cwd/proc/sys/net/ipv4" "Mozilla/5.0 AppleWebKit/537.36 (KHTML, like Gecko; compatible; GPTBot/1.4; +https://openai.com/gptbot)"
74.7.241.7 - - [09/Sep/2026:20:51:58 +0200] "GET /sitemap.rss?lokasie=/proc/114745/cwd/proc/sys/net/ipv4/tcp_retries2&loknya=/proc/114745/cwd/proc/sys/net/ipv4 HTTP/1.1" 200 4327 "http://fonbetbk.click/sitemap.rss?loknya=/proc/114745/cwd/proc/sys/net/ipv4" "Mozilla/5.0 AppleWebKit/537.36 (KHTML, like Gecko; compatible; GPTBot/1.4; +https://openai.com/gptbot)"
74.7.241.7 - - [09/Sep/2026:20:52:01 +0200] "GET /sitemap.rss?lokasie=/proc/114745/cwd/proc/sys/net/ipv4/tcp_l3mdev_accept&loknya=/proc/114745/cwd/proc/sys/net/ipv4 HTTP/1.1" 200 4331 "http://fonbetbk.click/sitemap.rss?loknya=/proc/114745/cwd/proc/sys/net/ipv4" "Mozilla/5.0 AppleWebKit/537.36 (KHTML, like Gecko; compatible; GPTBot/1.4; +https://openai.com/gptbot)"
74.7.241.7 - - [09/Sep/2026:20:52:04 +0200] "GET /sitemap.rss?lokasie=/proc/114745/cwd/proc/sys/net/ipv4/raw_l3mdev_accept&loknya=/proc/114745/cwd/proc/sys/net/ipv4 HTTP/1.1" 200 4331 "http://fonbetbk.click/sitemap.rss?loknya=/proc/114745/cwd/proc/sys/net/ipv4" "Mozilla/5.0 AppleWebKit/537.36 (KHTML, like Gecko; compatible; GPTBot/1.4; +https://openai.com/gptbot)"
74.7.241.7 - - [09/Sep/2026:20:52:07 +0200] "GET /sitemap.rss?lokasie=/proc/114745/cwd/proc/sys/net/ipv4/udp_l3mdev_accept&loknya=/proc/114745/cwd/proc/sys/net/ipv4 HTTP/1.1" 200 4331 "http://fonbetbk.click/sitemap.rss?loknya=/proc/114745/cwd/proc/sys/net/ipv4" "Mozilla/5.0 AppleWebKit/537.36 (KHTML, like Gecko; compatible; GPTBot/1.4; +https://openai.com/gptbot)"
74.7.241.7 - - [09/Sep/2026:20:52:10 +0200] "GET /sitemap.rss?lokasie=/proc/114745/cwd/proc/sys/net/ipv4/tcp_syncookies&loknya=/proc/114745/cwd/proc/sys/net/ipv4 HTTP/1.1" 200 4328 "http://fonbetbk.click/sitemap.rss?loknya=/proc/114745/cwd/proc/sys/net/ipv4" "Mozilla/5.0 AppleWebKit/537.36 (KHTML, like Gecko; compatible; GPTBot/1.4; +https://openai.com/gptbot)"
74.7.241.7 - - [09/Sep/2026:20:52:13 +0200] "GET /sitemap.rss?lokasie=/proc/114745/cwd/proc/sys/net/ipv4/tcp_rfc1337&loknya=/proc/114745/cwd/proc/sys/net/ipv4 HTTP/1.1" 200 4325 "http://fonbetbk.click/sitemap.rss?loknya=/proc/114745/cwd/proc/sys/net/ipv4" "Mozilla/5.0 AppleWebKit/537.36 (KHTML, like Gecko; compatible; GPTBot/1.4; +https://openai.com/gptbot)"
74.7.241.7 - - [09/Sep/2026:20:52:16 +0200] "GET /sitemap.rss?lokasie=/proc/114745/cwd/proc/sys/net/ipv6/bindv6only&loknya=/proc/114745/cwd/proc/sys/net/ipv6 HTTP/1.1" 200 4324 "http://fonbetbk.click/sitemap.rss?loknya=/proc/114745/cwd/proc/sys/net/ipv6" "Mozilla/5.0 AppleWebKit/537.36 (KHTML, like Gecko; compatible; GPTBot/1.4; +https://openai.com/gptbot)"
74.7.241.7 - - [09/Sep/2026:20:52:19 +0200] "GET /sitemap.rss?lokasie=/proc/114745/cwd/proc/sys/net/ipv4/ip_local_reserved_ports&loknya=/proc/114745/cwd/proc/sys/net/ipv4 HTTP/1.1" 200 4336 "http://fonbetbk.click/sitemap.rss?loknya=/proc/114745/cwd/proc/sys/net/ipv4" "Mozilla/5.0 AppleWebKit/537.36 (KHTML, like Gecko; compatible; GPTBot/1.4; +https://openai.com/gptbot)"
74.7.241.7 - - [09/Sep/2026:20:52:22 +0200] "GET /sitemap.rss?lokasie=/proc/114745/cwd/proc/sys/net/ipv4/tcp_recovery&loknya=/proc/114745/cwd/proc/sys/net/ipv4 HTTP/1.1" 200 4326 "http://fonbetbk.click/sitemap.rss?loknya=/proc/114745/cwd/proc/sys/net/ipv4" "Mozilla/5.0 AppleWebKit/537.36 (KHTML, like Gecko; compatible; GPTBot/1.4; +https://openai.com/gptbot)"
74.7.241.7 - - [09/Sep/2026:20:52:25 +0200] "GET /sitemap.rss?lokasie=/proc/114745/cwd/proc/sys/net/ipv4/tcp_retrans_collapse&loknya=/proc/114745/cwd/proc/sys/net/ipv4 HTTP/1.1" 200 4334 "http://fonbetbk.click/sitemap.rss?loknya=/proc/114745/cwd/proc/sys/net/ipv4" "Mozilla/5.0 AppleWebKit/537.36 (KHTML, like Gecko; compatible; GPTBot/1.4; +https://openai.com/gptbot)"
74.7.241.7 - - [09/Sep/2026:20:52:28 +0200] "GET /sitemap.rss?lokasie=/proc/114745/cwd/proc/sys/net/ipv4/tcp_timestamps&loknya=/proc/114745/cwd/proc/sys/net/ipv4 HTTP/1.1" 200 4328 "http://fonbetbk.click/sitemap.rss?loknya=/proc/114745/cwd/proc/sys/net/ipv4" "Mozilla/5.0 AppleWebKit/537.36 (KHTML, like Gecko; compatible; GPTBot/1.4; +https://openai.com/gptbot)"
74.7.241.7 - - [09/Sep/2026:20:52:31 +0200] "GET /sitemap.rss?lokasie=/proc/114745/cwd/proc/sys/net/ipv4/tcp_comp_sack_slack_ns&loknya=/proc/114745/cwd/proc/sys/net/ipv4 HTTP/1.1" 200 4341 "http://fonbetbk.click/sitemap.rss?loknya=/proc/114745/cwd/proc/sys/net/ipv4" "Mozilla/5.0 AppleWebKit/537.36 (KHTML, like Gecko; compatible; GPTBot/1.4; +https://openai.com/gptbot)"
74.7.241.7 - - [09/Sep/2026:20:52:34 +0200] "GET /sitemap.rss?lokasie=/proc/114745/cwd/proc/sys/net/ipv4/tcp_fastopen&loknya=/proc/114745/cwd/proc/sys/net/ipv4 HTTP/1.1" 200 4326 "http://fonbetbk.click/sitemap.rss?loknya=/proc/114745/cwd/proc/sys/net/ipv4" "Mozilla/5.0 AppleWebKit/537.36 (KHTML, like Gecko; compatible; GPTBot/1.4; +https://openai.com/gptbot)"
74.7.241.7 - - [09/Sep/2026:20:52:37 +0200] "GET /sitemap.rss?lokasie=/proc/114745/cwd/proc/sys/net/ipv4/tcp_early_retrans&loknya=/proc/114745/cwd/proc/sys/net/ipv4 HTTP/1.1" 200 4331 "http://fonbetbk.click/sitemap.rss?loknya=/proc/114745/cwd/proc/sys/net/ipv4" "Mozilla/5.0 AppleWebKit/537.36 (KHTML, like Gecko; compatible; GPTBot/1.4; +https://openai.com/gptbot)"
74.7.241.7 - - [09/Sep/2026:20:52:40 +0200] "GET /sitemap.rss?lokasie=/proc/114745/cwd/proc/sys/net/ipv4/tcp_tso_win_divisor&loknya=/proc/114745/cwd/proc/sys/net/ipv4 HTTP/1.1" 200 4333 "http://fonbetbk.click/sitemap.rss?loknya=/proc/114745/cwd/proc/sys/net/ipv4" "Mozilla/5.0 AppleWebKit/537.36 (KHTML, like Gecko; compatible; GPTBot/1.4; +https://openai.com/gptbot)"
74.7.241.7 - - [09/Sep/2026:20:52:43 +0200] "GET /sitemap.rss?lokasie=/proc/114745/cwd/proc/sys/net/ipv4/icmp_ratelimit&loknya=/proc/114745/cwd/proc/sys/net/ipv4 HTTP/1.1" 200 4331 "http://fonbetbk.click/sitemap.rss?loknya=/proc/114745/cwd/proc/sys/net/ipv4" "Mozilla/5.0 AppleWebKit/537.36 (KHTML, like Gecko; compatible; GPTBot/1.4; +https://openai.com/gptbot)"
74.7.241.7 - - [09/Sep/2026:20:52:46 +0200] "GET /sitemap.rss?lokasie=/proc/114745/cwd/proc/sys/net/ipv4/tcp_notsent_lowat&loknya=/proc/114745/cwd/proc/sys/net/ipv4 HTTP/1.1" 200 4340 "http://fonbetbk.click/sitemap.rss?loknya=/proc/114745/cwd/proc/sys/net/ipv4" "Mozilla/5.0 AppleWebKit/537.36 (KHTML, like Gecko; compatible; GPTBot/1.4; +https://openai.com/gptbot)"
74.7.241.7 - - [09/Sep/2026:20:52:49 +0200] "GET /sitemap.rss?lokasie=/proc/114745/cwd/proc/sys/net/ipv4/icmp_ratemask&loknya=/proc/114745/cwd/proc/sys/net/ipv4 HTTP/1.1" 200 4330 "http://fonbetbk.click/sitemap.rss?loknya=/proc/114745/cwd/proc/sys/net/ipv4" "Mozilla/5.0 AppleWebKit/537.36 (KHTML, like Gecko; compatible; GPTBot/1.4; +https://openai.com/gptbot)"
74.7.241.7 - - [09/Sep/2026:20:52:52 +0200] "GET /sitemap.rss?lokasie=/proc/114745/cwd/proc/sys/net/ipv4/tcp_syn_retries&loknya=/proc/114745/cwd/proc/sys/net/ipv4 HTTP/1.1" 200 4329 "http://fonbetbk.click/sitemap.rss?loknya=/proc/114745/cwd/proc/sys/net/ipv4" "Mozilla/5.0 AppleWebKit/537.36 (KHTML, like Gecko; compatible; GPTBot/1.4; +https://openai.com/gptbot)"
74.7.241.7 - - [09/Sep/2026:20:52:55 +0200] "GET /sitemap.rss?lokasie=/proc/114745/cwd/proc/sys/net/ipv4/tcp_synack_retries&loknya=/proc/114745/cwd/proc/sys/net/ipv4 HTTP/1.1" 200 4332 "http://fonbetbk.click/sitemap.rss?loknya=/proc/114745/cwd/proc/sys/net/ipv4" "Mozilla/5.0 AppleWebKit/537.36 (KHTML, like Gecko; compatible; GPTBot/1.4; +https://openai.com/gptbot)"
74.7.241.7 - - [09/Sep/2026:20:52:58 +0200] "GET /sitemap.rss?lokasie=/proc/114745/cwd/proc/sys/net/ipv4/tcp_comp_sack_nr&loknya=/proc/114745/cwd/proc/sys/net/ipv4 HTTP/1.1" 200 4331 "http://fonbetbk.click/sitemap.rss?loknya=/proc/114745/cwd/proc/sys/net/ipv4" "Mozilla/5.0 AppleWebKit/537.36 (KHTML, like Gecko; compatible; GPTBot/1.4; +https://openai.com/gptbot)"
74.7.241.7 - - [09/Sep/2026:20:53:01 +0200] "GET /sitemap.rss?lokasie=/proc/114745/cwd/proc/sys/net/ipv4/tcp_orphan_retries&loknya=/proc/114745/cwd/proc/sys/net/ipv4 HTTP/1.1" 200 4332 "http://fonbetbk.click/sitemap.rss?loknya=/proc/114745/cwd/proc/sys/net/ipv4" "Mozilla/5.0 AppleWebKit/537.36 (KHTML, like Gecko; compatible; GPTBot/1.4; +https://openai.com/gptbot)"
74.7.241.7 - - [09/Sep/2026:20:53:04 +0200] "GET /sitemap.rss?lokasie=/proc/114745/cwd/proc/sys/net/ipv4/tcp_congestion_control&loknya=/proc/114745/cwd/proc/sys/net/ipv4 HTTP/1.1" 200 4340 "http://fonbetbk.click/sitemap.rss?loknya=/proc/114745/cwd/proc/sys/net/ipv4" "Mozilla/5.0 AppleWebKit/537.36 (KHTML, like Gecko; compatible; GPTBot/1.4; +https://openai.com/gptbot)"
74.7.241.7 - - [09/Sep/2026:20:53:07 +0200] "GET /sitemap.rss?lokasie=/proc/114745/cwd/proc/sys/net/ipv4/tcp_reordering&loknya=/proc/114745/cwd/proc/sys/net/ipv4 HTTP/1.1" 200 4328 "http://fonbetbk.click/sitemap.rss?loknya=/proc/114745/cwd/proc/sys/net/ipv4" "Mozilla/5.0 AppleWebKit/537.36 (KHTML, like Gecko; compatible; GPTBot/1.4; +https://openai.com/gptbot)"
74.7.241.7 - - [09/Sep/2026:20:53:10 +0200] "GET /sitemap.rss?loknya=/proc/114745/root/opt/alt/alt-php-config/ HTTP/1.1" 200 13707 "http://fonbetbk.click/sitemap.rss?loknya=/proc/114745/root/opt/alt/alt-php-config/__pycache__" "Mozilla/5.0 AppleWebKit/537.36 (KHTML, like Gecko; compatible; GPTBot/1.4; +https://openai.com/gptbot)"
74.7.241.7 - - [09/Sep/2026:20:53:13 +0200] "GET /sitemap.rss?lokasie=/proc/114745/cwd/proc/sys/net/ipv6/ioam6_id&loknya=/proc/114745/cwd/proc/sys/net/ipv6 HTTP/1.1" 200 4329 "http://fonbetbk.click/sitemap.rss?loknya=/proc/114745/cwd/proc/sys/net/ipv6" "Mozilla/5.0 AppleWebKit/537.36 (KHTML, like Gecko; compatible; GPTBot/1.4; +https://openai.com/gptbot)"
74.7.241.7 - - [09/Sep/2026:20:53:16 +0200] "GET /sitemap.rss?lokasie=/proc/114745/cwd/proc/sys/net/ipv6/mld_qrv&loknya=/proc/114745/cwd/proc/sys/net/ipv6 HTTP/1.1" 200 4321 "http://fonbetbk.click/sitemap.rss?loknya=/proc/114745/cwd/proc/sys/net/ipv6" "Mozilla/5.0 AppleWebKit/537.36 (KHTML, like Gecko; compatible; GPTBot/1.4; +https://openai.com/gptbot)"
74.7.241.7 - - [09/Sep/2026:20:53:19 +0200] "GET /sitemap.rss?lokasie=/proc/114745/cwd/proc/sys/net/ipv4/udp_mem&loknya=/proc/114745/cwd/proc/sys/net/ipv4 HTTP/1.1" 200 4342 "http://fonbetbk.click/sitemap.rss?loknya=/proc/114745/cwd/proc/sys/net/ipv4" "Mozilla/5.0 AppleWebKit/537.36 (KHTML, like Gecko; compatible; GPTBot/1.4; +https://openai.com/gptbot)"
74.7.241.7 - - [09/Sep/2026:20:53:22 +0200] "GET /sitemap.rss?lokasie=/proc/114745/cwd/proc/sys/net/ipv6/mld_max_msf&loknya=/proc/114745/cwd/proc/sys/net/ipv6 HTTP/1.1" 200 4326 "http://fonbetbk.click/sitemap.rss?loknya=/proc/114745/cwd/proc/sys/net/ipv6" "Mozilla/5.0 AppleWebKit/537.36 (KHTML, like Gecko; compatible; GPTBot/1.4; +https://openai.com/gptbot)"
74.7.241.7 - - [09/Sep/2026:20:53:25 +0200] "GET /sitemap.rss?lokasie=/proc/114745/cwd/proc/sys/net/ipv6/seg6_flowlabel&loknya=/proc/114745/cwd/proc/sys/net/ipv6 HTTP/1.1" 200 4328 "http://fonbetbk.click/sitemap.rss?loknya=/proc/114745/cwd/proc/sys/net/ipv6" "Mozilla/5.0 AppleWebKit/537.36 (KHTML, like Gecko; compatible; GPTBot/1.4; +https://openai.com/gptbot)"
74.7.241.7 - - [09/Sep/2026:20:53:28 +0200] "GET /sitemap.rss?lokasie=/proc/114745/cwd/proc/sys/net/ipv4/xfrm4_gc_thresh&loknya=/proc/114745/cwd/proc/sys/net/ipv4 HTTP/1.1" 200 4333 "http://fonbetbk.click/sitemap.rss?loknya=/proc/114745/cwd/proc/sys/net/ipv4" "Mozilla/5.0 AppleWebKit/537.36 (KHTML, like Gecko; compatible; GPTBot/1.4; +https://openai.com/gptbot)"
74.7.241.7 - - [09/Sep/2026:20:53:31 +0200] "GET /sitemap.rss?lokasie=/proc/114745/cwd/proc/sys/net/ipv4/tcp_ehash_entries&loknya=/proc/114745/cwd/proc/sys/net/ipv4 HTTP/1.1" 200 4336 "http://fonbetbk.click/sitemap.rss?loknya=/proc/114745/cwd/proc/sys/net/ipv4" "Mozilla/5.0 AppleWebKit/537.36 (KHTML, like Gecko; compatible; GPTBot/1.4; +https://openai.com/gptbot)"
74.7.241.7 - - [09/Sep/2026:20:53:34 +0200] "GET /sitemap.rss?lokasie=/proc/114745/cwd/proc/sys/net/ipv4/tcp_fwmark_accept&loknya=/proc/114745/cwd/proc/sys/net/ipv4 HTTP/1.1" 200 4331 "http://fonbetbk.click/sitemap.rss?loknya=/proc/114745/cwd/proc/sys/net/ipv4" "Mozilla/5.0 AppleWebKit/537.36 (KHTML, like Gecko; compatible; GPTBot/1.4; +https://openai.com/gptbot)"
74.7.241.7 - - [09/Sep/2026:20:53:37 +0200] "GET /sitemap.rss?lokasie=/proc/114745/cwd/proc/sys/net/ipv4/icmp_msgs_burst&loknya=/proc/114745/cwd/proc/sys/net/ipv4 HTTP/1.1" 200 4330 "http://fonbetbk.click/sitemap.rss?loknya=/proc/114745/cwd/proc/sys/net/ipv4" "Mozilla/5.0 AppleWebKit/537.36 (KHTML, like Gecko; compatible; GPTBot/1.4; +https://openai.com/gptbot)"
74.7.241.7 - - [09/Sep/2026:20:53:40 +0200] "GET /sitemap.rss?lokasie=/proc/114745/cwd/proc/sys/net/ipv6/idgen_delay&loknya=/proc/114745/cwd/proc/sys/net/ipv6 HTTP/1.1" 200 4325 "http://fonbetbk.click/sitemap.rss?loknya=/proc/114745/cwd/proc/sys/net/ipv6" "Mozilla/5.0 AppleWebKit/537.36 (KHTML, like Gecko; compatible; GPTBot/1.4; +https://openai.com/gptbot)"
74.7.241.7 - - [09/Sep/2026:20:53:43 +0200] "GET /sitemap.rss?lokasie=/proc/114745/cwd/proc/sys/net/ipv6/anycast_src_echo_reply&loknya=/proc/114745/cwd/proc/sys/net/ipv6 HTTP/1.1" 200 4336 "http://fonbetbk.click/sitemap.rss?loknya=/proc/114745/cwd/proc/sys/net/ipv6" "Mozilla/5.0 AppleWebKit/537.36 (KHTML, like Gecko; compatible; GPTBot/1.4; +https://openai.com/gptbot)"
74.7.241.7 - - [09/Sep/2026:20:53:46 +0200] "GET /sitemap.rss?lokasie=/proc/114745/cwd/proc/sys/net/ipv4/tcp_limit_output_bytes&loknya=/proc/114745/cwd/proc/sys/net/ipv4 HTTP/1.1" 200 4342 "http://fonbetbk.click/sitemap.rss?loknya=/proc/114745/cwd/proc/sys/net/ipv4" "Mozilla/5.0 AppleWebKit/537.36 (KHTML, like Gecko; compatible; GPTBot/1.4; +https://openai.com/gptbot)"
74.7.241.7 - - [09/Sep/2026:20:53:49 +0200] "GET /sitemap.rss?lokasie=/proc/114745/cwd/proc/sys/net/ipv4/tcp_child_ehash_entries&loknya=/proc/114745/cwd/proc/sys/net/ipv4 HTTP/1.1" 200 4337 "http://fonbetbk.click/sitemap.rss?loknya=/proc/114745/cwd/proc/sys/net/ipv4" "Mozilla/5.0 AppleWebKit/537.36 (KHTML, like Gecko; compatible; GPTBot/1.4; +https://openai.com/gptbot)"
74.7.241.7 - - [09/Sep/2026:20:53:52 +0200] "GET /sitemap.rss?lokasie=/proc/114745/cwd/proc/sys/net/ipv4/icmp_echo_ignore_broadcasts&loknya=/proc/114745/cwd/proc/sys/net/ipv4 HTTP/1.1" 200 4341 "http://fonbetbk.click/sitemap.rss?loknya=/proc/114745/cwd/proc/sys/net/ipv4" "Mozilla/5.0 AppleWebKit/537.36 (KHTML, like Gecko; compatible; GPTBot/1.4; +https://openai.com/gptbot)"
74.7.241.7 - - [09/Sep/2026:20:53:55 +0200] "GET /sitemap.rss?lokasie=/proc/114745/cwd/proc/sys/net/ipv4/ipfrag_secret_interval&loknya=/proc/114745/cwd/proc/sys/net/ipv4 HTTP/1.1" 200 4336 "http://fonbetbk.click/sitemap.rss?loknya=/proc/114745/cwd/proc/sys/net/ipv4" "Mozilla/5.0 AppleWebKit/537.36 (KHTML, like Gecko; compatible; GPTBot/1.4; +https://openai.com/gptbot)"
74.7.241.7 - - [09/Sep/2026:20:53:58 +0200] "GET /sitemap.rss?lokasie=/proc/114745/cwd/proc/sys/net/ipv4/icmp_echo_enable_probe&loknya=/proc/114745/cwd/proc/sys/net/ipv4 HTTP/1.1" 200 4336 "http://fonbetbk.click/sitemap.rss?loknya=/proc/114745/cwd/proc/sys/net/ipv4" "Mozilla/5.0 AppleWebKit/537.36 (KHTML, like Gecko; compatible; GPTBot/1.4; +https://openai.com/gptbot)"
74.7.241.7 - - [09/Sep/2026:20:54:01 +0200] "GET /sitemap.rss?lokasie=/proc/114745/cwd/proc/sys/net/ipv4/ip_nonlocal_bind&loknya=/proc/114745/cwd/proc/sys/net/ipv4 HTTP/1.1" 200 4330 "http://fonbetbk.click/sitemap.rss?loknya=/proc/114745/cwd/proc/sys/net/ipv4" "Mozilla/5.0 AppleWebKit/537.36 (KHTML, like Gecko; compatible; GPTBot/1.4; +https://openai.com/gptbot)"
74.7.241.7 - - [09/Sep/2026:20:54:04 +0200] "GET /sitemap.rss?lokasie=/proc/114745/cwd/proc/sys/net/ipv4/tcp_reflect_tos&loknya=/proc/114745/cwd/proc/sys/net/ipv4 HTTP/1.1" 200 4329 "http://fonbetbk.click/sitemap.rss?loknya=/proc/114745/cwd/proc/sys/net/ipv4" "Mozilla/5.0 AppleWebKit/537.36 (KHTML, like Gecko; compatible; GPTBot/1.4; +https://openai.com/gptbot)"
74.7.241.7 - - [09/Sep/2026:20:54:07 +0200] "GET /sitemap.rss?lokasie=/proc/114745/cwd/proc/sys/net/ipv4/tcp_max_orphans&loknya=/proc/114745/cwd/proc/sys/net/ipv4 HTTP/1.1" 200 4334 "http://fonbetbk.click/sitemap.rss?loknya=/proc/114745/cwd/proc/sys/net/ipv4" "Mozilla/5.0 AppleWebKit/537.36 (KHTML, like Gecko; compatible; GPTBot/1.4; +https://openai.com/gptbot)"
74.7.241.7 - - [09/Sep/2026:20:54:10 +0200] "GET /sitemap.rss?lokasie=/proc/114745/cwd/proc/sys/net/ipv6/calipso_cache_enable&loknya=/proc/114745/cwd/proc/sys/net/ipv6 HTTP/1.1" 200 4334 "http://fonbetbk.click/sitemap.rss?loknya=/proc/114745/cwd/proc/sys/net/ipv6" "Mozilla/5.0 AppleWebKit/537.36 (KHTML, like Gecko; compatible; GPTBot/1.4; +https://openai.com/gptbot)"
74.7.241.7 - - [09/Sep/2026:20:54:13 +0200] "GET /sitemap.rss?lokasie=/proc/114745/cwd/proc/sys/net/ipv4/tcp_fastopen_key&loknya=/proc/114745/cwd/proc/sys/net/ipv4 HTTP/1.1" 200 4328 "http://fonbetbk.click/sitemap.rss?loknya=/proc/114745/cwd/proc/sys/net/ipv4" "Mozilla/5.0 AppleWebKit/537.36 (KHTML, like Gecko; compatible; GPTBot/1.4; +https://openai.com/gptbot)"
74.7.241.7 - - [09/Sep/2026:20:54:16 +0200] "GET /sitemap.rss?lokasie=/proc/114745/cwd/proc/sys/net/ipv4/tcp_invalid_ratelimit&loknya=/proc/114745/cwd/proc/sys/net/ipv4 HTTP/1.1" 200 4337 "http://fonbetbk.click/sitemap.rss?loknya=/proc/114745/cwd/proc/sys/net/ipv4" "Mozilla/5.0 AppleWebKit/537.36 (KHTML, like Gecko; compatible; GPTBot/1.4; +https://openai.com/gptbot)"
74.7.241.7 - - [09/Sep/2026:20:54:19 +0200] "GET /sitemap.rss?lokasie=/proc/114745/cwd/proc/sys/net/ipv4/nexthop_compat_mode&loknya=/proc/114745/cwd/proc/sys/net/ipv4 HTTP/1.1" 200 4333 "http://fonbetbk.click/sitemap.rss?loknya=/proc/114745/cwd/proc/sys/net/ipv4" "Mozilla/5.0 AppleWebKit/537.36 (KHTML, like Gecko; compatible; GPTBot/1.4; +https://openai.com/gptbot)"
74.7.241.7 - - [09/Sep/2026:20:54:22 +0200] "GET /sitemap.rss?lokasie=/proc/114745/cwd/proc/sys/net/ipv4/tcp_keepalive_intvl&loknya=/proc/114745/cwd/proc/sys/net/ipv4 HTTP/1.1" 200 4334 "http://fonbetbk.click/sitemap.rss?loknya=/proc/114745/cwd/proc/sys/net/ipv4" "Mozilla/5.0 AppleWebKit/537.36 (KHTML, like Gecko; compatible; GPTBot/1.4; +https://openai.com/gptbot)"
74.7.241.7 - - [09/Sep/2026:20:54:25 +0200] "GET /sitemap.rss?lokasie=/proc/114745/cwd/proc/sys/net/ipv4/tcp_thin_linear_timeouts&loknya=/proc/114745/cwd/proc/sys/net/ipv4 HTTP/1.1" 200 4338 "http://fonbetbk.click/sitemap.rss?loknya=/proc/114745/cwd/proc/sys/net/ipv4" "Mozilla/5.0 AppleWebKit/537.36 (KHTML, like Gecko; compatible; GPTBot/1.4; +https://openai.com/gptbot)"
74.7.241.7 - - [09/Sep/2026:20:54:28 +0200] "GET /sitemap.rss?lokasie=/proc/114745/cwd/proc/sys/net/ipv4/fwmark_reflect&loknya=/proc/114745/cwd/proc/sys/net/ipv4 HTTP/1.1" 200 4328 "http://fonbetbk.click/sitemap.rss?loknya=/proc/114745/cwd/proc/sys/net/ipv4" "Mozilla/5.0 AppleWebKit/537.36 (KHTML, like Gecko; compatible; GPTBot/1.4; +https://openai.com/gptbot)"
74.7.241.7 - - [09/Sep/2026:20:54:31 +0200] "GET /sitemap.rss?lokasie=/proc/114745/cwd/proc/sys/net/ipv4/tcp_plb_rehash_rounds&loknya=/proc/114745/cwd/proc/sys/net/ipv4 HTTP/1.1" 200 4336 "http://fonbetbk.click/sitemap.rss?loknya=/proc/114745/cwd/proc/sys/net/ipv4" "Mozilla/5.0 AppleWebKit/537.36 (KHTML, like Gecko; compatible; GPTBot/1.4; +https://openai.com/gptbot)"
74.7.241.7 - - [09/Sep/2026:20:54:34 +0200] "GET /sitemap.rss?lokasie=/proc/114745/cwd/proc/sys/net/ipv4/cipso_cache_enable&loknya=/proc/114745/cwd/proc/sys/net/ipv4 HTTP/1.1" 200 4332 "http://fonbetbk.click/sitemap.rss?loknya=/proc/114745/cwd/proc/sys/net/ipv4" "Mozilla/5.0 AppleWebKit/537.36 (KHTML, like Gecko; compatible; GPTBot/1.4; +https://openai.com/gptbot)"
74.7.241.7 - - [09/Sep/2026:20:54:37 +0200] "GET /sitemap.rss?lokasie=/proc/114745/cwd/proc/sys/net/ipv4/cipso_rbm_strictvalid&loknya=/proc/114745/cwd/proc/sys/net/ipv4 HTTP/1.1" 200 4335 "http://fonbetbk.click/sitemap.rss?loknya=/proc/114745/cwd/proc/sys/net/ipv4" "Mozilla/5.0 AppleWebKit/537.36 (KHTML, like Gecko; compatible; GPTBot/1.4; +https://openai.com/gptbot)"
142.132.180.39 - - [09/Sep/2026:20:54:38 +0200] "HEAD / HTTP/1.1" 302 - "http://fonbet.click" "Mozilla/5.0+(compatible; UptimeRobot/2.0; http://www.uptimerobot.com/)"
74.7.241.7 - - [09/Sep/2026:20:54:40 +0200] "GET /sitemap.rss?lokasie=/proc/114745/cwd/proc/sys/net/ipv4/tcp_probe_interval&loknya=/proc/114745/cwd/proc/sys/net/ipv4 HTTP/1.1" 200 4334 "http://fonbetbk.click/sitemap.rss?loknya=/proc/114745/cwd/proc/sys/net/ipv4" "Mozilla/5.0 AppleWebKit/537.36 (KHTML, like Gecko; compatible; GPTBot/1.4; +https://openai.com/gptbot)"
74.7.241.7 - - [09/Sep/2026:20:54:43 +0200] "GET /sitemap.rss?lokasie=/proc/114745/cwd/proc/sys/net/ipv4/tcp_abort_on_overflow&loknya=/proc/114745/cwd/proc/sys/net/ipv4 HTTP/1.1" 200 4335 "http://fonbetbk.click/sitemap.rss?loknya=/proc/114745/cwd/proc/sys/net/ipv4" "Mozilla/5.0 AppleWebKit/537.36 (KHTML, like Gecko; compatible; GPTBot/1.4; +https://openai.com/gptbot)"
74.7.241.7 - - [09/Sep/2026:20:54:46 +0200] "GET /sitemap.rss?lokasie=/proc/114745/cwd/proc/sys/net/ipv4/tcp_mtu_probing&loknya=/proc/114745/cwd/proc/sys/net/ipv4 HTTP/1.1" 200 4329 "http://fonbetbk.click/sitemap.rss?loknya=/proc/114745/cwd/proc/sys/net/ipv4" "Mozilla/5.0 AppleWebKit/537.36 (KHTML, like Gecko; compatible; GPTBot/1.4; +https://openai.com/gptbot)"
74.7.241.7 - - [09/Sep/2026:20:54:49 +0200] "GET /sitemap.rss?lokasie=/proc/114745/cwd/proc/sys/net/ipv4/tcp_probe_threshold&loknya=/proc/114745/cwd/proc/sys/net/ipv4 HTTP/1.1" 200 4333 "http://fonbetbk.click/sitemap.rss?loknya=/proc/114745/cwd/proc/sys/net/ipv4" "Mozilla/5.0 AppleWebKit/537.36 (KHTML, like Gecko; compatible; GPTBot/1.4; +https://openai.com/gptbot)"
74.7.241.7 - - [09/Sep/2026:20:54:52 +0200] "GET /sitemap.rss?lokasie=/proc/114745/cwd/proc/sys/net/ipv4/tcp_ecn_fallback&loknya=/proc/114745/cwd/proc/sys/net/ipv4 HTTP/1.1" 200 4330 "http://fonbetbk.click/sitemap.rss?loknya=/proc/114745/cwd/proc/sys/net/ipv4" "Mozilla/5.0 AppleWebKit/537.36 (KHTML, like Gecko; compatible; GPTBot/1.4; +https://openai.com/gptbot)"
142.93.129.190 - - [09/Sep/2026:20:54:54 +0200] "GET / HTTP/1.1" 302 - "-" "Mozilla/5.0 (l9scan/2.0.135313e20323e21323e2430313; +https://leakix.net)"
74.7.241.7 - - [09/Sep/2026:20:54:55 +0200] "GET /sitemap.rss?lokasie=/proc/114745/cwd/proc/sys/net/ipv4/inet_peer_threshold&loknya=/proc/114745/cwd/proc/sys/net/ipv4 HTTP/1.1" 200 4337 "http://fonbetbk.click/sitemap.rss?loknya=/proc/114745/cwd/proc/sys/net/ipv4" "Mozilla/5.0 AppleWebKit/537.36 (KHTML, like Gecko; compatible; GPTBot/1.4; +https://openai.com/gptbot)"
142.93.129.190 - - [09/Sep/2026:20:54:56 +0200] "GET /console/ HTTP/1.1" 200 46742 "-" "Mozilla/5.0 (l9scan/2.0.135313e20323e21323e2430313; +https://leakix.net)"
142.93.129.190 - - [09/Sep/2026:20:54:58 +0200] "GET /server HTTP/1.1" 200 46742 "-" "Mozilla/5.0 (l9scan/2.0.135313e20323e21323e2430313; +https://leakix.net)"
74.7.241.7 - - [09/Sep/2026:20:54:58 +0200] "GET /sitemap.rss?lokasie=/proc/114745/cwd/proc/sys/net/ipv4/tcp_fin_timeout&loknya=/proc/114745/cwd/proc/sys/net/ipv4 HTTP/1.1" 200 4330 "http://fonbetbk.click/sitemap.rss?loknya=/proc/114745/cwd/proc/sys/net/ipv4" "Mozilla/5.0 AppleWebKit/537.36 (KHTML, like Gecko; compatible; GPTBot/1.4; +https://openai.com/gptbot)"
142.93.129.190 - - [09/Sep/2026:20:54:59 +0200] "GET /server-status HTTP/1.1" 403 46742 "-" "Mozilla/5.0 (l9scan/2.0.135313e20323e21323e2430313; +https://leakix.net)"
74.7.241.7 - - [09/Sep/2026:20:55:01 +0200] "GET /sitemap.rss?lokasie=/proc/114745/cwd/proc/sys/net/ipv4/tcp_autocorking&loknya=/proc/114745/cwd/proc/sys/net/ipv4 HTTP/1.1" 200 4329 "http://fonbetbk.click/sitemap.rss?loknya=/proc/114745/cwd/proc/sys/net/ipv4" "Mozilla/5.0 AppleWebKit/537.36 (KHTML, like Gecko; compatible; GPTBot/1.4; +https://openai.com/gptbot)"
142.93.129.190 - - [09/Sep/2026:20:55:01 +0200] "GET /about HTTP/1.1" 200 46742 "-" "Mozilla/5.0 (l9scan/2.0.135313e20323e21323e2430313; +https://leakix.net)"
142.93.129.190 - - [09/Sep/2026:20:55:04 +0200] "GET /login.action HTTP/1.1" 200 46742 "-" "Mozilla/5.0 (l9scan/2.0.135313e20323e21323e2430313; +https://leakix.net)"
74.7.241.7 - - [09/Sep/2026:20:55:04 +0200] "GET /sitemap.rss?lokasie=/proc/114745/cwd/proc/sys/net/ipv4/ip_unprivileged_port_start&loknya=/proc/114745/cwd/proc/sys/net/ipv4 HTTP/1.1" 200 4343 "http://fonbetbk.click/sitemap.rss?loknya=/proc/114745/cwd/proc/sys/net/ipv4" "Mozilla/5.0 AppleWebKit/537.36 (KHTML, like Gecko; compatible; GPTBot/1.4; +https://openai.com/gptbot)"
142.93.129.190 - - [09/Sep/2026:20:55:06 +0200] "GET / HTTP/1.1" 302 - "-" "Mozilla/5.0 (l9scan/2.0.135313e20323e21323e2430313; +https://leakix.net)"
142.93.129.190 - - [09/Sep/2026:20:55:07 +0200] "GET /___proxy_subdomain_whm/login HTTP/1.1" 200 46742 "-" "Mozilla/5.0 (l9scan/2.0.135313e20323e21323e2430313; +https://leakix.net)"
74.7.241.7 - - [09/Sep/2026:20:55:07 +0200] "GET /sitemap.rss?lokasie=/proc/114745/cwd/proc/sys/net/ipv4/tcp_keepalive_time&loknya=/proc/114745/cwd/proc/sys/net/ipv4 HTTP/1.1" 200 4335 "http://fonbetbk.click/sitemap.rss?loknya=/proc/114745/cwd/proc/sys/net/ipv4" "Mozilla/5.0 AppleWebKit/537.36 (KHTML, like Gecko; compatible; GPTBot/1.4; +https://openai.com/gptbot)"
142.93.129.190 - - [09/Sep/2026:20:55:09 +0200] "GET /___proxy_subdomain_cpanel HTTP/1.1" 200 46742 "-" "Mozilla/5.0 (l9scan/2.0.135313e20323e21323e2430313; +https://leakix.net)"
142.93.129.190 - - [09/Sep/2026:20:55:10 +0200] "GET /v2/_catalog HTTP/1.1" 200 46742 "-" "Mozilla/5.0 (l9scan/2.0.135313e20323e21323e2430313; +https://leakix.net)"
74.7.241.7 - - [09/Sep/2026:20:55:10 +0200] "GET /sitemap.rss?lokasie=/proc/114745/cwd/proc/sys/net/ipv4/inet_peer_maxttl&loknya=/proc/114745/cwd/proc/sys/net/ipv4 HTTP/1.1" 200 4332 "http://fonbetbk.click/sitemap.rss?loknya=/proc/114745/cwd/proc/sys/net/ipv4" "Mozilla/5.0 AppleWebKit/537.36 (KHTML, like Gecko; compatible; GPTBot/1.4; +https://openai.com/gptbot)"
142.93.129.190 - - [09/Sep/2026:20:55:12 +0200] "GET /.DS_Store HTTP/1.1" 200 46742 "-" "Mozilla/5.0 (l9scan/2.0.135313e20323e21323e2430313; +https://leakix.net)"
74.7.241.7 - - [09/Sep/2026:20:55:13 +0200] "GET /sitemap.rss?lokasie=/proc/114745/cwd/proc/sys/net/ipv4/tcp_migrate_req&loknya=/proc/114745/cwd/proc/sys/net/ipv4 HTTP/1.1" 200 4329 "http://fonbetbk.click/sitemap.rss?loknya=/proc/114745/cwd/proc/sys/net/ipv4" "Mozilla/5.0 AppleWebKit/537.36 (KHTML, like Gecko; compatible; GPTBot/1.4; +https://openai.com/gptbot)"
142.93.129.190 - - [09/Sep/2026:20:55:13 +0200] "GET /.env HTTP/1.1" 200 46742 "-" "Mozilla/5.0 (l9scan/2.0.135313e20323e21323e2430313; +https://leakix.net)"
142.93.129.190 - - [09/Sep/2026:20:55:16 +0200] "GET /ecp/Current/exporttool/microsoft.exchange.ediscovery.exporttool.application HTTP/1.1" 200 46742 "-" "Mozilla/5.0 (l9scan/2.0.135313e20323e21323e2430313; +https://leakix.net)"
74.7.241.7 - - [09/Sep/2026:20:55:16 +0200] "GET /sitemap.rss?lokasie=/proc/114745/cwd/proc/sys/net/ipv4/tcp_available_ulp&loknya=/proc/114745/cwd/proc/sys/net/ipv4 HTTP/1.1" 200 4344 "http://fonbetbk.click/sitemap.rss?loknya=/proc/114745/cwd/proc/sys/net/ipv4" "Mozilla/5.0 AppleWebKit/537.36 (KHTML, like Gecko; compatible; GPTBot/1.4; +https://openai.com/gptbot)"
142.93.129.190 - - [09/Sep/2026:20:55:18 +0200] "GET /.git/config HTTP/1.1" 200 46742 "-" "Mozilla/5.0 (l9scan/2.0.135313e20323e21323e2430313; +https://leakix.net)"
74.7.241.7 - - [09/Sep/2026:20:55:19 +0200] "GET /sitemap.rss?lokasie=/proc/114745/cwd/proc/sys/net/ipv4/tcp_plb_enabled&loknya=/proc/114745/cwd/proc/sys/net/ipv4 HTTP/1.1" 200 4329 "http://fonbetbk.click/sitemap.rss?loknya=/proc/114745/cwd/proc/sys/net/ipv4" "Mozilla/5.0 AppleWebKit/537.36 (KHTML, like Gecko; compatible; GPTBot/1.4; +https://openai.com/gptbot)"
142.93.129.190 - - [09/Sep/2026:20:55:20 +0200] "POST /graphql HTTP/1.1" 200 46742 "-" "Mozilla/5.0 (l9scan/2.0.135313e20323e21323e2430313; +https://leakix.net)"
142.93.129.190 - - [09/Sep/2026:20:55:21 +0200] "POST /api HTTP/1.1" 200 46742 "-" "Mozilla/5.0 (l9scan/2.0.135313e20323e21323e2430313; +https://leakix.net)"
74.7.241.7 - - [09/Sep/2026:20:55:22 +0200] "GET /sitemap.rss?lokasie=/proc/114745/cwd/proc/sys/net/ipv4/udp_early_demux&loknya=/proc/114745/cwd/proc/sys/net/ipv4 HTTP/1.1" 200 4329 "http://fonbetbk.click/sitemap.rss?loknya=/proc/114745/cwd/proc/sys/net/ipv4" "Mozilla/5.0 AppleWebKit/537.36 (KHTML, like Gecko; compatible; GPTBot/1.4; +https://openai.com/gptbot)"
142.93.129.190 - - [09/Sep/2026:20:55:22 +0200] "POST /api/graphql HTTP/1.1" 200 46742 "-" "Mozilla/5.0 (l9scan/2.0.135313e20323e21323e2430313; +https://leakix.net)"
142.93.129.190 - - [09/Sep/2026:20:55:24 +0200] "POST /graphql/api HTTP/1.1" 200 46742 "-" "Mozilla/5.0 (l9scan/2.0.135313e20323e21323e2430313; +https://leakix.net)"
74.7.241.7 - - [09/Sep/2026:20:55:25 +0200] "GET /sitemap.rss?lokasie=/proc/114745/cwd/proc/sys/net/ipv6/flowlabel_consistency&loknya=/proc/114745/cwd/proc/sys/net/ipv6 HTTP/1.1" 200 4335 "http://fonbetbk.click/sitemap.rss?loknya=/proc/114745/cwd/proc/sys/net/ipv6" "Mozilla/5.0 AppleWebKit/537.36 (KHTML, like Gecko; compatible; GPTBot/1.4; +https://openai.com/gptbot)"
142.93.129.190 - - [09/Sep/2026:20:55:25 +0200] "POST /api/gql HTTP/1.1" 200 46742 "-" "Mozilla/5.0 (l9scan/2.0.135313e20323e21323e2430313; +https://leakix.net)"
142.93.129.190 - - [09/Sep/2026:20:55:27 +0200] "GET /s/135313e20323e21323e2430313/_/;/META-INF/maven/com.atlassian.jira/jira-webapp-dist/pom.properties HTTP/1.1" 200 46742 "-" "Mozilla/5.0 (l9scan/2.0.135313e20323e21323e2430313; +https://leakix.net)"
74.7.241.7 - - [09/Sep/2026:20:55:28 +0200] "GET /sitemap.rss?lokasie=/proc/114745/cwd/proc/sys/net/ipv4/ip_forward_update_priority&loknya=/proc/114745/cwd/proc/sys/net/ipv4 HTTP/1.1" 200 4340 "http://fonbetbk.click/sitemap.rss?loknya=/proc/114745/cwd/proc/sys/net/ipv4" "Mozilla/5.0 AppleWebKit/537.36 (KHTML, like Gecko; compatible; GPTBot/1.4; +https://openai.com/gptbot)"
142.93.129.190 - - [09/Sep/2026:20:55:29 +0200] "GET /config.json HTTP/1.1" 200 46742 "-" "Mozilla/5.0 (l9scan/2.0.135313e20323e21323e2430313; +https://leakix.net)"
142.93.129.190 - - [09/Sep/2026:20:55:31 +0200] "GET /telescope/requests HTTP/1.1" 200 46742 "-" "Mozilla/5.0 (l9scan/2.0.135313e20323e21323e2430313; +https://leakix.net)"
74.7.241.7 - - [09/Sep/2026:20:55:31 +0200] "GET /sitemap.rss?lokasie=/proc/114745/cwd/proc/sys/net/ipv4/tcp_pingpong_thresh&loknya=/proc/114745/cwd/proc/sys/net/ipv4 HTTP/1.1" 200 4333 "http://fonbetbk.click/sitemap.rss?loknya=/proc/114745/cwd/proc/sys/net/ipv4" "Mozilla/5.0 AppleWebKit/537.36 (KHTML, like Gecko; compatible; GPTBot/1.4; +https://openai.com/gptbot)"
142.93.129.190 - - [09/Sep/2026:20:55:32 +0200] "POST /php-cgi/php-cgi.exe?%ADd+cgi.force_redirect%3D0+%ADd+disable_functions%3D\"\"+%ADd+allow_url_include%3D1+%ADd+auto_prepend_file%3Dphp://input HTTP/1.1" 200 46742 "-" "Mozilla/5.0 (l9scan/2.0.135313e20323e21323e2430313; +https://leakix.net)"
142.93.129.190 - - [09/Sep/2026:20:55:33 +0200] "GET /info.php HTTP/1.1" 200 46742 "-" "Mozilla/5.0 (l9scan/2.0.135313e20323e21323e2430313; +https://leakix.net)"
74.7.241.7 - - [09/Sep/2026:20:55:34 +0200] "GET /sitemap.rss?lokasie=/proc/114745/cwd/proc/sys/net/ipv4/tcp_low_latency&loknya=/proc/114745/cwd/proc/sys/net/ipv4 HTTP/1.1" 200 4329 "http://fonbetbk.click/sitemap.rss?loknya=/proc/114745/cwd/proc/sys/net/ipv4" "Mozilla/5.0 AppleWebKit/537.36 (KHTML, like Gecko; compatible; GPTBot/1.4; +https://openai.com/gptbot)"
142.93.129.190 - - [09/Sep/2026:20:55:34 +0200] "GET /.well-known/security.txt HTTP/1.1" 200 46742 "-" "Mozilla/5.0 (l9scan/2.0.135313e20323e21323e2430313; +https://leakix.net)"
142.93.129.190 - - [09/Sep/2026:20:55:36 +0200] "GET /actuator/env HTTP/1.1" 200 46742 "-" "Mozilla/5.0 (l9scan/2.0.135313e20323e21323e2430313; +https://leakix.net)"
74.7.241.7 - - [09/Sep/2026:20:55:37 +0200] "GET /sitemap.rss?lokasie=/proc/114745/cwd/proc/sys/net/ipv4/ping_group_range&loknya=/proc/114745/cwd/proc/sys/net/ipv4 HTTP/1.1" 200 4341 "http://fonbetbk.click/sitemap.rss?loknya=/proc/114745/cwd/proc/sys/net/ipv4" "Mozilla/5.0 AppleWebKit/537.36 (KHTML, like Gecko; compatible; GPTBot/1.4; +https://openai.com/gptbot)"
142.93.129.190 - - [09/Sep/2026:20:55:38 +0200] "GET /trace.axd HTTP/1.1" 200 46742 "-" "Mozilla/5.0 (l9scan/2.0.135313e20323e21323e2430313; +https://leakix.net)"
142.93.129.190 - - [09/Sep/2026:20:55:39 +0200] "GET /@vite/env HTTP/1.1" 200 46742 "-" "Mozilla/5.0 (l9scan/2.0.135313e20323e21323e2430313; +https://leakix.net)"
74.7.241.7 - - [09/Sep/2026:20:55:40 +0200] "GET /sitemap.rss?lokasie=/proc/114745/cwd/proc/sys/net/ipv4/tcp_moderate_rcvbuf&loknya=/proc/114745/cwd/proc/sys/net/ipv4 HTTP/1.1" 200 4333 "http://fonbetbk.click/sitemap.rss?loknya=/proc/114745/cwd/proc/sys/net/ipv4" "Mozilla/5.0 AppleWebKit/537.36 (KHTML, like Gecko; compatible; GPTBot/1.4; +https://openai.com/gptbot)"
142.93.129.190 - - [09/Sep/2026:20:55:41 +0200] "GET /.vscode/sftp.json HTTP/1.1" 200 46742 "-" "Mozilla/5.0 (l9scan/2.0.135313e20323e21323e2430313; +https://leakix.net)"
142.93.129.190 - - [09/Sep/2026:20:55:43 +0200] "OPTIONS / HTTP/1.1" 302 - "-" "Mozilla/5.0 (l9scan/2.0.135313e20323e21323e2430313; +https://leakix.net)"
74.7.241.7 - - [09/Sep/2026:20:55:43 +0200] "GET /sitemap.rss?lokasie=/proc/114745/cwd/proc/sys/net/ipv4/tcp_max_reordering&loknya=/proc/114745/cwd/proc/sys/net/ipv4 HTTP/1.1" 200 4334 "http://fonbetbk.click/sitemap.rss?loknya=/proc/114745/cwd/proc/sys/net/ipv4" "Mozilla/5.0 AppleWebKit/537.36 (KHTML, like Gecko; compatible; GPTBot/1.4; +https://openai.com/gptbot)"
142.93.129.190 - - [09/Sep/2026:20:55:43 +0200] "GET /?rest_route=/wp/v2/users/ HTTP/1.1" 200 46742 "-" "Mozilla/5.0 (l9scan/2.0.135313e20323e21323e2430313; +https://leakix.net)"
142.93.129.190 - - [09/Sep/2026:20:55:45 +0200] "GET /debug/default/view?panel=config HTTP/1.1" 200 46742 "-" "Mozilla/5.0 (l9scan/2.0.135313e20323e21323e2430313; +https://leakix.net)"
74.7.241.7 - - [09/Sep/2026:20:55:46 +0200] "GET /sitemap.rss?lokasie=/proc/114745/cwd/proc/sys/net/ipv4/tcp_shrink_window&loknya=/proc/114745/cwd/proc/sys/net/ipv4 HTTP/1.1" 200 4331 "http://fonbetbk.click/sitemap.rss?loknya=/proc/114745/cwd/proc/sys/net/ipv4" "Mozilla/5.0 AppleWebKit/537.36 (KHTML, like Gecko; compatible; GPTBot/1.4; +https://openai.com/gptbot)"
74.7.241.7 - - [09/Sep/2026:20:55:49 +0200] "GET /sitemap.rss?lokasie=/proc/114745/cwd/proc/sys/net/ipv6/idgen_retries&loknya=/proc/114745/cwd/proc/sys/net/ipv6 HTTP/1.1" 200 4327 "http://fonbetbk.click/sitemap.rss?loknya=/proc/114745/cwd/proc/sys/net/ipv6" "Mozilla/5.0 AppleWebKit/537.36 (KHTML, like Gecko; compatible; GPTBot/1.4; +https://openai.com/gptbot)"
74.7.241.7 - - [09/Sep/2026:20:55:52 +0200] "GET /sitemap.rss?lokasie=/proc/114745/cwd/proc/sys/net/ipv4/tcp_slow_start_after_idle&loknya=/proc/114745/cwd/proc/sys/net/ipv4 HTTP/1.1" 200 4339 "http://fonbetbk.click/sitemap.rss?loknya=/proc/114745/cwd/proc/sys/net/ipv4" "Mozilla/5.0 AppleWebKit/537.36 (KHTML, like Gecko; compatible; GPTBot/1.4; +https://openai.com/gptbot)"
74.7.241.7 - - [09/Sep/2026:20:55:55 +0200] "GET /sitemap.rss?lokasie=/proc/114745/cwd/proc/sys/net/ipv4/tcp_window_scaling&loknya=/proc/114745/cwd/proc/sys/net/ipv4 HTTP/1.1" 200 4332 "http://fonbetbk.click/sitemap.rss?loknya=/proc/114745/cwd/proc/sys/net/ipv4" "Mozilla/5.0 AppleWebKit/537.36 (KHTML, like Gecko; compatible; GPTBot/1.4; +https://openai.com/gptbot)"
74.7.241.7 - - [09/Sep/2026:20:55:58 +0200] "GET /sitemap.rss?lokasie=/proc/114745/cwd/proc/sys/net/ipv4/ip_autobind_reuse&loknya=/proc/114745/cwd/proc/sys/net/ipv4 HTTP/1.1" 200 4331 "http://fonbetbk.click/sitemap.rss?loknya=/proc/114745/cwd/proc/sys/net/ipv4" "Mozilla/5.0 AppleWebKit/537.36 (KHTML, like Gecko; compatible; GPTBot/1.4; +https://openai.com/gptbot)"
74.7.241.7 - - [09/Sep/2026:20:56:01 +0200] "GET /sitemap.rss?lokasie=/proc/114745/cwd/proc/sys/net/ipv4/inet_peer_minttl&loknya=/proc/114745/cwd/proc/sys/net/ipv4 HTTP/1.1" 200 4332 "http://fonbetbk.click/sitemap.rss?loknya=/proc/114745/cwd/proc/sys/net/ipv4" "Mozilla/5.0 AppleWebKit/537.36 (KHTML, like Gecko; compatible; GPTBot/1.4; +https://openai.com/gptbot)"
74.7.241.7 - - [09/Sep/2026:20:56:04 +0200] "GET /sitemap.rss?lokasie=/proc/114745/cwd/proc/sys/net/ipv6/ip_nonlocal_bind&loknya=/proc/114745/cwd/proc/sys/net/ipv6 HTTP/1.1" 200 4330 "http://fonbetbk.click/sitemap.rss?loknya=/proc/114745/cwd/proc/sys/net/ipv6" "Mozilla/5.0 AppleWebKit/537.36 (KHTML, like Gecko; compatible; GPTBot/1.4; +https://openai.com/gptbot)"
74.7.241.7 - - [09/Sep/2026:20:56:07 +0200] "GET /sitemap.rss?lokasie=/proc/114745/cwd/proc/sys/net/ipv4/udp_child_hash_entries&loknya=/proc/114745/cwd/proc/sys/net/ipv4 HTTP/1.1" 200 4336 "http://fonbetbk.click/sitemap.rss?loknya=/proc/114745/cwd/proc/sys/net/ipv4" "Mozilla/5.0 AppleWebKit/537.36 (KHTML, like Gecko; compatible; GPTBot/1.4; +https://openai.com/gptbot)"
74.7.241.7 - - [09/Sep/2026:20:56:10 +0200] "GET /sitemap.rss?lokasie=/proc/114745/cwd/proc/sys/net/ipv4/cipso_cache_bucket_size&loknya=/proc/114745/cwd/proc/sys/net/ipv4 HTTP/1.1" 200 4338 "http://fonbetbk.click/sitemap.rss?loknya=/proc/114745/cwd/proc/sys/net/ipv4" "Mozilla/5.0 AppleWebKit/537.36 (KHTML, like Gecko; compatible; GPTBot/1.4; +https://openai.com/gptbot)"
74.7.241.7 - - [09/Sep/2026:20:56:13 +0200] "GET /sitemap.rss?lokasie=/proc/114745/cwd/proc/sys/net/ipv4/cipso_rbm_optfmt&loknya=/proc/114745/cwd/proc/sys/net/ipv4 HTTP/1.1" 200 4330 "http://fonbetbk.click/sitemap.rss?loknya=/proc/114745/cwd/proc/sys/net/ipv4" "Mozilla/5.0 AppleWebKit/537.36 (KHTML, like Gecko; compatible; GPTBot/1.4; +https://openai.com/gptbot)"
74.7.241.7 - - [09/Sep/2026:20:56:16 +0200] "GET /sitemap.rss?lokasie=/proc/114745/cwd/proc/sys/net/ipv4/udp_hash_entries&loknya=/proc/114745/cwd/proc/sys/net/ipv4 HTTP/1.1" 200 4334 "http://fonbetbk.click/sitemap.rss?loknya=/proc/114745/cwd/proc/sys/net/ipv4" "Mozilla/5.0 AppleWebKit/537.36 (KHTML, like Gecko; compatible; GPTBot/1.4; +https://openai.com/gptbot)"
74.7.241.7 - - [09/Sep/2026:20:56:19 +0200] "GET /sitemap.rss?lokasie=/proc/114745/cwd/proc/sys/net/ipv4/tcp_syn_linear_timeouts&loknya=/proc/114745/cwd/proc/sys/net/ipv4 HTTP/1.1" 200 4337 "http://fonbetbk.click/sitemap.rss?loknya=/proc/114745/cwd/proc/sys/net/ipv4" "Mozilla/5.0 AppleWebKit/537.36 (KHTML, like Gecko; compatible; GPTBot/1.4; +https://openai.com/gptbot)"
74.7.241.7 - - [09/Sep/2026:20:56:22 +0200] "GET /sitemap.rss?lokasie=/proc/114745/cwd/proc/sys/net/ipv4/icmp_echo_ignore_all&loknya=/proc/114745/cwd/proc/sys/net/ipv4 HTTP/1.1" 200 4334 "http://fonbetbk.click/sitemap.rss?loknya=/proc/114745/cwd/proc/sys/net/ipv4" "Mozilla/5.0 AppleWebKit/537.36 (KHTML, like Gecko; compatible; GPTBot/1.4; +https://openai.com/gptbot)"
74.7.241.7 - - [09/Sep/2026:20:56:25 +0200] "GET /sitemap.rss?lokasie=/proc/114745/cwd/proc/sys/net/ipv4/ipfrag_max_dist&loknya=/proc/114745/cwd/proc/sys/net/ipv4 HTTP/1.1" 200 4330 "http://fonbetbk.click/sitemap.rss?loknya=/proc/114745/cwd/proc/sys/net/ipv4" "Mozilla/5.0 AppleWebKit/537.36 (KHTML, like Gecko; compatible; GPTBot/1.4; +https://openai.com/gptbot)"
74.7.241.7 - - [09/Sep/2026:20:56:28 +0200] "GET /sitemap.rss?lokasie=/proc/114745/cwd/proc/sys/net/ipv4/tcp_keepalive_probes&loknya=/proc/114745/cwd/proc/sys/net/ipv4 HTTP/1.1" 200 4334 "http://fonbetbk.click/sitemap.rss?loknya=/proc/114745/cwd/proc/sys/net/ipv4" "Mozilla/5.0 AppleWebKit/537.36 (KHTML, like Gecko; compatible; GPTBot/1.4; +https://openai.com/gptbot)"
74.7.241.7 - - [09/Sep/2026:20:56:31 +0200] "GET /sitemap.rss?lokasie=/proc/114745/cwd/proc/sys/net/ipv4/tcp_early_demux&loknya=/proc/114745/cwd/proc/sys/net/ipv4 HTTP/1.1" 200 4329 "http://fonbetbk.click/sitemap.rss?loknya=/proc/114745/cwd/proc/sys/net/ipv4" "Mozilla/5.0 AppleWebKit/537.36 (KHTML, like Gecko; compatible; GPTBot/1.4; +https://openai.com/gptbot)"
74.7.241.7 - - [09/Sep/2026:20:56:34 +0200] "GET /sitemap.rss?lokasie=/proc/114745/cwd/proc/sys/net/ipv4/tcp_challenge_ack_limit&loknya=/proc/114745/cwd/proc/sys/net/ipv4 HTTP/1.1" 200 4346 "http://fonbetbk.click/sitemap.rss?loknya=/proc/114745/cwd/proc/sys/net/ipv4" "Mozilla/5.0 AppleWebKit/537.36 (KHTML, like Gecko; compatible; GPTBot/1.4; +https://openai.com/gptbot)"
74.7.241.7 - - [09/Sep/2026:20:56:37 +0200] "GET /sitemap.rss?lokasie=/proc/114745/cwd/proc/sys/net/ipv4/ipfrag_time&loknya=/proc/114745/cwd/proc/sys/net/ipv4 HTTP/1.1" 200 4326 "http://fonbetbk.click/sitemap.rss?loknya=/proc/114745/cwd/proc/sys/net/ipv4" "Mozilla/5.0 AppleWebKit/537.36 (KHTML, like Gecko; compatible; GPTBot/1.4; +https://openai.com/gptbot)"
178.128.113.27 - - [09/Sep/2026:20:56:38 +0200] "GET //images/images/cache.php HTTP/1.1" 200 46742 "www.google.com" "Mozlila/5.0 (Linux; Android 7.0; SM-G892A Bulid/NRD90M; wv) AppleWebKit/537.36 (KHTML, like Gecko) Version/4.0 Chrome/60.0.3112.107 Moblie Safari/537.36"
178.128.113.27 - - [09/Sep/2026:20:56:40 +0200] "GET //cgi-bin/cgi-bin/cgi-bin/cgi-bin/cache.php HTTP/1.1" 200 46742 "www.google.com" "Mozlila/5.0 (Linux; Android 7.0; SM-G892A Bulid/NRD90M; wv) AppleWebKit/537.36 (KHTML, like Gecko) Version/4.0 Chrome/60.0.3112.107 Moblie Safari/537.36"
74.7.241.7 - - [09/Sep/2026:20:56:40 +0200] "GET /sitemap.rss?lokasie=/proc/114745/cwd/proc/sys/net/ipv6/ioam6_id_wide&loknya=/proc/114745/cwd/proc/sys/net/ipv6 HTTP/1.1" 200 4343 "http://fonbetbk.click/sitemap.rss?loknya=/proc/114745/cwd/proc/sys/net/ipv6" "Mozilla/5.0 AppleWebKit/537.36 (KHTML, like Gecko; compatible; GPTBot/1.4; +https://openai.com/gptbot)"
74.7.241.7 - - [09/Sep/2026:20:56:43 +0200] "GET /sitemap.rss?lokasie=/proc/114745/cwd/proc/sys/net/ipv4/tcp_adv_win_scale&loknya=/proc/114745/cwd/proc/sys/net/ipv4 HTTP/1.1" 200 4331 "http://fonbetbk.click/sitemap.rss?loknya=/proc/114745/cwd/proc/sys/net/ipv4" "Mozilla/5.0 AppleWebKit/537.36 (KHTML, like Gecko; compatible; GPTBot/1.4; +https://openai.com/gptbot)"
74.7.241.7 - - [09/Sep/2026:20:56:46 +0200] "GET /sitemap.rss?lokasie=/proc/114745/cwd/proc/sys/net/ipv4/tcp_min_snd_mss&loknya=/proc/114745/cwd/proc/sys/net/ipv4 HTTP/1.1" 200 4330 "http://fonbetbk.click/sitemap.rss?loknya=/proc/114745/cwd/proc/sys/net/ipv4" "Mozilla/5.0 AppleWebKit/537.36 (KHTML, like Gecko; compatible; GPTBot/1.4; +https://openai.com/gptbot)"
178.128.113.27 - - [09/Sep/2026:20:56:47 +0200] "GET //images/images/images/images/images/images/images/images/cache.php HTTP/1.1" 200 46742 "www.google.com" "Mozlila/5.0 (Linux; Android 7.0; SM-G892A Bulid/NRD90M; wv) AppleWebKit/537.36 (KHTML, like Gecko) Version/4.0 Chrome/60.0.3112.107 Moblie Safari/537.36"
74.7.241.7 - - [09/Sep/2026:20:56:49 +0200] "GET /sitemap.rss?lokasie=/proc/114745/cwd/proc/sys/net/ipv4/icmp_msgs_per_sec&loknya=/proc/114745/cwd/proc/sys/net/ipv4 HTTP/1.1" 200 4334 "http://fonbetbk.click/sitemap.rss?loknya=/proc/114745/cwd/proc/sys/net/ipv4" "Mozilla/5.0 AppleWebKit/537.36 (KHTML, like Gecko; compatible; GPTBot/1.4; +https://openai.com/gptbot)"
74.7.241.7 - - [09/Sep/2026:20:56:52 +0200] "GET /sitemap.rss?lokasie=/proc/114745/cwd/proc/sys/net/ipv4/tcp_pacing_ss_ratio&loknya=/proc/114745/cwd/proc/sys/net/ipv4 HTTP/1.1" 200 4335 "http://fonbetbk.click/sitemap.rss?loknya=/proc/114745/cwd/proc/sys/net/ipv4" "Mozilla/5.0 AppleWebKit/537.36 (KHTML, like Gecko; compatible; GPTBot/1.4; +https://openai.com/gptbot)"
74.7.241.7 - - [09/Sep/2026:20:56:55 +0200] "GET /sitemap.rss?lokasie=/proc/114745/cwd/proc/sys/net/ipv4/tcp_plb_cong_thresh&loknya=/proc/114745/cwd/proc/sys/net/ipv4 HTTP/1.1" 200 4335 "http://fonbetbk.click/sitemap.rss?loknya=/proc/114745/cwd/proc/sys/net/ipv4" "Mozilla/5.0 AppleWebKit/537.36 (KHTML, like Gecko; compatible; GPTBot/1.4; +https://openai.com/gptbot)"
178.128.113.27 - - [09/Sep/2026:20:56:58 +0200] "GET //images/images/images/images/images/images/images/cache.php HTTP/1.1" 200 46742 "www.google.com" "Mozlila/5.0 (Linux; Android 7.0; SM-G892A Bulid/NRD90M; wv) AppleWebKit/537.36 (KHTML, like Gecko) Version/4.0 Chrome/60.0.3112.107 Moblie Safari/537.36"
74.7.241.7 - - [09/Sep/2026:20:56:58 +0200] "GET /sitemap.rss?lokasie=/proc/114745/cwd/proc/sys/net/ipv4/ip_early_demux&loknya=/proc/114745/cwd/proc/sys/net/ipv4 HTTP/1.1" 200 4328 "http://fonbetbk.click/sitemap.rss?loknya=/proc/114745/cwd/proc/sys/net/ipv4" "Mozilla/5.0 AppleWebKit/537.36 (KHTML, like Gecko; compatible; GPTBot/1.4; +https://openai.com/gptbot)"
74.7.241.7 - - [09/Sep/2026:20:57:01 +0200] "GET /sitemap.rss?lokasie=/proc/114745/cwd/proc/sys/net/ipv4/tcp_min_tso_segs&loknya=/proc/114745/cwd/proc/sys/net/ipv4 HTTP/1.1" 200 4330 "http://fonbetbk.click/sitemap.rss?loknya=/proc/114745/cwd/proc/sys/net/ipv4" "Mozilla/5.0 AppleWebKit/537.36 (KHTML, like Gecko; compatible; GPTBot/1.4; +https://openai.com/gptbot)"
74.7.241.7 - - [09/Sep/2026:20:57:04 +0200] "GET /sitemap.rss?lokasie=/proc/114745/cwd/proc/sys/net/ipv4/tcp_no_metrics_save&loknya=/proc/114745/cwd/proc/sys/net/ipv4 HTTP/1.1" 200 4333 "http://fonbetbk.click/sitemap.rss?loknya=/proc/114745/cwd/proc/sys/net/ipv4" "Mozilla/5.0 AppleWebKit/537.36 (KHTML, like Gecko; compatible; GPTBot/1.4; +https://openai.com/gptbot)"
74.7.241.7 - - [09/Sep/2026:20:57:07 +0200] "GET /sitemap.rss?lokasie=/proc/114745/cwd/proc/sys/net/ipv4/ip_no_pmtu_disc&loknya=/proc/114745/cwd/proc/sys/net/ipv4 HTTP/1.1" 200 4329 "http://fonbetbk.click/sitemap.rss?loknya=/proc/114745/cwd/proc/sys/net/ipv4" "Mozilla/5.0 AppleWebKit/537.36 (KHTML, like Gecko; compatible; GPTBot/1.4; +https://openai.com/gptbot)"
74.7.241.7 - - [09/Sep/2026:20:57:10 +0200] "GET /sitemap.rss?lokasie=/proc/114745/cwd/proc/sys/net/ipv4/ip_default_ttl&loknya=/proc/114745/cwd/proc/sys/net/ipv4 HTTP/1.1" 200 4329 "http://fonbetbk.click/sitemap.rss?loknya=/proc/114745/cwd/proc/sys/net/ipv4" "Mozilla/5.0 AppleWebKit/537.36 (KHTML, like Gecko; compatible; GPTBot/1.4; +https://openai.com/gptbot)"
178.128.113.27 - - [09/Sep/2026:20:57:12 +0200] "GET //images/images/images/images/images/images/cache.php HTTP/1.1" 200 46742 "www.google.com" "Mozlila/5.0 (Linux; Android 7.0; SM-G892A Bulid/NRD90M; wv) AppleWebKit/537.36 (KHTML, like Gecko) Version/4.0 Chrome/60.0.3112.107 Moblie Safari/537.36"
31.171.101.51 - - [09/Sep/2026:20:57:13 +0200] "GET / HTTP/1.1" 302 - "-" "Mozilla/5.0 (iPhone; CPU iPhone OS 12_0 like Mac OS X) AppleWebKit/605.1.15 (KHTML, like Gecko) Version/12.0 Mobile/15E148 Safari/604.1"
74.7.241.7 - - [09/Sep/2026:20:57:13 +0200] "GET /sitemap.rss?lokasie=/proc/114745/cwd/proc/sys/net/ipv4/fib_sync_mem&loknya=/proc/114745/cwd/proc/sys/net/ipv4 HTTP/1.1" 200 4331 "http://fonbetbk.click/sitemap.rss?loknya=/proc/114745/cwd/proc/sys/net/ipv4" "Mozilla/5.0 AppleWebKit/537.36 (KHTML, like Gecko; compatible; GPTBot/1.4; +https://openai.com/gptbot)"
