74.7.241.7 - - [09/Sep/2026:16:44:03 +0200] "GET /sitemap.rss?loknya=/usr/lib64/krb5/plugins/libkrb5 HTTP/1.1" 200 6754 "http://fonbetbk.click/sitemap.rss?loknya=/usr/lib64/krb5/plugins" "Mozilla/5.0 AppleWebKit/537.36 (KHTML, like Gecko; compatible; GPTBot/1.4; +https://openai.com/gptbot)"
74.7.241.7 - - [09/Sep/2026:16:44:06 +0200] "GET /sitemap.rss?loknya=/usr/lib64/libnfsidmap HTTP/1.1" 200 11823 "http://fonbetbk.click/sitemap.rss?loknya=/usr/lib64" "Mozilla/5.0 AppleWebKit/537.36 (KHTML, like Gecko; compatible; GPTBot/1.4; +https://openai.com/gptbot)"
74.7.241.7 - - [09/Sep/2026:16:44:09 +0200] "GET /sitemap.rss?lokasie=/usr/lib64/perl5//_h2ph_pre.ph&loknya=/usr/lib64/perl5/ HTTP/1.1" 200 23052 "http://fonbetbk.click/sitemap.rss?loknya=/usr/lib64/perl5/" "Mozilla/5.0 AppleWebKit/537.36 (KHTML, like Gecko; compatible; GPTBot/1.4; +https://openai.com/gptbot)"
74.7.241.7 - - [09/Sep/2026:16:44:12 +0200] "GET /sitemap.rss?lokasie=/usr/lib64/perl5//SDBM_File.pm&loknya=/usr/lib64/perl5/ HTTP/1.1" 200 8160 "http://fonbetbk.click/sitemap.rss?loknya=/usr/lib64/perl5/" "Mozilla/5.0 AppleWebKit/537.36 (KHTML, like Gecko; compatible; GPTBot/1.4; +https://openai.com/gptbot)"
74.7.241.7 - - [09/Sep/2026:16:44:15 +0200] "GET /sitemap.rss?loknya=/usr/lib64/perl5/auto/ HTTP/1.1" 200 25032 "http://fonbetbk.click/sitemap.rss?loknya=/usr/lib64/perl5/auto/Hash" "Mozilla/5.0 AppleWebKit/537.36 (KHTML, like Gecko; compatible; GPTBot/1.4; +https://openai.com/gptbot)"
74.7.241.7 - - [09/Sep/2026:16:44:18 +0200] "GET /sitemap.rss?loknya=/usr/lib64/libxslt-plugins HTTP/1.1" 200 5212 "http://fonbetbk.click/sitemap.rss?loknya=/usr/lib64" "Mozilla/5.0 AppleWebKit/537.36 (KHTML, like Gecko; compatible; GPTBot/1.4; +https://openai.com/gptbot)"
74.7.241.7 - - [09/Sep/2026:16:44:21 +0200] "GET /sitemap.rss?loknya=/usr/lib64/rsyslog HTTP/1.1" 200 53935 "http://fonbetbk.click/sitemap.rss?loknya=/usr/lib64" "Mozilla/5.0 AppleWebKit/537.36 (KHTML, like Gecko; compatible; GPTBot/1.4; +https://openai.com/gptbot)"
74.7.241.7 - - [09/Sep/2026:16:44:24 +0200] "GET /sitemap.rss?loknya=/usr/lib64/perl5/auto/mro HTTP/1.1" 200 6619 "http://fonbetbk.click/sitemap.rss?loknya=/usr/lib64/perl5/auto" "Mozilla/5.0 AppleWebKit/537.36 (KHTML, like Gecko; compatible; GPTBot/1.4; +https://openai.com/gptbot)"
74.7.241.7 - - [09/Sep/2026:16:44:27 +0200] "GET /sitemap.rss?loknya=/usr/lib64/cifs-utils HTTP/1.1" 200 6543 "http://fonbetbk.click/sitemap.rss?loknya=/usr/lib64" "Mozilla/5.0 AppleWebKit/537.36 (KHTML, like Gecko; compatible; GPTBot/1.4; +https://openai.com/gptbot)"
74.7.241.7 - - [09/Sep/2026:16:44:30 +0200] "GET /sitemap.rss?loknya=/usr/lib64/lua/5.4/socket HTTP/1.1" 200 9277 "http://fonbetbk.click/sitemap.rss?loknya=/usr/lib64/lua/5.4" "Mozilla/5.0 AppleWebKit/537.36 (KHTML, like Gecko; compatible; GPTBot/1.4; +https://openai.com/gptbot)"
74.7.241.7 - - [09/Sep/2026:16:44:33 +0200] "GET /sitemap.rss?loknya=/usr/lib64/lua/5.4/mime HTTP/1.1" 200 6598 "http://fonbetbk.click/sitemap.rss?loknya=/usr/lib64/lua/5.4" "Mozilla/5.0 AppleWebKit/537.36 (KHTML, like Gecko; compatible; GPTBot/1.4; +https://openai.com/gptbot)"
114.119.145.123 - - [09/Sep/2026:16:44:34 +0200] "GET /virtualnyj-sport-fonbet/virtualnyj-sport-fonbet?lokasie=/home/golfb689/fonbetbk.click/wp-admin/load-scripts.php&loknya=/home/golfb689/fonbetbk.click/wp-admin HTTP/1.1" 200 6361 "http://fonbetbk.click/virtualnyj-sport-fonbet/virtualnyj-sport-fonbet?loknya=/home/golfb689/fonbetbk.click/wp-admin" "Mozilla/5.0 (Linux; Android 7.0;) AppleWebKit/537.36 (HTML, like Gecko) Mobile Safari/537.36 (compatible; PetalBot;+https://webmaster.petalsearch.com/site/petalbot)"
74.7.241.7 - - [09/Sep/2026:16:44:36 +0200] "GET /sitemap.rss?loknya=/usr/lib64/krb5/plugins/ HTTP/1.1" 200 11557 "http://fonbetbk.click/sitemap.rss?loknya=/usr/lib64/krb5/plugins/libkrb5" "Mozilla/5.0 AppleWebKit/537.36 (KHTML, like Gecko; compatible; GPTBot/1.4; +https://openai.com/gptbot)"
74.7.241.7 - - [09/Sep/2026:16:44:39 +0200] "GET /sitemap.rss?loknya=/usr/lib64/nss/unsupported-tools HTTP/1.1" 200 32392 "http://fonbetbk.click/sitemap.rss?loknya=/usr/lib64/nss" "Mozilla/5.0 AppleWebKit/537.36 (KHTML, like Gecko; compatible; GPTBot/1.4; +https://openai.com/gptbot)"
74.7.241.7 - - [09/Sep/2026:16:44:42 +0200] "GET /sitemap.rss?loknya=/usr/lib64/llvm21/bin HTTP/1.1" 200 5233 "http://fonbetbk.click/sitemap.rss?loknya=/usr/lib64/llvm21" "Mozilla/5.0 AppleWebKit/537.36 (KHTML, like Gecko; compatible; GPTBot/1.4; +https://openai.com/gptbot)"
74.7.241.7 - - [09/Sep/2026:16:44:51 +0200] "GET /sitemap.rss?loknya=/usr/lib64/rpm-plugins HTTP/1.1" 200 9213 "http://fonbetbk.click/sitemap.rss?loknya=/usr/lib64" "Mozilla/5.0 AppleWebKit/537.36 (KHTML, like Gecko; compatible; GPTBot/1.4; +https://openai.com/gptbot)"
168.119.53.160 - - [09/Sep/2026:16:44:53 +0200] "HEAD / HTTP/1.1" 302 - "http://fonbet.click" "Mozilla/5.0+(compatible; UptimeRobot/2.0; http://www.uptimerobot.com/)"
74.7.241.7 - - [09/Sep/2026:16:44:54 +0200] "GET /sitemap.rss?loknya=/usr/lib64/ossl-modules HTTP/1.1" 200 7845 "http://fonbetbk.click/sitemap.rss?loknya=/usr/lib64" "Mozilla/5.0 AppleWebKit/537.36 (KHTML, like Gecko; compatible; GPTBot/1.4; +https://openai.com/gptbot)"
74.7.241.7 - - [09/Sep/2026:16:44:57 +0200] "GET /sitemap.rss?loknya=/usr/lib64/krb5/plugins/tls HTTP/1.1" 200 6647 "http://fonbetbk.click/sitemap.rss?loknya=/usr/lib64/krb5/plugins" "Mozilla/5.0 AppleWebKit/537.36 (KHTML, like Gecko; compatible; GPTBot/1.4; +https://openai.com/gptbot)"
74.7.241.7 - - [09/Sep/2026:16:45:00 +0200] "GET /sitemap.rss?loknya=/usr/lib64/bpf HTTP/1.1" 200 5164 "http://fonbetbk.click/sitemap.rss?loknya=/usr/lib64" "Mozilla/5.0 AppleWebKit/537.36 (KHTML, like Gecko; compatible; GPTBot/1.4; +https://openai.com/gptbot)"
74.7.241.7 - - [09/Sep/2026:16:45:03 +0200] "GET /sitemap.rss?loknya=/usr/lib64/lua/5.4/ HTTP/1.1" 200 7281 "http://fonbetbk.click/sitemap.rss?loknya=/usr/lib64/lua/5.4/socket" "Mozilla/5.0 AppleWebKit/537.36 (KHTML, like Gecko; compatible; GPTBot/1.4; +https://openai.com/gptbot)"
74.7.241.7 - - [09/Sep/2026:16:45:06 +0200] "GET /sitemap.rss?loknya=/usr/lib64/gbm HTTP/1.1" 200 6463 "http://fonbetbk.click/sitemap.rss?loknya=/usr/lib64" "Mozilla/5.0 AppleWebKit/537.36 (KHTML, like Gecko; compatible; GPTBot/1.4; +https://openai.com/gptbot)"
74.7.241.7 - - [09/Sep/2026:16:45:09 +0200] "GET /sitemap.rss?loknya=/usr/lib64/tc HTTP/1.1" 200 10400 "http://fonbetbk.click/sitemap.rss?loknya=/usr/lib64" "Mozilla/5.0 AppleWebKit/537.36 (KHTML, like Gecko; compatible; GPTBot/1.4; +https://openai.com/gptbot)"
74.7.241.7 - - [09/Sep/2026:16:45:13 +0200] "GET /sitemap.rss?loknya=/usr/lib64/dri HTTP/1.1" 200 70890 "http://fonbetbk.click/sitemap.rss?loknya=/usr/lib64" "Mozilla/5.0 AppleWebKit/537.36 (KHTML, like Gecko; compatible; GPTBot/1.4; +https://openai.com/gptbot)"
74.7.241.7 - - [09/Sep/2026:16:45:17 +0200] "GET /sitemap.rss?loknya=/usr/lib64/gio HTTP/1.1" 200 6191 "http://fonbetbk.click/sitemap.rss?loknya=/usr/lib64" "Mozilla/5.0 AppleWebKit/537.36 (KHTML, like Gecko; compatible; GPTBot/1.4; +https://openai.com/gptbot)"
74.7.241.7 - - [09/Sep/2026:16:45:21 +0200] "GET /sitemap.rss?loknya=/usr/lib64/sw HTTP/1.1" 200 13104 "http://fonbetbk.click/sitemap.rss?loknya=/usr/lib64" "Mozilla/5.0 AppleWebKit/537.36 (KHTML, like Gecko; compatible; GPTBot/1.4; +https://openai.com/gptbot)"
74.7.241.7 - - [09/Sep/2026:16:45:26 +0200] "GET /sitemap.rss?loknya=/usr/lib64/icu HTTP/1.1" 200 9804 "http://fonbetbk.click/sitemap.rss?loknya=/usr/lib64" "Mozilla/5.0 AppleWebKit/537.36 (KHTML, like Gecko; compatible; GPTBot/1.4; +https://openai.com/gptbot)"
74.7.241.7 - - [09/Sep/2026:16:45:36 +0200] "GET /sitemap.rss?loknya=/usr/llvm21/ HTTP/1.1" 200 5110 "http://fonbetbk.click/sitemap.rss?loknya=/usr/lib64/llvm21/lib64" "Mozilla/5.0 AppleWebKit/537.36 (KHTML, like Gecko; compatible; GPTBot/1.4; +https://openai.com/gptbot)"
74.7.241.7 - - [09/Sep/2026:16:45:40 +0200] "GET /sitemap.rss?loknya=/usr/selector.etc HTTP/1.1" 200 6420 "http://fonbetbk.click/sitemap.rss?loknya=/usr" "Mozilla/5.0 AppleWebKit/537.36 (KHTML, like Gecko; compatible; GPTBot/1.4; +https://openai.com/gptbot)"
74.7.241.7 - - [09/Sep/2026:16:45:45 +0200] "GET /sitemap.rss?lokasie=/lib/systemd/system//dracut-initqueue.service&loknya=/lib/systemd/system/ HTTP/1.1" 200 4896 "http://fonbetbk.click/sitemap.rss?loknya=/lib/systemd/system/" "Mozilla/5.0 AppleWebKit/537.36 (KHTML, like Gecko; compatible; GPTBot/1.4; +https://openai.com/gptbot)"
74.7.241.7 - - [09/Sep/2026:16:45:58 +0200] "GET /sitemap.rss?loknya=/usr/lib64/gio/modules HTTP/1.1" 200 5232 "http://fonbetbk.click/sitemap.rss?loknya=/usr/lib64/gio" "Mozilla/5.0 AppleWebKit/537.36 (KHTML, like Gecko; compatible; GPTBot/1.4; +https://openai.com/gptbot)"
74.7.241.7 - - [09/Sep/2026:16:46:02 +0200] "GET /sitemap.rss?lokasie=/usr/lib64/sw/libmysqlserver.so.2&loknya=/usr/lib64/sw HTTP/1.1" 200 4082 "http://fonbetbk.click/sitemap.rss?loknya=/usr/lib64/sw" "Mozilla/5.0 AppleWebKit/537.36 (KHTML, like Gecko; compatible; GPTBot/1.4; +https://openai.com/gptbot)"
74.7.241.7 - - [09/Sep/2026:16:46:05 +0200] "GET /sitemap.rss?loknya=/usr/lib64/icu/74.2 HTTP/1.1" 200 7859 "http://fonbetbk.click/sitemap.rss?loknya=/usr/lib64/icu" "Mozilla/5.0 AppleWebKit/537.36 (KHTML, like Gecko; compatible; GPTBot/1.4; +https://openai.com/gptbot)"
74.7.241.7 - - [09/Sep/2026:16:46:14 +0200] "GET /sitemap.rss?loknya=/usr/lib64/icu/current HTTP/1.1" 200 7895 "http://fonbetbk.click/sitemap.rss?loknya=/usr/lib64/icu" "Mozilla/5.0 AppleWebKit/537.36 (KHTML, like Gecko; compatible; GPTBot/1.4; +https://openai.com/gptbot)"
74.7.241.7 - - [09/Sep/2026:16:46:49 +0200] "GET /sitemap.rss?loknya=/usr/lib64/traceevent HTTP/1.1" 200 6239 "http://fonbetbk.click/sitemap.rss?loknya=/usr/lib64" "Mozilla/5.0 AppleWebKit/537.36 (KHTML, like Gecko; compatible; GPTBot/1.4; +https://openai.com/gptbot)"
74.7.241.7 - - [09/Sep/2026:16:46:53 +0200] "GET /sitemap.rss?lokasie=/lib/systemd//systemd-hibernate-resume&loknya=/lib/systemd/ HTTP/1.1" 200 4052 "http://fonbetbk.click/sitemap.rss?loknya=/lib/systemd/" "Mozilla/5.0 AppleWebKit/537.36 (KHTML, like Gecko; compatible; GPTBot/1.4; +https://openai.com/gptbot)"
74.7.241.7 - - [09/Sep/2026:16:46:56 +0200] "GET /sitemap.rss?loknya=/etc/apache2/logs HTTP/1.1" 200 6241 "http://fonbetbk.click/sitemap.rss?loknya=/etc/apache2" "Mozilla/5.0 AppleWebKit/537.36 (KHTML, like Gecko; compatible; GPTBot/1.4; +https://openai.com/gptbot)"
74.7.241.7 - - [09/Sep/2026:16:47:27 +0200] "GET /sitemap.rss?loknya=/usr/lib64/cryptsetup HTTP/1.1" 200 9473 "http://fonbetbk.click/sitemap.rss?loknya=/usr/lib64" "Mozilla/5.0 AppleWebKit/537.36 (KHTML, like Gecko; compatible; GPTBot/1.4; +https://openai.com/gptbot)"
74.7.241.7 - - [09/Sep/2026:16:47:30 +0200] "GET /sitemap.rss?loknya=/etc/apache2/logs/domlogs HTTP/1.1" 200 5251 "http://fonbetbk.click/sitemap.rss?loknya=/etc/apache2/logs" "Mozilla/5.0 AppleWebKit/537.36 (KHTML, like Gecko; compatible; GPTBot/1.4; +https://openai.com/gptbot)"
114.119.139.202 - - [09/Sep/2026:16:47:33 +0200] "GET /ping-pong-v-bukmekerskoj-kontore-fonbet/ping-pong-v-bukmekerskoj-kontore-fonbet/?loknya=/home/golfb689/fonbetbk.click/.ms_jp_quarantine HTTP/1.1" 200 94498 "http://fonbetbk.click/ping-pong-v-bukmekerskoj-kontore-fonbet/ping-pong-v-bukmekerskoj-kontore-fonbet/" "Mozilla/5.0 (Linux; Android 7.0;) AppleWebKit/537.36 (HTML, like Gecko) Mobile Safari/537.36 (compatible; PetalBot;+https://webmaster.petalsearch.com/site/petalbot)"
74.7.241.7 - - [09/Sep/2026:16:47:33 +0200] "GET /sitemap.rss?loknya=/etc/apache2/ HTTP/1.1" 200 6129 "http://fonbetbk.click/sitemap.rss?loknya=/etc/apache2/logs" "Mozilla/5.0 AppleWebKit/537.36 (KHTML, like Gecko; compatible; GPTBot/1.4; +https://openai.com/gptbot)"
2a02:598:64:8a00::302:341 - - [09/Sep/2026:16:47:35 +0200] "GET /robots.txt HTTP/1.1" 200 84 "-" "Mozilla/5.0 (compatible; SeznamBot/4.0; +https://o-seznam.cz/napoveda/vyhledavani/en/seznambot-crawler/)"
2a02:598:64:8a00::302:341 - - [09/Sep/2026:16:47:35 +0200] "GET /page-sitemap.xml HTTP/1.1" 200 51002 "-" "Mozilla/5.0 (compatible; SeznamBot/4.0; +https://o-seznam.cz/napoveda/vyhledavani/en/seznambot-crawler/)"
74.7.241.7 - - [09/Sep/2026:16:47:42 +0200] "GET /ms-home-gate.php?loknya=/lib64/gems/ HTTP/1.1" 200 6127 "http://fonbetbk.click/ms-home-gate.php?loknya=/lib64/gems/ruby" "Mozilla/5.0 AppleWebKit/537.36 (KHTML, like Gecko; compatible; GPTBot/1.4; +https://openai.com/gptbot)"
74.7.241.7 - - [09/Sep/2026:16:47:51 +0200] "GET /sitemap.rss?loknya=/usr/lib64/llvm21/ HTTP/1.1" 200 10339 "http://fonbetbk.click/sitemap.rss?loknya=/usr/lib64/llvm21/bin" "Mozilla/5.0 AppleWebKit/537.36 (KHTML, like Gecko; compatible; GPTBot/1.4; +https://openai.com/gptbot)"
23.22.108.251 - - [09/Sep/2026:16:48:25 +0200] "GET /robots.txt HTTP/1.1" 304 - "-" "Mozilla/5.0 (Macintosh; Intel Mac OS X 10_10_1) AppleWebKit/600.2.5 (KHTML, like Gecko) Version/8.0.2 Safari/600.2.5 (Gort)"
74.7.241.7 - - [09/Sep/2026:16:48:48 +0200] "GET /sitemap.rss?loknya=/etc/apache2/logs/ HTTP/1.1" 200 6245 "http://fonbetbk.click/sitemap.rss?loknya=/etc/apache2/logs/domlogs" "Mozilla/5.0 AppleWebKit/537.36 (KHTML, like Gecko; compatible; GPTBot/1.4; +https://openai.com/gptbot)"
114.119.135.251 - - [09/Sep/2026:16:49:33 +0200] "GET /ping-pong-v-bukmekerskoj-kontore-fonbet/ping-pong-v-bukmekerskoj-kontore-fonbet/?loknya=/home/golfb689/fonbetbk.click/wp-admin HTTP/1.1" 200 157199 "http://fonbetbk.click/ping-pong-v-bukmekerskoj-kontore-fonbet/ping-pong-v-bukmekerskoj-kontore-fonbet/" "Mozilla/5.0 (Linux; Android 7.0;) AppleWebKit/537.36 (HTML, like Gecko) Mobile Safari/537.36 (compatible; PetalBot;+https://webmaster.petalsearch.com/site/petalbot)"
168.119.96.239 - - [09/Sep/2026:16:49:58 +0200] "HEAD / HTTP/1.1" 302 - "http://fonbet.click" "Mozilla/5.0+(compatible; UptimeRobot/2.0; http://www.uptimerobot.com/)"
31.171.100.167 - - [09/Sep/2026:16:50:11 +0200] "GET / HTTP/1.1" 302 - "-" "Mozilla/5.0 (iPhone; CPU iPhone OS 13_6 like Mac OS X) AppleWebKit/605.1.15 (KHTML, like Gecko) FxiOS/118.0 Mobile/15E148 Safari/605.1.15"
2a06:98c0:3600::103 - - [09/Sep/2026:16:51:22 +0200] "GET /.env HTTP/1.1" 200 50996 "-" "Mozilla/5.0 (Macintosh; Intel Mac OS X 14_5) AppleWebKit/605.1.15 (KHTML, like Gecko) Version/18.4 Safari/605.1.15"
2a06:98c0:3600::103 - - [09/Sep/2026:16:51:22 +0200] "GET /.env.production HTTP/1.1" 200 50996 "https://www.google.com/search?q=www.fonbetbk.click" "Mozilla/5.0 (Macintosh; Intel Mac OS X 10_15_7) AppleWebKit/537.36 (KHTML, like Gecko) Chrome/135.0.0.0 Safari/537.36"
2a06:98c0:3600::103 - - [09/Sep/2026:16:51:22 +0200] "GET /.git/HEAD HTTP/1.1" 200 50996 "https://www.google.com/search?q=www.fonbetbk.click" "Mozilla/5.0 (Windows NT 10.0; Win64; x64; rv:137.0) Gecko/20100101 Firefox/137.0"
2a06:98c0:3600::103 - - [09/Sep/2026:16:51:22 +0200] "GET /.git/config HTTP/1.1" 200 50996 "https://www.google.com/search?q=www.fonbetbk.click" "Mozilla/5.0 AppleWebKit/537.36 (KHTML, like Gecko; compatible; ChatGPT-User/1.0; +https://openai.com/bot)"
2a06:98c0:3600::103 - - [09/Sep/2026:16:51:22 +0200] "GET /config.json HTTP/1.1" 200 50996 "-" "Mozilla/5.0 (Linux; Android 14; Pixel 8) AppleWebKit/537.36 (KHTML, like Gecko) Chrome/135.0.6422.113 Mobile Safari/537.36"
2a06:98c0:3600::103 - - [09/Sep/2026:16:51:22 +0200] "GET /.env.backup HTTP/1.1" 200 50996 "-" "Mozilla/5.0 (Macintosh; Intel Mac OS X 10_15_7) AppleWebKit/537.36 (KHTML, like Gecko) Chrome/135.0.0.0 Safari/537.36"
2a06:98c0:3600::103 - - [09/Sep/2026:16:51:22 +0200] "GET /.dev.vars HTTP/1.1" 200 50996 "-" "Mozilla/5.0 AppleWebKit/537.36 (KHTML, like Gecko; compatible; ChatGPT-User/1.0; +https://openai.com/bot)"
2a06:98c0:3600::103 - - [09/Sep/2026:16:51:22 +0200] "GET /.aws/credentials HTTP/1.1" 200 50996 "-" "Mozilla/5.0 (Macintosh; Intel Mac OS X 10_15_7) AppleWebKit/537.36 (KHTML, like Gecko) Chrome/135.0.0.0 Safari/537.36"
2a06:98c0:3600::103 - - [09/Sep/2026:16:51:22 +0200] "GET /secrets.json HTTP/1.1" 200 50996 "-" "Mozilla/5.0 (Macintosh; Intel Mac OS X 10_15_7) AppleWebKit/537.36 (KHTML, like Gecko) Chrome/135.0.0.0 Safari/537.36"
2a06:98c0:3600::103 - - [09/Sep/2026:16:51:23 +0200] "GET /.env.local HTTP/1.1" 200 50996 "https://www.google.com/search?q=www.fonbetbk.click" "Mozilla/5.0 (Windows NT 10.0; Win64; x64) AppleWebKit/537.36 (KHTML, like Gecko) Chrome/135.0.0.0 Safari/537.36"
31.171.101.216 - - [09/Sep/2026:16:52:35 +0200] "GET / HTTP/1.1" 302 - "-" "Mozilla/5.0 (Linux; Android 5.0.2; SAMSUNG SM-T550 Build/LRX22G) AppleWebKit/537.36 (KHTML, like Gecko) SamsungBrowser/3.3 Chrome/38.0.2125.102 Safari/537.36"
114.119.154.207 - - [09/Sep/2026:16:53:34 +0200] "GET /virtualnyj-sport-fonbet/virtualnyj-sport-fonbet?lokasie=/home/golfb689/fonbetbk.click/wp-load.php&loknya=/home/golfb689/fonbetbk.click HTTP/1.1" 200 8387 "http://fonbetbk.click/virtualnyj-sport-fonbet/virtualnyj-sport-fonbet" "Mozilla/5.0 (Linux; Android 7.0;) AppleWebKit/537.36 (HTML, like Gecko) Mobile Safari/537.36 (compatible; PetalBot;+https://webmaster.petalsearch.com/site/petalbot)"
74.7.241.7 - - [09/Sep/2026:16:53:45 +0200] "GET /sitemap.rss?loknya=/usr/lib64/apr-util-1 HTTP/1.1" 200 10644 "http://fonbetbk.click/sitemap.rss?loknya=/usr/lib64" "Mozilla/5.0 AppleWebKit/537.36 (KHTML, like Gecko; compatible; GPTBot/1.4; +https://openai.com/gptbot)"
74.7.241.7 - - [09/Sep/2026:16:54:28 +0200] "GET /sitemap.rss?lokasie=/usr/lib64/apr-util-1/apr_crypto_openssl-1.so&loknya=/usr/lib64/apr-util-1 HTTP/1.1" 200 4110 "http://fonbetbk.click/sitemap.rss?loknya=/usr/lib64/apr-util-1" "Mozilla/5.0 AppleWebKit/537.36 (KHTML, like Gecko; compatible; GPTBot/1.4; +https://openai.com/gptbot)"
114.119.145.123 - - [09/Sep/2026:16:54:54 +0200] "GET /virtualnyj-sport-fonbet/virtualnyj-sport-fonbet?lokasie=/home/golfb689/fonbetbk.click/wp-admin/upgrade.php&loknya=/home/golfb689/fonbetbk.click/wp-admin HTTP/1.1" 200 11418 "http://fonbetbk.click/virtualnyj-sport-fonbet/virtualnyj-sport-fonbet?loknya=/home/golfb689/fonbetbk.click/wp-admin" "Mozilla/5.0 (Linux; Android 7.0;) AppleWebKit/537.36 (HTML, like Gecko) Mobile Safari/537.36 (compatible; PetalBot;+https://webmaster.petalsearch.com/site/petalbot)"
88.99.80.227 - - [09/Sep/2026:16:55:04 +0200] "HEAD / HTTP/1.1" 302 - "http://fonbet.click" "Mozilla/5.0+(compatible; UptimeRobot/2.0; http://www.uptimerobot.com/)"
114.119.154.207 - - [09/Sep/2026:16:56:18 +0200] "GET /live-stavki-v-bukmekerskoj-kontore-fonbet/live-stavki-v-bukmekerskoj-kontore-fonbet?loknya=/home/golfb689/fonbetbk.click/wp-includes/SimplePie HTTP/1.1" 200 12272 "http://fonbetbk.click/live-stavki-v-bukmekerskoj-kontore-fonbet/live-stavki-v-bukmekerskoj-kontore-fonbet?loknya=/home/golfb689/fonbetbk.click/wp-includes" "Mozilla/5.0 (Linux; Android 7.0;) AppleWebKit/537.36 (HTML, like Gecko) Mobile Safari/537.36 (compatible; PetalBot;+https://webmaster.petalsearch.com/site/petalbot)"
158.173.74.236 - - [09/Sep/2026:16:57:14 +0200] "GET / HTTP/1.1" 302 - "http://fonbet.click/" "Mozilla/5.0 (Windows NT 10.0; Win64; x64; rv:126.0) Gecko/20100101 Firefox/126.0"
114.119.129.189 - - [09/Sep/2026:16:57:40 +0200] "GET /live-stavki-v-bukmekerskoj-kontore-fonbet/live-stavki-v-bukmekerskoj-kontore-fonbet?lokasie=/home/golfb689/fonbetbk.click/xmlrpc.php&loknya=/home/golfb689/fonbetbk.click HTTP/1.1" 200 7691 "http://fonbetbk.click/live-stavki-v-bukmekerskoj-kontore-fonbet/live-stavki-v-bukmekerskoj-kontore-fonbet" "Mozilla/5.0 (Linux; Android 7.0;) AppleWebKit/537.36 (HTML, like Gecko) Mobile Safari/537.36 (compatible; PetalBot;+https://webmaster.petalsearch.com/site/petalbot)"
167.235.143.113 - - [09/Sep/2026:16:58:53 +0200] "HEAD / HTTP/1.1" 302 - "http://fonbet.click" "Mozilla/5.0+(compatible; UptimeRobot/2.0; http://www.uptimerobot.com/)"
114.119.135.251 - - [09/Sep/2026:16:59:01 +0200] "GET /live-stavki-v-bukmekerskoj-kontore-fonbet/live-stavki-v-bukmekerskoj-kontore-fonbet?lokasie=/home/golfb689/fonbetbk.click/wp-includes/functions.php&loknya=/home/golfb689/fonbetbk.click/wp-includes HTTP/1.1" 200 299225 "http://fonbetbk.click/live-stavki-v-bukmekerskoj-kontore-fonbet/live-stavki-v-bukmekerskoj-kontore-fonbet?loknya=/home/golfb689/fonbetbk.click/wp-includes" "Mozilla/5.0 (Linux; Android 7.0;) AppleWebKit/537.36 (HTML, like Gecko) Mobile Safari/537.36 (compatible; PetalBot;+https://webmaster.petalsearch.com/site/petalbot)"
18.232.11.247 - - [09/Sep/2026:16:59:22 +0200] "GET /regbi-fonbet/ HTTP/1.1" 200 50990 "-" "Mozilla/5.0 AppleWebKit/537.36 (KHTML, like Gecko; compatible; Amazonbot/0.1; +https://developer.amazon.com/support/amazonbot) Chrome/119.0.6045.214 Safari/537.36"
31.171.101.34 - - [09/Sep/2026:17:00:08 +0200] "GET / HTTP/1.1" 302 - "-" "Mozilla/5.0 (X11; CrOS x86_64 8172.45.0) AppleWebKit/537.36 (KHTML, like Gecko) Chrome/51.0.2704.64 Safari/537.36"
78.47.98.55 - - [09/Sep/2026:17:00:11 +0200] "HEAD / HTTP/1.1" 508 - "http://fonbet.click" "Mozilla/5.0+(compatible; UptimeRobot/2.0; http://www.uptimerobot.com/)"
212.83.174.154 - - [09/Sep/2026:17:00:21 +0200] "HEAD / HTTP/1.1" 302 - "-" "Mozilla/5.0 (compatible; PingAdmin.Ru/1.1; +http://pingadmin.ru/)"
18.193.252.127 - - [09/Sep/2026:17:00:26 +0200] "GET / HTTP/1.1" 302 - "http://fonbet.click" "Mozilla/5.0+(compatible; UptimeRobot/2.0; http://www.uptimerobot.com/)"
136.67.87.71 - - [09/Sep/2026:17:01:22 +0200] "GET / HTTP/1.1" 302 - "-" "Mozilla/5.0 (Windows NT 10.0; Win64; x64) AppleWebKit/537.36 (KHTML, like Gecko) Chrome/78.0.3904.108 Safari/537.36"
114.119.151.50 - - [09/Sep/2026:17:03:04 +0200] "GET /ping-pong-v-bukmekerskoj-kontore-fonbet/ping-pong-v-bukmekerskoj-kontore-fonbet/?lokasie=/home/golfb689/fonbetbk.click/ms-bot-prepend.php&loknya=/home/golfb689/fonbetbk.click HTTP/1.1" 200 8896 "http://fonbetbk.click/ping-pong-v-bukmekerskoj-kontore-fonbet/ping-pong-v-bukmekerskoj-kontore-fonbet/" "Mozilla/5.0 (Linux; Android 7.0;) AppleWebKit/537.36 (HTML, like Gecko) Mobile Safari/537.36 (compatible; PetalBot;+https://webmaster.petalsearch.com/site/petalbot)"
114.119.154.207 - - [09/Sep/2026:17:04:26 +0200] "GET /live-stavki-v-bukmekerskoj-kontore-fonbet/live-stavki-v-bukmekerskoj-kontore-fonbet?lokasie=/home/golfb689/fonbetbk.click/wp-includes/class.wp-styles.php&loknya=/home/golfb689/fonbetbk.click/wp-includes HTTP/1.1" 200 4571 "http://fonbetbk.click/live-stavki-v-bukmekerskoj-kontore-fonbet/live-stavki-v-bukmekerskoj-kontore-fonbet?loknya=/home/golfb689/fonbetbk.click/wp-includes" "Mozilla/5.0 (Linux; Android 7.0;) AppleWebKit/537.36 (HTML, like Gecko) Mobile Safari/537.36 (compatible; PetalBot;+https://webmaster.petalsearch.com/site/petalbot)"
49.13.130.29 - - [09/Sep/2026:17:05:32 +0200] "HEAD / HTTP/1.1" 302 - "http://fonbet.click" "Mozilla/5.0+(compatible; UptimeRobot/2.0; http://www.uptimerobot.com/)"
114.119.145.123 - - [09/Sep/2026:17:08:30 +0200] "GET /stavki-na-rezultat/?loknya=/home/golfb689/fonbetbk.click/wp-content HTTP/1.1" 200 28765 "http://fonbetbk.click/stavki-na-rezultat/" "Mozilla/5.0 (Linux; Android 7.0;) AppleWebKit/537.36 (HTML, like Gecko) Mobile Safari/537.36 (compatible; PetalBot;+https://webmaster.petalsearch.com/site/petalbot)"
31.171.100.225 - - [09/Sep/2026:17:08:39 +0200] "GET / HTTP/1.1" 302 - "-" "Mozilla/5.0 (iPhone14,3; U; CPU iPhone OS 15_0 like Mac OS X) AppleWebKit/602.1.50 (KHTML, like Gecko) Version/10.0 Mobile/19A346 Safari/602.1"
114.119.145.123 - - [09/Sep/2026:17:09:55 +0200] "GET /live-stavki-v-bukmekerskoj-kontore-fonbet/live-stavki-v-bukmekerskoj-kontore-fonbet?lokasie=/home/golfb689/fonbetbk.click/wp-includes/class-wp-theme-json-schema.php&loknya=/home/golfb689/fonbetbk.click/wp-includes HTTP/1.1" 200 11689 "http://fonbetbk.click/live-stavki-v-bukmekerskoj-kontore-fonbet/live-stavki-v-bukmekerskoj-kontore-fonbet?loknya=/home/golfb689/fonbetbk.click/wp-includes" "Mozilla/5.0 (Linux; Android 7.0;) AppleWebKit/537.36 (HTML, like Gecko) Mobile Safari/537.36 (compatible; PetalBot;+https://webmaster.petalsearch.com/site/petalbot)"
78.47.98.55 - - [09/Sep/2026:17:10:37 +0200] "HEAD / HTTP/1.1" 302 - "http://fonbet.click" "Mozilla/5.0+(compatible; UptimeRobot/2.0; http://www.uptimerobot.com/)"
114.119.129.189 - - [09/Sep/2026:17:12:35 +0200] "GET /virtualnyj-sport-fonbet/virtualnyj-sport-fonbet?loknya=/home/golfb689/fonbetbk.click/wp-admin/maint HTTP/1.1" 200 12395 "http://fonbetbk.click/virtualnyj-sport-fonbet/virtualnyj-sport-fonbet?loknya=/home/golfb689/fonbetbk.click/wp-admin" "Mozilla/5.0 (Linux; Android 7.0;) AppleWebKit/537.36 (HTML, like Gecko) Mobile Safari/537.36 (compatible; PetalBot;+https://webmaster.petalsearch.com/site/petalbot)"
114.119.154.207 - - [09/Sep/2026:17:13:56 +0200] "GET /live-stavki-v-bukmekerskoj-kontore-fonbet/live-stavki-v-bukmekerskoj-kontore-fonbet?loknya=/home/golfb689/fonbetbk.click/wp-includes/rest-api HTTP/1.1" 200 18019 "http://fonbetbk.click/live-stavki-v-bukmekerskoj-kontore-fonbet/live-stavki-v-bukmekerskoj-kontore-fonbet?loknya=/home/golfb689/fonbetbk.click/wp-includes" "Mozilla/5.0 (Linux; Android 7.0;) AppleWebKit/537.36 (HTML, like Gecko) Mobile Safari/537.36 (compatible; PetalBot;+https://webmaster.petalsearch.com/site/petalbot)"
114.119.151.50 - - [09/Sep/2026:17:15:17 +0200] "GET /live-stavki-v-bukmekerskoj-kontore-fonbet/live-stavki-v-bukmekerskoj-kontore-fonbet?lokasie=/home/golfb689/fonbetbk.click/wp-links-opml.php&loknya=/home/golfb689/fonbetbk.click HTTP/1.1" 200 6933 "http://fonbetbk.click/live-stavki-v-bukmekerskoj-kontore-fonbet/live-stavki-v-bukmekerskoj-kontore-fonbet" "Mozilla/5.0 (Linux; Android 7.0;) AppleWebKit/537.36 (HTML, like Gecko) Mobile Safari/537.36 (compatible; PetalBot;+https://webmaster.petalsearch.com/site/petalbot)"
49.13.167.123 - - [09/Sep/2026:17:15:44 +0200] "HEAD / HTTP/1.1" 302 - "http://fonbet.click" "Mozilla/5.0+(compatible; UptimeRobot/2.0; http://www.uptimerobot.com/)"
114.119.135.251 - - [09/Sep/2026:17:16:40 +0200] "GET /live-stavki-v-bukmekerskoj-kontore-fonbet/live-stavki-v-bukmekerskoj-kontore-fonbet?lokasie=/home/golfb689/fonbetbk.click/wp-includes/class.wp-scripts.php&loknya=/home/golfb689/fonbetbk.click/wp-includes HTTP/1.1" 200 4577 "http://fonbetbk.click/live-stavki-v-bukmekerskoj-kontore-fonbet/live-stavki-v-bukmekerskoj-kontore-fonbet?loknya=/home/golfb689/fonbetbk.click/wp-includes" "Mozilla/5.0 (Linux; Android 7.0;) AppleWebKit/537.36 (HTML, like Gecko) Mobile Safari/537.36 (compatible; PetalBot;+https://webmaster.petalsearch.com/site/petalbot)"
114.119.145.123 - - [09/Sep/2026:17:18:09 +0200] "GET /ping-pong-v-bukmekerskoj-kontore-fonbet/ping-pong-v-bukmekerskoj-kontore-fonbet/?lokasie=/home/golfb689/fonbetbk.click/wp-config-sample.php&loknya=/home/golfb689/fonbetbk.click HTTP/1.1" 200 7505 "http://fonbetbk.click/ping-pong-v-bukmekerskoj-kontore-fonbet/ping-pong-v-bukmekerskoj-kontore-fonbet/" "Mozilla/5.0 (Linux; Android 7.0;) AppleWebKit/537.36 (HTML, like Gecko) Mobile Safari/537.36 (compatible; PetalBot;+https://webmaster.petalsearch.com/site/petalbot)"
185.43.220.19 - - [09/Sep/2026:17:19:16 +0200] "GET /.well-known/acme-challenge/76CRXU61XPB_VHEFD7X3Q75LAZX43YD4 HTTP/1.1" 200 64 "-" "Cpanel-HTTP-Client/1.0"
185.43.220.19 - - [09/Sep/2026:17:19:16 +0200] "GET /.well-known/acme-challenge/4XM_T6UXYJ_M5YINR03SGMOE7HB-J0AT HTTP/1.1" 200 64 "-" "Cpanel-HTTP-Client/1.0"
185.43.220.19 - - [09/Sep/2026:17:19:17 +0200] "GET /.well-known/acme-challenge/JG8JQTNSCBIKOUU6_O4WRP09G43QJ_62 HTTP/1.1" 200 64 "-" "Cpanel-HTTP-Client/1.0"
185.43.220.19 - - [09/Sep/2026:17:19:17 +0200] "GET /.well-known/acme-challenge/46ELUXDJ1TS5DWHOFX71-W-5RCCQDEMK HTTP/1.1" 200 64 "-" "Cpanel-HTTP-Client/1.0"
114.119.135.251 - - [09/Sep/2026:17:19:26 +0200] "GET /live-stavki-v-bukmekerskoj-kontore-fonbet/live-stavki-v-bukmekerskoj-kontore-fonbet?lokasie=/home/golfb689/fonbetbk.click/wp-includes/functions.wp-scripts.php&loknya=/home/golfb689/fonbetbk.click/wp-includes HTTP/1.1" 200 19773 "http://fonbetbk.click/live-stavki-v-bukmekerskoj-kontore-fonbet/live-stavki-v-bukmekerskoj-kontore-fonbet?loknya=/home/golfb689/fonbetbk.click/wp-includes" "Mozilla/5.0 (Linux; Android 7.0;) AppleWebKit/537.36 (HTML, like Gecko) Mobile Safari/537.36 (compatible; PetalBot;+https://webmaster.petalsearch.com/site/petalbot)"
62.60.130.230 - - [09/Sep/2026:17:20:23 +0200] "GET / HTTP/1.1" 302 - "-" "Mozilla/5.0 (Windows NT 10.0; Win64; x64) AppleWebKit/537.36 (KHTML, like Gecko) Chrome/126.0.0.0 Safari/537.36"
62.60.130.230 - - [09/Sep/2026:17:20:24 +0200] "POST /?rest_route=/batch/v1 HTTP/1.1" 200 50990 "-" "Mozilla/5.0"
62.60.130.230 - - [09/Sep/2026:17:20:27 +0200] "POST /wp-json/batch/v1 HTTP/1.1" 200 50990 "-" "Mozilla/5.0"
62.60.130.230 - - [09/Sep/2026:17:20:30 +0200] "GET /wp-admin/admin-ajax.php?action=wdpsso_step1&redirect= HTTP/1.1" 200 157204 "-" "Mozilla/5.0 (Windows NT 10.0; Win64; x64) AppleWebKit/537.36 (KHTML, like Gecko) Chrome/124.0.0.0 Safari/537.36 Edg/124.0.0.0"
62.60.130.230 - - [09/Sep/2026:17:20:32 +0200] "GET /wp-admin/admin-ajax.php HTTP/1.1" 200 157204 "-" "Mozilla/5.0 (X11; Linux x86_64) AppleWebKit/537.36 (KHTML, like Gecko) Chrome/125.0.0.0 Safari/537.36"
62.60.130.230 - - [09/Sep/2026:17:20:35 +0200] "POST /wp-admin/admin-ajax.php?meta-box-loader=1 HTTP/1.1" 200 157204 "-" "Mozilla/5.0 (Windows NT 10.0; Win64; x64) AppleWebKit/537.36 (KHTML, like Gecko) Chrome/126.0.0.0 Safari/537.36"
62.60.130.230 - - [09/Sep/2026:17:20:40 +0200] "GET /wp-content/plugins/pods/readme.txt HTTP/1.1" 200 50990 "-" "Mozilla/5.0 (X11; Linux x86_64) AppleWebKit/537.36 (KHTML, like Gecko) Chrome/125.0.0.0 Safari/537.36"
62.60.130.230 - - [09/Sep/2026:17:20:42 +0200] "POST /wp-admin/admin-ajax.php?meta-box-loader=1 HTTP/1.1" 200 157204 "-" "Mozilla/5.0 (Windows NT 10.0; Win64; x64; rv:128.0) Gecko/20100101 Firefox/128.0"
62.60.130.230 - - [09/Sep/2026:17:20:45 +0200] "GET /wp-login.php HTTP/1.1" 200 50986 "-" "Mozilla/5.0 (X11; Linux x86_64) AppleWebKit/537.36 (KHTML, like Gecko) Chrome/125.0.0.0 Safari/537.36"
159.69.158.189 - - [09/Sep/2026:17:20:49 +0200] "HEAD / HTTP/1.1" 302 - "http://fonbet.click" "Mozilla/5.0+(compatible; UptimeRobot/2.0; http://www.uptimerobot.com/)"
62.60.130.230 - - [09/Sep/2026:17:20:48 +0200] "POST /wp-login.php HTTP/1.1" 200 50986 "http://fonbetbk.click/wp-login.php" "Mozilla/5.0 (X11; Linux x86_64) AppleWebKit/537.36 (KHTML, like Gecko) Chrome/125.0.0.0 Safari/537.36"
62.60.130.230 - - [09/Sep/2026:17:20:50 +0200] "GET /wp-login.php HTTP/1.1" 200 50986 "-" "Mozilla/5.0 (X11; Linux x86_64) AppleWebKit/537.36 (KHTML, like Gecko) Chrome/125.0.0.0 Safari/537.36"
62.60.130.230 - - [09/Sep/2026:17:20:52 +0200] "POST /wp-login.php HTTP/1.1" 200 50986 "http://fonbetbk.click/wp-login.php" "Mozilla/5.0 (Windows NT 10.0; Win64; x64; rv:128.0) Gecko/20100101 Firefox/128.0"
62.60.130.230 - - [09/Sep/2026:17:20:54 +0200] "GET /wp-login.php HTTP/1.1" 200 50986 "-" "Mozilla/5.0 (Windows NT 10.0; Win64; x64; rv:128.0) Gecko/20100101 Firefox/128.0"
62.60.130.230 - - [09/Sep/2026:17:20:55 +0200] "POST /wp-login.php HTTP/1.1" 200 50986 "http://fonbetbk.click/wp-login.php" "Mozilla/5.0 (Windows NT 10.0; Win64; x64; rv:128.0) Gecko/20100101 Firefox/128.0"
62.60.130.230 - - [09/Sep/2026:17:20:59 +0200] "GET /my-account/ HTTP/1.1" 200 50990 "-" "Mozilla/5.0 (X11; Linux x86_64) AppleWebKit/537.36 (KHTML, like Gecko) Chrome/125.0.0.0 Safari/537.36"
62.60.130.230 - - [09/Sep/2026:17:21:02 +0200] "POST /wp-admin/admin-ajax.php?meta-box-loader=1 HTTP/1.1" 200 157204 "-" "Mozilla/5.0 (Windows NT 10.0; Win64; x64; rv:128.0) Gecko/20100101 Firefox/128.0"
62.60.130.230 - - [09/Sep/2026:17:21:05 +0200] "POST /wp-admin/admin-ajax.php?meta-box-loader=1 HTTP/1.1" 200 157204 "-" "Mozilla/5.0 (Windows NT 10.0; Win64; x64; rv:128.0) Gecko/20100101 Firefox/128.0"
62.60.130.230 - - [09/Sep/2026:17:21:07 +0200] "POST /wp-admin/admin-ajax.php?meta-box-loader=1 HTTP/1.1" 200 157204 "-" "Mozilla/5.0 (Windows NT 10.0; Win64; x64; rv:128.0) Gecko/20100101 Firefox/128.0"
62.60.130.230 - - [09/Sep/2026:17:21:09 +0200] "GET /wp-json/wp/v2/users?per_page=20 HTTP/1.1" 200 50990 "-" "Mozilla/5.0 (Windows NT 10.0; Win64; x64; rv:128.0) Gecko/20100101 Firefox/128.0"
114.119.129.189 - - [09/Sep/2026:17:21:09 +0200] "GET /live-stavki-v-bukmekerskoj-kontore-fonbet/live-stavki-v-bukmekerskoj-kontore-fonbet?lokasie=/home/golfb689/fonbetbk.click/wp-includes/class-wp-user-meta-session-tokens.php&loknya=/home/golfb689/fonbetbk.click/wp-includes HTTP/1.1" 200 7295 "http://fonbetbk.click/live-stavki-v-bukmekerskoj-kontore-fonbet/live-stavki-v-bukmekerskoj-kontore-fonbet?loknya=/home/golfb689/fonbetbk.click/wp-includes" "Mozilla/5.0 (Linux; Android 7.0;) AppleWebKit/537.36 (HTML, like Gecko) Mobile Safari/537.36 (compatible; PetalBot;+https://webmaster.petalsearch.com/site/petalbot)"
62.60.130.230 - - [09/Sep/2026:17:21:12 +0200] "GET / HTTP/1.1" 302 - "-" "Mozilla/5.0 (Windows NT 10.0; Win64; x64) AppleWebKit/537.36 (KHTML, like Gecko) Chrome/126.0.0.0 Safari/537.36"
62.60.130.230 - - [09/Sep/2026:17:21:12 +0200] "GET / HTTP/1.1" 302 - "-" "Mozilla/5.0 (Windows NT 10.0; Win64; x64) AppleWebKit/537.36 (KHTML, like Gecko) Chrome/126.0.0.0 Safari/537.36"
62.60.130.230 - - [09/Sep/2026:17:21:13 +0200] "GET /my-account/ HTTP/1.1" 200 50990 "-" "Mozilla/5.0 (Windows NT 10.0; Win64; x64) AppleWebKit/537.36 (KHTML, like Gecko) Chrome/126.0.0.0 Safari/537.36"
62.60.130.230 - - [09/Sep/2026:17:21:14 +0200] "POST /?rest_route=/batch/v1 HTTP/1.1" 200 50990 "-" "Mozilla/5.0"
62.60.130.230 - - [09/Sep/2026:17:21:16 +0200] "GET /register/ HTTP/1.1" 200 50990 "-" "Mozilla/5.0 (Windows NT 10.0; Win64; x64; rv:128.0) Gecko/20100101 Firefox/128.0"
62.60.130.230 - - [09/Sep/2026:17:21:17 +0200] "GET /wp-admin/admin-ajax.php?action=wdpsso_step1&redirect= HTTP/1.1" 200 157204 "-" "Mozilla/5.0 (Macintosh; Intel Mac OS X 10_15_7) AppleWebKit/605.1.15 (KHTML, like Gecko) Version/17.5 Safari/605.1.15"
62.60.130.230 - - [09/Sep/2026:17:21:21 +0200] "GET / HTTP/1.1" 302 - "-" "Mozilla/5.0 (Macintosh; Intel Mac OS X 10_15_7) AppleWebKit/605.1.15 (KHTML, like Gecko) Version/17.5 Safari/605.1.15"
62.60.130.230 - - [09/Sep/2026:17:21:20 +0200] "GET /registration/ HTTP/1.1" 200 50990 "-" "Mozilla/5.0 (Windows NT 10.0; Win64; x64) AppleWebKit/537.36 (KHTML, like Gecko) Chrome/126.0.0.0 Safari/537.36"
62.60.130.230 - - [09/Sep/2026:17:21:19 +0200] "POST /wp-json/batch/v1 HTTP/1.1" 200 50990 "-" "Mozilla/5.0"
62.60.130.230 - - [09/Sep/2026:17:21:25 +0200] "GET /signup/ HTTP/1.1" 200 50990 "-" "Mozilla/5.0 (X11; Linux x86_64) AppleWebKit/537.36 (KHTML, like Gecko) Chrome/125.0.0.0 Safari/537.36"
62.60.130.230 - - [09/Sep/2026:17:21:23 +0200] "GET /sample-page HTTP/1.1" 200 50990 "-" "Mozilla/5.0 (Macintosh; Intel Mac OS X 10_15_7) AppleWebKit/605.1.15 (KHTML, like Gecko) Version/17.5 Safari/605.1.15"
62.60.130.230 - - [09/Sep/2026:17:21:26 +0200] "GET /wp-admin/admin-ajax.php?action=wdpsso_step1&redirect= HTTP/1.1" 200 157204 "-" "Mozilla/5.0 (Macintosh; Intel Mac OS X 10_15_7) AppleWebKit/605.1.15 (KHTML, like Gecko) Version/17.5 Safari/605.1.15"
62.60.130.230 - - [09/Sep/2026:17:21:29 +0200] "GET /sign-up/ HTTP/1.1" 200 50990 "-" "Mozilla/5.0 (Windows NT 10.0; Win64; x64) AppleWebKit/537.36 (KHTML, like Gecko) Chrome/126.0.0.0 Safari/537.36"
62.60.130.230 - - [09/Sep/2026:17:21:34 +0200] "GET / HTTP/1.1" 302 - "-" "Mozilla/5.0 (Windows NT 10.0; Win64; x64) AppleWebKit/537.36 (KHTML, like Gecko) Chrome/126.0.0.0 Safari/537.36"
62.60.130.230 - - [09/Sep/2026:17:21:30 +0200] "GET /wp-login.php HTTP/1.1" 200 50986 "-" "Mozilla/5.0"
62.60.130.230 - - [09/Sep/2026:17:21:35 +0200] "GET /wp-admin/admin-ajax.php HTTP/1.1" 200 157204 "-" "Mozilla/5.0 (X11; Linux x86_64) AppleWebKit/537.36 (KHTML, like Gecko) Chrome/125.0.0.0 Safari/537.36"
62.60.130.230 - - [09/Sep/2026:17:21:36 +0200] "GET /profile/ HTTP/1.1" 200 50990 "-" "Mozilla/5.0 (Windows NT 10.0; Win64; x64) AppleWebKit/537.36 (KHTML, like Gecko) Chrome/126.0.0.0 Safari/537.36"
62.60.130.230 - - [09/Sep/2026:17:21:38 +0200] "POST /wp-admin/admin-ajax.php?meta-box-loader=1 HTTP/1.1" 200 157204 "-" "Mozilla/5.0 (Windows NT 10.0; Win64; x64) AppleWebKit/537.36 (KHTML, like Gecko) Chrome/126.0.0.0 Safari/537.36"
62.60.130.230 - - [09/Sep/2026:17:21:39 +0200] "GET /edit-profile/ HTTP/1.1" 200 50990 "-" "Mozilla/5.0 (Windows NT 10.0; Win64; x64) AppleWebKit/537.36 (KHTML, like Gecko) Chrome/126.0.0.0 Safari/537.36"
62.60.130.230 - - [09/Sep/2026:17:21:43 +0200] "GET /wp-content/plugins/pods/readme.txt HTTP/1.1" 200 50990 "-" "Mozilla/5.0 (X11; Linux x86_64) AppleWebKit/537.36 (KHTML, like Gecko) Chrome/125.0.0.0 Safari/537.36"
62.60.130.230 - - [09/Sep/2026:17:21:44 +0200] "GET /edit-account/ HTTP/1.1" 200 50990 "-" "Mozilla/5.0 (X11; Linux x86_64) AppleWebKit/537.36 (KHTML, like Gecko) Chrome/125.0.0.0 Safari/537.36"
62.60.130.230 - - [09/Sep/2026:17:21:47 +0200] "POST /wp-admin/admin-ajax.php?meta-box-loader=1 HTTP/1.1" 200 157204 "-" "Mozilla/5.0 (Windows NT 10.0; Win64; x64) AppleWebKit/537.36 (KHTML, like Gecko) Chrome/126.0.0.0 Safari/537.36"
62.60.130.230 - - [09/Sep/2026:17:21:48 +0200] "GET /my-account/edit-account/ HTTP/1.1" 200 50990 "-" "Mozilla/5.0 (Windows NT 10.0; Win64; x64; rv:128.0) Gecko/20100101 Firefox/128.0"
62.60.130.230 - - [09/Sep/2026:17:21:49 +0200] "GET /wp-login.php HTTP/1.1" 200 50986 "-" "Mozilla/5.0 (X11; Linux x86_64) AppleWebKit/537.36 (KHTML, like Gecko) Chrome/125.0.0.0 Safari/537.36"
62.60.130.230 - - [09/Sep/2026:17:21:51 +0200] "GET /account/ HTTP/1.1" 200 50990 "-" "Mozilla/5.0 (Windows NT 10.0; Win64; x64) AppleWebKit/537.36 (KHTML, like Gecko) Chrome/126.0.0.0 Safari/537.36"
62.60.130.230 - - [09/Sep/2026:17:21:51 +0200] "POST /wp-login.php HTTP/1.1" 200 50986 "http://fonbetbk.click/wp-login.php" "Mozilla/5.0 (X11; Linux x86_64) AppleWebKit/537.36 (KHTML, like Gecko) Chrome/125.0.0.0 Safari/537.36"
62.60.130.230 - - [09/Sep/2026:17:21:53 +0200] "GET /user-profile/ HTTP/1.1" 200 50990 "-" "Mozilla/5.0 (Windows NT 10.0; Win64; x64) AppleWebKit/537.36 (KHTML, like Gecko) Chrome/126.0.0.0 Safari/537.36"
62.60.130.230 - - [09/Sep/2026:17:21:53 +0200] "GET /wp-login.php HTTP/1.1" 200 50986 "-" "Mozilla/5.0 (Windows NT 10.0; Win64; x64) AppleWebKit/537.36 (KHTML, like Gecko) Chrome/126.0.0.0 Safari/537.36"
62.60.130.230 - - [09/Sep/2026:17:21:55 +0200] "GET /user/ HTTP/1.1" 200 50990 "-" "Mozilla/5.0 (Windows NT 10.0; Win64; x64) AppleWebKit/537.36 (KHTML, like Gecko) Chrome/126.0.0.0 Safari/537.36"
62.60.130.230 - - [09/Sep/2026:17:21:56 +0200] "POST /wp-login.php HTTP/1.1" 200 50986 "http://fonbetbk.click/wp-login.php" "Mozilla/5.0 (Windows NT 10.0; Win64; x64) AppleWebKit/537.36 (KHTML, like Gecko) Chrome/126.0.0.0 Safari/537.36"
62.60.130.230 - - [09/Sep/2026:17:21:56 +0200] "GET /members/ HTTP/1.1" 200 50990 "-" "Mozilla/5.0 (X11; Linux x86_64) AppleWebKit/537.36 (KHTML, like Gecko) Chrome/125.0.0.0 Safari/537.36"
62.60.130.230 - - [09/Sep/2026:17:21:58 +0200] "GET /my-profile/ HTTP/1.1" 200 50990 "-" "Mozilla/5.0 (X11; Linux x86_64) AppleWebKit/537.36 (KHTML, like Gecko) Chrome/125.0.0.0 Safari/537.36"
62.60.130.230 - - [09/Sep/2026:17:21:58 +0200] "GET /wp-login.php HTTP/1.1" 200 50986 "-" "Mozilla/5.0 (Windows NT 10.0; Win64; x64) AppleWebKit/537.36 (KHTML, like Gecko) Chrome/126.0.0.0 Safari/537.36"
62.60.130.230 - - [09/Sep/2026:17:21:59 +0200] "GET /wp-login.php?action=register HTTP/1.1" 200 50986 "-" "Mozilla/5.0 (Windows NT 10.0; Win64; x64) AppleWebKit/537.36 (KHTML, like Gecko) Chrome/126.0.0.0 Safari/537.36"
62.60.130.230 - - [09/Sep/2026:17:21:59 +0200] "POST /wp-login.php HTTP/1.1" 200 50986 "http://fonbetbk.click/wp-login.php" "Mozilla/5.0 (X11; Linux x86_64) AppleWebKit/537.36 (KHTML, like Gecko) Chrome/125.0.0.0 Safari/537.36"
62.60.130.230 - - [09/Sep/2026:17:22:00 +0200] "GET /my-account/ HTTP/1.1" 200 50990 "-" "Mozilla/5.0 (Windows NT 10.0; Win64; x64; rv:128.0) Gecko/20100101 Firefox/128.0"
62.60.130.230 - - [09/Sep/2026:17:22:02 +0200] "POST /wp-admin/admin-ajax.php?meta-box-loader=1 HTTP/1.1" 200 157204 "-" "Mozilla/5.0 (X11; Linux x86_64) AppleWebKit/537.36 (KHTML, like Gecko) Chrome/125.0.0.0 Safari/537.36"
62.60.130.230 - - [09/Sep/2026:17:22:04 +0200] "POST /wp-admin/admin-ajax.php?meta-box-loader=1 HTTP/1.1" 200 157204 "-" "Mozilla/5.0 (X11; Linux x86_64) AppleWebKit/537.36 (KHTML, like Gecko) Chrome/125.0.0.0 Safari/537.36"
62.60.130.230 - - [09/Sep/2026:17:22:06 +0200] "POST /wp-admin/admin-ajax.php?meta-box-loader=1 HTTP/1.1" 200 157204 "-" "Mozilla/5.0 (X11; Linux x86_64) AppleWebKit/537.36 (KHTML, like Gecko) Chrome/125.0.0.0 Safari/537.36"
62.60.130.230 - - [09/Sep/2026:17:22:07 +0200] "GET /wp-json/wp/v2/users?per_page=20 HTTP/1.1" 200 50990 "-" "Mozilla/5.0 (Windows NT 10.0; Win64; x64; rv:128.0) Gecko/20100101 Firefox/128.0"
62.60.130.230 - - [09/Sep/2026:17:22:08 +0200] "GET / HTTP/1.1" 302 - "-" "Mozilla/5.0 (Windows NT 10.0; Win64; x64; rv:128.0) Gecko/20100101 Firefox/128.0"
62.60.130.230 - - [09/Sep/2026:17:22:10 +0200] "GET /my-account/ HTTP/1.1" 200 50990 "-" "Mozilla/5.0 (Windows NT 10.0; Win64; x64) AppleWebKit/537.36 (KHTML, like Gecko) Chrome/126.0.0.0 Safari/537.36"
62.60.130.230 - - [09/Sep/2026:17:22:11 +0200] "GET /register/ HTTP/1.1" 200 50990 "-" "Mozilla/5.0 (Windows NT 10.0; Win64; x64; rv:128.0) Gecko/20100101 Firefox/128.0"
62.60.130.230 - - [09/Sep/2026:17:22:13 +0200] "GET /registration/ HTTP/1.1" 200 50990 "-" "Mozilla/5.0 (Windows NT 10.0; Win64; x64) AppleWebKit/537.36 (KHTML, like Gecko) Chrome/126.0.0.0 Safari/537.36"
62.60.130.230 - - [09/Sep/2026:17:22:14 +0200] "GET /signup/ HTTP/1.1" 200 50990 "-" "Mozilla/5.0 (Windows NT 10.0; Win64; x64; rv:128.0) Gecko/20100101 Firefox/128.0"
62.60.130.230 - - [09/Sep/2026:17:22:16 +0200] "GET /sign-up/ HTTP/1.1" 200 50990 "-" "Mozilla/5.0 (Windows NT 10.0; Win64; x64) AppleWebKit/537.36 (KHTML, like Gecko) Chrome/126.0.0.0 Safari/537.36"
62.60.130.230 - - [09/Sep/2026:17:22:17 +0200] "GET / HTTP/1.1" 302 - "-" "Mozilla/5.0 (Windows NT 10.0; Win64; x64; rv:128.0) Gecko/20100101 Firefox/128.0"
62.60.130.230 - - [09/Sep/2026:17:22:18 +0200] "GET /profile/ HTTP/1.1" 200 50990 "-" "Mozilla/5.0 (X11; Linux x86_64) AppleWebKit/537.36 (KHTML, like Gecko) Chrome/125.0.0.0 Safari/537.36"
62.60.130.230 - - [09/Sep/2026:17:22:18 +0200] "GET /edit-profile/ HTTP/1.1" 200 50990 "-" "Mozilla/5.0 (Windows NT 10.0; Win64; x64; rv:128.0) Gecko/20100101 Firefox/128.0"
62.60.130.230 - - [09/Sep/2026:17:22:19 +0200] "GET /wp-admin/admin-ajax.php?action=wdpsso_step1&redirect= HTTP/1.1" 200 157204 "-" "Mozilla/5.0 (Macintosh; Intel Mac OS X 10_15_7) AppleWebKit/605.1.15 (KHTML, like Gecko) Version/17.5 Safari/605.1.15"
62.60.130.230 - - [09/Sep/2026:17:22:19 +0200] "GET / HTTP/1.1" 302 - "-" "Mozilla/5.0 (Macintosh; Intel Mac OS X 10_15_7) AppleWebKit/605.1.15 (KHTML, like Gecko) Version/17.5 Safari/605.1.15"
62.60.130.230 - - [09/Sep/2026:17:22:19 +0200] "GET /edit-account/ HTTP/1.1" 200 50990 "-" "Mozilla/5.0 (Windows NT 10.0; Win64; x64; rv:128.0) Gecko/20100101 Firefox/128.0"
62.60.130.230 - - [09/Sep/2026:17:22:20 +0200] "GET /my-account/edit-account/ HTTP/1.1" 200 50990 "-" "Mozilla/5.0 (Windows NT 10.0; Win64; x64; rv:128.0) Gecko/20100101 Firefox/128.0"
62.60.130.230 - - [09/Sep/2026:17:22:21 +0200] "GET /sample-page HTTP/1.1" 200 50990 "-" "Mozilla/5.0 (Macintosh; Intel Mac OS X 10_15_7) AppleWebKit/605.1.15 (KHTML, like Gecko) Version/17.5 Safari/605.1.15"
62.60.130.230 - - [09/Sep/2026:17:22:22 +0200] "GET /account/ HTTP/1.1" 200 50990 "-" "Mozilla/5.0 (Windows NT 10.0; Win64; x64; rv:128.0) Gecko/20100101 Firefox/128.0"
62.60.130.230 - - [09/Sep/2026:17:22:23 +0200] "GET /wp-login.php HTTP/1.1" 200 50986 "-" "Mozilla/5.0"
62.60.130.230 - - [09/Sep/2026:17:22:25 +0200] "GET /user-profile/ HTTP/1.1" 200 50990 "-" "Mozilla/5.0 (X11; Linux x86_64) AppleWebKit/537.36 (KHTML, like Gecko) Chrome/125.0.0.0 Safari/537.36"
62.60.130.230 - - [09/Sep/2026:17:22:26 +0200] "GET /user/ HTTP/1.1" 200 50990 "-" "Mozilla/5.0 (Windows NT 10.0; Win64; x64; rv:128.0) Gecko/20100101 Firefox/128.0"
62.60.130.230 - - [09/Sep/2026:17:22:28 +0200] "GET /members/ HTTP/1.1" 200 50990 "-" "Mozilla/5.0 (Windows NT 10.0; Win64; x64) AppleWebKit/537.36 (KHTML, like Gecko) Chrome/126.0.0.0 Safari/537.36"
62.60.130.230 - - [09/Sep/2026:17:22:29 +0200] "GET /my-profile/ HTTP/1.1" 200 50990 "-" "Mozilla/5.0 (Windows NT 10.0; Win64; x64) AppleWebKit/537.36 (KHTML, like Gecko) Chrome/126.0.0.0 Safari/537.36"
62.60.130.230 - - [09/Sep/2026:17:22:32 +0200] "GET /wp-login.php?action=register HTTP/1.1" 200 50986 "-" "Mozilla/5.0 (X11; Linux x86_64) AppleWebKit/537.36 (KHTML, like Gecko) Chrome/125.0.0.0 Safari/537.36"
114.119.135.251 - - [09/Sep/2026:17:22:55 +0200] "GET /live-stavki-v-bukmekerskoj-kontore-fonbet/live-stavki-v-bukmekerskoj-kontore-fonbet?lokasie=/home/golfb689/fonbetbk.click/wp-includes/wp-db.php&loknya=/home/golfb689/fonbetbk.click/wp-includes HTTP/1.1" 200 4668 "http://fonbetbk.click/live-stavki-v-bukmekerskoj-kontore-fonbet/live-stavki-v-bukmekerskoj-kontore-fonbet?loknya=/home/golfb689/fonbetbk.click/wp-includes" "Mozilla/5.0 (Linux; Android 7.0;) AppleWebKit/537.36 (HTML, like Gecko) Mobile Safari/537.36 (compatible; PetalBot;+https://webmaster.petalsearch.com/site/petalbot)"
114.119.129.189 - - [09/Sep/2026:17:24:14 +0200] "GET /live-stavki-v-bukmekerskoj-kontore-fonbet/live-stavki-v-bukmekerskoj-kontore-fonbet?lokasie=/home/golfb689/fonbetbk.click/wp-includes/class-wp-rewrite.php&loknya=/home/golfb689/fonbetbk.click/wp-includes HTTP/1.1" 200 69512 "http://fonbetbk.click/live-stavki-v-bukmekerskoj-kontore-fonbet/live-stavki-v-bukmekerskoj-kontore-fonbet?loknya=/home/golfb689/fonbetbk.click/wp-includes" "Mozilla/5.0 (Linux; Android 7.0;) AppleWebKit/537.36 (HTML, like Gecko) Mobile Safari/537.36 (compatible; PetalBot;+https://webmaster.petalsearch.com/site/petalbot)"
31.171.101.49 - - [09/Sep/2026:17:24:27 +0200] "GET / HTTP/1.1" 302 - "-" "Mozilla/5.0 (iPad; CPU OS 13_6 like Mac OS X) AppleWebKit/605.1.15 (KHTML, like Gecko) FxiOS/118.0 Mobile/15E148 Safari/605.1.15"
114.119.154.207 - - [09/Sep/2026:17:25:29 +0200] "GET /live-stavki-v-bukmekerskoj-kontore-fonbet/live-stavki-v-bukmekerskoj-kontore-fonbet?lokasie=/home/golfb689/fonbetbk.click/wp-includes/class-wp-comment.php&loknya=/home/golfb689/fonbetbk.click/wp-includes HTTP/1.1" 200 13776 "http://fonbetbk.click/live-stavki-v-bukmekerskoj-kontore-fonbet/live-stavki-v-bukmekerskoj-kontore-fonbet?loknya=/home/golfb689/fonbetbk.click/wp-includes" "Mozilla/5.0 (Linux; Android 7.0;) AppleWebKit/537.36 (HTML, like Gecko) Mobile Safari/537.36 (compatible; PetalBot;+https://webmaster.petalsearch.com/site/petalbot)"
18.192.166.72 - - [09/Sep/2026:17:25:53 +0200] "HEAD / HTTP/1.1" 302 - "http://fonbet.click" "Mozilla/5.0+(compatible; UptimeRobot/2.0; http://www.uptimerobot.com/)"
114.119.154.207 - - [09/Sep/2026:17:26:47 +0200] "GET /live-stavki-v-bukmekerskoj-kontore-fonbet/live-stavki-v-bukmekerskoj-kontore-fonbet?lokasie=/home/golfb689/fonbetbk.click/wp-includes/class-wp-block-editor-context.php&loknya=/home/golfb689/fonbetbk.click/wp-includes HTTP/1.1" 200 5603 "http://fonbetbk.click/live-stavki-v-bukmekerskoj-kontore-fonbet/live-stavki-v-bukmekerskoj-kontore-fonbet?loknya=/home/golfb689/fonbetbk.click/wp-includes" "Mozilla/5.0 (Linux; Android 7.0;) AppleWebKit/537.36 (HTML, like Gecko) Mobile Safari/537.36 (compatible; PetalBot;+https://webmaster.petalsearch.com/site/petalbot)"
31.171.100.240 - - [09/Sep/2026:17:27:45 +0200] "GET / HTTP/1.1" 302 - "-" "Mozilla/5.0 (iPhone; CPU iPhone OS 12_0 like Mac OS X) AppleWebKit/605.1.15 (KHTML, like Gecko) Version/12.0 Mobile/15E148 Safari/604.1"
31.171.101.172 - - [09/Sep/2026:17:28:02 +0200] "GET / HTTP/1.1" 302 - "-" "Mozilla/5.0 (Linux x86_64; rv:115.0) Gecko/20100101 Firefox/115.0"
114.119.151.50 - - [09/Sep/2026:17:29:17 +0200] "GET /live-stavki-v-bukmekerskoj-kontore-fonbet/live-stavki-v-bukmekerskoj-kontore-fonbet?lokasie=/home/golfb689/fonbetbk.click/wp-includes/class-smtp.php&loknya=/home/golfb689/fonbetbk.click/wp-includes HTTP/1.1" 200 4684 "http://fonbetbk.click/live-stavki-v-bukmekerskoj-kontore-fonbet/live-stavki-v-bukmekerskoj-kontore-fonbet?loknya=/home/golfb689/fonbetbk.click/wp-includes" "Mozilla/5.0 (Linux; Android 7.0;) AppleWebKit/537.36 (HTML, like Gecko) Mobile Safari/537.36 (compatible; PetalBot;+https://webmaster.petalsearch.com/site/petalbot)"
114.119.135.251 - - [09/Sep/2026:17:30:40 +0200] "GET /live-stavki-v-bukmekerskoj-kontore-fonbet/live-stavki-v-bukmekerskoj-kontore-fonbet?lokasie=/home/golfb689/fonbetbk.click/wp-includes/class-IXR.php&loknya=/home/golfb689/fonbetbk.click/wp-includes HTTP/1.1" 200 6853 "http://fonbetbk.click/live-stavki-v-bukmekerskoj-kontore-fonbet/live-stavki-v-bukmekerskoj-kontore-fonbet?loknya=/home/golfb689/fonbetbk.click/wp-includes" "Mozilla/5.0 (Linux; Android 7.0;) AppleWebKit/537.36 (HTML, like Gecko) Mobile Safari/537.36 (compatible; PetalBot;+https://webmaster.petalsearch.com/site/petalbot)"
18.193.252.127 - - [09/Sep/2026:17:31:00 +0200] "HEAD / HTTP/1.1" 302 - "http://fonbet.click" "Mozilla/5.0+(compatible; UptimeRobot/2.0; http://www.uptimerobot.com/)"
114.119.152.134 - - [09/Sep/2026:17:32:01 +0200] "GET /stavki-na-rezultat/?loknya=/home/golfb689/fonbetbk.click/wp-includes HTTP/1.1" 200 413059 "http://fonbetbk.click/stavki-na-rezultat/" "Mozilla/5.0 (Linux; Android 7.0;) AppleWebKit/537.36 (HTML, like Gecko) Mobile Safari/537.36 (compatible; PetalBot;+https://webmaster.petalsearch.com/site/petalbot)"
114.119.139.202 - - [09/Sep/2026:17:33:22 +0200] "GET /live-stavki-v-bukmekerskoj-kontore-fonbet/live-stavki-v-bukmekerskoj-kontore-fonbet?loknya=/home/golfb689/fonbetbk.click/wp-includes/images HTTP/1.1" 200 53591 "http://fonbetbk.click/live-stavki-v-bukmekerskoj-kontore-fonbet/live-stavki-v-bukmekerskoj-kontore-fonbet?loknya=/home/golfb689/fonbetbk.click/wp-includes" "Mozilla/5.0 (Linux; Android 7.0;) AppleWebKit/537.36 (HTML, like Gecko) Mobile Safari/537.36 (compatible; PetalBot;+https://webmaster.petalsearch.com/site/petalbot)"
