74.7.241.7 - - [09/Sep/2026:21:43:02 +0200] "GET /sitemap.rss?loknya=/proc/114745/cwd/usr/lib/.build-id/6c HTTP/1.1" 200 26458 "http://fonbetbk.click/sitemap.rss?loknya=/proc/114745/cwd/usr/lib/.build-id" "Mozilla/5.0 AppleWebKit/537.36 (KHTML, like Gecko; compatible; GPTBot/1.4; +https://openai.com/gptbot)"
74.7.241.7 - - [09/Sep/2026:21:43:05 +0200] "GET /sitemap.rss?loknya=/proc/114745/cwd/usr/lib/.build-id/0c HTTP/1.1" 200 26462 "http://fonbetbk.click/sitemap.rss?loknya=/proc/114745/cwd/usr/lib/.build-id" "Mozilla/5.0 AppleWebKit/537.36 (KHTML, like Gecko; compatible; GPTBot/1.4; +https://openai.com/gptbot)"
74.7.241.7 - - [09/Sep/2026:21:43:08 +0200] "GET /sitemap.rss?loknya=/proc/114745/cwd/usr/lib/.build-id/2a HTTP/1.1" 200 27965 "http://fonbetbk.click/sitemap.rss?loknya=/proc/114745/cwd/usr/lib/.build-id" "Mozilla/5.0 AppleWebKit/537.36 (KHTML, like Gecko; compatible; GPTBot/1.4; +https://openai.com/gptbot)"
74.7.241.7 - - [09/Sep/2026:21:43:11 +0200] "GET /sitemap.rss?loknya=/proc/114745/cwd/usr/lib/.build-id/6d HTTP/1.1" 200 24970 "http://fonbetbk.click/sitemap.rss?loknya=/proc/114745/cwd/usr/lib/.build-id" "Mozilla/5.0 AppleWebKit/537.36 (KHTML, like Gecko; compatible; GPTBot/1.4; +https://openai.com/gptbot)"
74.7.241.7 - - [09/Sep/2026:21:43:14 +0200] "GET /sitemap.rss?loknya=/proc/114745/cwd/usr/lib/.build-id/c2 HTTP/1.1" 200 36978 "http://fonbetbk.click/sitemap.rss?loknya=/proc/114745/cwd/usr/lib/.build-id" "Mozilla/5.0 AppleWebKit/537.36 (KHTML, like Gecko; compatible; GPTBot/1.4; +https://openai.com/gptbot)"
74.7.241.7 - - [09/Sep/2026:21:43:17 +0200] "GET /sitemap.rss?loknya=/proc/114745/cwd/usr/lib/.build-id/c6 HTTP/1.1" 200 23475 "http://fonbetbk.click/sitemap.rss?loknya=/proc/114745/cwd/usr/lib/.build-id" "Mozilla/5.0 AppleWebKit/537.36 (KHTML, like Gecko; compatible; GPTBot/1.4; +https://openai.com/gptbot)"
74.7.241.7 - - [09/Sep/2026:21:43:20 +0200] "GET /sitemap.rss?loknya=/proc/114745/cwd/usr/lib/.build-id/2d HTTP/1.1" 200 30966 "http://fonbetbk.click/sitemap.rss?loknya=/proc/114745/cwd/usr/lib/.build-id" "Mozilla/5.0 AppleWebKit/537.36 (KHTML, like Gecko; compatible; GPTBot/1.4; +https://openai.com/gptbot)"
74.7.241.7 - - [09/Sep/2026:21:43:23 +0200] "GET /sitemap.rss?lokasie=/proc/114745/cwd/usr/lib/.build-id/a9/dc58b95a782fb6a18439187fcaae5267f32c3a&loknya=/proc/114745/cwd/usr/lib/.build-id/a9 HTTP/1.1" 200 4362 "http://fonbetbk.click/sitemap.rss?loknya=/proc/114745/cwd/usr/lib/.build-id/a9" "Mozilla/5.0 AppleWebKit/537.36 (KHTML, like Gecko; compatible; GPTBot/1.4; +https://openai.com/gptbot)"
74.7.241.7 - - [09/Sep/2026:21:43:26 +0200] "GET /sitemap.rss?loknya=/proc/114745/cwd/usr/lib/.build-id/e2 HTTP/1.1" 200 26471 "http://fonbetbk.click/sitemap.rss?loknya=/proc/114745/cwd/usr/lib/.build-id" "Mozilla/5.0 AppleWebKit/537.36 (KHTML, like Gecko; compatible; GPTBot/1.4; +https://openai.com/gptbot)"
74.7.241.7 - - [09/Sep/2026:21:43:29 +0200] "GET /sitemap.rss?loknya=/proc/114745/cwd/usr/lib/.build-id/0a HTTP/1.1" 200 21970 "http://fonbetbk.click/sitemap.rss?loknya=/proc/114745/cwd/usr/lib/.build-id" "Mozilla/5.0 AppleWebKit/537.36 (KHTML, like Gecko; compatible; GPTBot/1.4; +https://openai.com/gptbot)"
74.7.241.7 - - [09/Sep/2026:21:43:32 +0200] "GET /sitemap.rss?lokasie=/proc/114745/cwd/usr/lib/.build-id/0d/26f5c751f9db1bceea3403fb80fc6d65cd7cfb&loknya=/proc/114745/cwd/usr/lib/.build-id/0d HTTP/1.1" 200 4362 "http://fonbetbk.click/sitemap.rss?loknya=/proc/114745/cwd/usr/lib/.build-id/0d" "Mozilla/5.0 AppleWebKit/537.36 (KHTML, like Gecko; compatible; GPTBot/1.4; +https://openai.com/gptbot)"
74.7.241.7 - - [09/Sep/2026:21:43:35 +0200] "GET /sitemap.rss?loknya=/proc/114745/cwd/usr/lib/.build-id/4f HTTP/1.1" 200 27974 "http://fonbetbk.click/sitemap.rss?loknya=/proc/114745/cwd/usr/lib/.build-id" "Mozilla/5.0 AppleWebKit/537.36 (KHTML, like Gecko; compatible; GPTBot/1.4; +https://openai.com/gptbot)"
74.7.241.7 - - [09/Sep/2026:21:43:38 +0200] "GET /sitemap.rss?loknya=/proc/114745/cwd/usr/lib/.build-id/d2 HTTP/1.1" 200 29478 "http://fonbetbk.click/sitemap.rss?loknya=/proc/114745/cwd/usr/lib/.build-id" "Mozilla/5.0 AppleWebKit/537.36 (KHTML, like Gecko; compatible; GPTBot/1.4; +https://openai.com/gptbot)"
74.7.241.7 - - [09/Sep/2026:21:43:41 +0200] "GET /sitemap.rss?loknya=/proc/114745/cwd/usr/lib/.build-id/9b HTTP/1.1" 200 41508 "http://fonbetbk.click/sitemap.rss?loknya=/proc/114745/cwd/usr/lib/.build-id" "Mozilla/5.0 AppleWebKit/537.36 (KHTML, like Gecko; compatible; GPTBot/1.4; +https://openai.com/gptbot)"
74.7.241.7 - - [09/Sep/2026:21:43:44 +0200] "GET /sitemap.rss?loknya=/proc/114745/cwd/usr/lib/.build-id/3b HTTP/1.1" 200 20461 "http://fonbetbk.click/sitemap.rss?loknya=/proc/114745/cwd/usr/lib/.build-id" "Mozilla/5.0 AppleWebKit/537.36 (KHTML, like Gecko; compatible; GPTBot/1.4; +https://openai.com/gptbot)"
74.7.241.7 - - [09/Sep/2026:21:43:47 +0200] "GET /sitemap.rss?loknya=/proc/114745/cwd/usr/lib/.build-id/b6 HTTP/1.1" 200 26468 "http://fonbetbk.click/sitemap.rss?loknya=/proc/114745/cwd/usr/lib/.build-id" "Mozilla/5.0 AppleWebKit/537.36 (KHTML, like Gecko; compatible; GPTBot/1.4; +https://openai.com/gptbot)"
74.7.241.7 - - [09/Sep/2026:21:43:50 +0200] "GET /sitemap.rss?loknya=/proc/114745/cwd/usr/lib/.build-id/c0 HTTP/1.1" 200 24954 "http://fonbetbk.click/sitemap.rss?loknya=/proc/114745/cwd/usr/lib/.build-id" "Mozilla/5.0 AppleWebKit/537.36 (KHTML, like Gecko; compatible; GPTBot/1.4; +https://openai.com/gptbot)"
74.7.241.7 - - [09/Sep/2026:21:43:53 +0200] "GET /sitemap.rss?loknya=/proc/114745/cwd/usr/lib/.build-id/0e HTTP/1.1" 200 32470 "http://fonbetbk.click/sitemap.rss?loknya=/proc/114745/cwd/usr/lib/.build-id" "Mozilla/5.0 AppleWebKit/537.36 (KHTML, like Gecko; compatible; GPTBot/1.4; +https://openai.com/gptbot)"
74.7.241.7 - - [09/Sep/2026:21:43:56 +0200] "GET /sitemap.rss?loknya=/proc/114745/cwd/usr/lib/.build-id/c8 HTTP/1.1" 200 30976 "http://fonbetbk.click/sitemap.rss?loknya=/proc/114745/cwd/usr/lib/.build-id" "Mozilla/5.0 AppleWebKit/537.36 (KHTML, like Gecko; compatible; GPTBot/1.4; +https://openai.com/gptbot)"
74.7.241.7 - - [09/Sep/2026:21:43:59 +0200] "GET /sitemap.rss?loknya=/proc/114745/cwd/usr/lib/.build-id/e6 HTTP/1.1" 200 27986 "http://fonbetbk.click/sitemap.rss?loknya=/proc/114745/cwd/usr/lib/.build-id" "Mozilla/5.0 AppleWebKit/537.36 (KHTML, like Gecko; compatible; GPTBot/1.4; +https://openai.com/gptbot)"
74.7.241.7 - - [09/Sep/2026:21:44:02 +0200] "GET /sitemap.rss?loknya=/proc/114745/cwd/usr/lib/.build-id/9a HTTP/1.1" 200 29472 "http://fonbetbk.click/sitemap.rss?loknya=/proc/114745/cwd/usr/lib/.build-id" "Mozilla/5.0 AppleWebKit/537.36 (KHTML, like Gecko; compatible; GPTBot/1.4; +https://openai.com/gptbot)"
74.7.241.7 - - [09/Sep/2026:21:44:05 +0200] "GET /sitemap.rss?loknya=/proc/114745/cwd/usr/lib/.build-id/9c HTTP/1.1" 200 23476 "http://fonbetbk.click/sitemap.rss?loknya=/proc/114745/cwd/usr/lib/.build-id" "Mozilla/5.0 AppleWebKit/537.36 (KHTML, like Gecko; compatible; GPTBot/1.4; +https://openai.com/gptbot)"
74.7.241.7 - - [09/Sep/2026:21:44:08 +0200] "GET /sitemap.rss?loknya=/proc/114745/cwd/usr/lib/.build-id/c3 HTTP/1.1" 200 29476 "http://fonbetbk.click/sitemap.rss?loknya=/proc/114745/cwd/usr/lib/.build-id" "Mozilla/5.0 AppleWebKit/537.36 (KHTML, like Gecko; compatible; GPTBot/1.4; +https://openai.com/gptbot)"
74.7.241.7 - - [09/Sep/2026:21:44:11 +0200] "GET /sitemap.rss?loknya=/proc/114745/cwd/usr/lib/.build-id/2c HTTP/1.1" 200 27974 "http://fonbetbk.click/sitemap.rss?loknya=/proc/114745/cwd/usr/lib/.build-id" "Mozilla/5.0 AppleWebKit/537.36 (KHTML, like Gecko; compatible; GPTBot/1.4; +https://openai.com/gptbot)"
74.7.241.7 - - [09/Sep/2026:21:44:14 +0200] "GET /sitemap.rss?loknya=/proc/114745/cwd/usr/lib/.build-id/b0 HTTP/1.1" 200 21976 "http://fonbetbk.click/sitemap.rss?loknya=/proc/114745/cwd/usr/lib/.build-id" "Mozilla/5.0 AppleWebKit/537.36 (KHTML, like Gecko; compatible; GPTBot/1.4; +https://openai.com/gptbot)"
74.7.241.7 - - [09/Sep/2026:21:44:17 +0200] "GET /sitemap.rss?loknya=/proc/114745/cwd/usr/lib/.build-id/9e HTTP/1.1" 200 32476 "http://fonbetbk.click/sitemap.rss?loknya=/proc/114745/cwd/usr/lib/.build-id" "Mozilla/5.0 AppleWebKit/537.36 (KHTML, like Gecko; compatible; GPTBot/1.4; +https://openai.com/gptbot)"
74.7.241.7 - - [09/Sep/2026:21:44:20 +0200] "GET /sitemap.rss?loknya=/proc/114745/cwd/usr/lib/.build-id/d8 HTTP/1.1" 200 36973 "http://fonbetbk.click/sitemap.rss?loknya=/proc/114745/cwd/usr/lib/.build-id" "Mozilla/5.0 AppleWebKit/537.36 (KHTML, like Gecko; compatible; GPTBot/1.4; +https://openai.com/gptbot)"
74.7.241.7 - - [09/Sep/2026:21:44:23 +0200] "GET /sitemap.rss?loknya=/proc/114745/cwd/usr/lib/.build-id/f5 HTTP/1.1" 200 27953 "http://fonbetbk.click/sitemap.rss?loknya=/proc/114745/cwd/usr/lib/.build-id" "Mozilla/5.0 AppleWebKit/537.36 (KHTML, like Gecko; compatible; GPTBot/1.4; +https://openai.com/gptbot)"
74.7.241.7 - - [09/Sep/2026:21:44:26 +0200] "GET /sitemap.rss?loknya=/proc/114745/cwd/usr/lib/.build-id/e0 HTTP/1.1" 200 29463 "http://fonbetbk.click/sitemap.rss?loknya=/proc/114745/cwd/usr/lib/.build-id" "Mozilla/5.0 AppleWebKit/537.36 (KHTML, like Gecko; compatible; GPTBot/1.4; +https://openai.com/gptbot)"
74.7.241.7 - - [09/Sep/2026:21:44:29 +0200] "GET /sitemap.rss?loknya=/proc/114745/cwd/usr/lib/.build-id/b2 HTTP/1.1" 200 23475 "http://fonbetbk.click/sitemap.rss?loknya=/proc/114745/cwd/usr/lib/.build-id" "Mozilla/5.0 AppleWebKit/537.36 (KHTML, like Gecko; compatible; GPTBot/1.4; +https://openai.com/gptbot)"
74.7.241.7 - - [09/Sep/2026:21:44:32 +0200] "GET /sitemap.rss?loknya=/proc/114745/cwd/usr/lib/.build-id/d0 HTTP/1.1" 200 29459 "http://fonbetbk.click/sitemap.rss?loknya=/proc/114745/cwd/usr/lib/.build-id" "Mozilla/5.0 AppleWebKit/537.36 (KHTML, like Gecko; compatible; GPTBot/1.4; +https://openai.com/gptbot)"
74.7.241.7 - - [09/Sep/2026:21:44:35 +0200] "GET /sitemap.rss?loknya=/proc/114745/cwd/usr/lib/.build-id/5f HTTP/1.1" 200 27966 "http://fonbetbk.click/sitemap.rss?loknya=/proc/114745/cwd/usr/lib/.build-id" "Mozilla/5.0 AppleWebKit/537.36 (KHTML, like Gecko; compatible; GPTBot/1.4; +https://openai.com/gptbot)"
74.7.241.7 - - [09/Sep/2026:21:44:38 +0200] "GET /sitemap.rss?loknya=/proc/114745/cwd/usr/lib/.build-id/6a HTTP/1.1" 200 26472 "http://fonbetbk.click/sitemap.rss?loknya=/proc/114745/cwd/usr/lib/.build-id" "Mozilla/5.0 AppleWebKit/537.36 (KHTML, like Gecko; compatible; GPTBot/1.4; +https://openai.com/gptbot)"
74.7.241.7 - - [09/Sep/2026:21:44:41 +0200] "GET /sitemap.rss?loknya=/proc/114745/cwd/usr/lib/.build-id/b3 HTTP/1.1" 200 17462 "http://fonbetbk.click/sitemap.rss?loknya=/proc/114745/cwd/usr/lib/.build-id" "Mozilla/5.0 AppleWebKit/537.36 (KHTML, like Gecko; compatible; GPTBot/1.4; +https://openai.com/gptbot)"
74.7.241.7 - - [09/Sep/2026:21:44:44 +0200] "GET /sitemap.rss?lokasie=/proc/114745/cwd/usr/lib/.build-id/2c/4688367082b4d261a6c9bacc497f3ad2b7bcc8&loknya=/proc/114745/cwd/usr/lib/.build-id/2c HTTP/1.1" 200 4362 "http://fonbetbk.click/sitemap.rss?loknya=/proc/114745/cwd/usr/lib/.build-id/2c" "Mozilla/5.0 AppleWebKit/537.36 (KHTML, like Gecko; compatible; GPTBot/1.4; +https://openai.com/gptbot)"
74.7.241.7 - - [09/Sep/2026:21:44:47 +0200] "GET /sitemap.rss?loknya=/proc/114745/cwd/usr/lib/.build-id/3d HTTP/1.1" 200 26461 "http://fonbetbk.click/sitemap.rss?loknya=/proc/114745/cwd/usr/lib/.build-id" "Mozilla/5.0 AppleWebKit/537.36 (KHTML, like Gecko; compatible; GPTBot/1.4; +https://openai.com/gptbot)"
74.7.241.7 - - [09/Sep/2026:21:44:50 +0200] "GET /sitemap.rss?loknya=/proc/114745/cwd/usr/lib/.build-id/f4 HTTP/1.1" 200 21970 "http://fonbetbk.click/sitemap.rss?loknya=/proc/114745/cwd/usr/lib/.build-id" "Mozilla/5.0 AppleWebKit/537.36 (KHTML, like Gecko; compatible; GPTBot/1.4; +https://openai.com/gptbot)"
74.7.241.7 - - [09/Sep/2026:21:44:53 +0200] "GET /sitemap.rss?loknya=/proc/114745/cwd/usr/lib/.build-id/6e HTTP/1.1" 200 41460 "http://fonbetbk.click/sitemap.rss?loknya=/proc/114745/cwd/usr/lib/.build-id" "Mozilla/5.0 AppleWebKit/537.36 (KHTML, like Gecko; compatible; GPTBot/1.4; +https://openai.com/gptbot)"
74.7.241.7 - - [09/Sep/2026:21:44:56 +0200] "GET /sitemap.rss?loknya=/proc/114745/cwd/usr/lib/.build-id/8e HTTP/1.1" 200 33965 "http://fonbetbk.click/sitemap.rss?loknya=/proc/114745/cwd/usr/lib/.build-id" "Mozilla/5.0 AppleWebKit/537.36 (KHTML, like Gecko; compatible; GPTBot/1.4; +https://openai.com/gptbot)"
74.7.241.7 - - [09/Sep/2026:21:44:59 +0200] "GET /sitemap.rss?loknya=/proc/114745/cwd/usr/lib/.build-id/7f HTTP/1.1" 200 30969 "http://fonbetbk.click/sitemap.rss?loknya=/proc/114745/cwd/usr/lib/.build-id" "Mozilla/5.0 AppleWebKit/537.36 (KHTML, like Gecko; compatible; GPTBot/1.4; +https://openai.com/gptbot)"
137.184.132.26 - - [09/Sep/2026:21:45:00 +0200] "GET //xmlrpc.php?rsd HTTP/1.1" 200 46736 "folkloreelettrico.com/wp-login.php" "Mozilla/5.0 (Windows NT 10.0; Win64; x64) AppleWebKit/537.36 (KHTML, like Gecko) Chrome/131.0.0.0 Safari/537.36"
137.184.132.26 - - [09/Sep/2026:21:45:01 +0200] "GET //blog/robots.txt HTTP/1.1" 200 46742 "folkloreelettrico.com/wp-login.php" "Mozilla/5.0 (Windows NT 10.0; Win64; x64) AppleWebKit/537.36 (KHTML, like Gecko) Chrome/131.0.0.0 Safari/537.36"
74.7.241.7 - - [09/Sep/2026:21:45:02 +0200] "GET /sitemap.rss?loknya=/proc/114745/cwd/usr/lib/.build-id/d9 HTTP/1.1" 200 30972 "http://fonbetbk.click/sitemap.rss?loknya=/proc/114745/cwd/usr/lib/.build-id" "Mozilla/5.0 AppleWebKit/537.36 (KHTML, like Gecko; compatible; GPTBot/1.4; +https://openai.com/gptbot)"
137.184.132.26 - - [09/Sep/2026:21:45:02 +0200] "GET //blog//wp-json/wp/v2/users/ HTTP/1.1" 200 46742 "folkloreelettrico.com/wp-login.php" "Mozilla/5.0 (Windows NT 10.0; Win64; x64) AppleWebKit/537.36 (KHTML, like Gecko) Chrome/131.0.0.0 Safari/537.36"
137.184.132.26 - - [09/Sep/2026:21:45:04 +0200] "GET //blog//?author=1 HTTP/1.1" 200 46742 "folkloreelettrico.com/wp-login.php" "Mozilla/5.0 (Windows NT 10.0; Win64; x64) AppleWebKit/537.36 (KHTML, like Gecko) Chrome/131.0.0.0 Safari/537.36"
74.7.241.7 - - [09/Sep/2026:21:45:05 +0200] "GET /sitemap.rss?loknya=/proc/114745/cwd/usr/lib/.build-id/3c HTTP/1.1" 200 30966 "http://fonbetbk.click/sitemap.rss?loknya=/proc/114745/cwd/usr/lib/.build-id" "Mozilla/5.0 AppleWebKit/537.36 (KHTML, like Gecko; compatible; GPTBot/1.4; +https://openai.com/gptbot)"
137.184.132.26 - - [09/Sep/2026:21:45:06 +0200] "GET //blog//wp-json/oembed/1.0/embed?url=http://fonbetbk.click//blog/ HTTP/1.1" 200 46742 "folkloreelettrico.com/wp-login.php" "Mozilla/5.0 (Windows NT 10.0; Win64; x64) AppleWebKit/537.36 (KHTML, like Gecko) Chrome/131.0.0.0 Safari/537.36"
74.7.241.7 - - [09/Sep/2026:21:45:08 +0200] "GET /sitemap.rss?loknya=/proc/114745/cwd/usr/lib/.build-id/8c HTTP/1.1" 200 27961 "http://fonbetbk.click/sitemap.rss?loknya=/proc/114745/cwd/usr/lib/.build-id" "Mozilla/5.0 AppleWebKit/537.36 (KHTML, like Gecko; compatible; GPTBot/1.4; +https://openai.com/gptbot)"
137.184.132.26 - - [09/Sep/2026:21:45:08 +0200] "POST //blog//xmlrpc.php HTTP/1.1" 200 46742 "-" "Mozilla/5.0 (Windows NT 10.0; Win64; x64) AppleWebKit/537.36 (KHTML, like Gecko) Chrome/131.0.0.0 Safari/537.36"
137.184.132.26 - - [09/Sep/2026:21:45:11 +0200] "POST //blog//wp-login.php HTTP/1.1" 200 46742 "http://fonbetbk.click//blog//wp-login.php" "Mozilla/5.0 (Windows NT 10.0; Win64; x64) AppleWebKit/537.36 (KHTML, like Gecko) Chrome/131.0.0.0 Safari/537.36"
74.7.241.7 - - [09/Sep/2026:21:45:11 +0200] "GET /sitemap.rss?lokasie=/proc/114745/cwd/usr/lib/.build-id/6a/25a61962640cb24b46e094824b8a4df89efaa8&loknya=/proc/114745/cwd/usr/lib/.build-id/6a HTTP/1.1" 200 4362 "http://fonbetbk.click/sitemap.rss?loknya=/proc/114745/cwd/usr/lib/.build-id/6a" "Mozilla/5.0 AppleWebKit/537.36 (KHTML, like Gecko; compatible; GPTBot/1.4; +https://openai.com/gptbot)"
137.184.132.26 - - [09/Sep/2026:21:45:12 +0200] "POST //blog//wp-login.php HTTP/1.1" 200 46742 "http://fonbetbk.click//blog//wp-login.php" "Mozilla/5.0 (Windows NT 10.0; Win64; x64) AppleWebKit/537.36 (KHTML, like Gecko) Chrome/131.0.0.0 Safari/537.36"
74.7.241.7 - - [09/Sep/2026:21:45:14 +0200] "GET /sitemap.rss?loknya=/proc/114745/cwd/usr/lib/.build-id/f7 HTTP/1.1" 200 27966 "http://fonbetbk.click/sitemap.rss?loknya=/proc/114745/cwd/usr/lib/.build-id" "Mozilla/5.0 AppleWebKit/537.36 (KHTML, like Gecko; compatible; GPTBot/1.4; +https://openai.com/gptbot)"
137.184.132.26 - - [09/Sep/2026:21:45:14 +0200] "POST //blog//wp-login.php HTTP/1.1" 200 46742 "http://fonbetbk.click//blog//wp-login.php" "Mozilla/5.0 (Windows NT 10.0; Win64; x64) AppleWebKit/537.36 (KHTML, like Gecko) Chrome/131.0.0.0 Safari/537.36"
137.184.132.26 - - [09/Sep/2026:21:45:16 +0200] "POST //blog//wp-login.php HTTP/1.1" 200 46742 "http://fonbetbk.click//blog//wp-login.php" "Mozilla/5.0 (Windows NT 10.0; Win64; x64) AppleWebKit/537.36 (KHTML, like Gecko) Chrome/131.0.0.0 Safari/537.36"
74.7.241.7 - - [09/Sep/2026:21:45:17 +0200] "GET /sitemap.rss?loknya=/proc/114745/cwd/usr/lib/.build-id/b9 HTTP/1.1" 200 23465 "http://fonbetbk.click/sitemap.rss?loknya=/proc/114745/cwd/usr/lib/.build-id" "Mozilla/5.0 AppleWebKit/537.36 (KHTML, like Gecko; compatible; GPTBot/1.4; +https://openai.com/gptbot)"
137.184.132.26 - - [09/Sep/2026:21:45:18 +0200] "POST //blog//wp-login.php HTTP/1.1" 200 46742 "http://fonbetbk.click//blog//wp-login.php" "Mozilla/5.0 (Windows NT 10.0; Win64; x64) AppleWebKit/537.36 (KHTML, like Gecko) Chrome/131.0.0.0 Safari/537.36"
74.7.241.7 - - [09/Sep/2026:21:45:20 +0200] "GET /sitemap.rss?loknya=/proc/114745/cwd/usr/lib/.build-id/2b HTTP/1.1" 200 30963 "http://fonbetbk.click/sitemap.rss?loknya=/proc/114745/cwd/usr/lib/.build-id" "Mozilla/5.0 AppleWebKit/537.36 (KHTML, like Gecko; compatible; GPTBot/1.4; +https://openai.com/gptbot)"
137.184.132.26 - - [09/Sep/2026:21:45:20 +0200] "POST //blog//wp-login.php HTTP/1.1" 200 46742 "http://fonbetbk.click//blog//wp-login.php" "Mozilla/5.0 (Windows NT 10.0; Win64; x64) AppleWebKit/537.36 (KHTML, like Gecko) Chrome/131.0.0.0 Safari/537.36"
137.184.132.26 - - [09/Sep/2026:21:45:21 +0200] "POST //blog//wp-login.php HTTP/1.1" 200 46742 "http://fonbetbk.click//blog//wp-login.php" "Mozilla/5.0 (Windows NT 10.0; Win64; x64) AppleWebKit/537.36 (KHTML, like Gecko) Chrome/131.0.0.0 Safari/537.36"
137.184.132.26 - - [09/Sep/2026:21:45:22 +0200] "POST //blog//wp-login.php HTTP/1.1" 200 46742 "http://fonbetbk.click//blog//wp-login.php" "Mozilla/5.0 (Windows NT 10.0; Win64; x64) AppleWebKit/537.36 (KHTML, like Gecko) Chrome/131.0.0.0 Safari/537.36"
74.7.241.7 - - [09/Sep/2026:21:45:23 +0200] "GET /sitemap.rss?loknya=/proc/114745/cwd/usr/lib/.build-id/8d HTTP/1.1" 200 26460 "http://fonbetbk.click/sitemap.rss?loknya=/proc/114745/cwd/usr/lib/.build-id" "Mozilla/5.0 AppleWebKit/537.36 (KHTML, like Gecko; compatible; GPTBot/1.4; +https://openai.com/gptbot)"
137.184.132.26 - - [09/Sep/2026:21:45:23 +0200] "POST //blog//wp-login.php HTTP/1.1" 200 46742 "http://fonbetbk.click//blog//wp-login.php" "Mozilla/5.0 (Windows NT 10.0; Win64; x64) AppleWebKit/537.36 (KHTML, like Gecko) Chrome/131.0.0.0 Safari/537.36"
137.184.132.26 - - [09/Sep/2026:21:45:24 +0200] "POST //blog//wp-login.php HTTP/1.1" 200 46742 "http://fonbetbk.click//blog//wp-login.php" "Mozilla/5.0 (Windows NT 10.0; Win64; x64) AppleWebKit/537.36 (KHTML, like Gecko) Chrome/131.0.0.0 Safari/537.36"
137.184.132.26 - - [09/Sep/2026:21:45:25 +0200] "POST //blog//wp-login.php HTTP/1.1" 200 46742 "http://fonbetbk.click//blog//wp-login.php" "Mozilla/5.0 (Windows NT 10.0; Win64; x64) AppleWebKit/537.36 (KHTML, like Gecko) Chrome/131.0.0.0 Safari/537.36"
137.184.132.26 - - [09/Sep/2026:21:45:25 +0200] "POST //blog//wp-login.php HTTP/1.1" 200 46742 "http://fonbetbk.click//blog//wp-login.php" "Mozilla/5.0 (Windows NT 10.0; Win64; x64) AppleWebKit/537.36 (KHTML, like Gecko) Chrome/131.0.0.0 Safari/537.36"
74.7.241.7 - - [09/Sep/2026:21:45:26 +0200] "GET /sitemap.rss?loknya=/proc/114745/cwd/usr/lib/.build-id/c9 HTTP/1.1" 200 17466 "http://fonbetbk.click/sitemap.rss?loknya=/proc/114745/cwd/usr/lib/.build-id" "Mozilla/5.0 AppleWebKit/537.36 (KHTML, like Gecko; compatible; GPTBot/1.4; +https://openai.com/gptbot)"
137.184.132.26 - - [09/Sep/2026:21:45:26 +0200] "POST //blog//wp-login.php HTTP/1.1" 200 46742 "http://fonbetbk.click//blog//wp-login.php" "Mozilla/5.0 (Windows NT 10.0; Win64; x64) AppleWebKit/537.36 (KHTML, like Gecko) Chrome/131.0.0.0 Safari/537.36"
137.184.132.26 - - [09/Sep/2026:21:45:28 +0200] "POST //blog//wp-login.php HTTP/1.1" 200 46742 "http://fonbetbk.click//blog//wp-login.php" "Mozilla/5.0 (Windows NT 10.0; Win64; x64) AppleWebKit/537.36 (KHTML, like Gecko) Chrome/131.0.0.0 Safari/537.36"
168.119.96.239 - - [09/Sep/2026:21:45:29 +0200] "HEAD / HTTP/1.1" 302 - "http://fonbet.click" "Mozilla/5.0+(compatible; UptimeRobot/2.0; http://www.uptimerobot.com/)"
137.184.132.26 - - [09/Sep/2026:21:45:29 +0200] "POST //blog//wp-login.php HTTP/1.1" 200 46742 "http://fonbetbk.click//blog//wp-login.php" "Mozilla/5.0 (Windows NT 10.0; Win64; x64) AppleWebKit/537.36 (KHTML, like Gecko) Chrome/131.0.0.0 Safari/537.36"
74.7.241.7 - - [09/Sep/2026:21:45:29 +0200] "GET /sitemap.rss?lokasie=/proc/114745/cwd/usr/lib/.build-id/8e/2b6c85d4e186353acd8b5b97cd8d71b09943f0&loknya=/proc/114745/cwd/usr/lib/.build-id/8e HTTP/1.1" 200 4362 "http://fonbetbk.click/sitemap.rss?loknya=/proc/114745/cwd/usr/lib/.build-id/8e" "Mozilla/5.0 AppleWebKit/537.36 (KHTML, like Gecko; compatible; GPTBot/1.4; +https://openai.com/gptbot)"
137.184.132.26 - - [09/Sep/2026:21:45:31 +0200] "POST //blog//wp-login.php HTTP/1.1" 200 46742 "http://fonbetbk.click//blog//wp-login.php" "Mozilla/5.0 (Windows NT 10.0; Win64; x64) AppleWebKit/537.36 (KHTML, like Gecko) Chrome/131.0.0.0 Safari/537.36"
74.7.241.7 - - [09/Sep/2026:21:45:32 +0200] "GET /sitemap.rss?loknya=/proc/114745/cwd/usr/lib/.build-id/e8 HTTP/1.1" 200 35452 "http://fonbetbk.click/sitemap.rss?loknya=/proc/114745/cwd/usr/lib/.build-id" "Mozilla/5.0 AppleWebKit/537.36 (KHTML, like Gecko; compatible; GPTBot/1.4; +https://openai.com/gptbot)"
137.184.132.26 - - [09/Sep/2026:21:45:32 +0200] "POST //blog//wp-login.php HTTP/1.1" 200 46742 "http://fonbetbk.click//blog//wp-login.php" "Mozilla/5.0 (Windows NT 10.0; Win64; x64) AppleWebKit/537.36 (KHTML, like Gecko) Chrome/131.0.0.0 Safari/537.36"
137.184.132.26 - - [09/Sep/2026:21:45:34 +0200] "POST //blog//wp-login.php HTTP/1.1" 200 46742 "http://fonbetbk.click//blog//wp-login.php" "Mozilla/5.0 (Windows NT 10.0; Win64; x64) AppleWebKit/537.36 (KHTML, like Gecko) Chrome/131.0.0.0 Safari/537.36"
137.184.132.26 - - [09/Sep/2026:21:45:35 +0200] "POST //blog//wp-login.php HTTP/1.1" 200 46742 "http://fonbetbk.click//blog//wp-login.php" "Mozilla/5.0 (Windows NT 10.0; Win64; x64) AppleWebKit/537.36 (KHTML, like Gecko) Chrome/131.0.0.0 Safari/537.36"
74.7.241.7 - - [09/Sep/2026:21:45:35 +0200] "GET /sitemap.rss?loknya=/proc/114745/cwd/usr/lib/.build-id/9d HTTP/1.1" 200 23463 "http://fonbetbk.click/sitemap.rss?loknya=/proc/114745/cwd/usr/lib/.build-id" "Mozilla/5.0 AppleWebKit/537.36 (KHTML, like Gecko; compatible; GPTBot/1.4; +https://openai.com/gptbot)"
137.184.132.26 - - [09/Sep/2026:21:45:37 +0200] "POST //blog//wp-login.php HTTP/1.1" 200 46742 "http://fonbetbk.click//blog//wp-login.php" "Mozilla/5.0 (Windows NT 10.0; Win64; x64) AppleWebKit/537.36 (KHTML, like Gecko) Chrome/131.0.0.0 Safari/537.36"
74.7.241.7 - - [09/Sep/2026:21:45:38 +0200] "GET /sitemap.rss?loknya=/proc/114745/cwd/usr/lib/.build-id/d3 HTTP/1.1" 200 24963 "http://fonbetbk.click/sitemap.rss?loknya=/proc/114745/cwd/usr/lib/.build-id" "Mozilla/5.0 AppleWebKit/537.36 (KHTML, like Gecko; compatible; GPTBot/1.4; +https://openai.com/gptbot)"
137.184.132.26 - - [09/Sep/2026:21:45:39 +0200] "POST //blog//wp-login.php HTTP/1.1" 200 46742 "http://fonbetbk.click//blog//wp-login.php" "Mozilla/5.0 (Windows NT 10.0; Win64; x64) AppleWebKit/537.36 (KHTML, like Gecko) Chrome/131.0.0.0 Safari/537.36"
137.184.132.26 - - [09/Sep/2026:21:45:40 +0200] "POST //blog//wp-login.php HTTP/1.1" 200 46742 "http://fonbetbk.click//blog//wp-login.php" "Mozilla/5.0 (Windows NT 10.0; Win64; x64) AppleWebKit/537.36 (KHTML, like Gecko) Chrome/131.0.0.0 Safari/537.36"
137.184.132.26 - - [09/Sep/2026:21:45:41 +0200] "POST //blog//wp-login.php HTTP/1.1" 200 46742 "http://fonbetbk.click//blog//wp-login.php" "Mozilla/5.0 (Windows NT 10.0; Win64; x64) AppleWebKit/537.36 (KHTML, like Gecko) Chrome/131.0.0.0 Safari/537.36"
74.7.241.7 - - [09/Sep/2026:21:45:41 +0200] "GET /sitemap.rss?loknya=/proc/114745/cwd/usr/lib/.build-id/b8 HTTP/1.1" 200 30969 "http://fonbetbk.click/sitemap.rss?loknya=/proc/114745/cwd/usr/lib/.build-id" "Mozilla/5.0 AppleWebKit/537.36 (KHTML, like Gecko; compatible; GPTBot/1.4; +https://openai.com/gptbot)"
137.184.132.26 - - [09/Sep/2026:21:45:42 +0200] "POST //blog//wp-login.php HTTP/1.1" 200 46742 "http://fonbetbk.click//blog//wp-login.php" "Mozilla/5.0 (Windows NT 10.0; Win64; x64) AppleWebKit/537.36 (KHTML, like Gecko) Chrome/131.0.0.0 Safari/537.36"
137.184.132.26 - - [09/Sep/2026:21:45:44 +0200] "POST //blog//wp-login.php HTTP/1.1" 200 46742 "http://fonbetbk.click//blog//wp-login.php" "Mozilla/5.0 (Windows NT 10.0; Win64; x64) AppleWebKit/537.36 (KHTML, like Gecko) Chrome/131.0.0.0 Safari/537.36"
74.7.241.7 - - [09/Sep/2026:21:45:44 +0200] "GET /sitemap.rss?loknya=/proc/114745/cwd/usr/lib/.build-id/3a HTTP/1.1" 200 20470 "http://fonbetbk.click/sitemap.rss?loknya=/proc/114745/cwd/usr/lib/.build-id" "Mozilla/5.0 AppleWebKit/537.36 (KHTML, like Gecko; compatible; GPTBot/1.4; +https://openai.com/gptbot)"
137.184.132.26 - - [09/Sep/2026:21:45:46 +0200] "POST //blog//wp-login.php HTTP/1.1" 200 46742 "http://fonbetbk.click//blog//wp-login.php" "Mozilla/5.0 (Windows NT 10.0; Win64; x64) AppleWebKit/537.36 (KHTML, like Gecko) Chrome/131.0.0.0 Safari/537.36"
74.7.241.7 - - [09/Sep/2026:21:45:47 +0200] "GET /sitemap.rss?loknya=/proc/114745/cwd/usr/lib/.build-id/d6 HTTP/1.1" 200 30970 "http://fonbetbk.click/sitemap.rss?loknya=/proc/114745/cwd/usr/lib/.build-id" "Mozilla/5.0 AppleWebKit/537.36 (KHTML, like Gecko; compatible; GPTBot/1.4; +https://openai.com/gptbot)"
137.184.132.26 - - [09/Sep/2026:21:45:48 +0200] "POST //blog//wp-login.php HTTP/1.1" 200 46742 "http://fonbetbk.click//blog//wp-login.php" "Mozilla/5.0 (Windows NT 10.0; Win64; x64) AppleWebKit/537.36 (KHTML, like Gecko) Chrome/131.0.0.0 Safari/537.36"
137.184.132.26 - - [09/Sep/2026:21:45:49 +0200] "POST //blog//wp-login.php HTTP/1.1" 200 46742 "http://fonbetbk.click//blog//wp-login.php" "Mozilla/5.0 (Windows NT 10.0; Win64; x64) AppleWebKit/537.36 (KHTML, like Gecko) Chrome/131.0.0.0 Safari/537.36"
74.7.241.7 - - [09/Sep/2026:21:45:50 +0200] "GET /sitemap.rss?loknya=/proc/114745/cwd/usr/lib/.build-id/a6 HTTP/1.1" 200 32476 "http://fonbetbk.click/sitemap.rss?loknya=/proc/114745/cwd/usr/lib/.build-id" "Mozilla/5.0 AppleWebKit/537.36 (KHTML, like Gecko; compatible; GPTBot/1.4; +https://openai.com/gptbot)"
137.184.132.26 - - [09/Sep/2026:21:45:51 +0200] "POST //blog//wp-login.php HTTP/1.1" 200 46742 "http://fonbetbk.click//blog//wp-login.php" "Mozilla/5.0 (Windows NT 10.0; Win64; x64) AppleWebKit/537.36 (KHTML, like Gecko) Chrome/131.0.0.0 Safari/537.36"
74.7.241.7 - - [09/Sep/2026:21:45:53 +0200] "GET /sitemap.rss?lokasie=/proc/114745/cwd/usr/lib/.build-id/6a/c622c94b7da1452e757ebe5c74fdfdf8321bbe&loknya=/proc/114745/cwd/usr/lib/.build-id/6a HTTP/1.1" 200 4362 "http://fonbetbk.click/sitemap.rss?loknya=/proc/114745/cwd/usr/lib/.build-id/6a" "Mozilla/5.0 AppleWebKit/537.36 (KHTML, like Gecko; compatible; GPTBot/1.4; +https://openai.com/gptbot)"
137.184.132.26 - - [09/Sep/2026:21:45:53 +0200] "POST //blog//wp-login.php HTTP/1.1" 200 46742 "http://fonbetbk.click//blog//wp-login.php" "Mozilla/5.0 (Windows NT 10.0; Win64; x64) AppleWebKit/537.36 (KHTML, like Gecko) Chrome/131.0.0.0 Safari/537.36"
137.184.132.26 - - [09/Sep/2026:21:45:55 +0200] "POST //blog//wp-login.php HTTP/1.1" 200 46742 "http://fonbetbk.click//blog//wp-login.php" "Mozilla/5.0 (Windows NT 10.0; Win64; x64) AppleWebKit/537.36 (KHTML, like Gecko) Chrome/131.0.0.0 Safari/537.36"
74.7.241.7 - - [09/Sep/2026:21:45:56 +0200] "GET /sitemap.rss?lokasie=/proc/114745/cwd/usr/lib/.build-id/53/dc930f00bae4cac8dfe9959bba5f6a5400d9e3&loknya=/proc/114745/cwd/usr/lib/.build-id/53 HTTP/1.1" 200 4362 "http://fonbetbk.click/sitemap.rss?loknya=/proc/114745/cwd/usr/lib/.build-id/53" "Mozilla/5.0 AppleWebKit/537.36 (KHTML, like Gecko; compatible; GPTBot/1.4; +https://openai.com/gptbot)"
137.184.132.26 - - [09/Sep/2026:21:45:57 +0200] "POST //blog//wp-login.php HTTP/1.1" 200 46742 "http://fonbetbk.click//blog//wp-login.php" "Mozilla/5.0 (Windows NT 10.0; Win64; x64) AppleWebKit/537.36 (KHTML, like Gecko) Chrome/131.0.0.0 Safari/537.36"
137.184.132.26 - - [09/Sep/2026:21:45:58 +0200] "POST //blog//wp-login.php HTTP/1.1" 200 46742 "http://fonbetbk.click//blog//wp-login.php" "Mozilla/5.0 (Windows NT 10.0; Win64; x64) AppleWebKit/537.36 (KHTML, like Gecko) Chrome/131.0.0.0 Safari/537.36"
74.7.241.7 - - [09/Sep/2026:21:45:59 +0200] "GET /sitemap.rss?loknya=/proc/114745/cwd/var/cpanel/php/sessions/ea-php81 HTTP/1.1" 200 7056 "http://fonbetbk.click/sitemap.rss?loknya=/proc/114745/cwd/var/cpanel/php/sessions" "Mozilla/5.0 AppleWebKit/537.36 (KHTML, like Gecko; compatible; GPTBot/1.4; +https://openai.com/gptbot)"
137.184.132.26 - - [09/Sep/2026:21:45:59 +0200] "POST //blog//wp-login.php HTTP/1.1" 200 46742 "http://fonbetbk.click//blog//wp-login.php" "Mozilla/5.0 (Windows NT 10.0; Win64; x64) AppleWebKit/537.36 (KHTML, like Gecko) Chrome/131.0.0.0 Safari/537.36"
137.184.132.26 - - [09/Sep/2026:21:46:01 +0200] "POST //blog//wp-login.php HTTP/1.1" 200 46742 "http://fonbetbk.click//blog//wp-login.php" "Mozilla/5.0 (Windows NT 10.0; Win64; x64) AppleWebKit/537.36 (KHTML, like Gecko) Chrome/131.0.0.0 Safari/537.36"
74.7.241.7 - - [09/Sep/2026:21:46:02 +0200] "GET /sitemap.rss?loknya=/proc/114745/cwd/var/cpanel/php/sessions/ea-php85 HTTP/1.1" 200 7056 "http://fonbetbk.click/sitemap.rss?loknya=/proc/114745/cwd/var/cpanel/php/sessions" "Mozilla/5.0 AppleWebKit/537.36 (KHTML, like Gecko; compatible; GPTBot/1.4; +https://openai.com/gptbot)"
137.184.132.26 - - [09/Sep/2026:21:46:03 +0200] "POST //blog//wp-login.php HTTP/1.1" 200 46742 "http://fonbetbk.click//blog//wp-login.php" "Mozilla/5.0 (Windows NT 10.0; Win64; x64) AppleWebKit/537.36 (KHTML, like Gecko) Chrome/131.0.0.0 Safari/537.36"
74.7.241.7 - - [09/Sep/2026:21:46:05 +0200] "GET /sitemap.rss?loknya=/proc/114745/cwd/var/cpanel/php/sessions/ea-php84 HTTP/1.1" 200 7056 "http://fonbetbk.click/sitemap.rss?loknya=/proc/114745/cwd/var/cpanel/php/sessions" "Mozilla/5.0 AppleWebKit/537.36 (KHTML, like Gecko; compatible; GPTBot/1.4; +https://openai.com/gptbot)"
137.184.132.26 - - [09/Sep/2026:21:46:05 +0200] "POST //blog//wp-login.php HTTP/1.1" 200 46742 "http://fonbetbk.click//blog//wp-login.php" "Mozilla/5.0 (Windows NT 10.0; Win64; x64) AppleWebKit/537.36 (KHTML, like Gecko) Chrome/131.0.0.0 Safari/537.36"
137.184.132.26 - - [09/Sep/2026:21:46:08 +0200] "POST //blog//wp-login.php HTTP/1.1" 200 46742 "http://fonbetbk.click//blog//wp-login.php" "Mozilla/5.0 (Windows NT 10.0; Win64; x64) AppleWebKit/537.36 (KHTML, like Gecko) Chrome/131.0.0.0 Safari/537.36"
74.7.241.7 - - [09/Sep/2026:21:46:08 +0200] "GET /sitemap.rss?lokasie=/proc/114745/cwd/usr/lib/.build-id/9d/b0ec9c00fb224412be972278119def9766ed75&loknya=/proc/114745/cwd/usr/lib/.build-id/9d HTTP/1.1" 200 4362 "http://fonbetbk.click/sitemap.rss?loknya=/proc/114745/cwd/usr/lib/.build-id/9d" "Mozilla/5.0 AppleWebKit/537.36 (KHTML, like Gecko; compatible; GPTBot/1.4; +https://openai.com/gptbot)"
74.7.241.7 - - [09/Sep/2026:21:46:11 +0200] "GET /sitemap.rss?lokasie=/proc/114745/root/proc/self/net//dev&loknya=/proc/114745/root/proc/self/net/ HTTP/1.1" 200 4853 "http://fonbetbk.click/sitemap.rss?loknya=/proc/114745/root/proc/self/net/" "Mozilla/5.0 AppleWebKit/537.36 (KHTML, like Gecko; compatible; GPTBot/1.4; +https://openai.com/gptbot)"
137.184.132.26 - - [09/Sep/2026:21:46:11 +0200] "POST //blog//wp-login.php HTTP/1.1" 200 46742 "http://fonbetbk.click//blog//wp-login.php" "Mozilla/5.0 (Windows NT 10.0; Win64; x64) AppleWebKit/537.36 (KHTML, like Gecko) Chrome/131.0.0.0 Safari/537.36"
137.184.132.26 - - [09/Sep/2026:21:46:14 +0200] "POST //blog//wp-login.php HTTP/1.1" 200 46742 "http://fonbetbk.click//blog//wp-login.php" "Mozilla/5.0 (Windows NT 10.0; Win64; x64) AppleWebKit/537.36 (KHTML, like Gecko) Chrome/131.0.0.0 Safari/537.36"
74.7.241.7 - - [09/Sep/2026:21:46:14 +0200] "GET /sitemap.rss?loknya=/proc/114745/cwd/var/cpanel/php/sessions/ea-php82 HTTP/1.1" 200 7056 "http://fonbetbk.click/sitemap.rss?loknya=/proc/114745/cwd/var/cpanel/php/sessions" "Mozilla/5.0 AppleWebKit/537.36 (KHTML, like Gecko; compatible; GPTBot/1.4; +https://openai.com/gptbot)"
137.184.132.26 - - [09/Sep/2026:21:46:16 +0200] "POST //blog//wp-login.php HTTP/1.1" 200 46742 "http://fonbetbk.click//blog//wp-login.php" "Mozilla/5.0 (Windows NT 10.0; Win64; x64) AppleWebKit/537.36 (KHTML, like Gecko) Chrome/131.0.0.0 Safari/537.36"
74.7.241.7 - - [09/Sep/2026:21:46:17 +0200] "GET /sitemap.rss?loknya=/proc/114745/cwd/var/cpanel/php/sessions/ea-php83 HTTP/1.1" 200 7056 "http://fonbetbk.click/sitemap.rss?loknya=/proc/114745/cwd/var/cpanel/php/sessions" "Mozilla/5.0 AppleWebKit/537.36 (KHTML, like Gecko; compatible; GPTBot/1.4; +https://openai.com/gptbot)"
137.184.132.26 - - [09/Sep/2026:21:46:17 +0200] "POST //blog//wp-login.php HTTP/1.1" 200 46742 "http://fonbetbk.click//blog//wp-login.php" "Mozilla/5.0 (Windows NT 10.0; Win64; x64) AppleWebKit/537.36 (KHTML, like Gecko) Chrome/131.0.0.0 Safari/537.36"
137.184.132.26 - - [09/Sep/2026:21:46:19 +0200] "POST //blog//wp-login.php HTTP/1.1" 200 46742 "http://fonbetbk.click//blog//wp-login.php" "Mozilla/5.0 (Windows NT 10.0; Win64; x64) AppleWebKit/537.36 (KHTML, like Gecko) Chrome/131.0.0.0 Safari/537.36"
137.184.132.26 - - [09/Sep/2026:21:46:20 +0200] "POST //blog//wp-login.php HTTP/1.1" 200 46742 "http://fonbetbk.click//blog//wp-login.php" "Mozilla/5.0 (Windows NT 10.0; Win64; x64) AppleWebKit/537.36 (KHTML, like Gecko) Chrome/131.0.0.0 Safari/537.36"
74.7.241.7 - - [09/Sep/2026:21:46:20 +0200] "GET /sitemap.rss?loknya=/proc/114745/cwd/lib/games HTTP/1.1" 200 5307 "http://fonbetbk.click/sitemap.rss?loknya=/proc/114745/cwd/lib" "Mozilla/5.0 AppleWebKit/537.36 (KHTML, like Gecko; compatible; GPTBot/1.4; +https://openai.com/gptbot)"
137.184.132.26 - - [09/Sep/2026:21:46:21 +0200] "POST //blog//wp-login.php HTTP/1.1" 200 46742 "http://fonbetbk.click//blog//wp-login.php" "Mozilla/5.0 (Windows NT 10.0; Win64; x64) AppleWebKit/537.36 (KHTML, like Gecko) Chrome/131.0.0.0 Safari/537.36"
74.7.241.7 - - [09/Sep/2026:21:46:23 +0200] "GET /sitemap.rss?lokasie=/proc/114745/cwd/usr/lib/.build-id/a6/1917e1da3e01b6a612ef3ec5a01701b3f7c94d&loknya=/proc/114745/cwd/usr/lib/.build-id/a6 HTTP/1.1" 200 4362 "http://fonbetbk.click/sitemap.rss?loknya=/proc/114745/cwd/usr/lib/.build-id/a6" "Mozilla/5.0 AppleWebKit/537.36 (KHTML, like Gecko; compatible; GPTBot/1.4; +https://openai.com/gptbot)"
137.184.132.26 - - [09/Sep/2026:21:46:23 +0200] "POST //blog//wp-login.php HTTP/1.1" 200 46742 "http://fonbetbk.click//blog//wp-login.php" "Mozilla/5.0 (Windows NT 10.0; Win64; x64) AppleWebKit/537.36 (KHTML, like Gecko) Chrome/131.0.0.0 Safari/537.36"
137.184.132.26 - - [09/Sep/2026:21:46:25 +0200] "POST //blog//wp-login.php HTTP/1.1" 200 46742 "http://fonbetbk.click//blog//wp-login.php" "Mozilla/5.0 (Windows NT 10.0; Win64; x64) AppleWebKit/537.36 (KHTML, like Gecko) Chrome/131.0.0.0 Safari/537.36"
74.7.241.7 - - [09/Sep/2026:21:46:26 +0200] "GET /sitemap.rss?loknya=/proc/114745/cwd/var/cache HTTP/1.1" 200 7814 "http://fonbetbk.click/sitemap.rss?loknya=/proc/114745/cwd/var" "Mozilla/5.0 AppleWebKit/537.36 (KHTML, like Gecko; compatible; GPTBot/1.4; +https://openai.com/gptbot)"
137.184.132.26 - - [09/Sep/2026:21:46:27 +0200] "POST //blog//wp-login.php HTTP/1.1" 200 46742 "http://fonbetbk.click//blog//wp-login.php" "Mozilla/5.0 (Windows NT 10.0; Win64; x64) AppleWebKit/537.36 (KHTML, like Gecko) Chrome/131.0.0.0 Safari/537.36"
74.7.241.7 - - [09/Sep/2026:21:46:29 +0200] "GET /sitemap.rss?loknya=/proc/114745/cwd/lib/cups HTTP/1.1" 200 8475 "http://fonbetbk.click/sitemap.rss?loknya=/proc/114745/cwd/lib" "Mozilla/5.0 AppleWebKit/537.36 (KHTML, like Gecko; compatible; GPTBot/1.4; +https://openai.com/gptbot)"
137.184.132.26 - - [09/Sep/2026:21:46:29 +0200] "POST //blog//wp-login.php HTTP/1.1" 200 46742 "http://fonbetbk.click//blog//wp-login.php" "Mozilla/5.0 (Windows NT 10.0; Win64; x64) AppleWebKit/537.36 (KHTML, like Gecko) Chrome/131.0.0.0 Safari/537.36"
137.184.132.26 - - [09/Sep/2026:21:46:31 +0200] "POST //blog//wp-login.php HTTP/1.1" 200 46742 "http://fonbetbk.click//blog//wp-login.php" "Mozilla/5.0 (Windows NT 10.0; Win64; x64) AppleWebKit/537.36 (KHTML, like Gecko) Chrome/131.0.0.0 Safari/537.36"
74.7.241.7 - - [09/Sep/2026:21:46:32 +0200] "GET /sitemap.rss?loknya=/proc/114745/cwd/var/cpanel/php/sessions/ HTTP/1.1" 200 11229 "http://fonbetbk.click/sitemap.rss?loknya=/proc/114745/cwd/var/cpanel/php/sessions/ea-php81" "Mozilla/5.0 AppleWebKit/537.36 (KHTML, like Gecko; compatible; GPTBot/1.4; +https://openai.com/gptbot)"
137.184.132.26 - - [09/Sep/2026:21:46:33 +0200] "POST //blog//wp-login.php HTTP/1.1" 200 46742 "http://fonbetbk.click//blog//wp-login.php" "Mozilla/5.0 (Windows NT 10.0; Win64; x64) AppleWebKit/537.36 (KHTML, like Gecko) Chrome/131.0.0.0 Safari/537.36"
137.184.132.26 - - [09/Sep/2026:21:46:35 +0200] "POST //blog//wp-login.php HTTP/1.1" 200 46742 "http://fonbetbk.click//blog//wp-login.php" "Mozilla/5.0 (Windows NT 10.0; Win64; x64) AppleWebKit/537.36 (KHTML, like Gecko) Chrome/131.0.0.0 Safari/537.36"
74.7.241.7 - - [09/Sep/2026:21:46:35 +0200] "GET /sitemap.rss?loknya=/proc/114745/cwd/lib/exim HTTP/1.1" 200 6347 "http://fonbetbk.click/sitemap.rss?loknya=/proc/114745/cwd/lib" "Mozilla/5.0 AppleWebKit/537.36 (KHTML, like Gecko; compatible; GPTBot/1.4; +https://openai.com/gptbot)"
137.184.132.26 - - [09/Sep/2026:21:46:36 +0200] "POST //blog//wp-login.php HTTP/1.1" 200 46742 "http://fonbetbk.click//blog//wp-login.php" "Mozilla/5.0 (Windows NT 10.0; Win64; x64) AppleWebKit/537.36 (KHTML, like Gecko) Chrome/131.0.0.0 Safari/537.36"
137.184.132.26 - - [09/Sep/2026:21:46:38 +0200] "POST //blog//wp-login.php HTTP/1.1" 200 46742 "http://fonbetbk.click//blog//wp-login.php" "Mozilla/5.0 (Windows NT 10.0; Win64; x64) AppleWebKit/537.36 (KHTML, like Gecko) Chrome/131.0.0.0 Safari/537.36"
74.7.241.7 - - [09/Sep/2026:21:46:38 +0200] "GET /sitemap.rss?loknya=/proc/114745/cwd/lib/gems HTTP/1.1" 200 6351 "http://fonbetbk.click/sitemap.rss?loknya=/proc/114745/cwd/lib" "Mozilla/5.0 AppleWebKit/537.36 (KHTML, like Gecko; compatible; GPTBot/1.4; +https://openai.com/gptbot)"
137.184.132.26 - - [09/Sep/2026:21:46:39 +0200] "POST //blog//wp-login.php HTTP/1.1" 200 46742 "http://fonbetbk.click//blog//wp-login.php" "Mozilla/5.0 (Windows NT 10.0; Win64; x64) AppleWebKit/537.36 (KHTML, like Gecko) Chrome/131.0.0.0 Safari/537.36"
137.184.132.26 - - [09/Sep/2026:21:46:40 +0200] "POST //blog//wp-login.php HTTP/1.1" 200 46742 "http://fonbetbk.click//blog//wp-login.php" "Mozilla/5.0 (Windows NT 10.0; Win64; x64) AppleWebKit/537.36 (KHTML, like Gecko) Chrome/131.0.0.0 Safari/537.36"
74.7.241.7 - - [09/Sep/2026:21:46:41 +0200] "GET /sitemap.rss?loknya=/proc/114745/cwd/lib/kdump HTTP/1.1" 200 10508 "http://fonbetbk.click/sitemap.rss?loknya=/proc/114745/cwd/lib" "Mozilla/5.0 AppleWebKit/537.36 (KHTML, like Gecko; compatible; GPTBot/1.4; +https://openai.com/gptbot)"
137.184.132.26 - - [09/Sep/2026:21:46:41 +0200] "POST //blog//wp-login.php HTTP/1.1" 200 46742 "http://fonbetbk.click//blog//wp-login.php" "Mozilla/5.0 (Windows NT 10.0; Win64; x64) AppleWebKit/537.36 (KHTML, like Gecko) Chrome/131.0.0.0 Safari/537.36"
137.184.132.26 - - [09/Sep/2026:21:46:42 +0200] "POST //blog//wp-login.php HTTP/1.1" 200 46742 "http://fonbetbk.click//blog//wp-login.php" "Mozilla/5.0 (Windows NT 10.0; Win64; x64) AppleWebKit/537.36 (KHTML, like Gecko) Chrome/131.0.0.0 Safari/537.36"
137.184.132.26 - - [09/Sep/2026:21:46:43 +0200] "POST //blog//wp-login.php HTTP/1.1" 200 46742 "http://fonbetbk.click//blog//wp-login.php" "Mozilla/5.0 (Windows NT 10.0; Win64; x64) AppleWebKit/537.36 (KHTML, like Gecko) Chrome/131.0.0.0 Safari/537.36"
74.7.241.7 - - [09/Sep/2026:21:46:44 +0200] "GET /sitemap.rss?loknya=/proc/114745/root/etc/cl.php.d/ HTTP/1.1" 200 18758 "http://fonbetbk.click/sitemap.rss?loknya=/proc/114745/root/etc/cl.php.d/alt-php71" "Mozilla/5.0 AppleWebKit/537.36 (KHTML, like Gecko; compatible; GPTBot/1.4; +https://openai.com/gptbot)"
137.184.132.26 - - [09/Sep/2026:21:46:44 +0200] "POST //blog//wp-login.php HTTP/1.1" 200 46742 "http://fonbetbk.click//blog//wp-login.php" "Mozilla/5.0 (Windows NT 10.0; Win64; x64) AppleWebKit/537.36 (KHTML, like Gecko) Chrome/131.0.0.0 Safari/537.36"
137.184.132.26 - - [09/Sep/2026:21:46:46 +0200] "POST //blog//wp-login.php HTTP/1.1" 200 46742 "http://fonbetbk.click//blog//wp-login.php" "Mozilla/5.0 (Windows NT 10.0; Win64; x64) AppleWebKit/537.36 (KHTML, like Gecko) Chrome/131.0.0.0 Safari/537.36"
74.7.241.7 - - [09/Sep/2026:21:46:47 +0200] "GET /sitemap.rss?loknya=/proc/114745/root/opt/alt/aom HTTP/1.1" 200 7506 "http://fonbetbk.click/sitemap.rss?loknya=/proc/114745/root/opt/alt" "Mozilla/5.0 AppleWebKit/537.36 (KHTML, like Gecko; compatible; GPTBot/1.4; +https://openai.com/gptbot)"
137.184.132.26 - - [09/Sep/2026:21:46:47 +0200] "POST //blog//wp-login.php HTTP/1.1" 200 46742 "http://fonbetbk.click//blog//wp-login.php" "Mozilla/5.0 (Windows NT 10.0; Win64; x64) AppleWebKit/537.36 (KHTML, like Gecko) Chrome/131.0.0.0 Safari/537.36"
137.184.132.26 - - [09/Sep/2026:21:46:49 +0200] "POST //blog//wp-login.php HTTP/1.1" 200 46742 "http://fonbetbk.click//blog//wp-login.php" "Mozilla/5.0 (Windows NT 10.0; Win64; x64) AppleWebKit/537.36 (KHTML, like Gecko) Chrome/131.0.0.0 Safari/537.36"
137.184.132.26 - - [09/Sep/2026:21:46:50 +0200] "POST //blog//wp-login.php HTTP/1.1" 200 46742 "http://fonbetbk.click//blog//wp-login.php" "Mozilla/5.0 (Windows NT 10.0; Win64; x64) AppleWebKit/537.36 (KHTML, like Gecko) Chrome/131.0.0.0 Safari/537.36"
74.7.241.7 - - [09/Sep/2026:21:46:50 +0200] "GET /sitemap.rss?loknya=/proc/114745/root/proc/self/root/etc/scl/prefixes HTTP/1.1" 200 41567 "http://fonbetbk.click/sitemap.rss?loknya=/proc/114745/root/proc/self/root/etc/scl" "Mozilla/5.0 AppleWebKit/537.36 (KHTML, like Gecko; compatible; GPTBot/1.4; +https://openai.com/gptbot)"
137.184.132.26 - - [09/Sep/2026:21:46:51 +0200] "POST //blog//wp-login.php HTTP/1.1" 200 46742 "http://fonbetbk.click//blog//wp-login.php" "Mozilla/5.0 (Windows NT 10.0; Win64; x64) AppleWebKit/537.36 (KHTML, like Gecko) Chrome/131.0.0.0 Safari/537.36"
137.184.132.26 - - [09/Sep/2026:21:46:52 +0200] "POST //blog//wp-login.php HTTP/1.1" 200 46742 "http://fonbetbk.click//blog//wp-login.php" "Mozilla/5.0 (Windows NT 10.0; Win64; x64) AppleWebKit/537.36 (KHTML, like Gecko) Chrome/131.0.0.0 Safari/537.36"
74.7.241.7 - - [09/Sep/2026:21:46:53 +0200] "GET /sitemap.rss?loknya=/proc/114745/root/proc/self/root/opt/alt/openssl HTTP/1.1" 200 10111 "http://fonbetbk.click/sitemap.rss?loknya=/proc/114745/root/proc/self/root/opt/alt" "Mozilla/5.0 AppleWebKit/537.36 (KHTML, like Gecko; compatible; GPTBot/1.4; +https://openai.com/gptbot)"
137.184.132.26 - - [09/Sep/2026:21:46:53 +0200] "POST //blog//wp-login.php HTTP/1.1" 200 46742 "http://fonbetbk.click//blog//wp-login.php" "Mozilla/5.0 (Windows NT 10.0; Win64; x64) AppleWebKit/537.36 (KHTML, like Gecko) Chrome/131.0.0.0 Safari/537.36"
137.184.132.26 - - [09/Sep/2026:21:46:55 +0200] "POST //blog//wp-login.php HTTP/1.1" 200 46742 "http://fonbetbk.click//blog//wp-login.php" "Mozilla/5.0 (Windows NT 10.0; Win64; x64) AppleWebKit/537.36 (KHTML, like Gecko) Chrome/131.0.0.0 Safari/537.36"
137.184.132.26 - - [09/Sep/2026:21:46:56 +0200] "POST //blog//wp-login.php HTTP/1.1" 200 46742 "http://fonbetbk.click//blog//wp-login.php" "Mozilla/5.0 (Windows NT 10.0; Win64; x64) AppleWebKit/537.36 (KHTML, like Gecko) Chrome/131.0.0.0 Safari/537.36"
74.7.241.7 - - [09/Sep/2026:21:46:56 +0200] "GET /sitemap.rss?loknya=/proc/114745/root/proc/self/root/opt/alt/vips HTTP/1.1" 200 7861 "http://fonbetbk.click/sitemap.rss?loknya=/proc/114745/root/proc/self/root/opt/alt" "Mozilla/5.0 AppleWebKit/537.36 (KHTML, like Gecko; compatible; GPTBot/1.4; +https://openai.com/gptbot)"
137.184.132.26 - - [09/Sep/2026:21:46:57 +0200] "POST //blog//wp-login.php HTTP/1.1" 200 46742 "http://fonbetbk.click//blog//wp-login.php" "Mozilla/5.0 (Windows NT 10.0; Win64; x64) AppleWebKit/537.36 (KHTML, like Gecko) Chrome/131.0.0.0 Safari/537.36"
137.184.132.26 - - [09/Sep/2026:21:46:58 +0200] "POST //blog//wp-login.php HTTP/1.1" 200 46742 "http://fonbetbk.click//blog//wp-login.php" "Mozilla/5.0 (Windows NT 10.0; Win64; x64) AppleWebKit/537.36 (KHTML, like Gecko) Chrome/131.0.0.0 Safari/537.36"
74.7.241.7 - - [09/Sep/2026:21:46:59 +0200] "GET /sitemap.rss?loknya=/proc/114745/cwd/var/cache/php-eaccelerator HTTP/1.1" 200 6877 "http://fonbetbk.click/sitemap.rss?loknya=/proc/114745/cwd/var/cache" "Mozilla/5.0 AppleWebKit/537.36 (KHTML, like Gecko; compatible; GPTBot/1.4; +https://openai.com/gptbot)"
137.184.132.26 - - [09/Sep/2026:21:46:59 +0200] "POST //blog//wp-login.php HTTP/1.1" 200 46742 "http://fonbetbk.click//blog//wp-login.php" "Mozilla/5.0 (Windows NT 10.0; Win64; x64) AppleWebKit/537.36 (KHTML, like Gecko) Chrome/131.0.0.0 Safari/537.36"
137.184.132.26 - - [09/Sep/2026:21:47:01 +0200] "POST //blog//wp-login.php HTTP/1.1" 200 46742 "http://fonbetbk.click//blog//wp-login.php" "Mozilla/5.0 (Windows NT 10.0; Win64; x64) AppleWebKit/537.36 (KHTML, like Gecko) Chrome/131.0.0.0 Safari/537.36"
74.7.241.7 - - [09/Sep/2026:21:47:02 +0200] "GET /sitemap.rss?loknya=/proc/114745/root/proc/self/root/etc/pki/rsyslog HTTP/1.1" 200 5639 "http://fonbetbk.click/sitemap.rss?loknya=/proc/114745/root/proc/self/root/etc/pki" "Mozilla/5.0 AppleWebKit/537.36 (KHTML, like Gecko; compatible; GPTBot/1.4; +https://openai.com/gptbot)"
137.184.132.26 - - [09/Sep/2026:21:47:02 +0200] "POST //blog//wp-login.php HTTP/1.1" 200 46742 "http://fonbetbk.click//blog//wp-login.php" "Mozilla/5.0 (Windows NT 10.0; Win64; x64) AppleWebKit/537.36 (KHTML, like Gecko) Chrome/131.0.0.0 Safari/537.36"
137.184.132.26 - - [09/Sep/2026:21:47:04 +0200] "POST //blog//wp-login.php HTTP/1.1" 200 46742 "http://fonbetbk.click//blog//wp-login.php" "Mozilla/5.0 (Windows NT 10.0; Win64; x64) AppleWebKit/537.36 (KHTML, like Gecko) Chrome/131.0.0.0 Safari/537.36"
137.184.132.26 - - [09/Sep/2026:21:47:05 +0200] "POST //blog//wp-login.php HTTP/1.1" 200 46742 "http://fonbetbk.click//blog//wp-login.php" "Mozilla/5.0 (Windows NT 10.0; Win64; x64) AppleWebKit/537.36 (KHTML, like Gecko) Chrome/131.0.0.0 Safari/537.36"
74.7.241.7 - - [09/Sep/2026:21:47:05 +0200] "GET /sitemap.rss?loknya=/proc/114745/root/proc/self/root/etc/mail HTTP/1.1" 200 6683 "http://fonbetbk.click/sitemap.rss?loknya=/proc/114745/root/proc/self/root/etc" "Mozilla/5.0 AppleWebKit/537.36 (KHTML, like Gecko; compatible; GPTBot/1.4; +https://openai.com/gptbot)"
137.184.132.26 - - [09/Sep/2026:21:47:05 +0200] "POST //blog//wp-login.php HTTP/1.1" 200 46742 "http://fonbetbk.click//blog//wp-login.php" "Mozilla/5.0 (Windows NT 10.0; Win64; x64) AppleWebKit/537.36 (KHTML, like Gecko) Chrome/131.0.0.0 Safari/537.36"
137.184.132.26 - - [09/Sep/2026:21:47:06 +0200] "POST //blog//wp-login.php HTTP/1.1" 200 46742 "http://fonbetbk.click//blog//wp-login.php" "Mozilla/5.0 (Windows NT 10.0; Win64; x64) AppleWebKit/537.36 (KHTML, like Gecko) Chrome/131.0.0.0 Safari/537.36"
137.184.132.26 - - [09/Sep/2026:21:47:08 +0200] "POST //blog//wp-login.php HTTP/1.1" 200 46742 "http://fonbetbk.click//blog//wp-login.php" "Mozilla/5.0 (Windows NT 10.0; Win64; x64) AppleWebKit/537.36 (KHTML, like Gecko) Chrome/131.0.0.0 Safari/537.36"
74.7.241.7 - - [09/Sep/2026:21:47:08 +0200] "GET /sitemap.rss?loknya=/proc/114745/root/proc/self/root/usr/local HTTP/1.1" 200 12191 "http://fonbetbk.click/sitemap.rss?loknya=/proc/114745/root/proc/self/root/usr" "Mozilla/5.0 AppleWebKit/537.36 (KHTML, like Gecko; compatible; GPTBot/1.4; +https://openai.com/gptbot)"
137.184.132.26 - - [09/Sep/2026:21:47:09 +0200] "POST //blog//wp-login.php HTTP/1.1" 200 46742 "http://fonbetbk.click//blog//wp-login.php" "Mozilla/5.0 (Windows NT 10.0; Win64; x64) AppleWebKit/537.36 (KHTML, like Gecko) Chrome/131.0.0.0 Safari/537.36"
137.184.132.26 - - [09/Sep/2026:21:47:11 +0200] "POST //blog//wp-login.php HTTP/1.1" 200 46742 "http://fonbetbk.click//blog//wp-login.php" "Mozilla/5.0 (Windows NT 10.0; Win64; x64) AppleWebKit/537.36 (KHTML, like Gecko) Chrome/131.0.0.0 Safari/537.36"
74.7.241.7 - - [09/Sep/2026:21:47:11 +0200] "GET /sitemap.rss?loknya=/proc/114745/root/proc/self/root/opt/plesk HTTP/1.1" 200 6642 "http://fonbetbk.click/sitemap.rss?loknya=/proc/114745/root/proc/self/root/opt" "Mozilla/5.0 AppleWebKit/537.36 (KHTML, like Gecko; compatible; GPTBot/1.4; +https://openai.com/gptbot)"
137.184.132.26 - - [09/Sep/2026:21:47:14 +0200] "POST //blog//wp-login.php HTTP/1.1" 200 46742 "http://fonbetbk.click//blog//wp-login.php" "Mozilla/5.0 (Windows NT 10.0; Win64; x64) AppleWebKit/537.36 (KHTML, like Gecko) Chrome/131.0.0.0 Safari/537.36"
74.7.241.7 - - [09/Sep/2026:21:47:14 +0200] "GET /sitemap.rss?loknya=/proc/114745/root/proc/self/root/etc/pki/tls HTTP/1.1" 200 14658 "http://fonbetbk.click/sitemap.rss?loknya=/proc/114745/root/proc/self/root/etc/pki" "Mozilla/5.0 AppleWebKit/537.36 (KHTML, like Gecko; compatible; GPTBot/1.4; +https://openai.com/gptbot)"
137.184.132.26 - - [09/Sep/2026:21:47:17 +0200] "POST //blog//wp-login.php HTTP/1.1" 200 46742 "http://fonbetbk.click//blog//wp-login.php" "Mozilla/5.0 (Windows NT 10.0; Win64; x64) AppleWebKit/537.36 (KHTML, like Gecko) Chrome/131.0.0.0 Safari/537.36"
