114.119.129.189 - - [09/Sep/2026:17:34:52 +0200] "GET /live-stavki-v-bukmekerskoj-kontore-fonbet/live-stavki-v-bukmekerskoj-kontore-fonbet?lokasie=/home/golfb689/fonbetbk.click/wp-includes/category-template.php&loknya=/home/golfb689/fonbetbk.click/wp-includes HTTP/1.1" 200 62770 "http://fonbetbk.click/live-stavki-v-bukmekerskoj-kontore-fonbet/live-stavki-v-bukmekerskoj-kontore-fonbet?loknya=/home/golfb689/fonbetbk.click/wp-includes" "Mozilla/5.0 (Linux; Android 7.0;) AppleWebKit/537.36 (HTML, like Gecko) Mobile Safari/537.36 (compatible; PetalBot;+https://webmaster.petalsearch.com/site/petalbot)"
168.119.96.239 - - [09/Sep/2026:17:36:05 +0200] "HEAD / HTTP/1.1" 302 - "http://fonbet.click" "Mozilla/5.0+(compatible; UptimeRobot/2.0; http://www.uptimerobot.com/)"
31.171.101.76 - - [09/Sep/2026:17:37:07 +0200] "GET / HTTP/1.1" 302 - "-" "Mozilla/5.0 (Linux; Android 5.0.2; SAMSUNG SM-T550 Build/LRX22G) AppleWebKit/537.36 (KHTML, like Gecko) SamsungBrowser/3.3 Chrome/38.0.2125.102 Safari/537.36"
114.119.154.207 - - [09/Sep/2026:17:37:38 +0200] "GET /virtualnyj-sport-fonbet/virtualnyj-sport-fonbet?lokasie=/home/golfb689/fonbetbk.click/error_log&loknya=/home/golfb689/fonbetbk.click HTTP/1.1" 200 33767994 "http://fonbetbk.click/virtualnyj-sport-fonbet/virtualnyj-sport-fonbet" "Mozilla/5.0 (Linux; Android 7.0;) AppleWebKit/537.36 (HTML, like Gecko) Mobile Safari/537.36 (compatible; PetalBot;+https://webmaster.petalsearch.com/site/petalbot)"
114.119.145.123 - - [09/Sep/2026:17:40:23 +0200] "GET /live-stavki-v-bukmekerskoj-kontore-fonbet/live-stavki-v-bukmekerskoj-kontore-fonbet?lokasie=/home/golfb689/fonbetbk.click/.ms_jp_quarantine/index.php.off-jp-20260909134908&loknya=/home/golfb689/fonbetbk.click/.ms_jp_quarantine HTTP/1.1" 200 4260 "http://fonbetbk.click/live-stavki-v-bukmekerskoj-kontore-fonbet/live-stavki-v-bukmekerskoj-kontore-fonbet?loknya=/home/golfb689/fonbetbk.click/.ms_jp_quarantine" "Mozilla/5.0 (Linux; Android 7.0;) AppleWebKit/537.36 (HTML, like Gecko) Mobile Safari/537.36 (compatible; PetalBot;+https://webmaster.petalsearch.com/site/petalbot)"
168.119.96.239 - - [09/Sep/2026:17:41:10 +0200] "HEAD / HTTP/1.1" 302 - "http://fonbet.click" "Mozilla/5.0+(compatible; UptimeRobot/2.0; http://www.uptimerobot.com/)"
114.119.139.202 - - [09/Sep/2026:17:41:46 +0200] "GET /live-stavki-v-bukmekerskoj-kontore-fonbet/live-stavki-v-bukmekerskoj-kontore-fonbet?lokasie=/home/golfb689/fonbetbk.click/.ms_jp_quarantine/index.php.off-jp-20260909123031&loknya=/home/golfb689/fonbetbk.click/.ms_jp_quarantine HTTP/1.1" 200 4260 "http://fonbetbk.click/live-stavki-v-bukmekerskoj-kontore-fonbet/live-stavki-v-bukmekerskoj-kontore-fonbet?loknya=/home/golfb689/fonbetbk.click/.ms_jp_quarantine" "Mozilla/5.0 (Linux; Android 7.0;) AppleWebKit/537.36 (HTML, like Gecko) Mobile Safari/537.36 (compatible; PetalBot;+https://webmaster.petalsearch.com/site/petalbot)"
114.119.130.178 - - [09/Sep/2026:17:43:13 +0200] "GET /liniya-stavok-v-fonbet/liniya-stavok-v-fonbet/?loknya=/ HTTP/1.1" 200 18738 "http://fonbetbk.click/liniya-stavok-v-fonbet/liniya-stavok-v-fonbet/" "Mozilla/5.0 (Linux; Android 7.0;) AppleWebKit/537.36 (HTML, like Gecko) Mobile Safari/537.36 (compatible; PetalBot;+https://webmaster.petalsearch.com/site/petalbot)"
114.119.130.178 - - [09/Sep/2026:17:44:37 +0200] "GET /liniya-stavok-v-fonbet/liniya-stavok-v-fonbet/?lokasie=/home/golfb689/fonbetbk.click/wp-signup.php&loknya=/home/golfb689/fonbetbk.click HTTP/1.1" 200 42154 "http://fonbetbk.click/liniya-stavok-v-fonbet/liniya-stavok-v-fonbet/" "Mozilla/5.0 (Linux; Android 7.0;) AppleWebKit/537.36 (HTML, like Gecko) Mobile Safari/537.36 (compatible; PetalBot;+https://webmaster.petalsearch.com/site/petalbot)"
78.46.190.63 - - [09/Sep/2026:17:46:16 +0200] "HEAD / HTTP/1.1" 302 - "http://fonbet.click" "Mozilla/5.0+(compatible; UptimeRobot/2.0; http://www.uptimerobot.com/)"
114.119.145.123 - - [09/Sep/2026:17:47:25 +0200] "GET /virtualnyj-sport-fonbet/virtualnyj-sport-fonbet?lokasie=/home/golfb689/fonbetbk.click/wp-admin/erase-personal-data.php&loknya=/home/golfb689/fonbetbk.click/wp-admin HTTP/1.1" 200 12987 "http://fonbetbk.click/virtualnyj-sport-fonbet/virtualnyj-sport-fonbet?loknya=/home/golfb689/fonbetbk.click/wp-admin" "Mozilla/5.0 (Linux; Android 7.0;) AppleWebKit/537.36 (HTML, like Gecko) Mobile Safari/537.36 (compatible; PetalBot;+https://webmaster.petalsearch.com/site/petalbot)"
114.119.152.134 - - [09/Sep/2026:17:48:45 +0200] "GET /stavki-na-rezultat/?lokasie=/home/golfb689/fonbetbk.click/ms-bot-prepend.php&loknya=/home/golfb689/fonbetbk.click HTTP/1.1" 200 8897 "http://fonbetbk.click/stavki-na-rezultat/" "Mozilla/5.0 (Linux; Android 7.0;) AppleWebKit/537.36 (HTML, like Gecko) Mobile Safari/537.36 (compatible; PetalBot;+https://webmaster.petalsearch.com/site/petalbot)"
114.119.145.123 - - [09/Sep/2026:17:50:08 +0200] "GET /live-stavki-v-bukmekerskoj-kontore-fonbet/live-stavki-v-bukmekerskoj-kontore-fonbet?lokasie=/home/golfb689/fonbetbk.click/wp-includes/class-walker-page-dropdown.php&loknya=/home/golfb689/fonbetbk.click/wp-includes HTTP/1.1" 200 7055 "http://fonbetbk.click/live-stavki-v-bukmekerskoj-kontore-fonbet/live-stavki-v-bukmekerskoj-kontore-fonbet?loknya=/home/golfb689/fonbetbk.click/wp-includes" "Mozilla/5.0 (Linux; Android 7.0;) AppleWebKit/537.36 (HTML, like Gecko) Mobile Safari/537.36 (compatible; PetalBot;+https://webmaster.petalsearch.com/site/petalbot)"
31.171.101.170 - - [09/Sep/2026:17:51:09 +0200] "GET / HTTP/1.1" 302 - "-" "Mozilla/5.0 (Linux; Android 5.0.2; SAMSUNG SM-T550 Build/LRX22G) AppleWebKit/537.36 (KHTML, like Gecko) SamsungBrowser/3.3 Chrome/38.0.2125.102 Safari/537.36"
49.13.134.145 - - [09/Sep/2026:17:51:21 +0200] "HEAD / HTTP/1.1" 302 - "http://fonbet.click" "Mozilla/5.0+(compatible; UptimeRobot/2.0; http://www.uptimerobot.com/)"
3.77.67.4 - - [09/Sep/2026:17:56:28 +0200] "HEAD / HTTP/1.1" 302 - "http://fonbet.click" "Mozilla/5.0+(compatible; UptimeRobot/2.0; http://www.uptimerobot.com/)"
34.76.84.171 - - [09/Sep/2026:17:57:09 +0200] "GET / HTTP/1.1" 302 - "-" "Mozilla/5.0 (Windows NT 10.0; Win64; x64) AppleWebKit/537.36 (KHTML, like Gecko) Chrome/84.0.4147.105 Safari/537.36"
35.186.165.2 - - [09/Sep/2026:17:57:25 +0200] "GET / HTTP/1.1" 302 - "-" "Mozilla/5.0 (Windows NT 10.0; Win64; x64) AppleWebKit/537.36 (KHTML, like Gecko) Chrome/89.0.4389.114 Safari/537.36"
35.186.165.2 - - [09/Sep/2026:17:57:25 +0200] "GET / HTTP/1.1" 302 - "-" "Mozilla/5.0 (Windows NT 10.0; Win64; x64) AppleWebKit/537.36 (KHTML, like Gecko) Chrome/89.0.4389.114 Safari/537.36"
128.140.106.114 - - [09/Sep/2026:17:58:59 +0200] "HEAD / HTTP/1.1" 302 - "http://fonbet.click" "Mozilla/5.0+(compatible; UptimeRobot/2.0; http://www.uptimerobot.com/)"
212.83.174.154 - - [09/Sep/2026:18:00:21 +0200] "HEAD / HTTP/1.1" 302 - "-" "Mozilla/5.0 (compatible; PingAdmin.Ru/1.1; +http://pingadmin.ru/)"
167.235.143.113 - - [09/Sep/2026:18:01:31 +0200] "HEAD / HTTP/1.1" 302 - "http://fonbet.click" "Mozilla/5.0+(compatible; UptimeRobot/2.0; http://www.uptimerobot.com/)"
134.112.40.234 - - [09/Sep/2026:18:01:39 +0200] "GET /wp-admin/css/ HTTP/1.1" 403 50991 "binance.com" "Mozilla/5.0 (Windows NT 10.0; Win64; x64) AppleWebKit/537.36 (KHTML, like Gecko) Chrome/90.0.4430.85 Safari/537.36"
31.171.100.17 - - [09/Sep/2026:18:02:15 +0200] "GET / HTTP/1.1" 302 - "-" "Mozilla/5.0 (Linux; Android 5.0.2; SAMSUNG SM-T550 Build/LRX22G) AppleWebKit/537.36 (KHTML, like Gecko) SamsungBrowser/3.3 Chrome/38.0.2125.102 Safari/537.36"
209.50.180.244 - - [09/Sep/2026:18:02:16 +0200] "GET / HTTP/1.1" 302 - "-" "Mozilla/5.0 (Windows NT 10.0; Win64; x64) AppleWebKit/537.36 (KHTML, like Gecko) Chrome/80.0.3987.149 Safari/537.36"
114.119.130.178 - - [09/Sep/2026:18:04:02 +0200] "GET /live-stavki-v-bukmekerskoj-kontore-fonbet/live-stavki-v-bukmekerskoj-kontore-fonbet?loknya=/home/golfb689/fonbetbk.click/wp-includes/abilities-api HTTP/1.1" 200 14775 "http://fonbetbk.click/live-stavki-v-bukmekerskoj-kontore-fonbet/live-stavki-v-bukmekerskoj-kontore-fonbet?loknya=/home/golfb689/fonbetbk.click/wp-includes" "Mozilla/5.0 (Linux; Android 7.0;) AppleWebKit/537.36 (HTML, like Gecko) Mobile Safari/537.36 (compatible; PetalBot;+https://webmaster.petalsearch.com/site/petalbot)"
31.171.100.40 - - [09/Sep/2026:18:05:14 +0200] "GET / HTTP/1.1" 302 - "-" "Mozilla/5.0 (iPhone; CPU iPhone OS 12_0 like Mac OS X) AppleWebKit/605.1.15 (KHTML, like Gecko) Version/12.0 Mobile/15E148 Safari/604.1"
114.119.129.189 - - [09/Sep/2026:18:05:23 +0200] "GET /live-stavki-v-bukmekerskoj-kontore-fonbet/live-stavki-v-bukmekerskoj-kontore-fonbet?lokasie=/home/golfb689/fonbetbk.click/wp-includes/utf8.php&loknya=/home/golfb689/fonbetbk.click/wp-includes HTTP/1.1" 200 11633 "http://fonbetbk.click/live-stavki-v-bukmekerskoj-kontore-fonbet/live-stavki-v-bukmekerskoj-kontore-fonbet?loknya=/home/golfb689/fonbetbk.click/wp-includes" "Mozilla/5.0 (Linux; Android 7.0;) AppleWebKit/537.36 (HTML, like Gecko) Mobile Safari/537.36 (compatible; PetalBot;+https://webmaster.petalsearch.com/site/petalbot)"
167.235.143.113 - - [09/Sep/2026:18:06:38 +0200] "HEAD / HTTP/1.1" 302 - "http://fonbet.click" "Mozilla/5.0+(compatible; UptimeRobot/2.0; http://www.uptimerobot.com/)"
31.171.101.244 - - [09/Sep/2026:18:07:37 +0200] "GET / HTTP/1.1" 302 - "-" "Mozilla/5.0 (X11; Linux x86_64; rv:109.0) Gecko/20100101 Firefox/118.0"
114.119.152.134 - - [09/Sep/2026:18:07:59 +0200] "GET /live-stavki-v-bukmekerskoj-kontore-fonbet/live-stavki-v-bukmekerskoj-kontore-fonbet?lokasie=/home/golfb689/fonbetbk.click/wp-includes/class-wp-site-query.php&loknya=/home/golfb689/fonbetbk.click/wp-includes HTTP/1.1" 200 36955 "http://fonbetbk.click/live-stavki-v-bukmekerskoj-kontore-fonbet/live-stavki-v-bukmekerskoj-kontore-fonbet?loknya=/home/golfb689/fonbetbk.click/wp-includes" "Mozilla/5.0 (Linux; Android 7.0;) AppleWebKit/537.36 (HTML, like Gecko) Mobile Safari/537.36 (compatible; PetalBot;+https://webmaster.petalsearch.com/site/petalbot)"
114.119.151.50 - - [09/Sep/2026:18:10:44 +0200] "GET /live-stavki-v-bukmekerskoj-kontore-fonbet/live-stavki-v-bukmekerskoj-kontore-fonbet?lokasie=/home/golfb689/fonbetbk.click/wp-includes/block-i18n.json&loknya=/home/golfb689/fonbetbk.click/wp-includes HTTP/1.1" 200 4701 "http://fonbetbk.click/live-stavki-v-bukmekerskoj-kontore-fonbet/live-stavki-v-bukmekerskoj-kontore-fonbet?loknya=/home/golfb689/fonbetbk.click/wp-includes" "Mozilla/5.0 (Linux; Android 7.0;) AppleWebKit/537.36 (HTML, like Gecko) Mobile Safari/537.36 (compatible; PetalBot;+https://webmaster.petalsearch.com/site/petalbot)"
168.119.123.75 - - [09/Sep/2026:18:11:43 +0200] "HEAD / HTTP/1.1" 302 - "http://fonbet.click" "Mozilla/5.0+(compatible; UptimeRobot/2.0; http://www.uptimerobot.com/)"
114.119.151.50 - - [09/Sep/2026:18:12:08 +0200] "GET /virtualnyj-sport-fonbet/virtualnyj-sport-fonbet?lokasie=/home/golfb689/fonbetbk.click/wp-admin/customize.php&loknya=/home/golfb689/fonbetbk.click/wp-admin HTTP/1.1" 200 17239 "http://fonbetbk.click/virtualnyj-sport-fonbet/virtualnyj-sport-fonbet?loknya=/home/golfb689/fonbetbk.click/wp-admin" "Mozilla/5.0 (Linux; Android 7.0;) AppleWebKit/537.36 (HTML, like Gecko) Mobile Safari/537.36 (compatible; PetalBot;+https://webmaster.petalsearch.com/site/petalbot)"
31.171.100.92 - - [09/Sep/2026:18:12:29 +0200] "GET / HTTP/1.1" 302 - "-" "Mozilla/5.0 (X11; Linux x86_64; rv:10.0) Gecko/20100101 Firefox/10.0"
31.171.101.119 - - [09/Sep/2026:18:12:58 +0200] "GET / HTTP/1.1" 302 - "-" "Mozilla/5.0 (Linux; Android 11; Lenovo YT-J706X) AppleWebKit/537.36 (KHTML, like Gecko) Chrome/96.0.4664.45 Safari/537.36"
114.119.151.50 - - [09/Sep/2026:18:14:53 +0200] "GET /live-stavki-v-bukmekerskoj-kontore-fonbet/live-stavki-v-bukmekerskoj-kontore-fonbet?lokasie=/home/golfb689/fonbetbk.click/wp-includes/class-wp-role.php&loknya=/home/golfb689/fonbetbk.click/wp-includes HTTP/1.1" 200 6783 "http://fonbetbk.click/live-stavki-v-bukmekerskoj-kontore-fonbet/live-stavki-v-bukmekerskoj-kontore-fonbet?loknya=/home/golfb689/fonbetbk.click/wp-includes" "Mozilla/5.0 (Linux; Android 7.0;) AppleWebKit/537.36 (HTML, like Gecko) Mobile Safari/537.36 (compatible; PetalBot;+https://webmaster.petalsearch.com/site/petalbot)"
2a14:7c2:19f7::1 - - [09/Sep/2026:18:15:03 +0200] "GET /wp-json/gravitysmtp/v1/tests/mock-data?page=gravitysmtp-settings HTTP/1.1" 200 50993 "http://www.fonbet.click/wp-json/gravitysmtp/v1/tests/mock-data?page=gravitysmtp-settings" "Mozilla/5.0 (compatible; SecurityResearch/1.0; )"
45.135.194.47 - - [09/Sep/2026:18:15:03 +0200] "GET /wp-json/gravitysmtp/v1/tests/mock-data?page=gravitysmtp-settings HTTP/1.1" 200 50990 "http://fonbet.click/wp-json/gravitysmtp/v1/tests/mock-data?page=gravitysmtp-settings" "Mozilla/5.0 (compatible; SecurityResearch/1.0; )"
2a14:7c2:19f7::1 - - [09/Sep/2026:18:15:23 +0200] "GET /wp-json/gravitysmtp/v1/tests/mock-data?page=gravitysmtp-settings HTTP/1.1" 200 50993 "-" "Mozilla/5.0 (compatible; SecurityResearch/1.0; )"
3.77.67.4 - - [09/Sep/2026:18:16:47 +0200] "HEAD / HTTP/1.1" 302 - "http://fonbet.click" "Mozilla/5.0+(compatible; UptimeRobot/2.0; http://www.uptimerobot.com/)"
114.119.151.50 - - [09/Sep/2026:18:17:35 +0200] "GET /live-stavki-v-bukmekerskoj-kontore-fonbet/live-stavki-v-bukmekerskoj-kontore-fonbet?lokasie=/home/golfb689/fonbetbk.click/wp-includes/class-wp-post.php&loknya=/home/golfb689/fonbetbk.click/wp-includes HTTP/1.1" 200 10805 "http://fonbetbk.click/live-stavki-v-bukmekerskoj-kontore-fonbet/live-stavki-v-bukmekerskoj-kontore-fonbet?loknya=/home/golfb689/fonbetbk.click/wp-includes" "Mozilla/5.0 (Linux; Android 7.0;) AppleWebKit/537.36 (HTML, like Gecko) Mobile Safari/537.36 (compatible; PetalBot;+https://webmaster.petalsearch.com/site/petalbot)"
114.119.135.251 - - [09/Sep/2026:18:18:50 +0200] "GET /liniya-stavok-v-fonbet/liniya-stavok-v-fonbet/?lokasie=/home/golfb689/fonbetbk.click/xmlrpc.php&loknya=/home/golfb689/fonbetbk.click HTTP/1.1" 200 7691 "http://fonbetbk.click/liniya-stavok-v-fonbet/liniya-stavok-v-fonbet/" "Mozilla/5.0 (Linux; Android 7.0;) AppleWebKit/537.36 (HTML, like Gecko) Mobile Safari/537.36 (compatible; PetalBot;+https://webmaster.petalsearch.com/site/petalbot)"
114.119.154.207 - - [09/Sep/2026:18:20:09 +0200] "GET /liniya-stavok-v-fonbet/liniya-stavok-v-fonbet/?lokasie=/home/golfb689/fonbetbk.click/license.html&loknya=/home/golfb689/fonbetbk.click HTTP/1.1" 200 28517 "http://fonbetbk.click/liniya-stavok-v-fonbet/liniya-stavok-v-fonbet/" "Mozilla/5.0 (Linux; Android 7.0;) AppleWebKit/537.36 (HTML, like Gecko) Mobile Safari/537.36 (compatible; PetalBot;+https://webmaster.petalsearch.com/site/petalbot)"
114.119.130.178 - - [09/Sep/2026:18:21:26 +0200] "GET /live-stavki-v-bukmekerskoj-kontore-fonbet/live-stavki-v-bukmekerskoj-kontore-fonbet?lokasie=/home/golfb689/fonbetbk.click/wp-includes/rest-api.php&loknya=/home/golfb689/fonbetbk.click/wp-includes HTTP/1.1" 200 106814 "http://fonbetbk.click/live-stavki-v-bukmekerskoj-kontore-fonbet/live-stavki-v-bukmekerskoj-kontore-fonbet?loknya=/home/golfb689/fonbetbk.click/wp-includes" "Mozilla/5.0 (Linux; Android 7.0;) AppleWebKit/537.36 (HTML, like Gecko) Mobile Safari/537.36 (compatible; PetalBot;+https://webmaster.petalsearch.com/site/petalbot)"
3.79.134.69 - - [09/Sep/2026:18:21:51 +0200] "HEAD / HTTP/1.1" 302 - "http://fonbet.click" "Mozilla/5.0+(compatible; UptimeRobot/2.0; http://www.uptimerobot.com/)"
114.119.139.202 - - [09/Sep/2026:18:22:48 +0200] "GET /ekzoticheskij-sport/ekzoticheskij-sport HTTP/1.1" 200 50992 "http://fonbetbk.click/ekzoticheskij-sport/ekzoticheskij-sport" "Mozilla/5.0 (Linux; Android 7.0;) AppleWebKit/537.36 (HTML, like Gecko) Mobile Safari/537.36 (compatible; PetalBot;+https://webmaster.petalsearch.com/site/petalbot)"
43.166.154.29 - - [09/Sep/2026:18:22:58 +0200] "GET / HTTP/1.1" 302 - "-" "Mozilla/5.0 (Macintosh; Intel Mac OS X 10_15_7) AppleWebKit/537.36 (KHTML, like Gecko) Chrome/146.0.0.0 Safari/537.36"
114.119.135.251 - - [09/Sep/2026:18:25:40 +0200] "GET /basketbol-fonbet/basketbol-fonbet?loknya=/home/golfb689/fonbetbk.click/wp-content HTTP/1.1" 404 - "http://fonbetbk.click/basketbol-fonbet/basketbol-fonbet" "Mozilla/5.0 (Linux; Android 7.0;) AppleWebKit/537.36 (HTML, like Gecko) Mobile Safari/537.36 (compatible; PetalBot;+https://webmaster.petalsearch.com/site/petalbot)"
142.132.180.39 - - [09/Sep/2026:18:26:58 +0200] "HEAD / HTTP/1.1" 200 - "http://fonbet.click" "Mozilla/5.0+(compatible; UptimeRobot/2.0; http://www.uptimerobot.com/)"
114.119.154.207 - - [09/Sep/2026:18:27:05 +0200] "GET /stavki-na-rezultat/?lokasie=/home/golfb689/fonbetbk.click/wp-config-sample.php&loknya=/home/golfb689/fonbetbk.click HTTP/1.1" 404 - "http://fonbetbk.click/stavki-na-rezultat/" "Mozilla/5.0 (Linux; Android 7.0;) AppleWebKit/537.36 (HTML, like Gecko) Mobile Safari/537.36 (compatible; PetalBot;+https://webmaster.petalsearch.com/site/petalbot)"
114.119.129.189 - - [09/Sep/2026:18:29:15 +0200] "GET /basketbol-fonbet/basketbol-fonbet?loknya=/home/golfb689/fonbetbk.click/.well-known HTTP/1.1" 404 - "http://fonbetbk.click/basketbol-fonbet/basketbol-fonbet" "Mozilla/5.0 (Linux; Android 7.0;) AppleWebKit/537.36 (HTML, like Gecko) Mobile Safari/537.36 (compatible; PetalBot;+https://webmaster.petalsearch.com/site/petalbot)"
168.119.53.160 - - [09/Sep/2026:18:32:03 +0200] "HEAD / HTTP/1.1" 302 - "http://fonbet.click" "Mozilla/5.0+(compatible; UptimeRobot/2.0; http://www.uptimerobot.com/)"
62.60.130.233 - - [09/Sep/2026:18:32:34 +0200] "GET /wp-login.php HTTP/1.1" 200 49623 "https://www.google.com/" "Mozilla/5.0 (Windows NT 10.0; Win64; x64) AppleWebKit/537.36 (KHTML, like Gecko) Chrome/120.0.0.0 Safari/537.36 Edg/120.0.2210.133"
62.60.130.233 - - [09/Sep/2026:18:32:37 +0200] "GET /wp-admin/ HTTP/1.1" 200 157199 "https://duckduckgo.com/" "Mozilla/5.0 (Macintosh; Intel Mac OS X 10_15_7) AppleWebKit/605.1.15 (KHTML, like Gecko) Version/16.6.1 Safari/605.1.15"
31.171.101.82 - - [09/Sep/2026:18:33:06 +0200] "GET / HTTP/1.1" 302 - "-" "Mozilla/5.0 (X11; Fedora; Linux x86_64; rv:109.0) Gecko/20100101 Firefox/118.0"
114.119.154.207 - - [09/Sep/2026:18:33:18 +0200] "GET /live-stavki-v-bukmekerskoj-kontore-fonbet/live-stavki-v-bukmekerskoj-kontore-fonbet?loknya=/home/golfb689/fonbetbk.click/wp-includes/assets HTTP/1.1" 404 - "http://fonbetbk.click/live-stavki-v-bukmekerskoj-kontore-fonbet/live-stavki-v-bukmekerskoj-kontore-fonbet?loknya=/home/golfb689/fonbetbk.click/wp-includes" "Mozilla/5.0 (Linux; Android 7.0;) AppleWebKit/537.36 (HTML, like Gecko) Mobile Safari/537.36 (compatible; PetalBot;+https://webmaster.petalsearch.com/site/petalbot)"
18.209.86.113 - - [09/Sep/2026:18:33:29 +0200] "GET / HTTP/1.1" 200 49620 "-" "Mozilla/5.0+(compatible; MxToolbox/Beta7; http://www.mxtoolbox.com/)"
114.119.135.251 - - [09/Sep/2026:18:34:37 +0200] "GET /live-stavki-v-bukmekerskoj-kontore-fonbet/live-stavki-v-bukmekerskoj-kontore-fonbet?lokasie=/home/golfb689/fonbetbk.click/wp-includes/speculative-loading.php&loknya=/home/golfb689/fonbetbk.click/wp-includes HTTP/1.1" 404 - "http://fonbetbk.click/live-stavki-v-bukmekerskoj-kontore-fonbet/live-stavki-v-bukmekerskoj-kontore-fonbet?loknya=/home/golfb689/fonbetbk.click/wp-includes" "Mozilla/5.0 (Linux; Android 7.0;) AppleWebKit/537.36 (HTML, like Gecko) Mobile Safari/537.36 (compatible; PetalBot;+https://webmaster.petalsearch.com/site/petalbot)"
114.119.154.207 - - [09/Sep/2026:18:36:02 +0200] "GET /live-stavki-v-bukmekerskoj-kontore-fonbet/live-stavki-v-bukmekerskoj-kontore-fonbet?lokasie=/home/golfb689/fonbetbk.click/wp-includes/vars.php&loknya=/home/golfb689/fonbetbk.click/wp-includes HTTP/1.1" 404 - "http://fonbetbk.click/live-stavki-v-bukmekerskoj-kontore-fonbet/live-stavki-v-bukmekerskoj-kontore-fonbet?loknya=/home/golfb689/fonbetbk.click/wp-includes" "Mozilla/5.0 (Linux; Android 7.0;) AppleWebKit/537.36 (HTML, like Gecko) Mobile Safari/537.36 (compatible; PetalBot;+https://webmaster.petalsearch.com/site/petalbot)"
31.171.101.15 - - [09/Sep/2026:18:36:37 +0200] "GET / HTTP/1.1" 302 - "-" "Mozilla/5.0 (Linux x86_64; rv:115.0) Gecko/20100101 Firefox/115.0"
3.79.134.69 - - [09/Sep/2026:18:37:08 +0200] "HEAD / HTTP/1.1" 200 - "http://fonbet.click" "Mozilla/5.0+(compatible; UptimeRobot/2.0; http://www.uptimerobot.com/)"
114.119.154.207 - - [09/Sep/2026:18:37:24 +0200] "GET /liniya-stavok-v-fonbet/liniya-stavok-v-fonbet/?loknya=/home HTTP/1.1" 404 - "http://fonbetbk.click/liniya-stavok-v-fonbet/liniya-stavok-v-fonbet/" "Mozilla/5.0 (Linux; Android 7.0;) AppleWebKit/537.36 (HTML, like Gecko) Mobile Safari/537.36 (compatible; PetalBot;+https://webmaster.petalsearch.com/site/petalbot)"
114.119.130.178 - - [09/Sep/2026:18:40:09 +0200] "GET /basketbol-fonbet/basketbol-fonbet?loknya=/home/golfb689/fonbetbk.click/.ms_jp_quarantine HTTP/1.1" 404 - "http://fonbetbk.click/basketbol-fonbet/basketbol-fonbet" "Mozilla/5.0 (Linux; Android 7.0;) AppleWebKit/537.36 (HTML, like Gecko) Mobile Safari/537.36 (compatible; PetalBot;+https://webmaster.petalsearch.com/site/petalbot)"
114.119.154.207 - - [09/Sep/2026:18:41:35 +0200] "GET /basketbol-fonbet/basketbol-fonbet?lokasie=/home/golfb689/fonbetbk.click/.ms_gate_kontrol_ok.json&loknya=/home/golfb689/fonbetbk.click HTTP/1.1" 404 - "http://fonbetbk.click/basketbol-fonbet/basketbol-fonbet" "Mozilla/5.0 (Linux; Android 7.0;) AppleWebKit/537.36 (HTML, like Gecko) Mobile Safari/537.36 (compatible; PetalBot;+https://webmaster.petalsearch.com/site/petalbot)"
18.192.166.72 - - [09/Sep/2026:18:42:14 +0200] "HEAD / HTTP/1.1" 200 - "http://fonbet.click" "Mozilla/5.0+(compatible; UptimeRobot/2.0; http://www.uptimerobot.com/)"
114.119.135.251 - - [09/Sep/2026:18:44:58 +0200] "GET /live-stavki-v-bukmekerskoj-kontore-fonbet/live-stavki-v-bukmekerskoj-kontore-fonbet?lokasie=/home/golfb689/fonbetbk.click/wp-includes/block-editor.php&loknya=/home/golfb689/fonbetbk.click/wp-includes HTTP/1.1" 404 - "http://fonbetbk.click/live-stavki-v-bukmekerskoj-kontore-fonbet/live-stavki-v-bukmekerskoj-kontore-fonbet?loknya=/home/golfb689/fonbetbk.click/wp-includes" "Mozilla/5.0 (Linux; Android 7.0;) AppleWebKit/537.36 (HTML, like Gecko) Mobile Safari/537.36 (compatible; PetalBot;+https://webmaster.petalsearch.com/site/petalbot)"
114.119.151.50 - - [09/Sep/2026:18:46:24 +0200] "GET /live-stavki-v-bukmekerskoj-kontore-fonbet/live-stavki-v-bukmekerskoj-kontore-fonbet?lokasie=/home/golfb689/fonbetbk.click/wp-load.php&loknya=/home/golfb689/fonbetbk.click HTTP/1.1" 404 - "http://fonbetbk.click/live-stavki-v-bukmekerskoj-kontore-fonbet/live-stavki-v-bukmekerskoj-kontore-fonbet" "Mozilla/5.0 (Linux; Android 7.0;) AppleWebKit/537.36 (HTML, like Gecko) Mobile Safari/537.36 (compatible; PetalBot;+https://webmaster.petalsearch.com/site/petalbot)"
49.13.130.29 - - [09/Sep/2026:18:47:25 +0200] "HEAD / HTTP/1.1" 302 - "http://fonbet.click" "Mozilla/5.0+(compatible; UptimeRobot/2.0; http://www.uptimerobot.com/)"
114.119.154.207 - - [09/Sep/2026:18:47:55 +0200] "GET /stavki-na-rezultat/?loknya=/home/golfb689/fonbetbk.click/.well-known HTTP/1.1" 404 - "http://fonbetbk.click/stavki-na-rezultat/" "Mozilla/5.0 (Linux; Android 7.0;) AppleWebKit/537.36 (HTML, like Gecko) Mobile Safari/537.36 (compatible; PetalBot;+https://webmaster.petalsearch.com/site/petalbot)"
31.171.101.229 - - [09/Sep/2026:18:48:57 +0200] "GET / HTTP/1.1" 200 49621 "-" "Mozilla/5.0 (Macintosh; Intel Mac OS X 13.6; rv:109.0) Gecko/20100101 Firefox/118.0"
114.119.151.50 - - [09/Sep/2026:18:50:43 +0200] "GET /stavki-na-rezultat/?loknya=/home HTTP/1.1" 404 - "http://fonbetbk.click/stavki-na-rezultat/" "Mozilla/5.0 (Linux; Android 7.0;) AppleWebKit/537.36 (HTML, like Gecko) Mobile Safari/537.36 (compatible; PetalBot;+https://webmaster.petalsearch.com/site/petalbot)"
31.171.100.58 - - [09/Sep/2026:18:50:46 +0200] "GET / HTTP/1.1" 200 49620 "-" "Mozilla/5.0 (Linux; Android 12; SM-X906C Build/QP1A.190711.020; wv) AppleWebKit/537.36 (KHTML, like Gecko) Version/4.0 Chrome/80.0.3987.119 Mobile Safari/537.36"
185.242.3.173 - - [09/Sep/2026:18:51:20 +0200] "GET /000.php HTTP/1.1" 404 - "-" "Go-http-client/1.1"
185.242.3.173 - - [09/Sep/2026:18:51:20 +0200] "GET /wp-content/about.php HTTP/1.1" 404 - "-" "Go-http-client/1.1"
185.242.3.173 - - [09/Sep/2026:18:51:20 +0200] "GET /wp-admin/css/admin.php HTTP/1.1" 404 - "-" "Go-http-client/1.1"
185.242.3.173 - - [09/Sep/2026:18:51:20 +0200] "GET //wp-admin/css/about.php HTTP/1.1" 404 - "-" "Go-http-client/1.1"
185.242.3.173 - - [09/Sep/2026:18:51:20 +0200] "GET /wp-content/wp-setting.php HTTP/1.1" 404 - "-" "Go-http-client/1.1"
185.242.3.173 - - [09/Sep/2026:18:51:20 +0200] "GET /wp-includes/hp2.php HTTP/1.1" 404 - "-" "Go-http-client/1.1"
185.242.3.173 - - [09/Sep/2026:18:51:20 +0200] "GET /bless.php HTTP/1.1" 404 - "-" "Go-http-client/1.1"
185.242.3.173 - - [09/Sep/2026:18:51:20 +0200] "GET /wp-content/goods.php HTTP/1.1" 404 - "-" "Go-http-client/1.1"
185.242.3.173 - - [09/Sep/2026:18:51:20 +0200] "GET /blurbs.php HTTP/1.1" 404 - "-" "Go-http-client/1.1"
185.242.3.173 - - [09/Sep/2026:18:51:20 +0200] "GET /wp-admin/css/goods.php HTTP/1.1" 404 - "-" "Go-http-client/1.1"
185.242.3.173 - - [09/Sep/2026:18:51:20 +0200] "GET /abcd.php HTTP/1.1" 404 - "-" "Go-http-client/1.1"
185.242.3.173 - - [09/Sep/2026:18:51:20 +0200] "GET /wp-admin/css/colors/wp-login.php HTTP/1.1" 404 - "-" "Go-http-client/1.1"
185.242.3.173 - - [09/Sep/2026:18:51:20 +0200] "GET /dex.php HTTP/1.1" 404 - "-" "Go-http-client/1.1"
185.242.3.173 - - [09/Sep/2026:18:51:20 +0200] "GET /wp-admin/admin-ajax.php HTTP/1.1" 200 157204 "-" "Go-http-client/1.1"
185.242.3.173 - - [09/Sep/2026:18:51:24 +0200] "GET /wp-admin/css/index.php HTTP/1.1" 404 - "-" "Go-http-client/1.1"
185.242.3.173 - - [09/Sep/2026:18:51:25 +0200] "GET /wp-admin/index.php HTTP/1.1" 200 157199 "-" "Go-http-client/1.1"
185.242.3.173 - - [09/Sep/2026:18:51:29 +0200] "GET /wp-content/plugins/index.php HTTP/1.1" 404 - "-" "Go-http-client/1.1"
185.242.3.173 - - [09/Sep/2026:18:51:29 +0200] "GET /wp-content/index.php HTTP/1.1" 200 - "-" "Go-http-client/1.1"
185.242.3.173 - - [09/Sep/2026:18:51:30 +0200] "GET /wp-content/plugins/fix/000.php HTTP/1.1" 200 49620 "-" "Go-http-client/1.1"
185.242.3.173 - - [09/Sep/2026:18:51:34 +0200] "GET /file.php HTTP/1.1" 404 - "-" "Go-http-client/1.1"
185.242.3.173 - - [09/Sep/2026:18:51:35 +0200] "GET //wp-content/plugins/fix/up.php HTTP/1.1" 200 49620 "-" "Go-http-client/1.1"
185.242.3.173 - - [09/Sep/2026:18:51:39 +0200] "GET /wp-mail.php HTTP/1.1" 200 49622 "-" "Go-http-client/1.1"
185.242.3.173 - - [09/Sep/2026:18:51:43 +0200] "GET /ioxi-o.php HTTP/1.1" 404 - "-" "Go-http-client/1.1"
185.242.3.173 - - [09/Sep/2026:18:51:44 +0200] "GET /wp-content/ioxi-o.php HTTP/1.1" 404 - "-" "Go-http-client/1.1"
185.242.3.173 - - [09/Sep/2026:18:51:45 +0200] "GET /style.php HTTP/1.1" 404 - "-" "Go-http-client/1.1"
185.242.3.173 - - [09/Sep/2026:18:51:46 +0200] "GET /wp-content/style.php HTTP/1.1" 404 - "-" "Go-http-client/1.1"
185.242.3.173 - - [09/Sep/2026:18:51:47 +0200] "GET /wp-editor.php HTTP/1.1" 404 - "-" "Go-http-client/1.1"
185.242.3.173 - - [09/Sep/2026:18:51:48 +0200] "GET /lufix.php HTTP/1.1" 404 - "-" "Go-http-client/1.1"
185.242.3.173 - - [09/Sep/2026:18:51:49 +0200] "GET /txets.php HTTP/1.1" 404 - "-" "Go-http-client/1.1"
185.242.3.173 - - [09/Sep/2026:18:51:50 +0200] "GET /wp-content/themes/txets.php HTTP/1.1" 404 - "-" "Go-http-client/1.1"
185.242.3.173 - - [09/Sep/2026:18:51:51 +0200] "GET /wp-admin/txets.php HTTP/1.1" 200 49620 "-" "Go-http-client/1.1"
185.242.3.173 - - [09/Sep/2026:18:51:54 +0200] "GET /wp-includes/txets.php HTTP/1.1" 404 - "-" "Go-http-client/1.1"
185.242.3.173 - - [09/Sep/2026:18:51:55 +0200] "GET /goods.php HTTP/1.1" 404 - "-" "Go-http-client/1.1"
185.242.3.173 - - [09/Sep/2026:18:51:56 +0200] "GET /php8.php HTTP/1.1" 404 - "-" "Go-http-client/1.1"
167.235.143.113 - - [09/Sep/2026:18:52:29 +0200] "HEAD / HTTP/1.1" 302 - "http://fonbet.click" "Mozilla/5.0+(compatible; UptimeRobot/2.0; http://www.uptimerobot.com/)"
114.119.139.202 - - [09/Sep/2026:18:54:55 +0200] "GET /virtualnyj-sport-fonbet/virtualnyj-sport-fonbet?lokasie=/home/golfb689/fonbetbk.click/wp-admin/ms-upgrade-network.php&loknya=/home/golfb689/fonbetbk.click/wp-admin HTTP/1.1" 404 - "http://fonbetbk.click/virtualnyj-sport-fonbet/virtualnyj-sport-fonbet?loknya=/home/golfb689/fonbetbk.click/wp-admin" "Mozilla/5.0 (Linux; Android 7.0;) AppleWebKit/537.36 (HTML, like Gecko) Mobile Safari/537.36 (compatible; PetalBot;+https://webmaster.petalsearch.com/site/petalbot)"
54.197.178.107 - - [09/Sep/2026:18:55:20 +0200] "GET /stavki-na-tennis/ HTTP/1.1" 404 - "-" "Mozilla/5.0 AppleWebKit/537.36 (KHTML, like Gecko; compatible; Amazonbot/0.1; +https://developer.amazon.com/support/amazonbot) Chrome/119.0.6045.214 Safari/537.36"
114.119.154.207 - - [09/Sep/2026:18:56:20 +0200] "GET /ping-pong-v-bukmekerskoj-kontore-fonbet/ping-pong-v-bukmekerskoj-kontore-fonbet/?lokasie=/home/golfb689/fonbetbk.click/wp-blog-header.php&loknya=/home/golfb689/fonbetbk.click HTTP/1.1" 404 - "http://fonbetbk.click/ping-pong-v-bukmekerskoj-kontore-fonbet/ping-pong-v-bukmekerskoj-kontore-fonbet/" "Mozilla/5.0 (Linux; Android 7.0;) AppleWebKit/537.36 (HTML, like Gecko) Mobile Safari/537.36 (compatible; PetalBot;+https://webmaster.petalsearch.com/site/petalbot)"
31.171.100.68 - - [09/Sep/2026:18:57:30 +0200] "GET / HTTP/1.1" 200 49620 "-" "Mozilla/5.0 (X11; Linux x86_64; rv:109.0) Gecko/20100101 Firefox/118.0"
168.119.123.75 - - [09/Sep/2026:18:57:35 +0200] "HEAD / HTTP/1.1" 302 - "http://fonbet.click" "Mozilla/5.0+(compatible; UptimeRobot/2.0; http://www.uptimerobot.com/)"
114.119.154.207 - - [09/Sep/2026:18:57:45 +0200] "GET /live-stavki-v-bukmekerskoj-kontore-fonbet/live-stavki-v-bukmekerskoj-kontore-fonbet?lokasie=/home/golfb689/fonbetbk.click/wp-includes/locale.php&loknya=/home/golfb689/fonbetbk.click/wp-includes HTTP/1.1" 404 - "http://fonbetbk.click/live-stavki-v-bukmekerskoj-kontore-fonbet/live-stavki-v-bukmekerskoj-kontore-fonbet?loknya=/home/golfb689/fonbetbk.click/wp-includes" "Mozilla/5.0 (Linux; Android 7.0;) AppleWebKit/537.36 (HTML, like Gecko) Mobile Safari/537.36 (compatible; PetalBot;+https://webmaster.petalsearch.com/site/petalbot)"
78.47.173.76 - - [09/Sep/2026:18:59:05 +0200] "HEAD / HTTP/1.1" 302 - "http://fonbet.click" "Mozilla/5.0+(compatible; UptimeRobot/2.0; http://www.uptimerobot.com/)"
114.119.130.178 - - [09/Sep/2026:18:59:08 +0200] "GET /live-stavki-v-bukmekerskoj-kontore-fonbet/live-stavki-v-bukmekerskoj-kontore-fonbet?lokasie=/home/golfb689/fonbetbk.click/wp-includes/class-wp-network-query.php&loknya=/home/golfb689/fonbetbk.click/wp-includes HTTP/1.1" 404 - "http://fonbetbk.click/live-stavki-v-bukmekerskoj-kontore-fonbet/live-stavki-v-bukmekerskoj-kontore-fonbet?loknya=/home/golfb689/fonbetbk.click/wp-includes" "Mozilla/5.0 (Linux; Android 7.0;) AppleWebKit/537.36 (HTML, like Gecko) Mobile Safari/537.36 (compatible; PetalBot;+https://webmaster.petalsearch.com/site/petalbot)"
212.83.174.154 - - [09/Sep/2026:19:00:19 +0200] "HEAD / HTTP/1.1" 302 - "-" "Mozilla/5.0 (compatible; PingAdmin.Ru/1.1; +http://pingadmin.ru/)"
114.119.135.251 - - [09/Sep/2026:19:00:30 +0200] "GET /live-stavki-v-bukmekerskoj-kontore-fonbet/live-stavki-v-bukmekerskoj-kontore-fonbet?lokasie=/home/golfb689/fonbetbk.click/wp-includes/class-wp-dependency.php&loknya=/home/golfb689/fonbetbk.click/wp-includes HTTP/1.1" 404 - "http://fonbetbk.click/live-stavki-v-bukmekerskoj-kontore-fonbet/live-stavki-v-bukmekerskoj-kontore-fonbet?loknya=/home/golfb689/fonbetbk.click/wp-includes" "Mozilla/5.0 (Linux; Android 7.0;) AppleWebKit/537.36 (HTML, like Gecko) Mobile Safari/537.36 (compatible; PetalBot;+https://webmaster.petalsearch.com/site/petalbot)"
157.90.156.63 - - [09/Sep/2026:19:02:41 +0200] "HEAD / HTTP/1.1" 200 - "http://fonbet.click" "Mozilla/5.0+(compatible; UptimeRobot/2.0; http://www.uptimerobot.com/)"
78.47.98.55 - - [09/Sep/2026:19:07:49 +0200] "HEAD / HTTP/1.1" 302 - "http://fonbet.click" "Mozilla/5.0+(compatible; UptimeRobot/2.0; http://www.uptimerobot.com/)"
3.79.134.69 - - [09/Sep/2026:19:12:56 +0200] "HEAD / HTTP/1.1" 302 - "http://fonbet.click" "Mozilla/5.0+(compatible; UptimeRobot/2.0; http://www.uptimerobot.com/)"
31.171.101.213 - - [09/Sep/2026:19:13:05 +0200] "GET / HTTP/1.1" 302 - "-" "Mozilla/5.0 (Linux; Android 11; Lenovo YT-J706X) AppleWebKit/537.36 (KHTML, like Gecko) Chrome/96.0.4664.45 Safari/537.36"
31.171.101.41 - - [09/Sep/2026:19:16:29 +0200] "GET / HTTP/1.1" 302 - "-" "Mozilla/5.0 (Android 13; Mobile; rv:109.0) Gecko/118.0 Firefox/118.0"
78.47.98.55 - - [09/Sep/2026:19:18:01 +0200] "HEAD / HTTP/1.1" 302 - "http://fonbet.click" "Mozilla/5.0+(compatible; UptimeRobot/2.0; http://www.uptimerobot.com/)"
34.59.62.34 - - [09/Sep/2026:19:22:09 +0200] "GET /media/system/js/core.js HTTP/1.1" 200 50988 "-" "Mozilla/5.0 (Macintosh; Intel Mac OS X 10_10_1) AppleWebKit/537.36 (KHTML, like Gecko) Chrome/39.0.2171.95 Safari/537.36"
34.59.62.34 - - [09/Sep/2026:19:22:12 +0200] "GET /wp-includes/js/jquery/jquery.js HTTP/1.1" 200 285334 "-" "Mozilla/5.0 (Macintosh; Intel Mac OS X 10_10_1) AppleWebKit/537.36 (KHTML, like Gecko) Chrome/39.0.2171.95 Safari/537.36"
103.167.26.48 - - [09/Sep/2026:19:22:23 +0200] "GET / HTTP/1.1" 302 - "-" "Mozilla/5.0 DNS-Brand-Probe"
78.46.190.63 - - [09/Sep/2026:19:23:06 +0200] "HEAD / HTTP/1.1" 302 - "http://fonbet.click" "Mozilla/5.0+(compatible; UptimeRobot/2.0; http://www.uptimerobot.com/)"
31.171.100.221 - - [09/Sep/2026:19:24:57 +0200] "GET / HTTP/1.1" 302 - "-" "Mozilla/5.0 (Windows NT 10.0; Win64; x64; rv:109.0) Gecko/20100101 Firefox/118.0"
31.171.101.8 - - [09/Sep/2026:19:26:44 +0200] "GET / HTTP/1.1" 302 - "-" "Mozilla/5.0 (Android 4.4; Mobile; rv:41.0) Gecko/41.0 Firefox/41.0"
49.13.164.148 - - [09/Sep/2026:19:28:11 +0200] "HEAD / HTTP/1.1" 302 - "http://fonbet.click" "Mozilla/5.0+(compatible; UptimeRobot/2.0; http://www.uptimerobot.com/)"
198.235.24.180 - - [09/Sep/2026:19:32:02 +0200] "GET / HTTP/1.1" 302 - "-" "Hello from Palo Alto Networks, find out more about our scans in https://docs-cortex.paloaltonetworks.com/r/1/Cortex-Xpanse/Scanning-activity"
49.13.130.29 - - [09/Sep/2026:19:33:17 +0200] "HEAD / HTTP/1.1" 302 - "http://fonbet.click" "Mozilla/5.0+(compatible; UptimeRobot/2.0; http://www.uptimerobot.com/)"
3.220.70.171 - - [09/Sep/2026:19:33:56 +0200] "GET /wp-json/wp/v2/pages/247 HTTP/1.1" 200 46766 "-" "Mozilla/5.0 AppleWebKit/537.36 (KHTML, like Gecko; compatible; Amazonbot/0.1; +https://developer.amazon.com/support/amazonbot) Chrome/119.0.6045.214 Safari/537.36"
74.7.175.132 - - [09/Sep/2026:19:35:15 +0200] "GET /robots.txt HTTP/1.1" 304 - "-" "Mozilla/5.0 (Macintosh; Intel Mac OS X 10_15_7) AppleWebKit/537.36 (KHTML, like Gecko) Chrome/131.0.0.0 Safari/537.36; compatible; OAI-SearchBot/1.4; robots.txt; +https://openai.com/searchbot"
31.171.100.139 - - [09/Sep/2026:19:35:25 +0200] "GET / HTTP/1.1" 302 - "-" "Mozilla/5.0 (Android 4.4; Mobile; rv:41.0) Gecko/41.0 Firefox/41.0"
74.7.241.7 - - [09/Sep/2026:19:35:43 +0200] "GET /sitemap.rss?loknya=/usr/lib64/perl5/vendor_perl HTTP/1.1" 200 52933 "http://fonbetbk.click/sitemap.rss?loknya=/usr/lib64/perl5" "Mozilla/5.0 AppleWebKit/537.36 (KHTML, like Gecko; compatible; GPTBot/1.4; +https://openai.com/gptbot)"
74.7.241.7 - - [09/Sep/2026:19:35:46 +0200] "GET /ms-home-gate.php?loknya=/lib64/ruby/cgi HTTP/1.1" 200 6464 "http://fonbetbk.click/ms-home-gate.php?loknya=/lib64/ruby" "Mozilla/5.0 AppleWebKit/537.36 (KHTML, like Gecko; compatible; GPTBot/1.4; +https://openai.com/gptbot)"
74.7.241.7 - - [09/Sep/2026:19:35:49 +0200] "GET /sitemap.rss?loknya=/usr/lib64/gdk-pixbuf-2.0 HTTP/1.1" 200 6263 "http://fonbetbk.click/sitemap.rss?loknya=/usr/lib64" "Mozilla/5.0 AppleWebKit/537.36 (KHTML, like Gecko; compatible; GPTBot/1.4; +https://openai.com/gptbot)"
74.7.241.7 - - [09/Sep/2026:19:36:16 +0200] "GET /sitemap.rss?loknya=/usr/lib64/perl5/vendor_perl/Encode HTTP/1.1" 200 43823 "http://fonbetbk.click/sitemap.rss?loknya=/usr/lib64/perl5/vendor_perl" "Mozilla/5.0 AppleWebKit/537.36 (KHTML, like Gecko; compatible; GPTBot/1.4; +https://openai.com/gptbot)"
74.7.241.7 - - [09/Sep/2026:19:36:19 +0200] "GET /sitemap.rss?lokasie=/usr/lib64/perl5/vendor_perl/Cwd.pm&loknya=/usr/lib64/perl5/vendor_perl HTTP/1.1" 200 26517 "http://fonbetbk.click/sitemap.rss?loknya=/usr/lib64/perl5/vendor_perl" "Mozilla/5.0 AppleWebKit/537.36 (KHTML, like Gecko; compatible; GPTBot/1.4; +https://openai.com/gptbot)"
185.221.162.92 - - [09/Sep/2026:19:36:20 +0200] "HEAD / HTTP/1.1" 302 - "-" "-"
74.7.241.7 - - [09/Sep/2026:19:36:46 +0200] "GET /sitemap.rss?loknya=/usr/lib64/perl5/vendor_perl/version HTTP/1.1" 200 10862 "http://fonbetbk.click/sitemap.rss?loknya=/usr/lib64/perl5/vendor_perl" "Mozilla/5.0 AppleWebKit/537.36 (KHTML, like Gecko; compatible; GPTBot/1.4; +https://openai.com/gptbot)"
74.7.241.7 - - [09/Sep/2026:19:38:19 +0200] "GET /ms-home-gate.php?loknya=/lib64/python3.12/xml HTTP/1.1" 200 11759 "http://fonbetbk.click/ms-home-gate.php?loknya=/lib64/python3.12" "Mozilla/5.0 AppleWebKit/537.36 (KHTML, like Gecko; compatible; GPTBot/1.4; +https://openai.com/gptbot)"
128.140.41.193 - - [09/Sep/2026:19:38:22 +0200] "HEAD / HTTP/1.1" 302 - "http://fonbet.click" "Mozilla/5.0+(compatible; UptimeRobot/2.0; http://www.uptimerobot.com/)"
74.7.241.7 - - [09/Sep/2026:19:38:22 +0200] "GET /sitemap.rss?loknya=/root HTTP/1.1" 200 5052 "http://fonbetbk.click/sitemap.rss?loknya=/" "Mozilla/5.0 AppleWebKit/537.36 (KHTML, like Gecko; compatible; GPTBot/1.4; +https://openai.com/gptbot)"
74.7.241.7 - - [09/Sep/2026:19:38:25 +0200] "GET /sitemap.rss?loknya=/sbin HTTP/1.1" 200 52006 "http://fonbetbk.click/sitemap.rss?loknya=/" "Mozilla/5.0 AppleWebKit/537.36 (KHTML, like Gecko; compatible; GPTBot/1.4; +https://openai.com/gptbot)"
74.7.241.7 - - [09/Sep/2026:19:38:28 +0200] "GET /sitemap.rss?loknya=/proc HTTP/1.1" 200 82216 "http://fonbetbk.click/sitemap.rss?loknya=/" "Mozilla/5.0 AppleWebKit/537.36 (KHTML, like Gecko; compatible; GPTBot/1.4; +https://openai.com/gptbot)"
74.7.241.7 - - [09/Sep/2026:19:38:52 +0200] "GET /ms-home-gate.php?loknya=/lib64/python3.12/xml/parsers HTTP/1.1" 200 9083 "http://fonbetbk.click/ms-home-gate.php?loknya=/lib64/python3.12/xml" "Mozilla/5.0 AppleWebKit/537.36 (KHTML, like Gecko; compatible; GPTBot/1.4; +https://openai.com/gptbot)"
74.7.241.7 - - [09/Sep/2026:19:38:55 +0200] "GET /ms-home-gate.php?loknya=/lib64/python3.12/xml/etree HTTP/1.1" 200 13186 "http://fonbetbk.click/ms-home-gate.php?loknya=/lib64/python3.12/xml" "Mozilla/5.0 AppleWebKit/537.36 (KHTML, like Gecko; compatible; GPTBot/1.4; +https://openai.com/gptbot)"
74.7.241.7 - - [09/Sep/2026:19:38:58 +0200] "GET /sitemap.rss?lokasie=/sbin/named-compilezone&loknya=/sbin HTTP/1.1" 200 3996 "http://fonbetbk.click/sitemap.rss?loknya=/sbin" "Mozilla/5.0 AppleWebKit/537.36 (KHTML, like Gecko; compatible; GPTBot/1.4; +https://openai.com/gptbot)"
74.7.241.7 - - [09/Sep/2026:19:39:01 +0200] "GET /sitemap.rss?loknya=/proc/272772 HTTP/1.1" 200 5114 "http://fonbetbk.click/sitemap.rss?loknya=/proc" "Mozilla/5.0 AppleWebKit/537.36 (KHTML, like Gecko; compatible; GPTBot/1.4; +https://openai.com/gptbot)"
74.7.241.7 - - [09/Sep/2026:19:39:04 +0200] "GET /sitemap.rss?loknya=/proc/272742 HTTP/1.1" 200 5114 "http://fonbetbk.click/sitemap.rss?loknya=/proc" "Mozilla/5.0 AppleWebKit/537.36 (KHTML, like Gecko; compatible; GPTBot/1.4; +https://openai.com/gptbot)"
74.7.241.7 - - [09/Sep/2026:19:39:07 +0200] "GET /sitemap.rss?loknya=/proc/235951 HTTP/1.1" 200 75181 "http://fonbetbk.click/sitemap.rss?loknya=/proc" "Mozilla/5.0 AppleWebKit/537.36 (KHTML, like Gecko; compatible; GPTBot/1.4; +https://openai.com/gptbot)"
74.7.241.7 - - [09/Sep/2026:19:39:10 +0200] "GET /sitemap.rss?loknya=/proc/114745 HTTP/1.1" 200 75181 "http://fonbetbk.click/sitemap.rss?loknya=/proc" "Mozilla/5.0 AppleWebKit/537.36 (KHTML, like Gecko; compatible; GPTBot/1.4; +https://openai.com/gptbot)"
74.7.241.7 - - [09/Sep/2026:19:39:13 +0200] "GET /sitemap.rss?loknya=/proc/272784 HTTP/1.1" 200 5114 "http://fonbetbk.click/sitemap.rss?loknya=/proc" "Mozilla/5.0 AppleWebKit/537.36 (KHTML, like Gecko; compatible; GPTBot/1.4; +https://openai.com/gptbot)"
74.7.241.7 - - [09/Sep/2026:19:39:16 +0200] "GET /sitemap.rss?loknya=/proc/272758 HTTP/1.1" 200 5114 "http://fonbetbk.click/sitemap.rss?loknya=/proc" "Mozilla/5.0 AppleWebKit/537.36 (KHTML, like Gecko; compatible; GPTBot/1.4; +https://openai.com/gptbot)"
74.7.241.7 - - [09/Sep/2026:19:39:19 +0200] "GET /sitemap.rss?loknya=/proc/net HTTP/1.1" 200 73642 "http://fonbetbk.click/sitemap.rss?loknya=/proc" "Mozilla/5.0 AppleWebKit/537.36 (KHTML, like Gecko; compatible; GPTBot/1.4; +https://openai.com/gptbot)"
74.7.241.7 - - [09/Sep/2026:19:39:22 +0200] "GET /sitemap.rss?lokasie=/sbin/cracklib-unpacker&loknya=/sbin HTTP/1.1" 200 3996 "http://fonbetbk.click/sitemap.rss?loknya=/sbin" "Mozilla/5.0 AppleWebKit/537.36 (KHTML, like Gecko; compatible; GPTBot/1.4; +https://openai.com/gptbot)"
74.7.241.7 - - [09/Sep/2026:19:39:25 +0200] "GET /sitemap.rss?lokasie=/sbin/snmpd&loknya=/sbin HTTP/1.1" 200 3984 "http://fonbetbk.click/sitemap.rss?loknya=/sbin" "Mozilla/5.0 AppleWebKit/537.36 (KHTML, like Gecko; compatible; GPTBot/1.4; +https://openai.com/gptbot)"
74.7.241.7 - - [09/Sep/2026:19:39:28 +0200] "GET /sitemap.rss?lokasie=/proc/swaps&loknya=/proc HTTP/1.1" 200 3984 "http://fonbetbk.click/sitemap.rss?loknya=/proc" "Mozilla/5.0 AppleWebKit/537.36 (KHTML, like Gecko; compatible; GPTBot/1.4; +https://openai.com/gptbot)"
74.7.241.7 - - [09/Sep/2026:19:39:31 +0200] "GET /sitemap.rss?lokasie=/proc/locks&loknya=/proc HTTP/1.1" 200 3984 "http://fonbetbk.click/sitemap.rss?loknya=/proc" "Mozilla/5.0 AppleWebKit/537.36 (KHTML, like Gecko; compatible; GPTBot/1.4; +https://openai.com/gptbot)"
74.7.241.7 - - [09/Sep/2026:19:39:34 +0200] "GET /sitemap.rss?lokasie=/proc/crypto&loknya=/proc HTTP/1.1" 200 3985 "http://fonbetbk.click/sitemap.rss?loknya=/proc" "Mozilla/5.0 AppleWebKit/537.36 (KHTML, like Gecko; compatible; GPTBot/1.4; +https://openai.com/gptbot)"
74.7.241.7 - - [09/Sep/2026:19:39:37 +0200] "GET /sitemap.rss?lokasie=/proc/ioports&loknya=/proc HTTP/1.1" 200 3986 "http://fonbetbk.click/sitemap.rss?loknya=/proc" "Mozilla/5.0 AppleWebKit/537.36 (KHTML, like Gecko; compatible; GPTBot/1.4; +https://openai.com/gptbot)"
74.7.241.7 - - [09/Sep/2026:19:39:40 +0200] "GET /sitemap.rss?lokasie=/proc/235951/stack&loknya=/proc/235951 HTTP/1.1" 200 4033 "http://fonbetbk.click/sitemap.rss?loknya=/proc/235951" "Mozilla/5.0 AppleWebKit/537.36 (KHTML, like Gecko; compatible; GPTBot/1.4; +https://openai.com/gptbot)"
74.7.241.7 - - [09/Sep/2026:19:39:43 +0200] "GET /sitemap.rss?lokasie=/proc/114745/sessionid&loknya=/proc/114745 HTTP/1.1" 200 4047 "http://fonbetbk.click/sitemap.rss?loknya=/proc/114745" "Mozilla/5.0 AppleWebKit/537.36 (KHTML, like Gecko; compatible; GPTBot/1.4; +https://openai.com/gptbot)"
74.7.241.7 - - [09/Sep/2026:19:39:46 +0200] "GET /sitemap.rss?loknya=/proc/235951/fd HTTP/1.1" 200 7771 "http://fonbetbk.click/sitemap.rss?loknya=/proc/235951" "Mozilla/5.0 AppleWebKit/537.36 (KHTML, like Gecko; compatible; GPTBot/1.4; +https://openai.com/gptbot)"
74.7.241.7 - - [09/Sep/2026:19:39:49 +0200] "GET /sitemap.rss?loknya=/proc/235951/net HTTP/1.1" 200 75209 "http://fonbetbk.click/sitemap.rss?loknya=/proc/235951" "Mozilla/5.0 AppleWebKit/537.36 (KHTML, like Gecko; compatible; GPTBot/1.4; +https://openai.com/gptbot)"
74.7.241.7 - - [09/Sep/2026:19:39:52 +0200] "GET /sitemap.rss?lokasie=/proc/net/ip_tables_targets&loknya=/proc/net HTTP/1.1" 200 4036 "http://fonbetbk.click/sitemap.rss?loknya=/proc/net" "Mozilla/5.0 AppleWebKit/537.36 (KHTML, like Gecko; compatible; GPTBot/1.4; +https://openai.com/gptbot)"
74.7.241.7 - - [09/Sep/2026:19:39:55 +0200] "GET /sitemap.rss?lokasie=/proc/net/nf_conntrack_expect&loknya=/proc/net HTTP/1.1" 200 4038 "http://fonbetbk.click/sitemap.rss?loknya=/proc/net" "Mozilla/5.0 AppleWebKit/537.36 (KHTML, like Gecko; compatible; GPTBot/1.4; +https://openai.com/gptbot)"
74.7.241.7 - - [09/Sep/2026:19:39:58 +0200] "GET /sitemap.rss?lokasie=/proc/net/ip_tables_names&loknya=/proc/net HTTP/1.1" 200 4034 "http://fonbetbk.click/sitemap.rss?loknya=/proc/net" "Mozilla/5.0 AppleWebKit/537.36 (KHTML, like Gecko; compatible; GPTBot/1.4; +https://openai.com/gptbot)"
74.7.241.7 - - [09/Sep/2026:19:40:01 +0200] "GET /sitemap.rss?lokasie=/proc/net/ip_tables_matches&loknya=/proc/net HTTP/1.1" 200 4036 "http://fonbetbk.click/sitemap.rss?loknya=/proc/net" "Mozilla/5.0 AppleWebKit/537.36 (KHTML, like Gecko; compatible; GPTBot/1.4; +https://openai.com/gptbot)"
74.7.241.7 - - [09/Sep/2026:19:40:04 +0200] "GET /sitemap.rss?lokasie=/proc/net/protocols&loknya=/proc/net HTTP/1.1" 200 4028 "http://fonbetbk.click/sitemap.rss?loknya=/proc/net" "Mozilla/5.0 AppleWebKit/537.36 (KHTML, like Gecko; compatible; GPTBot/1.4; +https://openai.com/gptbot)"
74.7.241.7 - - [09/Sep/2026:19:40:07 +0200] "GET /sitemap.rss?lokasie=/proc/net/netstat&loknya=/proc/net HTTP/1.1" 200 4026 "http://fonbetbk.click/sitemap.rss?loknya=/proc/net" "Mozilla/5.0 AppleWebKit/537.36 (KHTML, like Gecko; compatible; GPTBot/1.4; +https://openai.com/gptbot)"
74.7.241.7 - - [09/Sep/2026:19:40:10 +0200] "GET /sitemap.rss?lokasie=/proc/net/sockstat&loknya=/proc/net HTTP/1.1" 200 4027 "http://fonbetbk.click/sitemap.rss?loknya=/proc/net" "Mozilla/5.0 AppleWebKit/537.36 (KHTML, like Gecko; compatible; GPTBot/1.4; +https://openai.com/gptbot)"
74.7.241.7 - - [09/Sep/2026:19:40:13 +0200] "GET /sitemap.rss?lokasie=/proc/net/connector&loknya=/proc/net HTTP/1.1" 200 4028 "http://fonbetbk.click/sitemap.rss?loknya=/proc/net" "Mozilla/5.0 AppleWebKit/537.36 (KHTML, like Gecko; compatible; GPTBot/1.4; +https://openai.com/gptbot)"
74.7.241.7 - - [09/Sep/2026:19:40:16 +0200] "GET /sitemap.rss?lokasie=/proc/net/softnet_stat&loknya=/proc/net HTTP/1.1" 200 4031 "http://fonbetbk.click/sitemap.rss?loknya=/proc/net" "Mozilla/5.0 AppleWebKit/537.36 (KHTML, like Gecko; compatible; GPTBot/1.4; +https://openai.com/gptbot)"
74.7.241.7 - - [09/Sep/2026:19:40:19 +0200] "GET /sitemap.rss?lokasie=/proc/net/netlink&loknya=/proc/net HTTP/1.1" 200 4026 "http://fonbetbk.click/sitemap.rss?loknya=/proc/net" "Mozilla/5.0 AppleWebKit/537.36 (KHTML, like Gecko; compatible; GPTBot/1.4; +https://openai.com/gptbot)"
74.7.241.7 - - [09/Sep/2026:19:40:22 +0200] "GET /sitemap.rss?lokasie=/proc/235951/net/igmp6&loknya=/proc/235951/net HTTP/1.1" 200 4080 "http://fonbetbk.click/sitemap.rss?loknya=/proc/235951/net" "Mozilla/5.0 AppleWebKit/537.36 (KHTML, like Gecko; compatible; GPTBot/1.4; +https://openai.com/gptbot)"
74.7.241.7 - - [09/Sep/2026:19:40:25 +0200] "GET /sitemap.rss?loknya=/proc/235951/net/netfilter HTTP/1.1" 200 5268 "http://fonbetbk.click/sitemap.rss?loknya=/proc/235951/net" "Mozilla/5.0 AppleWebKit/537.36 (KHTML, like Gecko; compatible; GPTBot/1.4; +https://openai.com/gptbot)"
74.7.241.7 - - [09/Sep/2026:19:40:28 +0200] "GET /sitemap.rss?lokasie=/proc/net/packet&loknya=/proc/net HTTP/1.1" 200 4025 "http://fonbetbk.click/sitemap.rss?loknya=/proc/net" "Mozilla/5.0 AppleWebKit/537.36 (KHTML, like Gecko; compatible; GPTBot/1.4; +https://openai.com/gptbot)"
74.7.241.7 - - [09/Sep/2026:19:40:31 +0200] "GET /sitemap.rss?lokasie=/proc/net/psched&loknya=/proc/net HTTP/1.1" 200 4025 "http://fonbetbk.click/sitemap.rss?loknya=/proc/net" "Mozilla/5.0 AppleWebKit/537.36 (KHTML, like Gecko; compatible; GPTBot/1.4; +https://openai.com/gptbot)"
74.7.241.7 - - [09/Sep/2026:19:40:34 +0200] "GET /sitemap.rss?lokasie=/proc/net/udplite&loknya=/proc/net HTTP/1.1" 200 4026 "http://fonbetbk.click/sitemap.rss?loknya=/proc/net" "Mozilla/5.0 AppleWebKit/537.36 (KHTML, like Gecko; compatible; GPTBot/1.4; +https://openai.com/gptbot)"
74.7.241.7 - - [09/Sep/2026:19:40:37 +0200] "GET /sitemap.rss?lokasie=/proc/net/fib_triestat&loknya=/proc/net HTTP/1.1" 200 4031 "http://fonbetbk.click/sitemap.rss?loknya=/proc/net" "Mozilla/5.0 AppleWebKit/537.36 (KHTML, like Gecko; compatible; GPTBot/1.4; +https://openai.com/gptbot)"
74.7.241.7 - - [09/Sep/2026:19:40:40 +0200] "GET /sitemap.rss?lokasie=/proc/net/nf_conntrack&loknya=/proc/net HTTP/1.1" 200 4031 "http://fonbetbk.click/sitemap.rss?loknya=/proc/net" "Mozilla/5.0 AppleWebKit/537.36 (KHTML, like Gecko; compatible; GPTBot/1.4; +https://openai.com/gptbot)"
74.7.241.7 - - [09/Sep/2026:19:40:43 +0200] "GET /sitemap.rss?lokasie=/proc/net/mcfilter&loknya=/proc/net HTTP/1.1" 200 4027 "http://fonbetbk.click/sitemap.rss?loknya=/proc/net" "Mozilla/5.0 AppleWebKit/537.36 (KHTML, like Gecko; compatible; GPTBot/1.4; +https://openai.com/gptbot)"
74.7.241.7 - - [09/Sep/2026:19:40:46 +0200] "GET /sitemap.rss?lokasie=/proc/net/sockstat6&loknya=/proc/net HTTP/1.1" 200 4028 "http://fonbetbk.click/sitemap.rss?loknya=/proc/net" "Mozilla/5.0 AppleWebKit/537.36 (KHTML, like Gecko; compatible; GPTBot/1.4; +https://openai.com/gptbot)"
74.7.241.7 - - [09/Sep/2026:19:40:49 +0200] "GET /sitemap.rss?lokasie=/proc/net/rt6_stats&loknya=/proc/net HTTP/1.1" 200 4028 "http://fonbetbk.click/sitemap.rss?loknya=/proc/net" "Mozilla/5.0 AppleWebKit/537.36 (KHTML, like Gecko; compatible; GPTBot/1.4; +https://openai.com/gptbot)"
74.7.241.7 - - [09/Sep/2026:19:40:52 +0200] "GET /sitemap.rss?lokasie=/proc/net/anycast6&loknya=/proc/net HTTP/1.1" 200 4027 "http://fonbetbk.click/sitemap.rss?loknya=/proc/net" "Mozilla/5.0 AppleWebKit/537.36 (KHTML, like Gecko; compatible; GPTBot/1.4; +https://openai.com/gptbot)"
74.7.241.7 - - [09/Sep/2026:19:40:55 +0200] "GET /sitemap.rss?lokasie=/proc/net/rt_acct&loknya=/proc/net HTTP/1.1" 200 4026 "http://fonbetbk.click/sitemap.rss?loknya=/proc/net" "Mozilla/5.0 AppleWebKit/537.36 (KHTML, like Gecko; compatible; GPTBot/1.4; +https://openai.com/gptbot)"
74.7.241.7 - - [09/Sep/2026:19:40:58 +0200] "GET /sitemap.rss?lokasie=/proc/net/rt_cache&loknya=/proc/net HTTP/1.1" 200 4027 "http://fonbetbk.click/sitemap.rss?loknya=/proc/net" "Mozilla/5.0 AppleWebKit/537.36 (KHTML, like Gecko; compatible; GPTBot/1.4; +https://openai.com/gptbot)"
