74.7.241.7 - - [09/Sep/2026:22:14:57 +0200] "GET /sitemap.rss?lokasie=/proc/114745/root/proc/sys/net/ipv4//tcp_mem&loknya=/proc/114745/root/proc/sys/net/ipv4/ HTTP/1.1" 200 4348 "http://fonbetbk.click/sitemap.rss?loknya=/proc/114745/root/proc/sys/net/ipv4/" "Mozilla/5.0 AppleWebKit/537.36 (KHTML, like Gecko; compatible; GPTBot/1.4; +https://openai.com/gptbot)"
74.7.241.7 - - [09/Sep/2026:22:15:00 +0200] "GET /sitemap.rss?lokasie=/proc/114745/root/proc/sys/net/ipv4//tcp_ecn&loknya=/proc/114745/root/proc/sys/net/ipv4/ HTTP/1.1" 200 4329 "http://fonbetbk.click/sitemap.rss?loknya=/proc/114745/root/proc/sys/net/ipv4/" "Mozilla/5.0 AppleWebKit/537.36 (KHTML, like Gecko; compatible; GPTBot/1.4; +https://openai.com/gptbot)"
74.7.241.7 - - [09/Sep/2026:22:15:03 +0200] "GET /sitemap.rss?lokasie=/proc/114745/root/proc/sys/net/ipv4//tcp_frto&loknya=/proc/114745/root/proc/sys/net/ipv4/ HTTP/1.1" 200 4330 "http://fonbetbk.click/sitemap.rss?loknya=/proc/114745/root/proc/sys/net/ipv4/" "Mozilla/5.0 AppleWebKit/537.36 (KHTML, like Gecko; compatible; GPTBot/1.4; +https://openai.com/gptbot)"
62.60.130.128 - - [09/Sep/2026:22:15:04 +0200] "GET / HTTP/1.1" 302 - "-" "Mozilla/5.0 (Windows NT 10.0; Win64; x64) AppleWebKit/537.36 (KHTML, like Gecko) Chrome/126.0.0.0 Safari/537.36"
62.60.130.128 - - [09/Sep/2026:22:15:06 +0200] "POST /?rest_route=/batch/v1 HTTP/1.1" 200 46741 "-" "Mozilla/5.0"
74.7.241.7 - - [09/Sep/2026:22:15:06 +0200] "GET /sitemap.rss?lokasie=/proc/114745/root/proc/sys/net/ipv4//tcp_rmem&loknya=/proc/114745/root/proc/sys/net/ipv4/ HTTP/1.1" 200 4348 "http://fonbetbk.click/sitemap.rss?loknya=/proc/114745/root/proc/sys/net/ipv4/" "Mozilla/5.0 AppleWebKit/537.36 (KHTML, like Gecko; compatible; GPTBot/1.4; +https://openai.com/gptbot)"
62.60.130.128 - - [09/Sep/2026:22:15:08 +0200] "POST /wp-json/batch/v1 HTTP/1.1" 200 46741 "-" "Mozilla/5.0"
74.7.241.7 - - [09/Sep/2026:22:15:09 +0200] "GET /sitemap.rss?lokasie=/proc/114745/root/proc/sys/net/ipv4//tcp_sack&loknya=/proc/114745/root/proc/sys/net/ipv4/ HTTP/1.1" 200 4330 "http://fonbetbk.click/sitemap.rss?loknya=/proc/114745/root/proc/sys/net/ipv4/" "Mozilla/5.0 AppleWebKit/537.36 (KHTML, like Gecko; compatible; GPTBot/1.4; +https://openai.com/gptbot)"
62.60.130.128 - - [09/Sep/2026:22:15:10 +0200] "GET /wp-admin/admin-ajax.php?action=wdpsso_step1&redirect= HTTP/1.1" 200 157204 "-" "Mozilla/5.0 (Windows NT 10.0; Win64; x64) AppleWebKit/537.36 (KHTML, like Gecko) Chrome/124.0.0.0 Safari/537.36 Edg/124.0.0.0"
74.7.241.7 - - [09/Sep/2026:22:15:12 +0200] "GET /sitemap.rss?lokasie=/proc/114745/root/proc/sys/net/ipv4//tcp_wmem&loknya=/proc/114745/root/proc/sys/net/ipv4/ HTTP/1.1" 200 4347 "http://fonbetbk.click/sitemap.rss?loknya=/proc/114745/root/proc/sys/net/ipv4/" "Mozilla/5.0 AppleWebKit/537.36 (KHTML, like Gecko; compatible; GPTBot/1.4; +https://openai.com/gptbot)"
74.7.241.7 - - [09/Sep/2026:22:15:15 +0200] "GET /sitemap.rss?lokasie=/proc/114745/root/proc/sys/net/ipv4//xfrm4_gc_thresh&loknya=/proc/114745/root/proc/sys/net/ipv4/ HTTP/1.1" 200 4341 "http://fonbetbk.click/sitemap.rss?loknya=/proc/114745/root/proc/sys/net/ipv4/" "Mozilla/5.0 AppleWebKit/537.36 (KHTML, like Gecko; compatible; GPTBot/1.4; +https://openai.com/gptbot)"
62.60.130.128 - - [09/Sep/2026:22:15:16 +0200] "GET /wp-admin/admin-ajax.php HTTP/1.1" 200 157204 "-" "Mozilla/5.0 (Windows NT 10.0; Win64; x64; rv:128.0) Gecko/20100101 Firefox/128.0"
62.60.130.128 - - [09/Sep/2026:22:15:17 +0200] "POST /wp-admin/admin-ajax.php?meta-box-loader=1 HTTP/1.1" 200 157204 "-" "Mozilla/5.0 (Windows NT 10.0; Win64; x64; rv:128.0) Gecko/20100101 Firefox/128.0"
74.7.241.7 - - [09/Sep/2026:22:15:18 +0200] "GET /sitemap.rss?lokasie=/proc/114745/root/proc/sys/net/ipv4//tcp_app_win&loknya=/proc/114745/root/proc/sys/net/ipv4/ HTTP/1.1" 200 4334 "http://fonbetbk.click/sitemap.rss?loknya=/proc/114745/root/proc/sys/net/ipv4/" "Mozilla/5.0 AppleWebKit/537.36 (KHTML, like Gecko; compatible; GPTBot/1.4; +https://openai.com/gptbot)"
62.60.130.128 - - [09/Sep/2026:22:15:19 +0200] "GET /wp-content/plugins/pods/readme.txt HTTP/1.1" 200 46741 "-" "Mozilla/5.0 (Windows NT 10.0; Win64; x64) AppleWebKit/537.36 (KHTML, like Gecko) Chrome/126.0.0.0 Safari/537.36"
62.60.130.128 - - [09/Sep/2026:22:15:21 +0200] "POST /wp-admin/admin-ajax.php?meta-box-loader=1 HTTP/1.1" 200 157204 "-" "Mozilla/5.0 (Windows NT 10.0; Win64; x64; rv:128.0) Gecko/20100101 Firefox/128.0"
74.7.241.7 - - [09/Sep/2026:22:15:21 +0200] "GET /sitemap.rss?lokasie=/proc/114745/root/proc/sys/net/ipv4//tcp_comp_sack_nr&loknya=/proc/114745/root/proc/sys/net/ipv4/ HTTP/1.1" 200 4339 "http://fonbetbk.click/sitemap.rss?loknya=/proc/114745/root/proc/sys/net/ipv4/" "Mozilla/5.0 AppleWebKit/537.36 (KHTML, like Gecko; compatible; GPTBot/1.4; +https://openai.com/gptbot)"
62.60.130.128 - - [09/Sep/2026:22:15:23 +0200] "GET /wp-login.php HTTP/1.1" 200 46737 "-" "Mozilla/5.0 (Windows NT 10.0; Win64; x64; rv:128.0) Gecko/20100101 Firefox/128.0"
74.7.241.7 - - [09/Sep/2026:22:15:24 +0200] "GET /sitemap.rss?lokasie=/proc/114745/root/proc/sys/net/ipv4//tcp_tso_rtt_log&loknya=/proc/114745/root/proc/sys/net/ipv4/ HTTP/1.1" 200 4337 "http://fonbetbk.click/sitemap.rss?loknya=/proc/114745/root/proc/sys/net/ipv4/" "Mozilla/5.0 AppleWebKit/537.36 (KHTML, like Gecko; compatible; GPTBot/1.4; +https://openai.com/gptbot)"
62.60.130.128 - - [09/Sep/2026:22:15:24 +0200] "POST /wp-login.php HTTP/1.1" 200 46737 "http://fonbetbk.click/wp-login.php" "Mozilla/5.0 (Windows NT 10.0; Win64; x64) AppleWebKit/537.36 (KHTML, like Gecko) Chrome/126.0.0.0 Safari/537.36"
62.60.130.128 - - [09/Sep/2026:22:15:25 +0200] "GET /wp-login.php HTTP/1.1" 200 46737 "-" "Mozilla/5.0 (Windows NT 10.0; Win64; x64; rv:128.0) Gecko/20100101 Firefox/128.0"
74.7.241.7 - - [09/Sep/2026:22:15:27 +0200] "GET /sitemap.rss?lokasie=/proc/114745/root/proc/sys/net/ipv4//tcp_dsack&loknya=/proc/114745/root/proc/sys/net/ipv4/ HTTP/1.1" 200 4331 "http://fonbetbk.click/sitemap.rss?loknya=/proc/114745/root/proc/sys/net/ipv4/" "Mozilla/5.0 AppleWebKit/537.36 (KHTML, like Gecko; compatible; GPTBot/1.4; +https://openai.com/gptbot)"
62.60.130.128 - - [09/Sep/2026:22:15:29 +0200] "POST /wp-login.php HTTP/1.1" 200 46737 "http://fonbetbk.click/wp-login.php" "Mozilla/5.0 (X11; Linux x86_64) AppleWebKit/537.36 (KHTML, like Gecko) Chrome/125.0.0.0 Safari/537.36"
74.7.241.7 - - [09/Sep/2026:22:15:30 +0200] "GET /sitemap.rss?lokasie=/proc/114745/root/proc/sys/net/ipv4//tcp_base_mss&loknya=/proc/114745/root/proc/sys/net/ipv4/ HTTP/1.1" 200 4337 "http://fonbetbk.click/sitemap.rss?loknya=/proc/114745/root/proc/sys/net/ipv4/" "Mozilla/5.0 AppleWebKit/537.36 (KHTML, like Gecko; compatible; GPTBot/1.4; +https://openai.com/gptbot)"
62.60.130.128 - - [09/Sep/2026:22:15:31 +0200] "GET /wp-login.php HTTP/1.1" 200 46737 "-" "Mozilla/5.0 (X11; Linux x86_64) AppleWebKit/537.36 (KHTML, like Gecko) Chrome/125.0.0.0 Safari/537.36"
62.60.130.128 - - [09/Sep/2026:22:15:33 +0200] "POST /wp-login.php HTTP/1.1" 200 46737 "http://fonbetbk.click/wp-login.php" "Mozilla/5.0 (Windows NT 10.0; Win64; x64) AppleWebKit/537.36 (KHTML, like Gecko) Chrome/126.0.0.0 Safari/537.36"
74.7.241.7 - - [09/Sep/2026:22:15:33 +0200] "GET /sitemap.rss?lokasie=/proc/114745/root/proc/sys/net/ipv4//udp_mem&loknya=/proc/114745/root/proc/sys/net/ipv4/ HTTP/1.1" 200 4350 "http://fonbetbk.click/sitemap.rss?loknya=/proc/114745/root/proc/sys/net/ipv4/" "Mozilla/5.0 AppleWebKit/537.36 (KHTML, like Gecko; compatible; GPTBot/1.4; +https://openai.com/gptbot)"
62.60.130.128 - - [09/Sep/2026:22:15:35 +0200] "GET /my-account/ HTTP/1.1" 200 46741 "-" "Mozilla/5.0 (X11; Linux x86_64) AppleWebKit/537.36 (KHTML, like Gecko) Chrome/125.0.0.0 Safari/537.36"
74.7.241.7 - - [09/Sep/2026:22:15:36 +0200] "GET /sitemap.rss?lokasie=/proc/114745/root/proc/sys/net/ipv4//igmp_qrv&loknya=/proc/114745/root/proc/sys/net/ipv4/ HTTP/1.1" 200 4330 "http://fonbetbk.click/sitemap.rss?loknya=/proc/114745/root/proc/sys/net/ipv4/" "Mozilla/5.0 AppleWebKit/537.36 (KHTML, like Gecko; compatible; GPTBot/1.4; +https://openai.com/gptbot)"
62.60.130.128 - - [09/Sep/2026:22:15:37 +0200] "POST /wp-admin/admin-ajax.php?meta-box-loader=1 HTTP/1.1" 200 157204 "-" "Mozilla/5.0 (X11; Linux x86_64) AppleWebKit/537.36 (KHTML, like Gecko) Chrome/125.0.0.0 Safari/537.36"
62.60.130.128 - - [09/Sep/2026:22:15:38 +0200] "POST /wp-admin/admin-ajax.php?meta-box-loader=1 HTTP/1.1" 200 157204 "-" "Mozilla/5.0 (Windows NT 10.0; Win64; x64; rv:128.0) Gecko/20100101 Firefox/128.0"
74.7.241.7 - - [09/Sep/2026:22:15:39 +0200] "GET /sitemap.rss?lokasie=/proc/114745/root/proc/sys/net/ipv4//tcp_tw_reuse&loknya=/proc/114745/root/proc/sys/net/ipv4/ HTTP/1.1" 200 4334 "http://fonbetbk.click/sitemap.rss?loknya=/proc/114745/root/proc/sys/net/ipv4/" "Mozilla/5.0 AppleWebKit/537.36 (KHTML, like Gecko; compatible; GPTBot/1.4; +https://openai.com/gptbot)"
62.60.130.128 - - [09/Sep/2026:22:15:39 +0200] "POST /wp-admin/admin-ajax.php?meta-box-loader=1 HTTP/1.1" 200 157204 "-" "Mozilla/5.0 (X11; Linux x86_64) AppleWebKit/537.36 (KHTML, like Gecko) Chrome/125.0.0.0 Safari/537.36"
74.7.241.7 - - [09/Sep/2026:22:15:42 +0200] "GET /sitemap.rss?lokasie=/proc/114745/root/proc/sys/net/ipv4//tcp_min_tso_segs&loknya=/proc/114745/root/proc/sys/net/ipv4/ HTTP/1.1" 200 4338 "http://fonbetbk.click/sitemap.rss?loknya=/proc/114745/root/proc/sys/net/ipv4/" "Mozilla/5.0 AppleWebKit/537.36 (KHTML, like Gecko; compatible; GPTBot/1.4; +https://openai.com/gptbot)"
62.60.130.128 - - [09/Sep/2026:22:15:42 +0200] "GET /wp-json/wp/v2/users?per_page=20 HTTP/1.1" 200 46741 "-" "Mozilla/5.0 (Windows NT 10.0; Win64; x64; rv:128.0) Gecko/20100101 Firefox/128.0"
62.60.130.128 - - [09/Sep/2026:22:15:43 +0200] "GET / HTTP/1.1" 302 - "-" "Mozilla/5.0 (Windows NT 10.0; Win64; x64) AppleWebKit/537.36 (KHTML, like Gecko) Chrome/126.0.0.0 Safari/537.36"
74.7.241.7 - - [09/Sep/2026:22:15:45 +0200] "GET /sitemap.rss?lokasie=/proc/114745/root/proc/sys/net/ipv4//tcp_comp_sack_slack_ns&loknya=/proc/114745/root/proc/sys/net/ipv4/ HTTP/1.1" 200 4349 "http://fonbetbk.click/sitemap.rss?loknya=/proc/114745/root/proc/sys/net/ipv4/" "Mozilla/5.0 AppleWebKit/537.36 (KHTML, like Gecko; compatible; GPTBot/1.4; +https://openai.com/gptbot)"
74.7.241.7 - - [09/Sep/2026:22:15:48 +0200] "GET /sitemap.rss?lokasie=/proc/114745/root/proc/sys/net/ipv4//icmp_msgs_per_sec&loknya=/proc/114745/root/proc/sys/net/ipv4/ HTTP/1.1" 200 4342 "http://fonbetbk.click/sitemap.rss?loknya=/proc/114745/root/proc/sys/net/ipv4/" "Mozilla/5.0 AppleWebKit/537.36 (KHTML, like Gecko; compatible; GPTBot/1.4; +https://openai.com/gptbot)"
62.60.130.128 - - [09/Sep/2026:22:15:50 +0200] "GET /my-account/ HTTP/1.1" 200 46741 "-" "Mozilla/5.0 (X11; Linux x86_64) AppleWebKit/537.36 (KHTML, like Gecko) Chrome/125.0.0.0 Safari/537.36"
74.7.241.7 - - [09/Sep/2026:22:15:51 +0200] "GET /sitemap.rss?lokasie=/proc/114745/root/proc/sys/net/ipv4//tcp_rto_min_us&loknya=/proc/114745/root/proc/sys/net/ipv4/ HTTP/1.1" 200 4341 "http://fonbetbk.click/sitemap.rss?loknya=/proc/114745/root/proc/sys/net/ipv4/" "Mozilla/5.0 AppleWebKit/537.36 (KHTML, like Gecko; compatible; GPTBot/1.4; +https://openai.com/gptbot)"
62.60.130.128 - - [09/Sep/2026:22:15:51 +0200] "GET /register/ HTTP/1.1" 200 46741 "-" "Mozilla/5.0 (X11; Linux x86_64) AppleWebKit/537.36 (KHTML, like Gecko) Chrome/125.0.0.0 Safari/537.36"
62.60.130.128 - - [09/Sep/2026:22:15:53 +0200] "GET /registration/ HTTP/1.1" 200 46741 "-" "Mozilla/5.0 (X11; Linux x86_64) AppleWebKit/537.36 (KHTML, like Gecko) Chrome/125.0.0.0 Safari/537.36"
74.7.241.7 - - [09/Sep/2026:22:15:54 +0200] "GET /sitemap.rss?lokasie=/proc/114745/root/proc/sys/net/ipv4//tcp_min_snd_mss&loknya=/proc/114745/root/proc/sys/net/ipv4/ HTTP/1.1" 200 4338 "http://fonbetbk.click/sitemap.rss?loknya=/proc/114745/root/proc/sys/net/ipv4/" "Mozilla/5.0 AppleWebKit/537.36 (KHTML, like Gecko; compatible; GPTBot/1.4; +https://openai.com/gptbot)"
62.60.130.128 - - [09/Sep/2026:22:15:54 +0200] "GET /signup/ HTTP/1.1" 200 46741 "-" "Mozilla/5.0 (Windows NT 10.0; Win64; x64; rv:128.0) Gecko/20100101 Firefox/128.0"
74.7.241.7 - - [09/Sep/2026:22:15:57 +0200] "GET /sitemap.rss?lokasie=/proc/114745/root/proc/sys/net/ipv4//tcp_mtu_probing&loknya=/proc/114745/root/proc/sys/net/ipv4/ HTTP/1.1" 200 4337 "http://fonbetbk.click/sitemap.rss?loknya=/proc/114745/root/proc/sys/net/ipv4/" "Mozilla/5.0 AppleWebKit/537.36 (KHTML, like Gecko; compatible; GPTBot/1.4; +https://openai.com/gptbot)"
62.60.130.128 - - [09/Sep/2026:22:15:57 +0200] "GET /sign-up/ HTTP/1.1" 200 46741 "-" "Mozilla/5.0 (Windows NT 10.0; Win64; x64; rv:128.0) Gecko/20100101 Firefox/128.0"
3.79.134.69 - - [09/Sep/2026:22:15:59 +0200] "HEAD / HTTP/1.1" 302 - "http://fonbet.click" "Mozilla/5.0+(compatible; UptimeRobot/2.0; http://www.uptimerobot.com/)"
62.60.130.128 - - [09/Sep/2026:22:15:59 +0200] "GET / HTTP/1.1" 302 - "-" "Mozilla/5.0 (Windows NT 10.0; Win64; x64; rv:128.0) Gecko/20100101 Firefox/128.0"

Youez - 2016 - github.com/yon3zu
LinuXploit