198.20.133.216 - - [09/Sep/2026:15:17:30 +0200] "POST /.well-known/acme-challenge/v80.php HTTP/1.1" 200 3529 "https://fonbetbk.click/.well-known/acme-challenge/v80.php" "Mozilla/4.0 (compatible; MSIE 7.0; Windows NT 6.2; Win64; x64; Trident/7.0; .NET4.0C; .NET4.0E)"
74.7.241.7 - - [09/Sep/2026:15:17:31 +0200] "GET /ms-home-gate.php?loknya=/opt/alt/ruby40/include/ruby/internal/has HTTP/1.1" 200 16763 "https://fonbetbk.click/ms-home-gate.php?loknya=/opt/alt/ruby40/include/ruby/internal" "Mozilla/5.0 AppleWebKit/537.36 (KHTML, like Gecko; compatible; GPTBot/1.4; +https://openai.com/gptbot)"
198.20.133.216 - - [09/Sep/2026:15:17:31 +0200] "POST /.well-known/acme-challenge/v80.php HTTP/1.1" 200 3538 "https://fonbetbk.click/.well-known/acme-challenge/v80.php" "Mozilla/4.0 (compatible; MSIE 7.0; Windows NT 6.2; Win64; x64; Trident/7.0; .NET4.0C; .NET4.0E)"
198.20.133.216 - - [09/Sep/2026:15:17:32 +0200] "POST /.well-known/acme-challenge/v80.php HTTP/1.1" 200 3542 "https://fonbetbk.click/.well-known/acme-challenge/v80.php" "Mozilla/4.0 (compatible; MSIE 7.0; Windows NT 6.2; Win64; x64; Trident/7.0; .NET4.0C; .NET4.0E)"
198.20.133.216 - - [09/Sep/2026:15:17:32 +0200] "POST /.well-known/acme-challenge/v80.php HTTP/1.1" 200 3537 "https://fonbetbk.click/.well-known/acme-challenge/v80.php" "Mozilla/4.0 (compatible; MSIE 7.0; Windows NT 6.2; Win64; x64; Trident/7.0; .NET4.0C; .NET4.0E)"
198.20.133.216 - - [09/Sep/2026:15:17:33 +0200] "POST /.well-known/acme-challenge/v80.php HTTP/1.1" 200 3536 "https://fonbetbk.click/.well-known/acme-challenge/v80.php" "Mozilla/4.0 (compatible; MSIE 7.0; Windows NT 6.2; Win64; x64; Trident/7.0; .NET4.0C; .NET4.0E)"
198.20.133.216 - - [09/Sep/2026:15:17:33 +0200] "POST /.well-known/acme-challenge/v80.php HTTP/1.1" 200 3542 "https://fonbetbk.click/.well-known/acme-challenge/v80.php" "Mozilla/4.0 (compatible; MSIE 7.0; Windows NT 6.2; Win64; x64; Trident/7.0; .NET4.0C; .NET4.0E)"
74.7.241.7 - - [09/Sep/2026:15:17:34 +0200] "GET /ms-home-gate.php?loknya=/opt/alt/ruby40/include/ruby/backward/2 HTTP/1.1" 200 20798 "https://fonbetbk.click/ms-home-gate.php?loknya=/opt/alt/ruby40/include/ruby/backward" "Mozilla/5.0 AppleWebKit/537.36 (KHTML, like Gecko; compatible; GPTBot/1.4; +https://openai.com/gptbot)"
198.20.133.216 - - [09/Sep/2026:15:17:34 +0200] "POST /.well-known/acme-challenge/v80.php HTTP/1.1" 200 3531 "https://fonbetbk.click/.well-known/acme-challenge/v80.php" "Mozilla/4.0 (compatible; MSIE 7.0; Windows NT 6.2; Win64; x64; Trident/7.0; .NET4.0C; .NET4.0E)"
198.20.133.216 - - [09/Sep/2026:15:17:35 +0200] "POST /.well-known/acme-challenge/v80.php HTTP/1.1" 200 3529 "https://fonbetbk.click/.well-known/acme-challenge/v80.php" "Mozilla/4.0 (compatible; MSIE 7.0; Windows NT 6.2; Win64; x64; Trident/7.0; .NET4.0C; .NET4.0E)"
198.20.133.216 - - [09/Sep/2026:15:17:36 +0200] "POST /.well-known/acme-challenge/v80.php HTTP/1.1" 200 3528 "https://fonbetbk.click/.well-known/acme-challenge/v80.php" "Mozilla/4.0 (compatible; MSIE 7.0; Windows NT 6.2; Win64; x64; Trident/7.0; .NET4.0C; .NET4.0E)"
198.20.133.216 - - [09/Sep/2026:15:17:37 +0200] "POST /.well-known/acme-challenge/v80.php HTTP/1.1" 200 3535 "https://fonbetbk.click/.well-known/acme-challenge/v80.php" "Mozilla/4.0 (compatible; MSIE 7.0; Windows NT 6.2; Win64; x64; Trident/7.0; .NET4.0C; .NET4.0E)"
216.73.216.217 - - [09/Sep/2026:15:17:36 +0200] "GET /sitemap.xml?lokasie=%2Fusr%2Finclude%2Flinux%2Fnilfs2_api.h&loknya=%2Fusr%2Finclude%2Flinux HTTP/1.1" 200 11761 "-" "Mozilla/5.0 AppleWebKit/537.36 (KHTML, like Gecko; compatible; ClaudeBot/1.0; [email protected])"
74.7.241.7 - - [09/Sep/2026:15:17:37 +0200] "GET /ms-home-gate.php?loknya=/opt/alt/ruby30/include/ruby/backward/2 HTTP/1.1" 200 20796 "https://fonbetbk.click/ms-home-gate.php?loknya=/opt/alt/ruby30/include/ruby/backward" "Mozilla/5.0 AppleWebKit/537.36 (KHTML, like Gecko; compatible; GPTBot/1.4; +https://openai.com/gptbot)"
198.20.133.216 - - [09/Sep/2026:15:17:38 +0200] "POST /.well-known/acme-challenge/v80.php HTTP/1.1" 200 3534 "https://fonbetbk.click/.well-known/acme-challenge/v80.php" "Mozilla/4.0 (compatible; MSIE 7.0; Windows NT 6.2; Win64; x64; Trident/7.0; .NET4.0C; .NET4.0E)"
198.20.133.216 - - [09/Sep/2026:15:17:39 +0200] "POST /.well-known/acme-challenge/v80.php HTTP/1.1" 200 3529 "https://fonbetbk.click/.well-known/acme-challenge/v80.php" "Mozilla/4.0 (compatible; MSIE 7.0; Windows NT 6.2; Win64; x64; Trident/7.0; .NET4.0C; .NET4.0E)"
198.20.133.216 - - [09/Sep/2026:15:17:40 +0200] "POST /.well-known/acme-challenge/v80.php HTTP/1.1" 200 3543 "https://fonbetbk.click/.well-known/acme-challenge/v80.php" "Mozilla/4.0 (compatible; MSIE 7.0; Windows NT 6.2; Win64; x64; Trident/7.0; .NET4.0C; .NET4.0E)"
74.7.241.7 - - [09/Sep/2026:15:17:40 +0200] "GET /ms-home-gate.php?loknya=/opt/alt/ruby31/include/ruby/backward/2 HTTP/1.1" 200 20797 "https://fonbetbk.click/ms-home-gate.php?loknya=/opt/alt/ruby31/include/ruby/backward" "Mozilla/5.0 AppleWebKit/537.36 (KHTML, like Gecko; compatible; GPTBot/1.4; +https://openai.com/gptbot)"
216.73.216.217 - - [09/Sep/2026:15:17:40 +0200] "GET /sitemap.xml?loknya=%2Fusr%2Finclude%2F-2.0%2F HTTP/1.1" 200 5186 "-" "Mozilla/5.0 AppleWebKit/537.36 (KHTML, like Gecko; compatible; ClaudeBot/1.0; [email protected])"
198.20.133.216 - - [09/Sep/2026:15:17:41 +0200] "POST /.well-known/acme-challenge/v80.php HTTP/1.1" 200 3529 "https://fonbetbk.click/.well-known/acme-challenge/v80.php" "Mozilla/4.0 (compatible; MSIE 7.0; Windows NT 6.2; Win64; x64; Trident/7.0; .NET4.0C; .NET4.0E)"
198.20.133.216 - - [09/Sep/2026:15:17:42 +0200] "POST /.well-known/acme-challenge/v80.php HTTP/1.1" 200 3537 "https://fonbetbk.click/.well-known/acme-challenge/v80.php" "Mozilla/4.0 (compatible; MSIE 7.0; Windows NT 6.2; Win64; x64; Trident/7.0; .NET4.0C; .NET4.0E)"
198.20.133.216 - - [09/Sep/2026:15:17:42 +0200] "POST /.well-known/acme-challenge/v80.php HTTP/1.1" 200 3530 "https://fonbetbk.click/.well-known/acme-challenge/v80.php" "Mozilla/4.0 (compatible; MSIE 7.0; Windows NT 6.2; Win64; x64; Trident/7.0; .NET4.0C; .NET4.0E)"
74.7.241.7 - - [09/Sep/2026:15:17:43 +0200] "GET /ms-home-gate.php?loknya=/opt/alt/ruby34/include/ruby/backward/2 HTTP/1.1" 200 20798 "https://fonbetbk.click/ms-home-gate.php?loknya=/opt/alt/ruby34/include/ruby/backward" "Mozilla/5.0 AppleWebKit/537.36 (KHTML, like Gecko; compatible; GPTBot/1.4; +https://openai.com/gptbot)"
198.20.133.216 - - [09/Sep/2026:15:17:43 +0200] "POST /.well-known/acme-challenge/v80.php HTTP/1.1" 200 3536 "https://fonbetbk.click/.well-known/acme-challenge/v80.php" "Mozilla/4.0 (compatible; MSIE 7.0; Windows NT 6.2; Win64; x64; Trident/7.0; .NET4.0C; .NET4.0E)"
198.20.133.216 - - [09/Sep/2026:15:17:44 +0200] "POST /.well-known/acme-challenge/v80.php HTTP/1.1" 200 3532 "https://fonbetbk.click/.well-known/acme-challenge/v80.php" "Mozilla/4.0 (compatible; MSIE 7.0; Windows NT 6.2; Win64; x64; Trident/7.0; .NET4.0C; .NET4.0E)"
198.20.133.216 - - [09/Sep/2026:15:17:45 +0200] "POST /.well-known/acme-challenge/v80.php HTTP/1.1" 200 3531 "https://fonbetbk.click/.well-known/acme-challenge/v80.php" "Mozilla/4.0 (compatible; MSIE 7.0; Windows NT 6.2; Win64; x64; Trident/7.0; .NET4.0C; .NET4.0E)"
198.20.133.216 - - [09/Sep/2026:15:17:45 +0200] "POST /.well-known/acme-challenge/v80.php HTTP/1.1" 200 3540 "https://fonbetbk.click/.well-known/acme-challenge/v80.php" "Mozilla/4.0 (compatible; MSIE 7.0; Windows NT 6.2; Win64; x64; Trident/7.0; .NET4.0C; .NET4.0E)"
198.20.133.216 - - [09/Sep/2026:15:17:45 +0200] "POST /.well-known/acme-challenge/v80.php HTTP/1.1" 200 3534 "https://fonbetbk.click/.well-known/acme-challenge/v80.php" "Mozilla/4.0 (compatible; MSIE 7.0; Windows NT 6.2; Win64; x64; Trident/7.0; .NET4.0C; .NET4.0E)"
74.7.241.7 - - [09/Sep/2026:15:17:46 +0200] "GET /ms-home-gate.php?lokasie=/opt/alt/ruby30/include/ruby/internal/core/rfile.h&loknya=/opt/alt/ruby30/include/ruby/internal/core HTTP/1.1" 200 6092 "https://fonbetbk.click/ms-home-gate.php?loknya=/opt/alt/ruby30/include/ruby/internal/core" "Mozilla/5.0 AppleWebKit/537.36 (KHTML, like Gecko; compatible; GPTBot/1.4; +https://openai.com/gptbot)"
198.20.133.216 - - [09/Sep/2026:15:17:46 +0200] "POST /.well-known/acme-challenge/v80.php HTTP/1.1" 200 3531 "https://fonbetbk.click/.well-known/acme-challenge/v80.php" "Mozilla/4.0 (compatible; MSIE 7.0; Windows NT 6.2; Win64; x64; Trident/7.0; .NET4.0C; .NET4.0E)"
198.20.133.216 - - [09/Sep/2026:15:17:48 +0200] "POST /.well-known/acme-challenge/v80.php HTTP/1.1" 200 3532 "https://fonbetbk.click/.well-known/acme-challenge/v80.php" "Mozilla/4.0 (compatible; MSIE 7.0; Windows NT 6.2; Win64; x64; Trident/7.0; .NET4.0C; .NET4.0E)"
198.20.133.216 - - [09/Sep/2026:15:17:48 +0200] "POST /.well-known/acme-challenge/v80.php HTTP/1.1" 200 3530 "https://fonbetbk.click/.well-known/acme-challenge/v80.php" "Mozilla/4.0 (compatible; MSIE 7.0; Windows NT 6.2; Win64; x64; Trident/7.0; .NET4.0C; .NET4.0E)"
198.20.133.216 - - [09/Sep/2026:15:17:49 +0200] "POST /.well-known/acme-challenge/v80.php HTTP/1.1" 200 3529 "https://fonbetbk.click/.well-known/acme-challenge/v80.php" "Mozilla/4.0 (compatible; MSIE 7.0; Windows NT 6.2; Win64; x64; Trident/7.0; .NET4.0C; .NET4.0E)"
74.7.241.7 - - [09/Sep/2026:15:17:49 +0200] "GET /ms-home-gate.php?loknya=/opt/alt/ruby32/include/ruby/backward/2 HTTP/1.1" 200 20831 "https://fonbetbk.click/ms-home-gate.php?loknya=/opt/alt/ruby32/include/ruby/backward" "Mozilla/5.0 AppleWebKit/537.36 (KHTML, like Gecko; compatible; GPTBot/1.4; +https://openai.com/gptbot)"
198.20.133.216 - - [09/Sep/2026:15:17:49 +0200] "POST /.well-known/acme-challenge/v80.php HTTP/1.1" 200 3529 "https://fonbetbk.click/.well-known/acme-challenge/v80.php" "Mozilla/4.0 (compatible; MSIE 7.0; Windows NT 6.2; Win64; x64; Trident/7.0; .NET4.0C; .NET4.0E)"
198.20.133.216 - - [09/Sep/2026:15:17:50 +0200] "POST /.well-known/acme-challenge/v80.php HTTP/1.1" 200 3531 "https://fonbetbk.click/.well-known/acme-challenge/v80.php" "Mozilla/4.0 (compatible; MSIE 7.0; Windows NT 6.2; Win64; x64; Trident/7.0; .NET4.0C; .NET4.0E)"
74.7.241.7 - - [09/Sep/2026:15:17:52 +0200] "GET /ms-home-gate.php?loknya=/opt/alt/dav1d/lib64 HTTP/1.1" 200 7895 "https://fonbetbk.click/ms-home-gate.php?loknya=/opt/alt/dav1d" "Mozilla/5.0 AppleWebKit/537.36 (KHTML, like Gecko; compatible; GPTBot/1.4; +https://openai.com/gptbot)"
198.20.133.216 - - [09/Sep/2026:15:17:52 +0200] "POST /.well-known/acme-challenge/v80.php HTTP/1.1" 200 3537 "https://fonbetbk.click/.well-known/acme-challenge/v80.php" "Mozilla/4.0 (compatible; MSIE 7.0; Windows NT 6.2; Win64; x64; Trident/7.0; .NET4.0C; .NET4.0E)"
216.73.216.217 - - [09/Sep/2026:15:17:53 +0200] "GET /sitemap.xml?lokasie=%2Fusr%2Finclude%2Flinux%2Fv4l2-mediabus.h&loknya=%2Fusr%2Finclude%2Flinux HTTP/1.1" 200 9554 "-" "Mozilla/5.0 AppleWebKit/537.36 (KHTML, like Gecko; compatible; ClaudeBot/1.0; [email protected])"
198.20.133.216 - - [09/Sep/2026:15:17:53 +0200] "POST /.well-known/acme-challenge/v80.php HTTP/1.1" 200 3530 "https://fonbetbk.click/.well-known/acme-challenge/v80.php" "Mozilla/4.0 (compatible; MSIE 7.0; Windows NT 6.2; Win64; x64; Trident/7.0; .NET4.0C; .NET4.0E)"
198.20.133.216 - - [09/Sep/2026:15:17:54 +0200] "POST /.well-known/acme-challenge/v80.php HTTP/1.1" 200 3528 "https://fonbetbk.click/.well-known/acme-challenge/v80.php" "Mozilla/4.0 (compatible; MSIE 7.0; Windows NT 6.2; Win64; x64; Trident/7.0; .NET4.0C; .NET4.0E)"
74.7.241.7 - - [09/Sep/2026:15:17:55 +0200] "GET /ms-home-gate.php?loknya=/opt/alt/ruby32/include/ruby/io HTTP/1.1" 200 6729 "https://fonbetbk.click/ms-home-gate.php?loknya=/opt/alt/ruby32/include/ruby" "Mozilla/5.0 AppleWebKit/537.36 (KHTML, like Gecko; compatible; GPTBot/1.4; +https://openai.com/gptbot)"
74.7.241.7 - - [09/Sep/2026:15:17:58 +0200] "GET /ms-home-gate.php?loknya=/opt/alt/ruby31/include/ruby/io HTTP/1.1" 200 6732 "https://fonbetbk.click/ms-home-gate.php?loknya=/opt/alt/ruby31/include/ruby" "Mozilla/5.0 AppleWebKit/537.36 (KHTML, like Gecko; compatible; GPTBot/1.4; +https://openai.com/gptbot)"
74.7.241.7 - - [09/Sep/2026:15:18:01 +0200] "GET /ms-home-gate.php?loknya=/opt/alt/ruby34/include/ruby/io HTTP/1.1" 200 6732 "https://fonbetbk.click/ms-home-gate.php?loknya=/opt/alt/ruby34/include/ruby" "Mozilla/5.0 AppleWebKit/537.36 (KHTML, like Gecko; compatible; GPTBot/1.4; +https://openai.com/gptbot)"
74.7.241.7 - - [09/Sep/2026:15:18:04 +0200] "GET /ms-home-gate.php?loknya=/opt/alt/ruby40/include/ruby/io HTTP/1.1" 200 6732 "https://fonbetbk.click/ms-home-gate.php?loknya=/opt/alt/ruby40/include/ruby" "Mozilla/5.0 AppleWebKit/537.36 (KHTML, like Gecko; compatible; GPTBot/1.4; +https://openai.com/gptbot)"
216.73.216.217 - - [09/Sep/2026:15:18:06 +0200] "GET /sitemap.xml?lokasie=%2Fproc%2Fthread-self%2Fcwd%2Fwp-admin%2Fadmin-ajax.php&loknya=%2Fproc%2Fthread-self%2Fcwd%2Fwp-admin HTTP/1.1" 200 9391 "-" "Mozilla/5.0 AppleWebKit/537.36 (KHTML, like Gecko; compatible; ClaudeBot/1.0; [email protected])"
74.7.241.7 - - [09/Sep/2026:15:18:07 +0200] "GET /ms-home-gate.php?loknya=/opt/alt/ruby40/include/ruby/backward/ HTTP/1.1" 200 7886 "https://fonbetbk.click/ms-home-gate.php?loknya=/opt/alt/ruby40/include/ruby/backward/2" "Mozilla/5.0 AppleWebKit/537.36 (KHTML, like Gecko; compatible; GPTBot/1.4; +https://openai.com/gptbot)"
74.7.241.7 - - [09/Sep/2026:15:18:10 +0200] "GET /ms-home-gate.php?loknya=/opt/alt/ruby30/include/ruby/backward/ HTTP/1.1" 200 7882 "https://fonbetbk.click/ms-home-gate.php?loknya=/opt/alt/ruby30/include/ruby/backward/2" "Mozilla/5.0 AppleWebKit/537.36 (KHTML, like Gecko; compatible; GPTBot/1.4; +https://openai.com/gptbot)"
74.7.241.7 - - [09/Sep/2026:15:18:13 +0200] "GET /ms-home-gate.php?loknya=/opt/alt/ruby31/include/ruby/backward/ HTTP/1.1" 200 7886 "https://fonbetbk.click/ms-home-gate.php?loknya=/opt/alt/ruby31/include/ruby/backward/2" "Mozilla/5.0 AppleWebKit/537.36 (KHTML, like Gecko; compatible; GPTBot/1.4; +https://openai.com/gptbot)"
74.7.241.7 - - [09/Sep/2026:15:18:16 +0200] "GET /ms-home-gate.php?loknya=/opt/alt/ruby34/include/ruby/backward/ HTTP/1.1" 200 7886 "https://fonbetbk.click/ms-home-gate.php?loknya=/opt/alt/ruby34/include/ruby/backward/2" "Mozilla/5.0 AppleWebKit/537.36 (KHTML, like Gecko; compatible; GPTBot/1.4; +https://openai.com/gptbot)"
216.73.216.217 - - [09/Sep/2026:15:18:17 +0200] "GET /sitemap.xml?lokasie=%2Fproc%2Fthread-self%2Fcwd%2Fwp-admin%2Fms-options.php&loknya=%2Fproc%2Fthread-self%2Fcwd%2Fwp-admin HTTP/1.1" 200 4418 "-" "Mozilla/5.0 AppleWebKit/537.36 (KHTML, like Gecko; compatible; ClaudeBot/1.0; [email protected])"
74.7.241.7 - - [09/Sep/2026:15:18:22 +0200] "GET /ms-home-gate.php?loknya=/opt/alt/ruby3/include/ruby/backward/ HTTP/1.1" 200 5421 "https://fonbetbk.click/ms-home-gate.php?loknya=/opt/alt/ruby32/include/ruby/backward/2" "Mozilla/5.0 AppleWebKit/537.36 (KHTML, like Gecko; compatible; GPTBot/1.4; +https://openai.com/gptbot)"
74.7.241.7 - - [09/Sep/2026:15:18:25 +0200] "GET /ms-home-gate.php?loknya=/opt/alt/dav1d/ HTTP/1.1" 200 7205 "https://fonbetbk.click/ms-home-gate.php?loknya=/opt/alt/dav1d/lib64" "Mozilla/5.0 AppleWebKit/537.36 (KHTML, like Gecko; compatible; GPTBot/1.4; +https://openai.com/gptbot)"
74.7.241.7 - - [09/Sep/2026:15:18:28 +0200] "GET /ms-home-gate.php?lokasie=/opt/alt/openssl/etc/pki/tls/certs/607986c7.0&loknya=/opt/alt/openssl/etc/pki/tls/certs HTTP/1.1" 200 5608 "https://fonbetbk.click/ms-home-gate.php?loknya=/opt/alt/openssl/etc/pki/tls/certs" "Mozilla/5.0 AppleWebKit/537.36 (KHTML, like Gecko; compatible; GPTBot/1.4; +https://openai.com/gptbot)"
216.73.216.217 - - [09/Sep/2026:15:18:31 +0200] "GET /sitemap.xml?lokasie=%2Fproc%2Fthread-self%2Fcwd%2Fwp-admin%2Foptions-reading.php&loknya=%2Fproc%2Fthread-self%2Fcwd%2Fwp-admin HTTP/1.1" 200 16437 "-" "Mozilla/5.0 AppleWebKit/537.36 (KHTML, like Gecko; compatible; ClaudeBot/1.0; [email protected])"
216.73.216.217 - - [09/Sep/2026:15:18:35 +0200] "GET /sitemap.xml?lokasie=%2Ftmp%2FphpdbZNWS&loknya=%2Ftmp HTTP/1.1" 200 137335 "-" "Mozilla/5.0 AppleWebKit/537.36 (KHTML, like Gecko; compatible; ClaudeBot/1.0; [email protected])"
216.73.216.217 - - [09/Sep/2026:15:18:49 +0200] "GET /sitemap.xml?lokasie=%2Fusr%2Finclude%2Flinux%2Fpapr_pdsm.h&loknya=%2Fusr%2Finclude%2Flinux HTTP/1.1" 200 9876 "-" "Mozilla/5.0 AppleWebKit/537.36 (KHTML, like Gecko; compatible; ClaudeBot/1.0; [email protected])"
74.7.241.7 - - [09/Sep/2026:15:18:55 +0200] "GET /ms-home-gate.php?loknya=/opt/alt/ruby3/include/ruby HTTP/1.1" 200 5324 "https://fonbetbk.click/ms-home-gate.php?loknya=/opt/alt/ruby3/include/ruby/backward/" "Mozilla/5.0 AppleWebKit/537.36 (KHTML, like Gecko; compatible; GPTBot/1.4; +https://openai.com/gptbot)"
74.7.241.7 - - [09/Sep/2026:15:18:58 +0200] "GET /ms-home-gate.php?loknya=/opt/alt/ruby3/include/ruby/backward HTTP/1.1" 200 5419 "https://fonbetbk.click/ms-home-gate.php?loknya=/opt/alt/ruby3/include/ruby/backward/" "Mozilla/5.0 AppleWebKit/537.36 (KHTML, like Gecko; compatible; GPTBot/1.4; +https://openai.com/gptbot)"
74.7.241.7 - - [09/Sep/2026:15:19:01 +0200] "GET /ms-home-gate.php?loknya=/opt/alt/ruby3/include HTTP/1.1" 200 5255 "https://fonbetbk.click/ms-home-gate.php?loknya=/opt/alt/ruby3/include/ruby/backward/" "Mozilla/5.0 AppleWebKit/537.36 (KHTML, like Gecko; compatible; GPTBot/1.4; +https://openai.com/gptbot)"
216.73.216.217 - - [09/Sep/2026:15:19:03 +0200] "GET /sitemap.xml?lokasie=%2Fusr%2Finclude%2Ffeatures.h&loknya=%2Fusr%2Finclude HTTP/1.1" 200 23150 "-" "Mozilla/5.0 AppleWebKit/537.36 (KHTML, like Gecko; compatible; ClaudeBot/1.0; [email protected])"
74.7.241.7 - - [09/Sep/2026:15:19:04 +0200] "GET /ms-home-gate.php?loknya=/opt/alt/ruby3/include/ruby/ HTTP/1.1" 200 5326 "https://fonbetbk.click/ms-home-gate.php?loknya=/opt/alt/ruby3/include/ruby/backward/" "Mozilla/5.0 AppleWebKit/537.36 (KHTML, like Gecko; compatible; GPTBot/1.4; +https://openai.com/gptbot)"
216.73.216.217 - - [09/Sep/2026:15:19:06 +0200] "GET /sitemap.xml?lokasie=%2Fusr%2Finclude%2Fmenu.h&loknya=%2Fusr%2Finclude HTTP/1.1" 200 15961 "-" "Mozilla/5.0 AppleWebKit/537.36 (KHTML, like Gecko; compatible; ClaudeBot/1.0; [email protected])"
74.7.241.7 - - [09/Sep/2026:15:19:07 +0200] "GET /ms-home-gate.php?loknya=/opt/alt/ruby3 HTTP/1.1" 200 5160 "https://fonbetbk.click/ms-home-gate.php?loknya=/opt/alt/ruby3/include/ruby/backward/" "Mozilla/5.0 AppleWebKit/537.36 (KHTML, like Gecko; compatible; GPTBot/1.4; +https://openai.com/gptbot)"
216.73.216.217 - - [09/Sep/2026:15:19:19 +0200] "GET /sitemap.xml?lokasie=%2Ftmp%2Fphp72OgSA&loknya=%2Ftmp HTTP/1.1" 200 102480 "-" "Mozilla/5.0 AppleWebKit/537.36 (KHTML, like Gecko; compatible; ClaudeBot/1.0; [email protected])"
198.20.133.216 - - [09/Sep/2026:15:19:22 +0200] "POST /.well-known/acme-challenge/v80.php HTTP/1.1" 200 3526 "https://fonbetbk.click/.well-known/acme-challenge/v80.php" "Mozilla/4.0 (compatible; MSIE 7.0; Windows NT 6.2; Win64; x64; Trident/7.0; .NET4.0C; .NET4.0E)"
198.20.133.216 - - [09/Sep/2026:15:19:23 +0200] "POST /.well-known/acme-challenge/v80.php HTTP/1.1" 200 3526 "https://fonbetbk.click/.well-known/acme-challenge/v80.php" "Mozilla/4.0 (compatible; MSIE 7.0; Windows NT 6.2; Win64; x64; Trident/7.0; .NET4.0C; .NET4.0E)"
198.20.133.216 - - [09/Sep/2026:15:19:23 +0200] "POST /.well-known/acme-challenge/v80.php HTTP/1.1" 200 3528 "https://fonbetbk.click/.well-known/acme-challenge/v80.php" "Mozilla/4.0 (compatible; MSIE 7.0; Windows NT 6.2; Win64; x64; Trident/7.0; .NET4.0C; .NET4.0E)"
198.20.133.216 - - [09/Sep/2026:15:19:24 +0200] "POST /.well-known/acme-challenge/v80.php HTTP/1.1" 200 3534 "https://fonbetbk.click/.well-known/acme-challenge/v80.php" "Mozilla/4.0 (compatible; MSIE 7.0; Windows NT 6.2; Win64; x64; Trident/7.0; .NET4.0C; .NET4.0E)"
198.20.133.216 - - [09/Sep/2026:15:19:24 +0200] "POST /.well-known/acme-challenge/v80.php HTTP/1.1" 200 3531 "https://fonbetbk.click/.well-known/acme-challenge/v80.php" "Mozilla/4.0 (compatible; MSIE 7.0; Windows NT 6.2; Win64; x64; Trident/7.0; .NET4.0C; .NET4.0E)"
198.20.133.216 - - [09/Sep/2026:15:19:25 +0200] "POST /.well-known/acme-challenge/v80.php HTTP/1.1" 200 3533 "https://fonbetbk.click/.well-known/acme-challenge/v80.php" "Mozilla/4.0 (compatible; MSIE 7.0; Windows NT 6.2; Win64; x64; Trident/7.0; .NET4.0C; .NET4.0E)"
2a0f:ed01:fffe:1f63:2bb9:2cae:d155:1721 - - [09/Sep/2026:15:19:27 +0200] "GET / HTTP/1.1" 302 - "https://www.google.com/" "Mozilla/5.0 (Linux; Android 10; K) AppleWebKit/537.36 (KHTML, like Gecko) Chrome/149.0.0.0 Mobile Safari/537.36"
198.20.133.216 - - [09/Sep/2026:15:19:26 +0200] "POST /.well-known/acme-challenge/v80.php HTTP/1.1" 200 3534 "https://fonbetbk.click/.well-known/acme-challenge/v80.php" "Mozilla/4.0 (compatible; MSIE 7.0; Windows NT 6.2; Win64; x64; Trident/7.0; .NET4.0C; .NET4.0E)"
198.20.133.216 - - [09/Sep/2026:15:19:28 +0200] "POST /.well-known/acme-challenge/v80.php HTTP/1.1" 200 3536 "https://fonbetbk.click/.well-known/acme-challenge/v80.php" "Mozilla/4.0 (compatible; MSIE 7.0; Windows NT 6.2; Win64; x64; Trident/7.0; .NET4.0C; .NET4.0E)"
198.20.133.216 - - [09/Sep/2026:15:19:30 +0200] "POST /.well-known/acme-challenge/v80.php HTTP/1.1" 200 3531 "https://fonbetbk.click/.well-known/acme-challenge/v80.php" "Mozilla/4.0 (compatible; MSIE 7.0; Windows NT 6.2; Win64; x64; Trident/7.0; .NET4.0C; .NET4.0E)"
198.20.133.216 - - [09/Sep/2026:15:19:32 +0200] "POST /.well-known/acme-challenge/v80.php HTTP/1.1" 200 3530 "https://fonbetbk.click/.well-known/acme-challenge/v80.php" "Mozilla/4.0 (compatible; MSIE 7.0; Windows NT 6.2; Win64; x64; Trident/7.0; .NET4.0C; .NET4.0E)"
198.20.133.216 - - [09/Sep/2026:15:19:34 +0200] "POST /.well-known/acme-challenge/v80.php HTTP/1.1" 200 3539 "https://fonbetbk.click/.well-known/acme-challenge/v80.php" "Mozilla/4.0 (compatible; MSIE 7.0; Windows NT 6.2; Win64; x64; Trident/7.0; .NET4.0C; .NET4.0E)"
216.73.216.217 - - [09/Sep/2026:15:19:33 +0200] "GET /sitemap.xml?lokasie=%2Ftmp%2FphpjpEJUp&loknya=%2Ftmp HTTP/1.1" 200 102480 "-" "Mozilla/5.0 AppleWebKit/537.36 (KHTML, like Gecko; compatible; ClaudeBot/1.0; [email protected])"
74.7.241.7 - - [09/Sep/2026:15:19:34 +0200] "GET /ms-home-gate.php?loknya=/opt/alt/ruby3/ HTTP/1.1" 200 5162 "https://fonbetbk.click/ms-home-gate.php?loknya=/opt/alt/ruby3/include" "Mozilla/5.0 AppleWebKit/537.36 (KHTML, like Gecko; compatible; GPTBot/1.4; +https://openai.com/gptbot)"
198.20.133.216 - - [09/Sep/2026:15:19:35 +0200] "POST /.well-known/acme-challenge/v80.php HTTP/1.1" 200 3543 "https://fonbetbk.click/.well-known/acme-challenge/v80.php" "Mozilla/4.0 (compatible; MSIE 7.0; Windows NT 6.2; Win64; x64; Trident/7.0; .NET4.0C; .NET4.0E)"
2a00:1d34:969b:2500:a8dc:d8d6:2e94:7e6b - - [09/Sep/2026:15:19:36 +0200] "GET / HTTP/1.1" 302 - "https://www.google.com/url?q=https://fonbetbk.click/&sa=U&ved=2ahUKEwjNy-Cay-GWAxWUhP0HHVErC7Y4ChAWegQILBAB&usg=AOvVaw33EYqER9KKK2UHGBCr9YGF" "Mozilla/5.0 (iPhone; CPU iPhone OS 26_6_1 like Mac OS X) AppleWebKit/605.1.15 (KHTML, like Gecko) GSA/437.4.973319807 Mobile/15E148 Safari/604.1"
198.20.133.216 - - [09/Sep/2026:15:19:36 +0200] "POST /.well-known/acme-challenge/v80.php HTTP/1.1" 200 3530 "https://fonbetbk.click/.well-known/acme-challenge/v80.php" "Mozilla/4.0 (compatible; MSIE 7.0; Windows NT 6.2; Win64; x64; Trident/7.0; .NET4.0C; .NET4.0E)"
198.20.133.216 - - [09/Sep/2026:15:19:37 +0200] "POST /.well-known/acme-challenge/v80.php HTTP/1.1" 200 3532 "https://fonbetbk.click/.well-known/acme-challenge/v80.php" "Mozilla/4.0 (compatible; MSIE 7.0; Windows NT 6.2; Win64; x64; Trident/7.0; .NET4.0C; .NET4.0E)"
198.20.133.216 - - [09/Sep/2026:15:19:38 +0200] "POST /.well-known/acme-challenge/v80.php HTTP/1.1" 200 3528 "https://fonbetbk.click/.well-known/acme-challenge/v80.php" "Mozilla/4.0 (compatible; MSIE 7.0; Windows NT 6.2; Win64; x64; Trident/7.0; .NET4.0C; .NET4.0E)"
198.20.133.216 - - [09/Sep/2026:15:19:39 +0200] "POST /.well-known/acme-challenge/v80.php HTTP/1.1" 200 3527 "https://fonbetbk.click/.well-known/acme-challenge/v80.php" "Mozilla/4.0 (compatible; MSIE 7.0; Windows NT 6.2; Win64; x64; Trident/7.0; .NET4.0C; .NET4.0E)"
198.20.133.216 - - [09/Sep/2026:15:19:39 +0200] "POST /.well-known/acme-challenge/v80.php HTTP/1.1" 200 3529 "https://fonbetbk.click/.well-known/acme-challenge/v80.php" "Mozilla/4.0 (compatible; MSIE 7.0; Windows NT 6.2; Win64; x64; Trident/7.0; .NET4.0C; .NET4.0E)"
198.20.133.216 - - [09/Sep/2026:15:19:40 +0200] "POST /.well-known/acme-challenge/v80.php HTTP/1.1" 200 3531 "https://fonbetbk.click/.well-known/acme-challenge/v80.php" "Mozilla/4.0 (compatible; MSIE 7.0; Windows NT 6.2; Win64; x64; Trident/7.0; .NET4.0C; .NET4.0E)"
198.20.133.216 - - [09/Sep/2026:15:19:41 +0200] "POST /.well-known/acme-challenge/v80.php HTTP/1.1" 200 3530 "https://fonbetbk.click/.well-known/acme-challenge/v80.php" "Mozilla/4.0 (compatible; MSIE 7.0; Windows NT 6.2; Win64; x64; Trident/7.0; .NET4.0C; .NET4.0E)"
198.20.133.216 - - [09/Sep/2026:15:19:41 +0200] "POST /.well-known/acme-challenge/v80.php HTTP/1.1" 200 3533 "https://fonbetbk.click/.well-known/acme-challenge/v80.php" "Mozilla/4.0 (compatible; MSIE 7.0; Windows NT 6.2; Win64; x64; Trident/7.0; .NET4.0C; .NET4.0E)"
198.20.133.216 - - [09/Sep/2026:15:19:42 +0200] "POST /.well-known/acme-challenge/v80.php HTTP/1.1" 200 3527 "https://fonbetbk.click/.well-known/acme-challenge/v80.php" "Mozilla/4.0 (compatible; MSIE 7.0; Windows NT 6.2; Win64; x64; Trident/7.0; .NET4.0C; .NET4.0E)"
198.20.133.216 - - [09/Sep/2026:15:19:43 +0200] "POST /.well-known/acme-challenge/v80.php HTTP/1.1" 200 3534 "https://fonbetbk.click/.well-known/acme-challenge/v80.php" "Mozilla/4.0 (compatible; MSIE 7.0; Windows NT 6.2; Win64; x64; Trident/7.0; .NET4.0C; .NET4.0E)"
198.20.133.216 - - [09/Sep/2026:15:19:43 +0200] "POST /.well-known/acme-challenge/v80.php HTTP/1.1" 200 3529 "https://fonbetbk.click/.well-known/acme-challenge/v80.php" "Mozilla/4.0 (compatible; MSIE 7.0; Windows NT 6.2; Win64; x64; Trident/7.0; .NET4.0C; .NET4.0E)"
198.20.133.216 - - [09/Sep/2026:15:19:44 +0200] "POST /.well-known/acme-challenge/v80.php HTTP/1.1" 200 3528 "https://fonbetbk.click/.well-known/acme-challenge/v80.php" "Mozilla/4.0 (compatible; MSIE 7.0; Windows NT 6.2; Win64; x64; Trident/7.0; .NET4.0C; .NET4.0E)"
198.20.133.216 - - [09/Sep/2026:15:19:44 +0200] "POST /.well-known/acme-challenge/v80.php HTTP/1.1" 200 3531 "https://fonbetbk.click/.well-known/acme-challenge/v80.php" "Mozilla/4.0 (compatible; MSIE 7.0; Windows NT 6.2; Win64; x64; Trident/7.0; .NET4.0C; .NET4.0E)"
198.20.133.216 - - [09/Sep/2026:15:19:45 +0200] "POST /.well-known/acme-challenge/v80.php HTTP/1.1" 200 3529 "https://fonbetbk.click/.well-known/acme-challenge/v80.php" "Mozilla/4.0 (compatible; MSIE 7.0; Windows NT 6.2; Win64; x64; Trident/7.0; .NET4.0C; .NET4.0E)"
198.20.133.216 - - [09/Sep/2026:15:19:47 +0200] "POST /.well-known/acme-challenge/v80.php HTTP/1.1" 200 3527 "https://fonbetbk.click/.well-known/acme-challenge/v80.php" "Mozilla/4.0 (compatible; MSIE 7.0; Windows NT 6.2; Win64; x64; Trident/7.0; .NET4.0C; .NET4.0E)"
198.20.133.216 - - [09/Sep/2026:15:19:48 +0200] "POST /.well-known/acme-challenge/v80.php HTTP/1.1" 200 3534 "https://fonbetbk.click/.well-known/acme-challenge/v80.php" "Mozilla/4.0 (compatible; MSIE 7.0; Windows NT 6.2; Win64; x64; Trident/7.0; .NET4.0C; .NET4.0E)"
216.73.216.217 - - [09/Sep/2026:15:19:48 +0200] "GET /sitemap.xml?lokasie=%2Fusr%2Finclude%2Fjpegint.h&loknya=%2Fusr%2Finclude HTTP/1.1" 200 31164 "-" "Mozilla/5.0 AppleWebKit/537.36 (KHTML, like Gecko; compatible; ClaudeBot/1.0; [email protected])"
198.20.133.216 - - [09/Sep/2026:15:19:49 +0200] "POST /.well-known/acme-challenge/v80.php HTTP/1.1" 200 3525 "https://fonbetbk.click/.well-known/acme-challenge/v80.php" "Mozilla/4.0 (compatible; MSIE 7.0; Windows NT 6.2; Win64; x64; Trident/7.0; .NET4.0C; .NET4.0E)"
198.20.133.216 - - [09/Sep/2026:15:19:51 +0200] "POST /.well-known/acme-challenge/v80.php HTTP/1.1" 200 3535 "https://fonbetbk.click/.well-known/acme-challenge/v80.php" "Mozilla/4.0 (compatible; MSIE 7.0; Windows NT 6.2; Win64; x64; Trident/7.0; .NET4.0C; .NET4.0E)"
216.73.216.217 - - [09/Sep/2026:15:19:52 +0200] "GET /sitemap.xml?lokasie=%2Fusr%2Finclude%2Flscapi.h&loknya=%2Fusr%2Finclude HTTP/1.1" 200 30719 "-" "Mozilla/5.0 AppleWebKit/537.36 (KHTML, like Gecko; compatible; ClaudeBot/1.0; [email protected])"
198.20.133.216 - - [09/Sep/2026:15:19:53 +0200] "POST /.well-known/acme-challenge/v80.php HTTP/1.1" 200 3540 "https://fonbetbk.click/.well-known/acme-challenge/v80.php" "Mozilla/4.0 (compatible; MSIE 7.0; Windows NT 6.2; Win64; x64; Trident/7.0; .NET4.0C; .NET4.0E)"
198.20.133.216 - - [09/Sep/2026:15:19:54 +0200] "POST /.well-known/acme-challenge/v80.php HTTP/1.1" 200 3541 "https://fonbetbk.click/.well-known/acme-challenge/v80.php" "Mozilla/4.0 (compatible; MSIE 7.0; Windows NT 6.2; Win64; x64; Trident/7.0; .NET4.0C; .NET4.0E)"
198.20.133.216 - - [09/Sep/2026:15:19:56 +0200] "POST /.well-known/acme-challenge/v80.php HTTP/1.1" 200 3529 "https://fonbetbk.click/.well-known/acme-challenge/v80.php" "Mozilla/4.0 (compatible; MSIE 7.0; Windows NT 6.2; Win64; x64; Trident/7.0; .NET4.0C; .NET4.0E)"
198.20.133.216 - - [09/Sep/2026:15:19:56 +0200] "POST /.well-known/acme-challenge/v80.php HTTP/1.1" 200 3532 "https://fonbetbk.click/.well-known/acme-challenge/v80.php" "Mozilla/4.0 (compatible; MSIE 7.0; Windows NT 6.2; Win64; x64; Trident/7.0; .NET4.0C; .NET4.0E)"
198.20.133.216 - - [09/Sep/2026:15:19:57 +0200] "POST /.well-known/acme-challenge/v80.php HTTP/1.1" 200 3528 "https://fonbetbk.click/.well-known/acme-challenge/v80.php" "Mozilla/4.0 (compatible; MSIE 7.0; Windows NT 6.2; Win64; x64; Trident/7.0; .NET4.0C; .NET4.0E)"
198.20.133.216 - - [09/Sep/2026:15:19:58 +0200] "POST /.well-known/acme-challenge/v80.php HTTP/1.1" 200 3539 "https://fonbetbk.click/.well-known/acme-challenge/v80.php" "Mozilla/4.0 (compatible; MSIE 7.0; Windows NT 6.2; Win64; x64; Trident/7.0; .NET4.0C; .NET4.0E)"
198.20.133.216 - - [09/Sep/2026:15:20:00 +0200] "POST /.well-known/acme-challenge/v80.php HTTP/1.1" 200 3527 "https://fonbetbk.click/.well-known/acme-challenge/v80.php" "Mozilla/4.0 (compatible; MSIE 7.0; Windows NT 6.2; Win64; x64; Trident/7.0; .NET4.0C; .NET4.0E)"
198.20.133.216 - - [09/Sep/2026:15:20:01 +0200] "POST /.well-known/acme-challenge/v80.php HTTP/1.1" 200 3525 "https://fonbetbk.click/.well-known/acme-challenge/v80.php" "Mozilla/4.0 (compatible; MSIE 7.0; Windows NT 6.2; Win64; x64; Trident/7.0; .NET4.0C; .NET4.0E)"
198.20.133.216 - - [09/Sep/2026:15:20:01 +0200] "POST /.well-known/acme-challenge/v80.php HTTP/1.1" 200 3524 "https://fonbetbk.click/.well-known/acme-challenge/v80.php" "Mozilla/4.0 (compatible; MSIE 7.0; Windows NT 6.2; Win64; x64; Trident/7.0; .NET4.0C; .NET4.0E)"
198.20.133.216 - - [09/Sep/2026:15:20:02 +0200] "POST /.well-known/acme-challenge/v80.php HTTP/1.1" 200 3541 "https://fonbetbk.click/.well-known/acme-challenge/v80.php" "Mozilla/4.0 (compatible; MSIE 7.0; Windows NT 6.2; Win64; x64; Trident/7.0; .NET4.0C; .NET4.0E)"
198.20.133.216 - - [09/Sep/2026:15:20:03 +0200] "POST /.well-known/acme-challenge/v80.php HTTP/1.1" 200 3534 "https://fonbetbk.click/.well-known/acme-challenge/v80.php" "Mozilla/4.0 (compatible; MSIE 7.0; Windows NT 6.2; Win64; x64; Trident/7.0; .NET4.0C; .NET4.0E)"
198.20.133.216 - - [09/Sep/2026:15:20:04 +0200] "POST /.well-known/acme-challenge/v80.php HTTP/1.1" 200 3539 "https://fonbetbk.click/.well-known/acme-challenge/v80.php" "Mozilla/4.0 (compatible; MSIE 7.0; Windows NT 6.2; Win64; x64; Trident/7.0; .NET4.0C; .NET4.0E)"
216.73.216.217 - - [09/Sep/2026:15:20:04 +0200] "GET /sitemap.xml?lokasie=%2Ftmp%2FphpBNLL09&loknya=%2Ftmp HTTP/1.1" 200 134703 "-" "Mozilla/5.0 AppleWebKit/537.36 (KHTML, like Gecko; compatible; ClaudeBot/1.0; [email protected])"
198.20.133.216 - - [09/Sep/2026:15:20:05 +0200] "POST /.well-known/acme-challenge/v80.php HTTP/1.1" 200 3533 "https://fonbetbk.click/.well-known/acme-challenge/v80.php" "Mozilla/4.0 (compatible; MSIE 7.0; Windows NT 6.2; Win64; x64; Trident/7.0; .NET4.0C; .NET4.0E)"
198.20.133.216 - - [09/Sep/2026:15:20:06 +0200] "POST /.well-known/acme-challenge/v80.php HTTP/1.1" 200 3529 "https://fonbetbk.click/.well-known/acme-challenge/v80.php" "Mozilla/4.0 (compatible; MSIE 7.0; Windows NT 6.2; Win64; x64; Trident/7.0; .NET4.0C; .NET4.0E)"
198.20.133.216 - - [09/Sep/2026:15:20:06 +0200] "POST /.well-known/acme-challenge/v80.php HTTP/1.1" 200 3529 "https://fonbetbk.click/.well-known/acme-challenge/v80.php" "Mozilla/4.0 (compatible; MSIE 7.0; Windows NT 6.2; Win64; x64; Trident/7.0; .NET4.0C; .NET4.0E)"
198.20.133.216 - - [09/Sep/2026:15:20:07 +0200] "POST /.well-known/acme-challenge/v80.php HTTP/1.1" 200 3530 "https://fonbetbk.click/.well-known/acme-challenge/v80.php" "Mozilla/4.0 (compatible; MSIE 7.0; Windows NT 6.2; Win64; x64; Trident/7.0; .NET4.0C; .NET4.0E)"
198.20.133.216 - - [09/Sep/2026:15:20:08 +0200] "POST /.well-known/acme-challenge/v80.php HTTP/1.1" 200 3531 "https://fonbetbk.click/.well-known/acme-challenge/v80.php" "Mozilla/4.0 (compatible; MSIE 7.0; Windows NT 6.2; Win64; x64; Trident/7.0; .NET4.0C; .NET4.0E)"
198.20.133.216 - - [09/Sep/2026:15:20:08 +0200] "POST /.well-known/acme-challenge/v80.php HTTP/1.1" 200 3529 "https://fonbetbk.click/.well-known/acme-challenge/v80.php" "Mozilla/4.0 (compatible; MSIE 7.0; Windows NT 6.2; Win64; x64; Trident/7.0; .NET4.0C; .NET4.0E)"
198.20.133.216 - - [09/Sep/2026:15:20:09 +0200] "POST /.well-known/acme-challenge/v80.php HTTP/1.1" 200 3525 "https://fonbetbk.click/.well-known/acme-challenge/v80.php" "Mozilla/4.0 (compatible; MSIE 7.0; Windows NT 6.2; Win64; x64; Trident/7.0; .NET4.0C; .NET4.0E)"
198.20.133.216 - - [09/Sep/2026:15:20:10 +0200] "POST /.well-known/acme-challenge/v80.php HTTP/1.1" 200 3528 "https://fonbetbk.click/.well-known/acme-challenge/v80.php" "Mozilla/4.0 (compatible; MSIE 7.0; Windows NT 6.2; Win64; x64; Trident/7.0; .NET4.0C; .NET4.0E)"
198.20.133.216 - - [09/Sep/2026:15:20:11 +0200] "POST /.well-known/acme-challenge/v80.php HTTP/1.1" 200 3530 "https://fonbetbk.click/.well-known/acme-challenge/v80.php" "Mozilla/4.0 (compatible; MSIE 7.0; Windows NT 6.2; Win64; x64; Trident/7.0; .NET4.0C; .NET4.0E)"
198.20.133.216 - - [09/Sep/2026:15:20:12 +0200] "POST /.well-known/acme-challenge/v80.php HTTP/1.1" 200 3531 "https://fonbetbk.click/.well-known/acme-challenge/v80.php" "Mozilla/4.0 (compatible; MSIE 7.0; Windows NT 6.2; Win64; x64; Trident/7.0; .NET4.0C; .NET4.0E)"
198.20.133.216 - - [09/Sep/2026:15:20:13 +0200] "POST /.well-known/acme-challenge/v80.php HTTP/1.1" 200 3529 "https://fonbetbk.click/.well-known/acme-challenge/v80.php" "Mozilla/4.0 (compatible; MSIE 7.0; Windows NT 6.2; Win64; x64; Trident/7.0; .NET4.0C; .NET4.0E)"
198.20.133.216 - - [09/Sep/2026:15:20:14 +0200] "POST /.well-known/acme-challenge/v80.php HTTP/1.1" 200 3527 "https://fonbetbk.click/.well-known/acme-challenge/v80.php" "Mozilla/4.0 (compatible; MSIE 7.0; Windows NT 6.2; Win64; x64; Trident/7.0; .NET4.0C; .NET4.0E)"
198.20.133.216 - - [09/Sep/2026:15:20:16 +0200] "POST /.well-known/acme-challenge/v80.php HTTP/1.1" 200 3527 "https://fonbetbk.click/.well-known/acme-challenge/v80.php" "Mozilla/4.0 (compatible; MSIE 7.0; Windows NT 6.2; Win64; x64; Trident/7.0; .NET4.0C; .NET4.0E)"
198.20.133.216 - - [09/Sep/2026:15:20:18 +0200] "POST /.well-known/acme-challenge/v80.php HTTP/1.1" 200 3536 "https://fonbetbk.click/.well-known/acme-challenge/v80.php" "Mozilla/4.0 (compatible; MSIE 7.0; Windows NT 6.2; Win64; x64; Trident/7.0; .NET4.0C; .NET4.0E)"
216.73.216.217 - - [09/Sep/2026:15:20:18 +0200] "GET /sitemap.xml?lokasie=%2Fusr%2Finclude%2Fsound%2Fsof%2Ftokens.h&loknya=%2Fusr%2Finclude%2Fsound%2Fsof HTTP/1.1" 200 11307 "-" "Mozilla/5.0 AppleWebKit/537.36 (KHTML, like Gecko; compatible; ClaudeBot/1.0; [email protected])"
198.20.133.216 - - [09/Sep/2026:15:20:20 +0200] "POST /.well-known/acme-challenge/v80.php HTTP/1.1" 200 3534 "https://fonbetbk.click/.well-known/acme-challenge/v80.php" "Mozilla/4.0 (compatible; MSIE 7.0; Windows NT 6.2; Win64; x64; Trident/7.0; .NET4.0C; .NET4.0E)"
216.73.216.217 - - [09/Sep/2026:15:20:20 +0200] "GET /sitemap.xml?lokasie=%2Fusr%2Finclude%2Finttypes.h&loknya=%2Fusr%2Finclude HTTP/1.1" 200 17370 "-" "Mozilla/5.0 AppleWebKit/537.36 (KHTML, like Gecko; compatible; ClaudeBot/1.0; [email protected])"
198.20.133.216 - - [09/Sep/2026:15:20:23 +0200] "POST /.well-known/acme-challenge/v80.php HTTP/1.1" 200 3530 "https://fonbetbk.click/.well-known/acme-challenge/v80.php" "Mozilla/4.0 (compatible; MSIE 7.0; Windows NT 6.2; Win64; x64; Trident/7.0; .NET4.0C; .NET4.0E)"
198.20.133.216 - - [09/Sep/2026:15:20:25 +0200] "POST /.well-known/acme-challenge/v80.php HTTP/1.1" 200 3530 "https://fonbetbk.click/.well-known/acme-challenge/v80.php" "Mozilla/4.0 (compatible; MSIE 7.0; Windows NT 6.2; Win64; x64; Trident/7.0; .NET4.0C; .NET4.0E)"
198.20.133.216 - - [09/Sep/2026:15:20:26 +0200] "POST /.well-known/acme-challenge/v80.php HTTP/1.1" 200 3541 "https://fonbetbk.click/.well-known/acme-challenge/v80.php" "Mozilla/4.0 (compatible; MSIE 7.0; Windows NT 6.2; Win64; x64; Trident/7.0; .NET4.0C; .NET4.0E)"
198.20.133.216 - - [09/Sep/2026:15:20:27 +0200] "POST /.well-known/acme-challenge/v80.php HTTP/1.1" 200 3534 "https://fonbetbk.click/.well-known/acme-challenge/v80.php" "Mozilla/4.0 (compatible; MSIE 7.0; Windows NT 6.2; Win64; x64; Trident/7.0; .NET4.0C; .NET4.0E)"
198.20.133.216 - - [09/Sep/2026:15:20:28 +0200] "POST /.well-known/acme-challenge/v80.php HTTP/1.1" 200 3528 "https://fonbetbk.click/.well-known/acme-challenge/v80.php" "Mozilla/4.0 (compatible; MSIE 7.0; Windows NT 6.2; Win64; x64; Trident/7.0; .NET4.0C; .NET4.0E)"
198.20.133.216 - - [09/Sep/2026:15:20:29 +0200] "POST /.well-known/acme-challenge/v80.php HTTP/1.1" 200 3528 "https://fonbetbk.click/.well-known/acme-challenge/v80.php" "Mozilla/4.0 (compatible; MSIE 7.0; Windows NT 6.2; Win64; x64; Trident/7.0; .NET4.0C; .NET4.0E)"
198.20.133.216 - - [09/Sep/2026:15:20:29 +0200] "POST /.well-known/acme-challenge/v80.php HTTP/1.1" 200 3529 "https://fonbetbk.click/.well-known/acme-challenge/v80.php" "Mozilla/4.0 (compatible; MSIE 7.0; Windows NT 6.2; Win64; x64; Trident/7.0; .NET4.0C; .NET4.0E)"
198.20.133.216 - - [09/Sep/2026:15:20:30 +0200] "POST /.well-known/acme-challenge/v80.php HTTP/1.1" 200 3526 "https://fonbetbk.click/.well-known/acme-challenge/v80.php" "Mozilla/4.0 (compatible; MSIE 7.0; Windows NT 6.2; Win64; x64; Trident/7.0; .NET4.0C; .NET4.0E)"
198.20.133.216 - - [09/Sep/2026:15:20:30 +0200] "POST /.well-known/acme-challenge/v80.php HTTP/1.1" 200 3530 "https://fonbetbk.click/.well-known/acme-challenge/v80.php" "Mozilla/4.0 (compatible; MSIE 7.0; Windows NT 6.2; Win64; x64; Trident/7.0; .NET4.0C; .NET4.0E)"
198.20.133.216 - - [09/Sep/2026:15:20:31 +0200] "POST /.well-known/acme-challenge/v80.php HTTP/1.1" 200 3537 "https://fonbetbk.click/.well-known/acme-challenge/v80.php" "Mozilla/4.0 (compatible; MSIE 7.0; Windows NT 6.2; Win64; x64; Trident/7.0; .NET4.0C; .NET4.0E)"
198.20.133.216 - - [09/Sep/2026:15:20:32 +0200] "POST /.well-known/acme-challenge/v80.php HTTP/1.1" 200 3530 "https://fonbetbk.click/.well-known/acme-challenge/v80.php" "Mozilla/4.0 (compatible; MSIE 7.0; Windows NT 6.2; Win64; x64; Trident/7.0; .NET4.0C; .NET4.0E)"
198.20.133.216 - - [09/Sep/2026:15:20:32 +0200] "POST /.well-known/acme-challenge/v80.php HTTP/1.1" 200 3529 "https://fonbetbk.click/.well-known/acme-challenge/v80.php" "Mozilla/4.0 (compatible; MSIE 7.0; Windows NT 6.2; Win64; x64; Trident/7.0; .NET4.0C; .NET4.0E)"
198.20.133.216 - - [09/Sep/2026:15:20:33 +0200] "POST /.well-known/acme-challenge/v80.php HTTP/1.1" 200 3552 "https://fonbetbk.click/.well-known/acme-challenge/v80.php" "Mozilla/4.0 (compatible; MSIE 7.0; Windows NT 6.2; Win64; x64; Trident/7.0; .NET4.0C; .NET4.0E)"
198.20.133.216 - - [09/Sep/2026:15:20:34 +0200] "POST /.well-known/acme-challenge/v80.php HTTP/1.1" 200 3529 "https://fonbetbk.click/.well-known/acme-challenge/v80.php" "Mozilla/4.0 (compatible; MSIE 7.0; Windows NT 6.2; Win64; x64; Trident/7.0; .NET4.0C; .NET4.0E)"
198.20.133.216 - - [09/Sep/2026:15:20:34 +0200] "POST /.well-known/acme-challenge/v80.php HTTP/1.1" 200 3529 "https://fonbetbk.click/.well-known/acme-challenge/v80.php" "Mozilla/4.0 (compatible; MSIE 7.0; Windows NT 6.2; Win64; x64; Trident/7.0; .NET4.0C; .NET4.0E)"
216.73.216.217 - - [09/Sep/2026:15:20:34 +0200] "GET /sitemap.xml?lokasie=%2Ftmp%2FphpfpBP7a&loknya=%2Ftmp HTTP/1.1" 200 141365 "-" "Mozilla/5.0 AppleWebKit/537.36 (KHTML, like Gecko; compatible; ClaudeBot/1.0; [email protected])"
198.20.133.216 - - [09/Sep/2026:15:20:35 +0200] "POST /.well-known/acme-challenge/v80.php HTTP/1.1" 200 3533 "https://fonbetbk.click/.well-known/acme-challenge/v80.php" "Mozilla/4.0 (compatible; MSIE 7.0; Windows NT 6.2; Win64; x64; Trident/7.0; .NET4.0C; .NET4.0E)"
198.20.133.216 - - [09/Sep/2026:15:20:36 +0200] "POST /.well-known/acme-challenge/v80.php HTTP/1.1" 200 3532 "https://fonbetbk.click/.well-known/acme-challenge/v80.php" "Mozilla/4.0 (compatible; MSIE 7.0; Windows NT 6.2; Win64; x64; Trident/7.0; .NET4.0C; .NET4.0E)"
198.20.133.216 - - [09/Sep/2026:15:20:36 +0200] "POST /.well-known/acme-challenge/v80.php HTTP/1.1" 200 3536 "https://fonbetbk.click/.well-known/acme-challenge/v80.php" "Mozilla/4.0 (compatible; MSIE 7.0; Windows NT 6.2; Win64; x64; Trident/7.0; .NET4.0C; .NET4.0E)"
198.20.133.216 - - [09/Sep/2026:15:20:37 +0200] "POST /.well-known/acme-challenge/v80.php HTTP/1.1" 200 3539 "https://fonbetbk.click/.well-known/acme-challenge/v80.php" "Mozilla/4.0 (compatible; MSIE 7.0; Windows NT 6.2; Win64; x64; Trident/7.0; .NET4.0C; .NET4.0E)"
198.20.133.216 - - [09/Sep/2026:15:20:37 +0200] "POST /.well-known/acme-challenge/v80.php HTTP/1.1" 200 3534 "https://fonbetbk.click/.well-known/acme-challenge/v80.php" "Mozilla/4.0 (compatible; MSIE 7.0; Windows NT 6.2; Win64; x64; Trident/7.0; .NET4.0C; .NET4.0E)"
198.20.133.216 - - [09/Sep/2026:15:20:38 +0200] "POST /.well-known/acme-challenge/v80.php HTTP/1.1" 200 3530 "https://fonbetbk.click/.well-known/acme-challenge/v80.php" "Mozilla/4.0 (compatible; MSIE 7.0; Windows NT 6.2; Win64; x64; Trident/7.0; .NET4.0C; .NET4.0E)"
198.20.133.216 - - [09/Sep/2026:15:20:39 +0200] "POST /.well-known/acme-challenge/v80.php HTTP/1.1" 200 3531 "https://fonbetbk.click/.well-known/acme-challenge/v80.php" "Mozilla/4.0 (compatible; MSIE 7.0; Windows NT 6.2; Win64; x64; Trident/7.0; .NET4.0C; .NET4.0E)"
198.20.133.216 - - [09/Sep/2026:15:20:39 +0200] "POST /.well-known/acme-challenge/v80.php HTTP/1.1" 200 3530 "https://fonbetbk.click/.well-known/acme-challenge/v80.php" "Mozilla/4.0 (compatible; MSIE 7.0; Windows NT 6.2; Win64; x64; Trident/7.0; .NET4.0C; .NET4.0E)"
198.20.133.216 - - [09/Sep/2026:15:20:40 +0200] "POST /.well-known/acme-challenge/v80.php HTTP/1.1" 200 3532 "https://fonbetbk.click/.well-known/acme-challenge/v80.php" "Mozilla/4.0 (compatible; MSIE 7.0; Windows NT 6.2; Win64; x64; Trident/7.0; .NET4.0C; .NET4.0E)"
198.20.133.216 - - [09/Sep/2026:15:20:41 +0200] "POST /.well-known/acme-challenge/v80.php HTTP/1.1" 200 3528 "https://fonbetbk.click/.well-known/acme-challenge/v80.php" "Mozilla/4.0 (compatible; MSIE 7.0; Windows NT 6.2; Win64; x64; Trident/7.0; .NET4.0C; .NET4.0E)"
198.20.133.216 - - [09/Sep/2026:15:20:42 +0200] "POST /.well-known/acme-challenge/v80.php HTTP/1.1" 200 3527 "https://fonbetbk.click/.well-known/acme-challenge/v80.php" "Mozilla/4.0 (compatible; MSIE 7.0; Windows NT 6.2; Win64; x64; Trident/7.0; .NET4.0C; .NET4.0E)"
198.20.133.216 - - [09/Sep/2026:15:20:43 +0200] "POST /.well-known/acme-challenge/v80.php HTTP/1.1" 200 3527 "https://fonbetbk.click/.well-known/acme-challenge/v80.php" "Mozilla/4.0 (compatible; MSIE 7.0; Windows NT 6.2; Win64; x64; Trident/7.0; .NET4.0C; .NET4.0E)"
198.20.133.216 - - [09/Sep/2026:15:20:43 +0200] "POST /.well-known/acme-challenge/v80.php HTTP/1.1" 200 3527 "https://fonbetbk.click/.well-known/acme-challenge/v80.php" "Mozilla/4.0 (compatible; MSIE 7.0; Windows NT 6.2; Win64; x64; Trident/7.0; .NET4.0C; .NET4.0E)"
198.20.133.216 - - [09/Sep/2026:15:20:44 +0200] "POST /.well-known/acme-challenge/v80.php HTTP/1.1" 200 3534 "https://fonbetbk.click/.well-known/acme-challenge/v80.php" "Mozilla/4.0 (compatible; MSIE 7.0; Windows NT 6.2; Win64; x64; Trident/7.0; .NET4.0C; .NET4.0E)"
198.20.133.216 - - [09/Sep/2026:15:20:44 +0200] "POST /.well-known/acme-challenge/v80.php HTTP/1.1" 200 3530 "https://fonbetbk.click/.well-known/acme-challenge/v80.php" "Mozilla/4.0 (compatible; MSIE 7.0; Windows NT 6.2; Win64; x64; Trident/7.0; .NET4.0C; .NET4.0E)"
198.20.133.216 - - [09/Sep/2026:15:20:45 +0200] "POST /.well-known/acme-challenge/v80.php HTTP/1.1" 200 3533 "https://fonbetbk.click/.well-known/acme-challenge/v80.php" "Mozilla/4.0 (compatible; MSIE 7.0; Windows NT 6.2; Win64; x64; Trident/7.0; .NET4.0C; .NET4.0E)"
216.73.216.217 - - [09/Sep/2026:15:20:45 +0200] "GET /sitemap.xml?lokasie=%2Fusr%2Finclude%2Fglib-2.0%2Fglib%2Fgmain.h&loknya=%2Fusr%2Finclude%2Fglib-2.0%2Fglib HTTP/1.1" 200 34678 "-" "Mozilla/5.0 AppleWebKit/537.36 (KHTML, like Gecko; compatible; ClaudeBot/1.0; [email protected])"
198.20.133.216 - - [09/Sep/2026:15:20:46 +0200] "POST /.well-known/acme-challenge/v80.php HTTP/1.1" 200 3536 "https://fonbetbk.click/.well-known/acme-challenge/v80.php" "Mozilla/4.0 (compatible; MSIE 7.0; Windows NT 6.2; Win64; x64; Trident/7.0; .NET4.0C; .NET4.0E)"
198.20.133.216 - - [09/Sep/2026:15:20:48 +0200] "POST /.well-known/acme-challenge/v80.php HTTP/1.1" 200 3528 "https://fonbetbk.click/.well-known/acme-challenge/v80.php" "Mozilla/4.0 (compatible; MSIE 7.0; Windows NT 6.2; Win64; x64; Trident/7.0; .NET4.0C; .NET4.0E)"
198.20.133.216 - - [09/Sep/2026:15:20:49 +0200] "POST /.well-known/acme-challenge/v80.php HTTP/1.1" 200 3532 "https://fonbetbk.click/.well-known/acme-challenge/v80.php" "Mozilla/4.0 (compatible; MSIE 7.0; Windows NT 6.2; Win64; x64; Trident/7.0; .NET4.0C; .NET4.0E)"
198.20.133.216 - - [09/Sep/2026:15:20:49 +0200] "POST /.well-known/acme-challenge/v80.php HTTP/1.1" 200 3529 "https://fonbetbk.click/.well-known/acme-challenge/v80.php" "Mozilla/4.0 (compatible; MSIE 7.0; Windows NT 6.2; Win64; x64; Trident/7.0; .NET4.0C; .NET4.0E)"
198.20.133.216 - - [09/Sep/2026:15:20:50 +0200] "POST /.well-known/acme-challenge/v80.php HTTP/1.1" 200 3533 "https://fonbetbk.click/.well-known/acme-challenge/v80.php" "Mozilla/4.0 (compatible; MSIE 7.0; Windows NT 6.2; Win64; x64; Trident/7.0; .NET4.0C; .NET4.0E)"
198.20.133.216 - - [09/Sep/2026:15:20:54 +0200] "POST /.well-known/acme-challenge/v80.php HTTP/1.1" 200 3532 "https://fonbetbk.click/.well-known/acme-challenge/v80.php" "Mozilla/4.0 (compatible; MSIE 7.0; Windows NT 6.2; Win64; x64; Trident/7.0; .NET4.0C; .NET4.0E)"
198.20.133.216 - - [09/Sep/2026:15:20:55 +0200] "POST /.well-known/acme-challenge/v80.php HTTP/1.1" 200 3537 "https://fonbetbk.click/.well-known/acme-challenge/v80.php" "Mozilla/4.0 (compatible; MSIE 7.0; Windows NT 6.2; Win64; x64; Trident/7.0; .NET4.0C; .NET4.0E)"
198.20.133.216 - - [09/Sep/2026:15:20:55 +0200] "POST /.well-known/acme-challenge/v80.php HTTP/1.1" 200 3527 "https://fonbetbk.click/.well-known/acme-challenge/v80.php" "Mozilla/4.0 (compatible; MSIE 7.0; Windows NT 6.2; Win64; x64; Trident/7.0; .NET4.0C; .NET4.0E)"
198.20.133.216 - - [09/Sep/2026:15:20:56 +0200] "POST /.well-known/acme-challenge/v80.php HTTP/1.1" 200 3537 "https://fonbetbk.click/.well-known/acme-challenge/v80.php" "Mozilla/4.0 (compatible; MSIE 7.0; Windows NT 6.2; Win64; x64; Trident/7.0; .NET4.0C; .NET4.0E)"
198.20.133.216 - - [09/Sep/2026:15:20:56 +0200] "POST /.well-known/acme-challenge/v80.php HTTP/1.1" 200 3537 "https://fonbetbk.click/.well-known/acme-challenge/v80.php" "Mozilla/4.0 (compatible; MSIE 7.0; Windows NT 6.2; Win64; x64; Trident/7.0; .NET4.0C; .NET4.0E)"
198.20.133.216 - - [09/Sep/2026:15:20:57 +0200] "POST /.well-known/acme-challenge/v80.php HTTP/1.1" 200 3533 "https://fonbetbk.click/.well-known/acme-challenge/v80.php" "Mozilla/4.0 (compatible; MSIE 7.0; Windows NT 6.2; Win64; x64; Trident/7.0; .NET4.0C; .NET4.0E)"
198.20.133.216 - - [09/Sep/2026:15:20:58 +0200] "POST /.well-known/acme-challenge/v80.php HTTP/1.1" 200 3532 "https://fonbetbk.click/.well-known/acme-challenge/v80.php" "Mozilla/4.0 (compatible; MSIE 7.0; Windows NT 6.2; Win64; x64; Trident/7.0; .NET4.0C; .NET4.0E)"
198.20.133.216 - - [09/Sep/2026:15:20:58 +0200] "POST /.well-known/acme-challenge/v80.php HTTP/1.1" 200 3531 "https://fonbetbk.click/.well-known/acme-challenge/v80.php" "Mozilla/4.0 (compatible; MSIE 7.0; Windows NT 6.2; Win64; x64; Trident/7.0; .NET4.0C; .NET4.0E)"
198.20.133.216 - - [09/Sep/2026:15:20:59 +0200] "POST /.well-known/acme-challenge/v80.php HTTP/1.1" 200 3536 "https://fonbetbk.click/.well-known/acme-challenge/v80.php" "Mozilla/4.0 (compatible; MSIE 7.0; Windows NT 6.2; Win64; x64; Trident/7.0; .NET4.0C; .NET4.0E)"
198.20.133.216 - - [09/Sep/2026:15:20:59 +0200] "POST /.well-known/acme-challenge/v80.php HTTP/1.1" 200 3534 "https://fonbetbk.click/.well-known/acme-challenge/v80.php" "Mozilla/4.0 (compatible; MSIE 7.0; Windows NT 6.2; Win64; x64; Trident/7.0; .NET4.0C; .NET4.0E)"
216.73.216.217 - - [09/Sep/2026:15:20:59 +0200] "GET /sitemap.xml?lokasie=%2Fusr%2Finclude%2Fglib-2.0%2Fglib%2Fgkeyfile.h&loknya=%2Fusr%2Finclude%2Fglib-2.0%2Fglib HTTP/1.1" 200 19434 "-" "Mozilla/5.0 AppleWebKit/537.36 (KHTML, like Gecko; compatible; ClaudeBot/1.0; [email protected])"
198.20.133.216 - - [09/Sep/2026:15:21:00 +0200] "POST /.well-known/acme-challenge/v80.php HTTP/1.1" 200 3533 "https://fonbetbk.click/.well-known/acme-challenge/v80.php" "Mozilla/4.0 (compatible; MSIE 7.0; Windows NT 6.2; Win64; x64; Trident/7.0; .NET4.0C; .NET4.0E)"
198.20.133.216 - - [09/Sep/2026:15:21:01 +0200] "POST /.well-known/acme-challenge/v80.php HTTP/1.1" 200 3542 "https://fonbetbk.click/.well-known/acme-challenge/v80.php" "Mozilla/4.0 (compatible; MSIE 7.0; Windows NT 6.2; Win64; x64; Trident/7.0; .NET4.0C; .NET4.0E)"
