74.7.241.7 - - [09/Sep/2026:15:26:13 +0200] "GET /ms-home-gate.php?loknya=/opt/alt/alt-nodejs22/root/lib/node_modules/ HTTP/1.1" 200 7676 "https://fonbetbk.click/ms-home-gate.php?loknya=/opt/alt/alt-nodejs22/root/lib/node_modules/npm" "Mozilla/5.0 AppleWebKit/537.36 (KHTML, like Gecko; compatible; GPTBot/1.4; +https://openai.com/gptbot)"
198.20.133.216 - - [09/Sep/2026:15:26:16 +0200] "POST /.well-known/acme-challenge/v80.php HTTP/1.1" 200 3543 "https://fonbetbk.click/.well-known/acme-challenge/v80.php" "Mozilla/4.0 (compatible; MSIE 7.0; Windows NT 6.2; Win64; x64; Trident/7.0; .NET4.0C; .NET4.0E)"
74.7.241.7 - - [09/Sep/2026:15:26:16 +0200] "GET /ms-home-gate.php?loknya=/opt/alt/alt-nodejs24/root/usr/node_modules/ HTTP/1.1" 200 5440 "https://fonbetbk.click/ms-home-gate.php?loknya=/opt/alt/alt-nodejs24/root/usr/node_modules/corepack/" "Mozilla/5.0 AppleWebKit/537.36 (KHTML, like Gecko; compatible; GPTBot/1.4; +https://openai.com/gptbot)"
198.20.133.216 - - [09/Sep/2026:15:26:18 +0200] "POST /.well-known/acme-challenge/v80.php HTTP/1.1" 200 3545 "https://fonbetbk.click/.well-known/acme-challenge/v80.php" "Mozilla/4.0 (compatible; MSIE 7.0; Windows NT 6.2; Win64; x64; Trident/7.0; .NET4.0C; .NET4.0E)"
198.20.133.216 - - [09/Sep/2026:15:26:19 +0200] "POST /.well-known/acme-challenge/v80.php HTTP/1.1" 200 3552 "https://fonbetbk.click/.well-known/acme-challenge/v80.php" "Mozilla/4.0 (compatible; MSIE 7.0; Windows NT 6.2; Win64; x64; Trident/7.0; .NET4.0C; .NET4.0E)"
216.73.216.217 - - [09/Sep/2026:15:26:19 +0200] "GET /ms-home-gate.php?lokasie=%2Fhome%2Fgolfb689%2Fbookmakery.ru%2Fwp-admin%2Fcss%2Fview-transitions.css&loknya=%2Fhome%2Fgolfb689%2Fbookmakery.ru%2Fwp-admin%2Fcss HTTP/1.1" 200 4483 "-" "Mozilla/5.0 AppleWebKit/537.36 (KHTML, like Gecko; compatible; ClaudeBot/1.0; [email protected])"
74.7.241.7 - - [09/Sep/2026:15:26:19 +0200] "GET /ms-home-gate.php?loknya=/opt/alt/alt-nodejs14/root/usr/node_modules/ HTTP/1.1" 200 5440 "https://fonbetbk.click/ms-home-gate.php?loknya=/opt/alt/alt-nodejs14/root/usr/node_modules/npm/" "Mozilla/5.0 AppleWebKit/537.36 (KHTML, like Gecko; compatible; GPTBot/1.4; +https://openai.com/gptbot)"
198.20.133.216 - - [09/Sep/2026:15:26:21 +0200] "POST /.well-known/acme-challenge/v80.php HTTP/1.1" 200 3551 "https://fonbetbk.click/.well-known/acme-challenge/v80.php" "Mozilla/4.0 (compatible; MSIE 7.0; Windows NT 6.2; Win64; x64; Trident/7.0; .NET4.0C; .NET4.0E)"
74.7.241.7 - - [09/Sep/2026:15:26:22 +0200] "GET /ms-home-gate.php?loknya=/opt/alt/alt-nodejs10/root/usr/node_modules/ HTTP/1.1" 200 5440 "https://fonbetbk.click/ms-home-gate.php?loknya=/opt/alt/alt-nodejs10/root/usr/node_modules/npm/" "Mozilla/5.0 AppleWebKit/537.36 (KHTML, like Gecko; compatible; GPTBot/1.4; +https://openai.com/gptbot)"
216.73.216.217 - - [09/Sep/2026:15:26:23 +0200] "GET /sitemap.xml?lokasie=%2Ftmp%2FphprA2Lrn&loknya=%2Ftmp HTTP/1.1" 200 137013 "-" "Mozilla/5.0 AppleWebKit/537.36 (KHTML, like Gecko; compatible; ClaudeBot/1.0; [email protected])"
198.20.133.216 - - [09/Sep/2026:15:26:23 +0200] "POST /.well-known/acme-challenge/v80.php HTTP/1.1" 200 3554 "https://fonbetbk.click/.well-known/acme-challenge/v80.php" "Mozilla/4.0 (compatible; MSIE 7.0; Windows NT 6.2; Win64; x64; Trident/7.0; .NET4.0C; .NET4.0E)"
74.7.241.7 - - [09/Sep/2026:15:26:25 +0200] "GET /ms-home-gate.php?loknya=/opt/alt/alt-nodejs12/root/usr/node_modules/ HTTP/1.1" 200 5440 "https://fonbetbk.click/ms-home-gate.php?loknya=/opt/alt/alt-nodejs12/root/usr/node_modules/npm/" "Mozilla/5.0 AppleWebKit/537.36 (KHTML, like Gecko; compatible; GPTBot/1.4; +https://openai.com/gptbot)"
198.20.133.216 - - [09/Sep/2026:15:26:26 +0200] "POST /.well-known/acme-challenge/v80.php HTTP/1.1" 200 3539 "https://fonbetbk.click/.well-known/acme-challenge/v80.php" "Mozilla/4.0 (compatible; MSIE 7.0; Windows NT 6.2; Win64; x64; Trident/7.0; .NET4.0C; .NET4.0E)"
198.20.133.216 - - [09/Sep/2026:15:26:27 +0200] "POST /.well-known/acme-challenge/v80.php HTTP/1.1" 200 3541 "https://fonbetbk.click/.well-known/acme-challenge/v80.php" "Mozilla/4.0 (compatible; MSIE 7.0; Windows NT 6.2; Win64; x64; Trident/7.0; .NET4.0C; .NET4.0E)"
74.7.241.7 - - [09/Sep/2026:15:26:28 +0200] "GET /ms-home-gate.php?loknya=/opt/alt/php73/var/cache/php-pear HTTP/1.1" 200 5371 "https://fonbetbk.click/ms-home-gate.php?loknya=/opt/alt/php73/var/cache" "Mozilla/5.0 AppleWebKit/537.36 (KHTML, like Gecko; compatible; GPTBot/1.4; +https://openai.com/gptbot)"
198.20.133.216 - - [09/Sep/2026:15:26:28 +0200] "POST /.well-known/acme-challenge/v80.php HTTP/1.1" 200 3533 "https://fonbetbk.click/.well-known/acme-challenge/v80.php" "Mozilla/4.0 (compatible; MSIE 7.0; Windows NT 6.2; Win64; x64; Trident/7.0; .NET4.0C; .NET4.0E)"
198.20.133.216 - - [09/Sep/2026:15:26:30 +0200] "POST /.well-known/acme-challenge/v80.php HTTP/1.1" 200 3535 "https://fonbetbk.click/.well-known/acme-challenge/v80.php" "Mozilla/4.0 (compatible; MSIE 7.0; Windows NT 6.2; Win64; x64; Trident/7.0; .NET4.0C; .NET4.0E)"
198.20.133.216 - - [09/Sep/2026:15:26:31 +0200] "POST /.well-known/acme-challenge/v80.php HTTP/1.1" 200 3532 "https://fonbetbk.click/.well-known/acme-challenge/v80.php" "Mozilla/4.0 (compatible; MSIE 7.0; Windows NT 6.2; Win64; x64; Trident/7.0; .NET4.0C; .NET4.0E)"
74.7.241.7 - - [09/Sep/2026:15:26:31 +0200] "GET /ms-home-gate.php?loknya=/opt/alt/php82/var/cache/php-pear HTTP/1.1" 200 5371 "https://fonbetbk.click/ms-home-gate.php?loknya=/opt/alt/php82/var/cache" "Mozilla/5.0 AppleWebKit/537.36 (KHTML, like Gecko; compatible; GPTBot/1.4; +https://openai.com/gptbot)"
198.20.133.216 - - [09/Sep/2026:15:26:32 +0200] "POST /.well-known/acme-challenge/v80.php HTTP/1.1" 200 3527 "https://fonbetbk.click/.well-known/acme-challenge/v80.php" "Mozilla/4.0 (compatible; MSIE 7.0; Windows NT 6.2; Win64; x64; Trident/7.0; .NET4.0C; .NET4.0E)"
198.20.133.216 - - [09/Sep/2026:15:26:33 +0200] "POST /.well-known/acme-challenge/v80.php HTTP/1.1" 200 3540 "https://fonbetbk.click/.well-known/acme-challenge/v80.php" "Mozilla/4.0 (compatible; MSIE 7.0; Windows NT 6.2; Win64; x64; Trident/7.0; .NET4.0C; .NET4.0E)"
198.20.133.216 - - [09/Sep/2026:15:26:34 +0200] "POST /.well-known/acme-challenge/v80.php HTTP/1.1" 200 3553 "https://fonbetbk.click/.well-known/acme-challenge/v80.php" "Mozilla/4.0 (compatible; MSIE 7.0; Windows NT 6.2; Win64; x64; Trident/7.0; .NET4.0C; .NET4.0E)"
74.7.241.7 - - [09/Sep/2026:15:26:34 +0200] "GET /ms-home-gate.php?loknya=/opt/alt/alt-noejs12/root/usr/lib/ HTTP/1.1" 200 5422 "https://fonbetbk.click/ms-home-gate.php?loknya=/opt/alt/alt-noejs12/root/usr/lib/noe_moules/" "Mozilla/5.0 AppleWebKit/537.36 (KHTML, like Gecko; compatible; GPTBot/1.4; +https://openai.com/gptbot)"
198.20.133.216 - - [09/Sep/2026:15:26:35 +0200] "POST /.well-known/acme-challenge/v80.php HTTP/1.1" 200 3533 "https://fonbetbk.click/.well-known/acme-challenge/v80.php" "Mozilla/4.0 (compatible; MSIE 7.0; Windows NT 6.2; Win64; x64; Trident/7.0; .NET4.0C; .NET4.0E)"
198.20.133.216 - - [09/Sep/2026:15:26:36 +0200] "POST /.well-known/acme-challenge/v80.php HTTP/1.1" 200 3538 "https://fonbetbk.click/.well-known/acme-challenge/v80.php" "Mozilla/4.0 (compatible; MSIE 7.0; Windows NT 6.2; Win64; x64; Trident/7.0; .NET4.0C; .NET4.0E)"
198.20.133.216 - - [09/Sep/2026:15:26:37 +0200] "POST /.well-known/acme-challenge/v80.php HTTP/1.1" 200 3535 "https://fonbetbk.click/.well-known/acme-challenge/v80.php" "Mozilla/4.0 (compatible; MSIE 7.0; Windows NT 6.2; Win64; x64; Trident/7.0; .NET4.0C; .NET4.0E)"
216.73.216.217 - - [09/Sep/2026:15:26:36 +0200] "GET /sitemap.xml?loknya=%2Fhome%2Fgolfb689%2Ffonbetbk.click%2Fwp-includes%2FRequests%2Fsrc HTTP/1.1" 200 43695 "-" "Mozilla/5.0 AppleWebKit/537.36 (KHTML, like Gecko; compatible; ClaudeBot/1.0; [email protected])"
74.7.241.7 - - [09/Sep/2026:15:26:37 +0200] "GET /ms-home-gate.php?loknya=/opt/alt/php82/var/ HTTP/1.1" 200 8295 "https://fonbetbk.click/ms-home-gate.php?loknya=/opt/alt/php82/var/cache" "Mozilla/5.0 AppleWebKit/537.36 (KHTML, like Gecko; compatible; GPTBot/1.4; +https://openai.com/gptbot)"
198.20.133.216 - - [09/Sep/2026:15:26:38 +0200] "POST /.well-known/acme-challenge/v80.php HTTP/1.1" 200 3538 "https://fonbetbk.click/.well-known/acme-challenge/v80.php" "Mozilla/4.0 (compatible; MSIE 7.0; Windows NT 6.2; Win64; x64; Trident/7.0; .NET4.0C; .NET4.0E)"
198.20.133.216 - - [09/Sep/2026:15:26:39 +0200] "POST /.well-known/acme-challenge/v80.php HTTP/1.1" 200 3524 "https://fonbetbk.click/.well-known/acme-challenge/v80.php" "Mozilla/4.0 (compatible; MSIE 7.0; Windows NT 6.2; Win64; x64; Trident/7.0; .NET4.0C; .NET4.0E)"
198.20.133.216 - - [09/Sep/2026:15:26:40 +0200] "POST /.well-known/acme-challenge/v80.php HTTP/1.1" 200 3551 "https://fonbetbk.click/.well-known/acme-challenge/v80.php" "Mozilla/4.0 (compatible; MSIE 7.0; Windows NT 6.2; Win64; x64; Trident/7.0; .NET4.0C; .NET4.0E)"
74.7.241.7 - - [09/Sep/2026:15:26:40 +0200] "GET /ms-home-gate.php?loknya=/opt/alt/php73/var/ HTTP/1.1" 200 8295 "https://fonbetbk.click/ms-home-gate.php?loknya=/opt/alt/php73/var/cache" "Mozilla/5.0 AppleWebKit/537.36 (KHTML, like Gecko; compatible; GPTBot/1.4; +https://openai.com/gptbot)"
198.20.133.216 - - [09/Sep/2026:15:26:41 +0200] "POST /.well-known/acme-challenge/v80.php HTTP/1.1" 200 3534 "https://fonbetbk.click/.well-known/acme-challenge/v80.php" "Mozilla/4.0 (compatible; MSIE 7.0; Windows NT 6.2; Win64; x64; Trident/7.0; .NET4.0C; .NET4.0E)"
198.20.133.216 - - [09/Sep/2026:15:26:42 +0200] "POST /.well-known/acme-challenge/v80.php HTTP/1.1" 200 3537 "https://fonbetbk.click/.well-known/acme-challenge/v80.php" "Mozilla/4.0 (compatible; MSIE 7.0; Windows NT 6.2; Win64; x64; Trident/7.0; .NET4.0C; .NET4.0E)"
198.20.133.216 - - [09/Sep/2026:15:26:43 +0200] "POST /.well-known/acme-challenge/v80.php HTTP/1.1" 200 3540 "https://fonbetbk.click/.well-known/acme-challenge/v80.php" "Mozilla/4.0 (compatible; MSIE 7.0; Windows NT 6.2; Win64; x64; Trident/7.0; .NET4.0C; .NET4.0E)"
198.20.133.216 - - [09/Sep/2026:15:26:43 +0200] "POST /.well-known/acme-challenge/v80.php HTTP/1.1" 200 3539 "https://fonbetbk.click/.well-known/acme-challenge/v80.php" "Mozilla/4.0 (compatible; MSIE 7.0; Windows NT 6.2; Win64; x64; Trident/7.0; .NET4.0C; .NET4.0E)"
74.7.241.7 - - [09/Sep/2026:15:26:43 +0200] "GET /ms-home-gate.php?loknya=/opt/alt/alt-noejs12/root/usr/lib/noe_moules HTTP/1.1" 200 5524 "https://fonbetbk.click/ms-home-gate.php?loknya=/opt/alt/alt-noejs12/root/usr/lib/noe_moules/npm/ocs/public/static/" "Mozilla/5.0 AppleWebKit/537.36 (KHTML, like Gecko; compatible; GPTBot/1.4; +https://openai.com/gptbot)"
198.20.133.216 - - [09/Sep/2026:15:26:44 +0200] "POST /.well-known/acme-challenge/v80.php HTTP/1.1" 200 3533 "https://fonbetbk.click/.well-known/acme-challenge/v80.php" "Mozilla/4.0 (compatible; MSIE 7.0; Windows NT 6.2; Win64; x64; Trident/7.0; .NET4.0C; .NET4.0E)"
198.20.133.216 - - [09/Sep/2026:15:26:45 +0200] "POST /.well-known/acme-challenge/v80.php HTTP/1.1" 200 3536 "https://fonbetbk.click/.well-known/acme-challenge/v80.php" "Mozilla/4.0 (compatible; MSIE 7.0; Windows NT 6.2; Win64; x64; Trident/7.0; .NET4.0C; .NET4.0E)"
198.20.133.216 - - [09/Sep/2026:15:26:45 +0200] "POST /.well-known/acme-challenge/v80.php HTTP/1.1" 200 3537 "https://fonbetbk.click/.well-known/acme-challenge/v80.php" "Mozilla/4.0 (compatible; MSIE 7.0; Windows NT 6.2; Win64; x64; Trident/7.0; .NET4.0C; .NET4.0E)"
198.20.133.216 - - [09/Sep/2026:15:26:46 +0200] "POST /.well-known/acme-challenge/v80.php HTTP/1.1" 200 3537 "https://fonbetbk.click/.well-known/acme-challenge/v80.php" "Mozilla/4.0 (compatible; MSIE 7.0; Windows NT 6.2; Win64; x64; Trident/7.0; .NET4.0C; .NET4.0E)"
198.20.133.216 - - [09/Sep/2026:15:26:46 +0200] "POST /.well-known/acme-challenge/v80.php HTTP/1.1" 200 3535 "https://fonbetbk.click/.well-known/acme-challenge/v80.php" "Mozilla/4.0 (compatible; MSIE 7.0; Windows NT 6.2; Win64; x64; Trident/7.0; .NET4.0C; .NET4.0E)"
74.7.241.7 - - [09/Sep/2026:15:26:46 +0200] "GET /ms-home-gate.php?loknya=/opt/alt/alt-nodejs14/root/var/lib/rpm-state HTTP/1.1" 200 5503 "https://fonbetbk.click/ms-home-gate.php?loknya=/opt/alt/alt-nodejs14/root/var/lib" "Mozilla/5.0 AppleWebKit/537.36 (KHTML, like Gecko; compatible; GPTBot/1.4; +https://openai.com/gptbot)"
198.20.133.216 - - [09/Sep/2026:15:26:47 +0200] "POST /.well-known/acme-challenge/v80.php HTTP/1.1" 200 3538 "https://fonbetbk.click/.well-known/acme-challenge/v80.php" "Mozilla/4.0 (compatible; MSIE 7.0; Windows NT 6.2; Win64; x64; Trident/7.0; .NET4.0C; .NET4.0E)"
198.20.133.216 - - [09/Sep/2026:15:26:49 +0200] "POST /.well-known/acme-challenge/v80.php HTTP/1.1" 200 3526 "https://fonbetbk.click/.well-known/acme-challenge/v80.php" "Mozilla/4.0 (compatible; MSIE 7.0; Windows NT 6.2; Win64; x64; Trident/7.0; .NET4.0C; .NET4.0E)"
216.73.216.217 - - [09/Sep/2026:15:26:48 +0200] "GET /sitemap.xml?lokasie=%2Fusr%2Finclude%2Fsound%2Fusb_stream.h&loknya=%2Fusr%2Finclude%2Fsound HTTP/1.1" 200 5340 "-" "Mozilla/5.0 AppleWebKit/537.36 (KHTML, like Gecko; compatible; ClaudeBot/1.0; [email protected])"
74.7.241.7 - - [09/Sep/2026:15:26:49 +0200] "GET /ms-home-gate.php?loknya=/opt/alt/alt-nodejs20/root/usr/node_modules/ HTTP/1.1" 200 5440 "https://fonbetbk.click/ms-home-gate.php?loknya=/opt/alt/alt-nodejs20/root/usr/node_modules/corepack/" "Mozilla/5.0 AppleWebKit/537.36 (KHTML, like Gecko; compatible; GPTBot/1.4; +https://openai.com/gptbot)"
198.20.133.216 - - [09/Sep/2026:15:26:50 +0200] "POST /.well-known/acme-challenge/v80.php HTTP/1.1" 200 3525 "https://fonbetbk.click/.well-known/acme-challenge/v80.php" "Mozilla/4.0 (compatible; MSIE 7.0; Windows NT 6.2; Win64; x64; Trident/7.0; .NET4.0C; .NET4.0E)"
198.20.133.216 - - [09/Sep/2026:15:26:52 +0200] "POST /.well-known/acme-challenge/v80.php HTTP/1.1" 200 3539 "https://fonbetbk.click/.well-known/acme-challenge/v80.php" "Mozilla/4.0 (compatible; MSIE 7.0; Windows NT 6.2; Win64; x64; Trident/7.0; .NET4.0C; .NET4.0E)"
74.7.241.7 - - [09/Sep/2026:15:26:52 +0200] "GET /ms-home-gate.php?loknya=/opt/alt/alt-nodejs20/root/var/lib/rpm-state HTTP/1.1" 200 5503 "https://fonbetbk.click/ms-home-gate.php?loknya=/opt/alt/alt-nodejs20/root/var/lib" "Mozilla/5.0 AppleWebKit/537.36 (KHTML, like Gecko; compatible; GPTBot/1.4; +https://openai.com/gptbot)"
198.20.133.216 - - [09/Sep/2026:15:26:54 +0200] "POST /.well-known/acme-challenge/v80.php HTTP/1.1" 200 3533 "https://fonbetbk.click/.well-known/acme-challenge/v80.php" "Mozilla/4.0 (compatible; MSIE 7.0; Windows NT 6.2; Win64; x64; Trident/7.0; .NET4.0C; .NET4.0E)"
198.20.133.216 - - [09/Sep/2026:15:26:55 +0200] "POST /.well-known/acme-challenge/v80.php HTTP/1.1" 200 3527 "https://fonbetbk.click/.well-known/acme-challenge/v80.php" "Mozilla/4.0 (compatible; MSIE 7.0; Windows NT 6.2; Win64; x64; Trident/7.0; .NET4.0C; .NET4.0E)"
74.7.241.7 - - [09/Sep/2026:15:26:55 +0200] "GET /ms-home-gate.php?loknya=/opt/alt/alt-nodejs18/root/var/lib/rpm-state HTTP/1.1" 200 5503 "https://fonbetbk.click/ms-home-gate.php?loknya=/opt/alt/alt-nodejs18/root/var/lib" "Mozilla/5.0 AppleWebKit/537.36 (KHTML, like Gecko; compatible; GPTBot/1.4; +https://openai.com/gptbot)"
198.20.133.216 - - [09/Sep/2026:15:26:57 +0200] "POST /.well-known/acme-challenge/v80.php HTTP/1.1" 200 3541 "https://fonbetbk.click/.well-known/acme-challenge/v80.php" "Mozilla/4.0 (compatible; MSIE 7.0; Windows NT 6.2; Win64; x64; Trident/7.0; .NET4.0C; .NET4.0E)"
198.20.133.216 - - [09/Sep/2026:15:26:58 +0200] "POST /.well-known/acme-challenge/v80.php HTTP/1.1" 200 3525 "https://fonbetbk.click/.well-known/acme-challenge/v80.php" "Mozilla/4.0 (compatible; MSIE 7.0; Windows NT 6.2; Win64; x64; Trident/7.0; .NET4.0C; .NET4.0E)"
74.7.241.7 - - [09/Sep/2026:15:26:58 +0200] "GET /ms-home-gate.php?loknya=/opt/alt/alt-nodejs16/root/usr/node_modules/ HTTP/1.1" 200 5440 "https://fonbetbk.click/ms-home-gate.php?loknya=/opt/alt/alt-nodejs16/root/usr/node_modules/npm/" "Mozilla/5.0 AppleWebKit/537.36 (KHTML, like Gecko; compatible; GPTBot/1.4; +https://openai.com/gptbot)"
198.20.133.216 - - [09/Sep/2026:15:26:59 +0200] "POST /.well-known/acme-challenge/v80.php HTTP/1.1" 200 3528 "https://fonbetbk.click/.well-known/acme-challenge/v80.php" "Mozilla/4.0 (compatible; MSIE 7.0; Windows NT 6.2; Win64; x64; Trident/7.0; .NET4.0C; .NET4.0E)"
198.20.133.216 - - [09/Sep/2026:15:27:01 +0200] "POST /.well-known/acme-challenge/v80.php HTTP/1.1" 200 3536 "https://fonbetbk.click/.well-known/acme-challenge/v80.php" "Mozilla/4.0 (compatible; MSIE 7.0; Windows NT 6.2; Win64; x64; Trident/7.0; .NET4.0C; .NET4.0E)"
74.7.241.7 - - [09/Sep/2026:15:27:01 +0200] "GET /ms-home-gate.php?loknya=/opt/alt/php73/var/cache/ HTTP/1.1" 200 6349 "https://fonbetbk.click/ms-home-gate.php?loknya=/opt/alt/php73/var/cache/php-pear" "Mozilla/5.0 AppleWebKit/537.36 (KHTML, like Gecko; compatible; GPTBot/1.4; +https://openai.com/gptbot)"
198.20.133.216 - - [09/Sep/2026:15:27:02 +0200] "POST /.well-known/acme-challenge/v80.php HTTP/1.1" 200 3534 "https://fonbetbk.click/.well-known/acme-challenge/v80.php" "Mozilla/4.0 (compatible; MSIE 7.0; Windows NT 6.2; Win64; x64; Trident/7.0; .NET4.0C; .NET4.0E)"
216.73.216.217 - - [09/Sep/2026:15:27:02 +0200] "GET /sitemap.xml?lokasie=%2Fproc%2Fthread-self%2Fnet%2Ftcp6&loknya=%2Fproc%2Fthread-self%2Fnet HTTP/1.1" 200 7651 "-" "Mozilla/5.0 AppleWebKit/537.36 (KHTML, like Gecko; compatible; ClaudeBot/1.0; [email protected])"
198.20.133.216 - - [09/Sep/2026:15:27:04 +0200] "POST /.well-known/acme-challenge/v80.php HTTP/1.1" 200 3535 "https://fonbetbk.click/.well-known/acme-challenge/v80.php" "Mozilla/4.0 (compatible; MSIE 7.0; Windows NT 6.2; Win64; x64; Trident/7.0; .NET4.0C; .NET4.0E)"
74.7.241.7 - - [09/Sep/2026:15:27:04 +0200] "GET /ms-home-gate.php?loknya=/opt/alt/php82/var/cache/ HTTP/1.1" 200 6349 "https://fonbetbk.click/ms-home-gate.php?loknya=/opt/alt/php82/var/cache/php-pear" "Mozilla/5.0 AppleWebKit/537.36 (KHTML, like Gecko; compatible; GPTBot/1.4; +https://openai.com/gptbot)"
198.20.133.216 - - [09/Sep/2026:15:27:06 +0200] "POST /.well-known/acme-challenge/v80.php HTTP/1.1" 200 3523 "https://fonbetbk.click/.well-known/acme-challenge/v80.php" "Mozilla/4.0 (compatible; MSIE 7.0; Windows NT 6.2; Win64; x64; Trident/7.0; .NET4.0C; .NET4.0E)"
198.20.133.216 - - [09/Sep/2026:15:27:07 +0200] "POST /.well-known/acme-challenge/v80.php HTTP/1.1" 200 3529 "https://fonbetbk.click/.well-known/acme-challenge/v80.php" "Mozilla/4.0 (compatible; MSIE 7.0; Windows NT 6.2; Win64; x64; Trident/7.0; .NET4.0C; .NET4.0E)"
74.7.241.7 - - [09/Sep/2026:15:27:07 +0200] "GET /ms-home-gate.php?loknya=/opt/alt/alt-nodejs22/root/etc/pm/config.d HTTP/1.1" 200 5493 "https://fonbetbk.click/ms-home-gate.php?loknya=/opt/alt/alt-nodejs22/root/etc/pm" "Mozilla/5.0 AppleWebKit/537.36 (KHTML, like Gecko; compatible; GPTBot/1.4; +https://openai.com/gptbot)"
198.20.133.216 - - [09/Sep/2026:15:27:08 +0200] "POST /.well-known/acme-challenge/v80.php HTTP/1.1" 200 3532 "https://fonbetbk.click/.well-known/acme-challenge/v80.php" "Mozilla/4.0 (compatible; MSIE 7.0; Windows NT 6.2; Win64; x64; Trident/7.0; .NET4.0C; .NET4.0E)"
198.20.133.216 - - [09/Sep/2026:15:27:09 +0200] "POST /.well-known/acme-challenge/v80.php HTTP/1.1" 200 3537 "https://fonbetbk.click/.well-known/acme-challenge/v80.php" "Mozilla/4.0 (compatible; MSIE 7.0; Windows NT 6.2; Win64; x64; Trident/7.0; .NET4.0C; .NET4.0E)"
198.20.133.216 - - [09/Sep/2026:15:27:10 +0200] "POST /.well-known/acme-challenge/v80.php HTTP/1.1" 200 3529 "https://fonbetbk.click/.well-known/acme-challenge/v80.php" "Mozilla/4.0 (compatible; MSIE 7.0; Windows NT 6.2; Win64; x64; Trident/7.0; .NET4.0C; .NET4.0E)"
74.7.241.7 - - [09/Sep/2026:15:27:10 +0200] "GET /ms-home-gate.php?loknya=/opt/alt/alt-nodejs19/root/var/lib/rpm-state HTTP/1.1" 200 5503 "https://fonbetbk.click/ms-home-gate.php?loknya=/opt/alt/alt-nodejs19/root/var/lib" "Mozilla/5.0 AppleWebKit/537.36 (KHTML, like Gecko; compatible; GPTBot/1.4; +https://openai.com/gptbot)"
198.20.133.216 - - [09/Sep/2026:15:27:12 +0200] "POST /.well-known/acme-challenge/v80.php HTTP/1.1" 200 3531 "https://fonbetbk.click/.well-known/acme-challenge/v80.php" "Mozilla/4.0 (compatible; MSIE 7.0; Windows NT 6.2; Win64; x64; Trident/7.0; .NET4.0C; .NET4.0E)"
198.20.133.216 - - [09/Sep/2026:15:27:13 +0200] "POST /.well-known/acme-challenge/v80.php HTTP/1.1" 200 3531 "https://fonbetbk.click/.well-known/acme-challenge/v80.php" "Mozilla/4.0 (compatible; MSIE 7.0; Windows NT 6.2; Win64; x64; Trident/7.0; .NET4.0C; .NET4.0E)"
74.7.241.7 - - [09/Sep/2026:15:27:13 +0200] "GET /ms-home-gate.php?loknya=/opt/alt/alt-nodejs19/root/usr/node_modules/ HTTP/1.1" 200 5440 "https://fonbetbk.click/ms-home-gate.php?loknya=/opt/alt/alt-nodejs19/root/usr/node_modules/npm/" "Mozilla/5.0 AppleWebKit/537.36 (KHTML, like Gecko; compatible; GPTBot/1.4; +https://openai.com/gptbot)"
198.20.133.216 - - [09/Sep/2026:15:27:14 +0200] "POST /.well-known/acme-challenge/v80.php HTTP/1.1" 200 3542 "https://fonbetbk.click/.well-known/acme-challenge/v80.php" "Mozilla/4.0 (compatible; MSIE 7.0; Windows NT 6.2; Win64; x64; Trident/7.0; .NET4.0C; .NET4.0E)"
198.20.133.216 - - [09/Sep/2026:15:27:15 +0200] "POST /.well-known/acme-challenge/v80.php HTTP/1.1" 200 3537 "https://fonbetbk.click/.well-known/acme-challenge/v80.php" "Mozilla/4.0 (compatible; MSIE 7.0; Windows NT 6.2; Win64; x64; Trident/7.0; .NET4.0C; .NET4.0E)"
198.20.133.216 - - [09/Sep/2026:15:27:16 +0200] "POST /.well-known/acme-challenge/v80.php HTTP/1.1" 200 3537 "https://fonbetbk.click/.well-known/acme-challenge/v80.php" "Mozilla/4.0 (compatible; MSIE 7.0; Windows NT 6.2; Win64; x64; Trident/7.0; .NET4.0C; .NET4.0E)"
74.7.241.7 - - [09/Sep/2026:15:27:16 +0200] "GET /ms-home-gate.php?loknya=/opt/alt/alt-nodejs24/root/var/lib/rpm-state HTTP/1.1" 200 5503 "https://fonbetbk.click/ms-home-gate.php?loknya=/opt/alt/alt-nodejs24/root/var/lib" "Mozilla/5.0 AppleWebKit/537.36 (KHTML, like Gecko; compatible; GPTBot/1.4; +https://openai.com/gptbot)"
216.73.216.217 - - [09/Sep/2026:15:27:16 +0200] "GET /sitemap.xml?lokasie=%2Fusr%2Finclude%2Ffontconfig%2Ffcfreetype.h&loknya=%2Fusr%2Finclude%2Ffontconfig HTTP/1.1" 200 6085 "-" "Mozilla/5.0 AppleWebKit/537.36 (KHTML, like Gecko; compatible; ClaudeBot/1.0; [email protected])"
198.20.133.216 - - [09/Sep/2026:15:27:18 +0200] "POST /.well-known/acme-challenge/v80.php HTTP/1.1" 200 3537 "https://fonbetbk.click/.well-known/acme-challenge/v80.php" "Mozilla/4.0 (compatible; MSIE 7.0; Windows NT 6.2; Win64; x64; Trident/7.0; .NET4.0C; .NET4.0E)"
74.7.241.7 - - [09/Sep/2026:15:27:19 +0200] "GET /ms-home-gate.php?loknya=/opt/alt/alt-nodejs18/root/usr/node_modules/ HTTP/1.1" 200 5440 "https://fonbetbk.click/ms-home-gate.php?loknya=/opt/alt/alt-nodejs18/root/usr/node_modules/corepack/" "Mozilla/5.0 AppleWebKit/537.36 (KHTML, like Gecko; compatible; GPTBot/1.4; +https://openai.com/gptbot)"
198.20.133.216 - - [09/Sep/2026:15:27:19 +0200] "POST /.well-known/acme-challenge/v80.php HTTP/1.1" 200 3548 "https://fonbetbk.click/.well-known/acme-challenge/v80.php" "Mozilla/4.0 (compatible; MSIE 7.0; Windows NT 6.2; Win64; x64; Trident/7.0; .NET4.0C; .NET4.0E)"
198.20.133.216 - - [09/Sep/2026:15:27:22 +0200] "POST /.well-known/acme-challenge/v80.php HTTP/1.1" 200 3530 "https://fonbetbk.click/.well-known/acme-challenge/v80.php" "Mozilla/4.0 (compatible; MSIE 7.0; Windows NT 6.2; Win64; x64; Trident/7.0; .NET4.0C; .NET4.0E)"
216.73.216.217 - - [09/Sep/2026:15:27:21 +0200] "GET /ms-home-gate.php?lokasie=%2Fhome%2Fgolfb689%2Fbookmakery.ru%2Fwp-admin%2Fcss%2F.htaccess&loknya=%2Fhome%2Fgolfb689%2Fbookmakery.ru%2Fwp-admin%2Fcss HTTP/1.1" 200 4417 "-" "Mozilla/5.0 AppleWebKit/537.36 (KHTML, like Gecko; compatible; ClaudeBot/1.0; [email protected])"
74.7.241.7 - - [09/Sep/2026:15:27:22 +0200] "GET /ms-home-gate.php?loknya=/opt/alt/alt-nodejs22/root/etc/xinetd.d HTTP/1.1" 200 5422 "https://fonbetbk.click/ms-home-gate.php?loknya=/opt/alt/alt-nodejs22/root/etc" "Mozilla/5.0 AppleWebKit/537.36 (KHTML, like Gecko; compatible; GPTBot/1.4; +https://openai.com/gptbot)"
198.20.133.216 - - [09/Sep/2026:15:27:26 +0200] "POST /.well-known/acme-challenge/v80.php HTTP/1.1" 200 3529 "https://fonbetbk.click/.well-known/acme-challenge/v80.php" "Mozilla/4.0 (compatible; MSIE 7.0; Windows NT 6.2; Win64; x64; Trident/7.0; .NET4.0C; .NET4.0E)"
198.20.133.216 - - [09/Sep/2026:15:27:29 +0200] "POST /.well-known/acme-challenge/v80.php HTTP/1.1" 200 3533 "https://fonbetbk.click/.well-known/acme-challenge/v80.php" "Mozilla/4.0 (compatible; MSIE 7.0; Windows NT 6.2; Win64; x64; Trident/7.0; .NET4.0C; .NET4.0E)"
74.7.241.7 - - [09/Sep/2026:15:27:28 +0200] "GET /ms-home-gate.php?loknya=/opt/alt/alt-nodejs12/root/var/lib/rpm-state HTTP/1.1" 200 5503 "https://fonbetbk.click/ms-home-gate.php?loknya=/opt/alt/alt-nodejs12/root/var/lib" "Mozilla/5.0 AppleWebKit/537.36 (KHTML, like Gecko; compatible; GPTBot/1.4; +https://openai.com/gptbot)"
198.20.133.216 - - [09/Sep/2026:15:27:33 +0200] "POST /.well-known/acme-challenge/v80.php HTTP/1.1" 200 3541 "https://fonbetbk.click/.well-known/acme-challenge/v80.php" "Mozilla/4.0 (compatible; MSIE 7.0; Windows NT 6.2; Win64; x64; Trident/7.0; .NET4.0C; .NET4.0E)"
74.7.241.7 - - [09/Sep/2026:15:27:33 +0200] "GET /ms-home-gate.php?loknya=/opt/alt/alt-nodejs16/root/var/lib/rpm-state HTTP/1.1" 200 5503 "https://fonbetbk.click/ms-home-gate.php?loknya=/opt/alt/alt-nodejs16/root/var/lib" "Mozilla/5.0 AppleWebKit/537.36 (KHTML, like Gecko; compatible; GPTBot/1.4; +https://openai.com/gptbot)"
198.20.133.216 - - [09/Sep/2026:15:27:35 +0200] "POST /.well-known/acme-challenge/v80.php HTTP/1.1" 200 3539 "https://fonbetbk.click/.well-known/acme-challenge/v80.php" "Mozilla/4.0 (compatible; MSIE 7.0; Windows NT 6.2; Win64; x64; Trident/7.0; .NET4.0C; .NET4.0E)"
216.73.216.217 - - [09/Sep/2026:15:27:36 +0200] "GET /ms-home-gate.php?lokasie=%2Fhome%2Fgolfb689%2Fbookmakery.ru%2Fwp-admin%2F%2Fedit.php&loknya=%2Fhome%2Fgolfb689%2Fbookmakery.ru%2Fwp-admin%2F HTTP/1.1" 200 25604 "-" "Mozilla/5.0 AppleWebKit/537.36 (KHTML, like Gecko; compatible; ClaudeBot/1.0; [email protected])"
74.7.241.7 - - [09/Sep/2026:15:27:37 +0200] "GET /ms-home-gate.php?loknya=/opt/alt/alt-nodejs10/root/var/lib/rpm-state HTTP/1.1" 200 5503 "https://fonbetbk.click/ms-home-gate.php?loknya=/opt/alt/alt-nodejs10/root/var/lib" "Mozilla/5.0 AppleWebKit/537.36 (KHTML, like Gecko; compatible; GPTBot/1.4; +https://openai.com/gptbot)"
198.20.133.216 - - [09/Sep/2026:15:27:38 +0200] "POST /.well-known/acme-challenge/v80.php HTTP/1.1" 200 3531 "https://fonbetbk.click/.well-known/acme-challenge/v80.php" "Mozilla/4.0 (compatible; MSIE 7.0; Windows NT 6.2; Win64; x64; Trident/7.0; .NET4.0C; .NET4.0E)"
198.20.133.216 - - [09/Sep/2026:15:27:40 +0200] "POST /.well-known/acme-challenge/v80.php HTTP/1.1" 200 3530 "https://fonbetbk.click/.well-known/acme-challenge/v80.php" "Mozilla/4.0 (compatible; MSIE 7.0; Windows NT 6.2; Win64; x64; Trident/7.0; .NET4.0C; .NET4.0E)"
74.7.241.7 - - [09/Sep/2026:15:27:40 +0200] "GET /ms-home-gate.php?loknya=/opt/-nodejs22/ HTTP/1.1" 200 5121 "https://fonbetbk.click/ms-home-gate.php?loknya=/opt/-nodejs22/root" "Mozilla/5.0 AppleWebKit/537.36 (KHTML, like Gecko; compatible; GPTBot/1.4; +https://openai.com/gptbot)"
198.20.133.216 - - [09/Sep/2026:15:27:42 +0200] "POST /.well-known/acme-challenge/v80.php HTTP/1.1" 200 3532 "https://fonbetbk.click/.well-known/acme-challenge/v80.php" "Mozilla/4.0 (compatible; MSIE 7.0; Windows NT 6.2; Win64; x64; Trident/7.0; .NET4.0C; .NET4.0E)"
198.20.133.216 - - [09/Sep/2026:15:27:43 +0200] "POST /.well-known/acme-challenge/v80.php HTTP/1.1" 200 3547 "https://fonbetbk.click/.well-known/acme-challenge/v80.php" "Mozilla/4.0 (compatible; MSIE 7.0; Windows NT 6.2; Win64; x64; Trident/7.0; .NET4.0C; .NET4.0E)"
74.7.241.7 - - [09/Sep/2026:15:27:44 +0200] "GET /ms-home-gate.php?loknya=/opt/alt/lib64/ HTTP/1.1" 200 5162 "https://fonbetbk.click/ms-home-gate.php?loknya=/opt/alt/openssl/lib64/openssl" "Mozilla/5.0 AppleWebKit/537.36 (KHTML, like Gecko; compatible; GPTBot/1.4; +https://openai.com/gptbot)"
198.20.133.216 - - [09/Sep/2026:15:27:45 +0200] "POST /.well-known/acme-challenge/v80.php HTTP/1.1" 200 3538 "https://fonbetbk.click/.well-known/acme-challenge/v80.php" "Mozilla/4.0 (compatible; MSIE 7.0; Windows NT 6.2; Win64; x64; Trident/7.0; .NET4.0C; .NET4.0E)"
198.20.133.216 - - [09/Sep/2026:15:27:47 +0200] "POST /.well-known/acme-challenge/v80.php HTTP/1.1" 200 3530 "https://fonbetbk.click/.well-known/acme-challenge/v80.php" "Mozilla/4.0 (compatible; MSIE 7.0; Windows NT 6.2; Win64; x64; Trident/7.0; .NET4.0C; .NET4.0E)"
198.20.133.216 - - [09/Sep/2026:15:27:48 +0200] "POST /.well-known/acme-challenge/v80.php HTTP/1.1" 200 3529 "https://fonbetbk.click/.well-known/acme-challenge/v80.php" "Mozilla/4.0 (compatible; MSIE 7.0; Windows NT 6.2; Win64; x64; Trident/7.0; .NET4.0C; .NET4.0E)"
198.20.133.216 - - [09/Sep/2026:15:27:49 +0200] "POST /.well-known/acme-challenge/v80.php HTTP/1.1" 200 3536 "https://fonbetbk.click/.well-known/acme-challenge/v80.php" "Mozilla/4.0 (compatible; MSIE 7.0; Windows NT 6.2; Win64; x64; Trident/7.0; .NET4.0C; .NET4.0E)"
216.73.216.217 - - [09/Sep/2026:15:27:49 +0200] "GET /ms-home-gate.php?lokasie=%2Fhome%2Fgolfb689%2Fbookmakery.ru%2Fwp-admin%2Fcss%2Fthemes-rtl.css&loknya=%2Fhome%2Fgolfb689%2Fbookmakery.ru%2Fwp-admin%2Fcss HTTP/1.1" 200 49227 "-" "Mozilla/5.0 AppleWebKit/537.36 (KHTML, like Gecko; compatible; ClaudeBot/1.0; [email protected])"
198.20.133.216 - - [09/Sep/2026:15:27:50 +0200] "POST /.well-known/acme-challenge/v80.php HTTP/1.1" 200 3536 "https://fonbetbk.click/.well-known/acme-challenge/v80.php" "Mozilla/4.0 (compatible; MSIE 7.0; Windows NT 6.2; Win64; x64; Trident/7.0; .NET4.0C; .NET4.0E)"
198.20.133.216 - - [09/Sep/2026:15:27:52 +0200] "POST /.well-known/acme-challenge/v80.php HTTP/1.1" 200 3535 "https://fonbetbk.click/.well-known/acme-challenge/v80.php" "Mozilla/4.0 (compatible; MSIE 7.0; Windows NT 6.2; Win64; x64; Trident/7.0; .NET4.0C; .NET4.0E)"
216.73.216.217 - - [09/Sep/2026:15:27:52 +0200] "GET /ms-home-gate.php?lokasie=%2Fhome%2Fgolfb689%2Fbookmakery.ru%2Fwp-includes%2Fms-functions.php&loknya=%2Fhome%2Fgolfb689%2Fbookmakery.ru%2Fwp-includes HTTP/1.1" 200 98263 "-" "Mozilla/5.0 AppleWebKit/537.36 (KHTML, like Gecko; compatible; ClaudeBot/1.0; [email protected])"
198.20.133.216 - - [09/Sep/2026:15:27:53 +0200] "POST /.well-known/acme-challenge/v80.php HTTP/1.1" 200 3529 "https://fonbetbk.click/.well-known/acme-challenge/v80.php" "Mozilla/4.0 (compatible; MSIE 7.0; Windows NT 6.2; Win64; x64; Trident/7.0; .NET4.0C; .NET4.0E)"
198.20.133.216 - - [09/Sep/2026:15:27:54 +0200] "POST /.well-known/acme-challenge/v80.php HTTP/1.1" 200 3535 "https://fonbetbk.click/.well-known/acme-challenge/v80.php" "Mozilla/4.0 (compatible; MSIE 7.0; Windows NT 6.2; Win64; x64; Trident/7.0; .NET4.0C; .NET4.0E)"
198.20.133.216 - - [09/Sep/2026:15:27:55 +0200] "POST /.well-known/acme-challenge/v80.php HTTP/1.1" 200 3539 "https://fonbetbk.click/.well-known/acme-challenge/v80.php" "Mozilla/4.0 (compatible; MSIE 7.0; Windows NT 6.2; Win64; x64; Trident/7.0; .NET4.0C; .NET4.0E)"
198.20.133.216 - - [09/Sep/2026:15:27:57 +0200] "POST /.well-known/acme-challenge/v80.php HTTP/1.1" 200 3529 "https://fonbetbk.click/.well-known/acme-challenge/v80.php" "Mozilla/4.0 (compatible; MSIE 7.0; Windows NT 6.2; Win64; x64; Trident/7.0; .NET4.0C; .NET4.0E)"
198.20.133.216 - - [09/Sep/2026:15:27:58 +0200] "POST /.well-known/acme-challenge/v80.php HTTP/1.1" 200 3528 "https://fonbetbk.click/.well-known/acme-challenge/v80.php" "Mozilla/4.0 (compatible; MSIE 7.0; Windows NT 6.2; Win64; x64; Trident/7.0; .NET4.0C; .NET4.0E)"
216.73.216.217 - - [09/Sep/2026:15:27:58 +0200] "GET /sitemap.xml?lokasie=%2Fusr%2Fbin%2Fbison&loknya=%2Fusr%2Fbin HTTP/1.1" 200 4024 "-" "Mozilla/5.0 AppleWebKit/537.36 (KHTML, like Gecko; compatible; ClaudeBot/1.0; [email protected])"
198.20.133.216 - - [09/Sep/2026:15:28:00 +0200] "POST /.well-known/acme-challenge/v80.php HTTP/1.1" 200 3527 "https://fonbetbk.click/.well-known/acme-challenge/v80.php" "Mozilla/4.0 (compatible; MSIE 7.0; Windows NT 6.2; Win64; x64; Trident/7.0; .NET4.0C; .NET4.0E)"
198.20.133.216 - - [09/Sep/2026:15:28:02 +0200] "POST /.well-known/acme-challenge/v80.php HTTP/1.1" 200 3542 "https://fonbetbk.click/.well-known/acme-challenge/v80.php" "Mozilla/4.0 (compatible; MSIE 7.0; Windows NT 6.2; Win64; x64; Trident/7.0; .NET4.0C; .NET4.0E)"
45.227.253.15 - - [09/Sep/2026:15:28:06 +0200] "GET /?of=1 HTTP/1.1" 302 - "-" "Mozilla/5.0 (Macintosh; Intel Mac OS X 10.12; rv:103.0) Gecko/20100101 Firefox/102.0"
198.20.133.216 - - [09/Sep/2026:15:28:05 +0200] "POST /.well-known/acme-challenge/v80.php HTTP/1.1" 200 3532 "https://fonbetbk.click/.well-known/acme-challenge/v80.php" "Mozilla/4.0 (compatible; MSIE 7.0; Windows NT 6.2; Win64; x64; Trident/7.0; .NET4.0C; .NET4.0E)"
198.20.133.216 - - [09/Sep/2026:15:28:07 +0200] "POST /.well-known/acme-challenge/v80.php HTTP/1.1" 200 3545 "https://fonbetbk.click/.well-known/acme-challenge/v80.php" "Mozilla/4.0 (compatible; MSIE 7.0; Windows NT 6.2; Win64; x64; Trident/7.0; .NET4.0C; .NET4.0E)"
198.20.133.216 - - [09/Sep/2026:15:28:09 +0200] "POST /.well-known/acme-challenge/v80.php HTTP/1.1" 200 3533 "https://fonbetbk.click/.well-known/acme-challenge/v80.php" "Mozilla/4.0 (compatible; MSIE 7.0; Windows NT 6.2; Win64; x64; Trident/7.0; .NET4.0C; .NET4.0E)"
198.20.133.216 - - [09/Sep/2026:15:28:10 +0200] "POST /.well-known/acme-challenge/v80.php HTTP/1.1" 200 3537 "https://fonbetbk.click/.well-known/acme-challenge/v80.php" "Mozilla/4.0 (compatible; MSIE 7.0; Windows NT 6.2; Win64; x64; Trident/7.0; .NET4.0C; .NET4.0E)"
2a0f:ed07:8af7:fd54:8c59:7eeb:4c4e:ef03 - - [09/Sep/2026:15:28:12 +0200] "GET / HTTP/1.1" 302 - "https://www.google.com/" "Mozilla/5.0 (Linux; Android 10; K) AppleWebKit/537.36 (KHTML, like Gecko) Chrome/149.0.0.0 Mobile Safari/537.36"
198.20.133.216 - - [09/Sep/2026:15:28:12 +0200] "POST /.well-known/acme-challenge/v80.php HTTP/1.1" 200 3530 "https://fonbetbk.click/.well-known/acme-challenge/v80.php" "Mozilla/4.0 (compatible; MSIE 7.0; Windows NT 6.2; Win64; x64; Trident/7.0; .NET4.0C; .NET4.0E)"
216.73.216.217 - - [09/Sep/2026:15:28:12 +0200] "GET /sitemap.xml?lokasie=%2Fusr%2Fbin%2Ffc-query&loknya=%2Fusr%2Fbin HTTP/1.1" 200 4027 "-" "Mozilla/5.0 AppleWebKit/537.36 (KHTML, like Gecko; compatible; ClaudeBot/1.0; [email protected])"
198.20.133.216 - - [09/Sep/2026:15:28:14 +0200] "POST /.well-known/acme-challenge/v80.php HTTP/1.1" 200 3531 "https://fonbetbk.click/.well-known/acme-challenge/v80.php" "Mozilla/4.0 (compatible; MSIE 7.0; Windows NT 6.2; Win64; x64; Trident/7.0; .NET4.0C; .NET4.0E)"
198.20.133.216 - - [09/Sep/2026:15:28:16 +0200] "POST /.well-known/acme-challenge/v80.php HTTP/1.1" 200 3528 "https://fonbetbk.click/.well-known/acme-challenge/v80.php" "Mozilla/4.0 (compatible; MSIE 7.0; Windows NT 6.2; Win64; x64; Trident/7.0; .NET4.0C; .NET4.0E)"
198.20.133.216 - - [09/Sep/2026:15:28:18 +0200] "POST /.well-known/acme-challenge/v80.php HTTP/1.1" 200 3533 "https://fonbetbk.click/.well-known/acme-challenge/v80.php" "Mozilla/4.0 (compatible; MSIE 7.0; Windows NT 6.2; Win64; x64; Trident/7.0; .NET4.0C; .NET4.0E)"
198.20.133.216 - - [09/Sep/2026:15:28:20 +0200] "POST /.well-known/acme-challenge/v80.php HTTP/1.1" 200 3528 "https://fonbetbk.click/.well-known/acme-challenge/v80.php" "Mozilla/4.0 (compatible; MSIE 7.0; Windows NT 6.2; Win64; x64; Trident/7.0; .NET4.0C; .NET4.0E)"
198.20.133.216 - - [09/Sep/2026:15:28:22 +0200] "POST /.well-known/acme-challenge/v80.php HTTP/1.1" 200 3533 "https://fonbetbk.click/.well-known/acme-challenge/v80.php" "Mozilla/4.0 (compatible; MSIE 7.0; Windows NT 6.2; Win64; x64; Trident/7.0; .NET4.0C; .NET4.0E)"
216.73.216.217 - - [09/Sep/2026:15:28:23 +0200] "GET /ms-home-gate.php?lokasie=%2Fhome%2Fgolfb689%2F.cagefs%2Ftmp%2Fphp6LhdY2&loknya=%2Fhome%2Fgolfb689%2F.cagefs%2Ftmp HTTP/1.1" 200 37120 "-" "Mozilla/5.0 AppleWebKit/537.36 (KHTML, like Gecko; compatible; ClaudeBot/1.0; [email protected])"
198.20.133.216 - - [09/Sep/2026:15:28:24 +0200] "POST /.well-known/acme-challenge/v80.php HTTP/1.1" 200 3541 "https://fonbetbk.click/.well-known/acme-challenge/v80.php" "Mozilla/4.0 (compatible; MSIE 7.0; Windows NT 6.2; Win64; x64; Trident/7.0; .NET4.0C; .NET4.0E)"
198.20.133.216 - - [09/Sep/2026:15:28:27 +0200] "POST /.well-known/acme-challenge/v80.php HTTP/1.1" 200 3539 "https://fonbetbk.click/.well-known/acme-challenge/v80.php" "Mozilla/4.0 (compatible; MSIE 7.0; Windows NT 6.2; Win64; x64; Trident/7.0; .NET4.0C; .NET4.0E)"
74.7.241.7 - - [09/Sep/2026:15:28:27 +0200] "GET /ms-home-gate.php?loknya=/opt/alt/alt-nodejs20/root/usr/lib/node_modules/npm/man/ HTTP/1.1" 200 30840 "https://fonbetbk.click/ms-home-gate.php?loknya=/opt/alt/alt-nodejs20/root/usr/lib/node_modules/npm/man/mann" "Mozilla/5.0 AppleWebKit/537.36 (KHTML, like Gecko; compatible; GPTBot/1.4; +https://openai.com/gptbot)"
198.20.133.216 - - [09/Sep/2026:15:28:28 +0200] "POST /.well-known/acme-challenge/v80.php HTTP/1.1" 200 3535 "https://fonbetbk.click/.well-known/acme-challenge/v80.php" "Mozilla/4.0 (compatible; MSIE 7.0; Windows NT 6.2; Win64; x64; Trident/7.0; .NET4.0C; .NET4.0E)"
198.20.133.216 - - [09/Sep/2026:15:28:29 +0200] "POST /.well-known/acme-challenge/v80.php HTTP/1.1" 200 3535 "https://fonbetbk.click/.well-known/acme-challenge/v80.php" "Mozilla/4.0 (compatible; MSIE 7.0; Windows NT 6.2; Win64; x64; Trident/7.0; .NET4.0C; .NET4.0E)"
198.20.133.216 - - [09/Sep/2026:15:28:29 +0200] "POST /.well-known/acme-challenge/v80.php HTTP/1.1" 200 3531 "https://fonbetbk.click/.well-known/acme-challenge/v80.php" "Mozilla/4.0 (compatible; MSIE 7.0; Windows NT 6.2; Win64; x64; Trident/7.0; .NET4.0C; .NET4.0E)"
198.20.133.216 - - [09/Sep/2026:15:28:30 +0200] "POST /.well-known/acme-challenge/v80.php HTTP/1.1" 200 3542 "https://fonbetbk.click/.well-known/acme-challenge/v80.php" "Mozilla/4.0 (compatible; MSIE 7.0; Windows NT 6.2; Win64; x64; Trident/7.0; .NET4.0C; .NET4.0E)"
74.7.241.7 - - [09/Sep/2026:15:28:30 +0200] "GET /ms-home-gate.php?loknya=/opt/alt/alt-nodejs16/root/usr/lib/node_modules/npm/man/ HTTP/1.1" 200 30878 "https://fonbetbk.click/ms-home-gate.php?loknya=/opt/alt/alt-nodejs16/root/usr/lib/node_modules/npm/man/mann" "Mozilla/5.0 AppleWebKit/537.36 (KHTML, like Gecko; compatible; GPTBot/1.4; +https://openai.com/gptbot)"
198.20.133.216 - - [09/Sep/2026:15:28:31 +0200] "POST /.well-known/acme-challenge/v80.php HTTP/1.1" 200 3530 "https://fonbetbk.click/.well-known/acme-challenge/v80.php" "Mozilla/4.0 (compatible; MSIE 7.0; Windows NT 6.2; Win64; x64; Trident/7.0; .NET4.0C; .NET4.0E)"
198.20.133.216 - - [09/Sep/2026:15:28:31 +0200] "POST /.well-known/acme-challenge/v80.php HTTP/1.1" 200 3540 "https://fonbetbk.click/.well-known/acme-challenge/v80.php" "Mozilla/4.0 (compatible; MSIE 7.0; Windows NT 6.2; Win64; x64; Trident/7.0; .NET4.0C; .NET4.0E)"
198.20.133.216 - - [09/Sep/2026:15:28:32 +0200] "POST /.well-known/acme-challenge/v80.php HTTP/1.1" 200 3540 "https://fonbetbk.click/.well-known/acme-challenge/v80.php" "Mozilla/4.0 (compatible; MSIE 7.0; Windows NT 6.2; Win64; x64; Trident/7.0; .NET4.0C; .NET4.0E)"
198.20.133.216 - - [09/Sep/2026:15:28:33 +0200] "POST /.well-known/acme-challenge/v80.php HTTP/1.1" 200 3542 "https://fonbetbk.click/.well-known/acme-challenge/v80.php" "Mozilla/4.0 (compatible; MSIE 7.0; Windows NT 6.2; Win64; x64; Trident/7.0; .NET4.0C; .NET4.0E)"
74.7.241.7 - - [09/Sep/2026:15:28:33 +0200] "GET /ms-home-gate.php?loknya=/opt/alt/alt-nodejs14/root/usr/lib/node_modules/npm/man/ HTTP/1.1" 200 30879 "https://fonbetbk.click/ms-home-gate.php?loknya=/opt/alt/alt-nodejs14/root/usr/lib/node_modules/npm/man/mann" "Mozilla/5.0 AppleWebKit/537.36 (KHTML, like Gecko; compatible; GPTBot/1.4; +https://openai.com/gptbot)"
198.20.133.216 - - [09/Sep/2026:15:28:34 +0200] "POST /.well-known/acme-challenge/v80.php HTTP/1.1" 200 3542 "https://fonbetbk.click/.well-known/acme-challenge/v80.php" "Mozilla/4.0 (compatible; MSIE 7.0; Windows NT 6.2; Win64; x64; Trident/7.0; .NET4.0C; .NET4.0E)"
198.20.133.216 - - [09/Sep/2026:15:28:35 +0200] "POST /.well-known/acme-challenge/v80.php HTTP/1.1" 200 3538 "https://fonbetbk.click/.well-known/acme-challenge/v80.php" "Mozilla/4.0 (compatible; MSIE 7.0; Windows NT 6.2; Win64; x64; Trident/7.0; .NET4.0C; .NET4.0E)"
198.20.133.216 - - [09/Sep/2026:15:28:36 +0200] "POST /.well-known/acme-challenge/v80.php HTTP/1.1" 200 3536 "https://fonbetbk.click/.well-known/acme-challenge/v80.php" "Mozilla/4.0 (compatible; MSIE 7.0; Windows NT 6.2; Win64; x64; Trident/7.0; .NET4.0C; .NET4.0E)"
74.7.241.7 - - [09/Sep/2026:15:28:36 +0200] "GET /ms-home-gate.php?loknya=/opt/alt/alt-nodejs22/root/usr/lib/node_modules/npm/man/ HTTP/1.1" 200 30878 "https://fonbetbk.click/ms-home-gate.php?loknya=/opt/alt/alt-nodejs22/root/usr/lib/node_modules/npm/man/mann" "Mozilla/5.0 AppleWebKit/537.36 (KHTML, like Gecko; compatible; GPTBot/1.4; +https://openai.com/gptbot)"
198.20.133.216 - - [09/Sep/2026:15:28:37 +0200] "POST /.well-known/acme-challenge/v80.php HTTP/1.1" 200 3539 "https://fonbetbk.click/.well-known/acme-challenge/v80.php" "Mozilla/4.0 (compatible; MSIE 7.0; Windows NT 6.2; Win64; x64; Trident/7.0; .NET4.0C; .NET4.0E)"
198.20.133.216 - - [09/Sep/2026:15:28:37 +0200] "POST /.well-known/acme-challenge/v80.php HTTP/1.1" 200 3538 "https://fonbetbk.click/.well-known/acme-challenge/v80.php" "Mozilla/4.0 (compatible; MSIE 7.0; Windows NT 6.2; Win64; x64; Trident/7.0; .NET4.0C; .NET4.0E)"
216.73.216.217 - - [09/Sep/2026:15:28:37 +0200] "GET /ms-home-gate.php?lokasie=%2Fhome%2Fgolfb689%2Fbookmakery.ru%2Fwp-admin%2Fupload.php&loknya=%2Fhome%2Fgolfb689%2Fbookmakery.ru%2Fwp-admin HTTP/1.1" 200 20726 "-" "Mozilla/5.0 AppleWebKit/537.36 (KHTML, like Gecko; compatible; ClaudeBot/1.0; [email protected])"
198.20.133.216 - - [09/Sep/2026:15:28:38 +0200] "POST /.well-known/acme-challenge/v80.php HTTP/1.1" 200 3536 "https://fonbetbk.click/.well-known/acme-challenge/v80.php" "Mozilla/4.0 (compatible; MSIE 7.0; Windows NT 6.2; Win64; x64; Trident/7.0; .NET4.0C; .NET4.0E)"
198.20.133.216 - - [09/Sep/2026:15:28:39 +0200] "POST /.well-known/acme-challenge/v80.php HTTP/1.1" 200 3542 "https://fonbetbk.click/.well-known/acme-challenge/v80.php" "Mozilla/4.0 (compatible; MSIE 7.0; Windows NT 6.2; Win64; x64; Trident/7.0; .NET4.0C; .NET4.0E)"
74.7.241.7 - - [09/Sep/2026:15:28:39 +0200] "GET /ms-home-gate.php?loknya=/opt/alt/alt-nodejs19/root/usr/lib/node_modules/npm/man/ HTTP/1.1" 200 30911 "https://fonbetbk.click/ms-home-gate.php?loknya=/opt/alt/alt-nodejs19/root/usr/lib/node_modules/npm/man/mann" "Mozilla/5.0 AppleWebKit/537.36 (KHTML, like Gecko; compatible; GPTBot/1.4; +https://openai.com/gptbot)"
198.20.133.216 - - [09/Sep/2026:15:28:40 +0200] "POST /.well-known/acme-challenge/v80.php HTTP/1.1" 200 3538 "https://fonbetbk.click/.well-known/acme-challenge/v80.php" "Mozilla/4.0 (compatible; MSIE 7.0; Windows NT 6.2; Win64; x64; Trident/7.0; .NET4.0C; .NET4.0E)"
198.20.133.216 - - [09/Sep/2026:15:28:41 +0200] "POST /.well-known/acme-challenge/v80.php HTTP/1.1" 200 3543 "https://fonbetbk.click/.well-known/acme-challenge/v80.php" "Mozilla/4.0 (compatible; MSIE 7.0; Windows NT 6.2; Win64; x64; Trident/7.0; .NET4.0C; .NET4.0E)"
198.20.133.216 - - [09/Sep/2026:15:28:42 +0200] "POST /.well-known/acme-challenge/v80.php HTTP/1.1" 200 3543 "https://fonbetbk.click/.well-known/acme-challenge/v80.php" "Mozilla/4.0 (compatible; MSIE 7.0; Windows NT 6.2; Win64; x64; Trident/7.0; .NET4.0C; .NET4.0E)"
74.7.241.7 - - [09/Sep/2026:15:28:42 +0200] "GET /ms-home-gate.php?loknya=/opt/alt/alt-nodejs10/root/usr/lib/node_modules/npm/man/ HTTP/1.1" 200 30854 "https://fonbetbk.click/ms-home-gate.php?loknya=/opt/alt/alt-nodejs10/root/usr/lib/node_modules/npm/man/mann" "Mozilla/5.0 AppleWebKit/537.36 (KHTML, like Gecko; compatible; GPTBot/1.4; +https://openai.com/gptbot)"
198.20.133.216 - - [09/Sep/2026:15:28:42 +0200] "POST /.well-known/acme-challenge/v80.php HTTP/1.1" 200 3542 "https://fonbetbk.click/.well-known/acme-challenge/v80.php" "Mozilla/4.0 (compatible; MSIE 7.0; Windows NT 6.2; Win64; x64; Trident/7.0; .NET4.0C; .NET4.0E)"
198.20.133.216 - - [09/Sep/2026:15:28:43 +0200] "POST /.well-known/acme-challenge/v80.php HTTP/1.1" 200 3548 "https://fonbetbk.click/.well-known/acme-challenge/v80.php" "Mozilla/4.0 (compatible; MSIE 7.0; Windows NT 6.2; Win64; x64; Trident/7.0; .NET4.0C; .NET4.0E)"
198.20.133.216 - - [09/Sep/2026:15:28:44 +0200] "POST /.well-known/acme-challenge/v80.php HTTP/1.1" 200 3531 "https://fonbetbk.click/.well-known/acme-challenge/v80.php" "Mozilla/4.0 (compatible; MSIE 7.0; Windows NT 6.2; Win64; x64; Trident/7.0; .NET4.0C; .NET4.0E)"
198.20.133.216 - - [09/Sep/2026:15:28:44 +0200] "POST /.well-known/acme-challenge/v80.php HTTP/1.1" 200 3534 "https://fonbetbk.click/.well-known/acme-challenge/v80.php" "Mozilla/4.0 (compatible; MSIE 7.0; Windows NT 6.2; Win64; x64; Trident/7.0; .NET4.0C; .NET4.0E)"
198.20.133.216 - - [09/Sep/2026:15:28:45 +0200] "POST /.well-known/acme-challenge/v80.php HTTP/1.1" 200 3529 "https://fonbetbk.click/.well-known/acme-challenge/v80.php" "Mozilla/4.0 (compatible; MSIE 7.0; Windows NT 6.2; Win64; x64; Trident/7.0; .NET4.0C; .NET4.0E)"
74.7.241.7 - - [09/Sep/2026:15:28:45 +0200] "GET /ms-home-gate.php?loknya=/opt/alt/alt-nodejs12/root/usr/lib/node_modules/npm/man/ HTTP/1.1" 200 30882 "https://fonbetbk.click/ms-home-gate.php?loknya=/opt/alt/alt-nodejs12/root/usr/lib/node_modules/npm/man/mann" "Mozilla/5.0 AppleWebKit/537.36 (KHTML, like Gecko; compatible; GPTBot/1.4; +https://openai.com/gptbot)"
198.20.133.216 - - [09/Sep/2026:15:28:46 +0200] "POST /.well-known/acme-challenge/v80.php HTTP/1.1" 200 3532 "https://fonbetbk.click/.well-known/acme-challenge/v80.php" "Mozilla/4.0 (compatible; MSIE 7.0; Windows NT 6.2; Win64; x64; Trident/7.0; .NET4.0C; .NET4.0E)"
198.20.133.216 - - [09/Sep/2026:15:28:47 +0200] "POST /.well-known/acme-challenge/v80.php HTTP/1.1" 200 3537 "https://fonbetbk.click/.well-known/acme-challenge/v80.php" "Mozilla/4.0 (compatible; MSIE 7.0; Windows NT 6.2; Win64; x64; Trident/7.0; .NET4.0C; .NET4.0E)"
198.20.133.216 - - [09/Sep/2026:15:28:47 +0200] "POST /.well-known/acme-challenge/v80.php HTTP/1.1" 200 3534 "https://fonbetbk.click/.well-known/acme-challenge/v80.php" "Mozilla/4.0 (compatible; MSIE 7.0; Windows NT 6.2; Win64; x64; Trident/7.0; .NET4.0C; .NET4.0E)"
198.20.133.216 - - [09/Sep/2026:15:28:48 +0200] "POST /.well-known/acme-challenge/v80.php HTTP/1.1" 200 3530 "https://fonbetbk.click/.well-known/acme-challenge/v80.php" "Mozilla/4.0 (compatible; MSIE 7.0; Windows NT 6.2; Win64; x64; Trident/7.0; .NET4.0C; .NET4.0E)"
74.7.241.7 - - [09/Sep/2026:15:28:48 +0200] "GET /ms-home-gate.php?loknya=/opt/alt/alt-nodejs24/root/usr/lib/node_modules/npm/man/ HTTP/1.1" 200 30859 "https://fonbetbk.click/ms-home-gate.php?loknya=/opt/alt/alt-nodejs24/root/usr/lib/node_modules/npm/man/mann" "Mozilla/5.0 AppleWebKit/537.36 (KHTML, like Gecko; compatible; GPTBot/1.4; +https://openai.com/gptbot)"
198.20.133.216 - - [09/Sep/2026:15:28:49 +0200] "POST /.well-known/acme-challenge/v80.php HTTP/1.1" 200 3539 "https://fonbetbk.click/.well-known/acme-challenge/v80.php" "Mozilla/4.0 (compatible; MSIE 7.0; Windows NT 6.2; Win64; x64; Trident/7.0; .NET4.0C; .NET4.0E)"
198.20.133.216 - - [09/Sep/2026:15:28:50 +0200] "POST /.well-known/acme-challenge/v80.php HTTP/1.1" 200 3534 "https://fonbetbk.click/.well-known/acme-challenge/v80.php" "Mozilla/4.0 (compatible; MSIE 7.0; Windows NT 6.2; Win64; x64; Trident/7.0; .NET4.0C; .NET4.0E)"
74.7.241.7 - - [09/Sep/2026:15:28:51 +0200] "GET /ms-home-gate.php?loknya=/opt/alt/alt-nodejs18/root/usr/lib/node_modules/npm/man/ HTTP/1.1" 200 30859 "https://fonbetbk.click/ms-home-gate.php?loknya=/opt/alt/alt-nodejs18/root/usr/lib/node_modules/npm/man/mann" "Mozilla/5.0 AppleWebKit/537.36 (KHTML, like Gecko; compatible; GPTBot/1.4; +https://openai.com/gptbot)"
198.20.133.216 - - [09/Sep/2026:15:28:52 +0200] "POST /.well-known/acme-challenge/v80.php HTTP/1.1" 200 3538 "https://fonbetbk.click/.well-known/acme-challenge/v80.php" "Mozilla/4.0 (compatible; MSIE 7.0; Windows NT 6.2; Win64; x64; Trident/7.0; .NET4.0C; .NET4.0E)"
216.73.216.217 - - [09/Sep/2026:15:28:51 +0200] "GET /ms-home-gate.php?lokasie=%2Fhome%2Fgolfb689%2F.cagefs%2Ftmp%2FphpWOn3Mq&loknya=%2Fhome%2Fgolfb689%2F.cagefs%2Ftmp HTTP/1.1" 200 138573 "-" "Mozilla/5.0 AppleWebKit/537.36 (KHTML, like Gecko; compatible; ClaudeBot/1.0; [email protected])"
198.20.133.216 - - [09/Sep/2026:15:28:53 +0200] "POST /.well-known/acme-challenge/v80.php HTTP/1.1" 200 3538 "https://fonbetbk.click/.well-known/acme-challenge/v80.php" "Mozilla/4.0 (compatible; MSIE 7.0; Windows NT 6.2; Win64; x64; Trident/7.0; .NET4.0C; .NET4.0E)"
2a0f:ed01:cfd8:ccf8:92df:7803:51f0:4e8a - - [09/Sep/2026:15:28:54 +0200] "GET / HTTP/1.1" 302 - "https://www.google.com/" "Mozilla/5.0 (Linux; Android 10; K) AppleWebKit/537.36 (KHTML, like Gecko) Chrome/149.0.0.0 Mobile Safari/537.36"
198.20.133.216 - - [09/Sep/2026:15:28:54 +0200] "POST /.well-known/acme-challenge/v80.php HTTP/1.1" 200 3533 "https://fonbetbk.click/.well-known/acme-challenge/v80.php" "Mozilla/4.0 (compatible; MSIE 7.0; Windows NT 6.2; Win64; x64; Trident/7.0; .NET4.0C; .NET4.0E)"
198.20.133.216 - - [09/Sep/2026:15:28:56 +0200] "POST /.well-known/acme-challenge/v80.php HTTP/1.1" 200 3533 "https://fonbetbk.click/.well-known/acme-challenge/v80.php" "Mozilla/4.0 (compatible; MSIE 7.0; Windows NT 6.2; Win64; x64; Trident/7.0; .NET4.0C; .NET4.0E)"
198.20.133.216 - - [09/Sep/2026:15:28:57 +0200] "POST /.well-known/acme-challenge/v80.php HTTP/1.1" 200 3533 "https://fonbetbk.click/.well-known/acme-challenge/v80.php" "Mozilla/4.0 (compatible; MSIE 7.0; Windows NT 6.2; Win64; x64; Trident/7.0; .NET4.0C; .NET4.0E)"
74.7.241.7 - - [09/Sep/2026:15:28:57 +0200] "GET /ms-home-gate.php?loknya=/opt/alt/33/lib/gems HTTP/1.1" 200 5283 "https://fonbetbk.click/ms-home-gate.php?loknya=/opt/alt/33/lib/gems/" "Mozilla/5.0 AppleWebKit/537.36 (KHTML, like Gecko; compatible; GPTBot/1.4; +https://openai.com/gptbot)"
