74.7.241.7 - - [09/Sep/2026:15:50:41 +0200] "GET /ms-home-gate.php?loknya=/opt/alt/alt-nodejs19/root/lib/node_modules/npm/man/ HTTP/1.1" 200 30562 "https://fonbetbk.click/ms-home-gate.php?loknya=/opt/alt/alt-nodejs19/root/lib/node_modules/npm/man/mann" "Mozilla/5.0 AppleWebKit/537.36 (KHTML, like Gecko; compatible; GPTBot/1.4; +https://openai.com/gptbot)"
198.20.133.216 - - [09/Sep/2026:15:50:42 +0200] "POST /.well-known/acme-challenge/v80.php HTTP/1.1" 200 3532 "https://fonbetbk.click/.well-known/acme-challenge/v80.php" "Mozilla/4.0 (compatible; MSIE 7.0; Windows NT 6.2; Win64; x64; Trident/7.0; .NET4.0C; .NET4.0E)"
198.20.133.216 - - [09/Sep/2026:15:50:44 +0200] "POST /.well-known/acme-challenge/v80.php HTTP/1.1" 200 3549 "https://fonbetbk.click/.well-known/acme-challenge/v80.php" "Mozilla/4.0 (compatible; MSIE 7.0; Windows NT 6.2; Win64; x64; Trident/7.0; .NET4.0C; .NET4.0E)"
74.7.241.7 - - [09/Sep/2026:15:50:44 +0200] "GET /ms-home-gate.php?loknya=/opt/alt/alt-nodejs22/root/lib/node_modules/npm/lib/ HTTP/1.1" 200 17799 "https://fonbetbk.click/ms-home-gate.php?loknya=/opt/alt/alt-nodejs22/root/lib/node_modules/npm/lib/commands" "Mozilla/5.0 AppleWebKit/537.36 (KHTML, like Gecko; compatible; GPTBot/1.4; +https://openai.com/gptbot)"
198.20.133.216 - - [09/Sep/2026:15:50:45 +0200] "POST /.well-known/acme-challenge/v80.php HTTP/1.1" 200 3539 "https://fonbetbk.click/.well-known/acme-challenge/v80.php" "Mozilla/4.0 (compatible; MSIE 7.0; Windows NT 6.2; Win64; x64; Trident/7.0; .NET4.0C; .NET4.0E)"
198.20.133.216 - - [09/Sep/2026:15:50:46 +0200] "POST /.well-known/acme-challenge/v80.php HTTP/1.1" 200 3541 "https://fonbetbk.click/.well-known/acme-challenge/v80.php" "Mozilla/4.0 (compatible; MSIE 7.0; Windows NT 6.2; Win64; x64; Trident/7.0; .NET4.0C; .NET4.0E)"
198.20.133.216 - - [09/Sep/2026:15:50:46 +0200] "POST /.well-known/acme-challenge/v80.php HTTP/1.1" 200 3527 "https://fonbetbk.click/.well-known/acme-challenge/v80.php" "Mozilla/4.0 (compatible; MSIE 7.0; Windows NT 6.2; Win64; x64; Trident/7.0; .NET4.0C; .NET4.0E)"
198.20.133.216 - - [09/Sep/2026:15:50:47 +0200] "POST /.well-known/acme-challenge/v80.php HTTP/1.1" 200 3528 "https://fonbetbk.click/.well-known/acme-challenge/v80.php" "Mozilla/4.0 (compatible; MSIE 7.0; Windows NT 6.2; Win64; x64; Trident/7.0; .NET4.0C; .NET4.0E)"
74.7.241.7 - - [09/Sep/2026:15:50:47 +0200] "GET /ms-home-gate.php?loknya=/opt/alt/alt-nodejs10/root/lib/node_modules/npm/man/ HTTP/1.1" 200 30505 "https://fonbetbk.click/ms-home-gate.php?loknya=/opt/alt/alt-nodejs10/root/lib/node_modules/npm/man/man3" "Mozilla/5.0 AppleWebKit/537.36 (KHTML, like Gecko; compatible; GPTBot/1.4; +https://openai.com/gptbot)"
198.20.133.216 - - [09/Sep/2026:15:50:48 +0200] "POST /.well-known/acme-challenge/v80.php HTTP/1.1" 200 3529 "https://fonbetbk.click/.well-known/acme-challenge/v80.php" "Mozilla/4.0 (compatible; MSIE 7.0; Windows NT 6.2; Win64; x64; Trident/7.0; .NET4.0C; .NET4.0E)"
198.20.133.216 - - [09/Sep/2026:15:50:49 +0200] "POST /.well-known/acme-challenge/v80.php HTTP/1.1" 200 3530 "https://fonbetbk.click/.well-known/acme-challenge/v80.php" "Mozilla/4.0 (compatible; MSIE 7.0; Windows NT 6.2; Win64; x64; Trident/7.0; .NET4.0C; .NET4.0E)"
198.20.133.216 - - [09/Sep/2026:15:50:50 +0200] "POST /.well-known/acme-challenge/v80.php HTTP/1.1" 200 3540 "https://fonbetbk.click/.well-known/acme-challenge/v80.php" "Mozilla/4.0 (compatible; MSIE 7.0; Windows NT 6.2; Win64; x64; Trident/7.0; .NET4.0C; .NET4.0E)"
74.7.241.7 - - [09/Sep/2026:15:50:50 +0200] "GET /ms-home-gate.php?loknya=/opt/alt/alt-nodejs16/root/lib/node_modules/npm/man/ HTTP/1.1" 200 30529 "https://fonbetbk.click/ms-home-gate.php?loknya=/opt/alt/alt-nodejs16/root/lib/node_modules/npm/man/mann" "Mozilla/5.0 AppleWebKit/537.36 (KHTML, like Gecko; compatible; GPTBot/1.4; +https://openai.com/gptbot)"
198.20.133.216 - - [09/Sep/2026:15:50:51 +0200] "POST /.well-known/acme-challenge/v80.php HTTP/1.1" 200 3539 "https://fonbetbk.click/.well-known/acme-challenge/v80.php" "Mozilla/4.0 (compatible; MSIE 7.0; Windows NT 6.2; Win64; x64; Trident/7.0; .NET4.0C; .NET4.0E)"
198.20.133.216 - - [09/Sep/2026:15:50:52 +0200] "POST /.well-known/acme-challenge/v80.php HTTP/1.1" 200 3531 "https://fonbetbk.click/.well-known/acme-challenge/v80.php" "Mozilla/4.0 (compatible; MSIE 7.0; Windows NT 6.2; Win64; x64; Trident/7.0; .NET4.0C; .NET4.0E)"
198.20.133.216 - - [09/Sep/2026:15:50:53 +0200] "POST /.well-known/acme-challenge/v80.php HTTP/1.1" 200 3530 "https://fonbetbk.click/.well-known/acme-challenge/v80.php" "Mozilla/4.0 (compatible; MSIE 7.0; Windows NT 6.2; Win64; x64; Trident/7.0; .NET4.0C; .NET4.0E)"
74.7.241.7 - - [09/Sep/2026:15:50:53 +0200] "GET /ms-home-gate.php?loknya=/opt/alt/alt-nodejs16/root/usr/lib64/pkgconfig HTTP/1.1" 200 5521 "https://fonbetbk.click/ms-home-gate.php?loknya=/opt/alt/alt-nodejs16/root/usr/lib64" "Mozilla/5.0 AppleWebKit/537.36 (KHTML, like Gecko; compatible; GPTBot/1.4; +https://openai.com/gptbot)"
198.20.133.216 - - [09/Sep/2026:15:50:54 +0200] "POST /.well-known/acme-challenge/v80.php HTTP/1.1" 200 3529 "https://fonbetbk.click/.well-known/acme-challenge/v80.php" "Mozilla/4.0 (compatible; MSIE 7.0; Windows NT 6.2; Win64; x64; Trident/7.0; .NET4.0C; .NET4.0E)"
198.20.133.216 - - [09/Sep/2026:15:50:56 +0200] "POST /.well-known/acme-challenge/v80.php HTTP/1.1" 200 3538 "https://fonbetbk.click/.well-known/acme-challenge/v80.php" "Mozilla/4.0 (compatible; MSIE 7.0; Windows NT 6.2; Win64; x64; Trident/7.0; .NET4.0C; .NET4.0E)"
114.119.139.202 - - [09/Sep/2026:15:50:56 +0200] "GET /otzyvy-igrokov-o-bukmekerskoj-kontore-fonbet/?lokasie=/home/golfb689/fonbetbk.click/wp-includes/class-wp-feed-cache-transient.php&loknya=/home/golfb689/fonbetbk.click/wp-includes HTTP/1.1" 200 7596 "https://fonbetbk.click/otzyvy-igrokov-o-bukmekerskoj-kontore-fonbet/?loknya=/home/golfb689/fonbetbk.click/wp-includes" "Mozilla/5.0 (Linux; Android 7.0;) AppleWebKit/537.36 (HTML, like Gecko) Mobile Safari/537.36 (compatible; PetalBot;+https://webmaster.petalsearch.com/site/petalbot)"
74.7.241.7 - - [09/Sep/2026:15:50:56 +0200] "GET /ms-home-gate.php?loknya=/opt/alt/alt-nodejs22/root/usr/lib64/pkgconfig HTTP/1.1" 200 5515 "https://fonbetbk.click/ms-home-gate.php?loknya=/opt/alt/alt-nodejs22/root/usr/lib64" "Mozilla/5.0 AppleWebKit/537.36 (KHTML, like Gecko; compatible; GPTBot/1.4; +https://openai.com/gptbot)"
216.73.216.217 - - [09/Sep/2026:15:50:57 +0200] "GET /sitemap.xml?loknya=%2Fusr%2Finclude%2Frpc HTTP/1.1" 200 6470 "-" "Mozilla/5.0 AppleWebKit/537.36 (KHTML, like Gecko; compatible; ClaudeBot/1.0; [email protected])"
198.20.133.216 - - [09/Sep/2026:15:50:58 +0200] "POST /.well-known/acme-challenge/v80.php HTTP/1.1" 200 3540 "https://fonbetbk.click/.well-known/acme-challenge/v80.php" "Mozilla/4.0 (compatible; MSIE 7.0; Windows NT 6.2; Win64; x64; Trident/7.0; .NET4.0C; .NET4.0E)"
74.7.241.7 - - [09/Sep/2026:15:50:59 +0200] "GET /ms-home-gate.php?loknya=/opt/alt/alt-nodejs20/root/usr/lib64/pkgconfig HTTP/1.1" 200 5515 "https://fonbetbk.click/ms-home-gate.php?loknya=/opt/alt/alt-nodejs20/root/usr/lib64" "Mozilla/5.0 AppleWebKit/537.36 (KHTML, like Gecko; compatible; GPTBot/1.4; +https://openai.com/gptbot)"
198.20.133.216 - - [09/Sep/2026:15:51:00 +0200] "POST /.well-known/acme-challenge/v80.php HTTP/1.1" 200 3541 "https://fonbetbk.click/.well-known/acme-challenge/v80.php" "Mozilla/4.0 (compatible; MSIE 7.0; Windows NT 6.2; Win64; x64; Trident/7.0; .NET4.0C; .NET4.0E)"
198.20.133.216 - - [09/Sep/2026:15:51:02 +0200] "POST /.well-known/acme-challenge/v80.php HTTP/1.1" 200 3535 "https://fonbetbk.click/.well-known/acme-challenge/v80.php" "Mozilla/4.0 (compatible; MSIE 7.0; Windows NT 6.2; Win64; x64; Trident/7.0; .NET4.0C; .NET4.0E)"
74.7.241.7 - - [09/Sep/2026:15:51:02 +0200] "GET /ms-home-gate.php?loknya=/opt/alt/alt-nodejs19/root/lib64/pkgconfig HTTP/1.1" 200 9651 "https://fonbetbk.click/ms-home-gate.php?loknya=/opt/alt/alt-nodejs19/root/lib64" "Mozilla/5.0 AppleWebKit/537.36 (KHTML, like Gecko; compatible; GPTBot/1.4; +https://openai.com/gptbot)"
198.20.133.216 - - [09/Sep/2026:15:51:03 +0200] "POST /.well-known/acme-challenge/v80.php HTTP/1.1" 200 3528 "https://fonbetbk.click/.well-known/acme-challenge/v80.php" "Mozilla/4.0 (compatible; MSIE 7.0; Windows NT 6.2; Win64; x64; Trident/7.0; .NET4.0C; .NET4.0E)"
74.7.241.7 - - [09/Sep/2026:15:51:05 +0200] "GET /ms-home-gate.php?loknya=/opt/alt/alt-nodejs18/root/usr/lib64/pkgconfig HTTP/1.1" 200 5515 "https://fonbetbk.click/ms-home-gate.php?loknya=/opt/alt/alt-nodejs18/root/usr/lib64" "Mozilla/5.0 AppleWebKit/537.36 (KHTML, like Gecko; compatible; GPTBot/1.4; +https://openai.com/gptbot)"
198.20.133.216 - - [09/Sep/2026:15:51:06 +0200] "POST /.well-known/acme-challenge/v80.php HTTP/1.1" 200 3530 "https://fonbetbk.click/.well-known/acme-challenge/v80.php" "Mozilla/4.0 (compatible; MSIE 7.0; Windows NT 6.2; Win64; x64; Trident/7.0; .NET4.0C; .NET4.0E)"
198.20.133.216 - - [09/Sep/2026:15:51:07 +0200] "POST /.well-known/acme-challenge/v80.php HTTP/1.1" 200 3537 "https://fonbetbk.click/.well-known/acme-challenge/v80.php" "Mozilla/4.0 (compatible; MSIE 7.0; Windows NT 6.2; Win64; x64; Trident/7.0; .NET4.0C; .NET4.0E)"
198.20.133.216 - - [09/Sep/2026:15:51:08 +0200] "POST /.well-known/acme-challenge/v80.php HTTP/1.1" 200 3527 "https://fonbetbk.click/.well-known/acme-challenge/v80.php" "Mozilla/4.0 (compatible; MSIE 7.0; Windows NT 6.2; Win64; x64; Trident/7.0; .NET4.0C; .NET4.0E)"
74.7.241.7 - - [09/Sep/2026:15:51:09 +0200] "GET /ms-home-gate.php?loknya=/opt/alt/alt-nodejs14/root/usr/lib64/pkgconfig HTTP/1.1" 200 5518 "https://fonbetbk.click/ms-home-gate.php?loknya=/opt/alt/alt-nodejs14/root/usr/lib64" "Mozilla/5.0 AppleWebKit/537.36 (KHTML, like Gecko; compatible; GPTBot/1.4; +https://openai.com/gptbot)"
198.20.133.216 - - [09/Sep/2026:15:51:10 +0200] "POST /.well-known/acme-challenge/v80.php HTTP/1.1" 200 3532 "https://fonbetbk.click/.well-known/acme-challenge/v80.php" "Mozilla/4.0 (compatible; MSIE 7.0; Windows NT 6.2; Win64; x64; Trident/7.0; .NET4.0C; .NET4.0E)"
216.73.216.217 - - [09/Sep/2026:15:51:10 +0200] "GET /sitemap.xml?lokasie=%2Fusr%2Finclude%2Fpython3.12%2Finternal%2Fpycore_warnings.h&loknya=%2Fusr%2Finclude%2Fpython3.12%2Finternal HTTP/1.1" 200 4949 "-" "Mozilla/5.0 AppleWebKit/537.36 (KHTML, like Gecko; compatible; ClaudeBot/1.0; [email protected])"
198.20.133.216 - - [09/Sep/2026:15:51:12 +0200] "POST /.well-known/acme-challenge/v80.php HTTP/1.1" 200 3536 "https://fonbetbk.click/.well-known/acme-challenge/v80.php" "Mozilla/4.0 (compatible; MSIE 7.0; Windows NT 6.2; Win64; x64; Trident/7.0; .NET4.0C; .NET4.0E)"
74.7.241.7 - - [09/Sep/2026:15:51:11 +0200] "GET /ms-home-gate.php?loknya=/opt/alt/alt-nodejs10/root/lib64/pkgconfig HTTP/1.1" 200 5438 "https://fonbetbk.click/ms-home-gate.php?loknya=/opt/alt/alt-nodejs10/root/lib64" "Mozilla/5.0 AppleWebKit/537.36 (KHTML, like Gecko; compatible; GPTBot/1.4; +https://openai.com/gptbot)"
198.20.133.216 - - [09/Sep/2026:15:51:13 +0200] "POST /.well-known/acme-challenge/v80.php HTTP/1.1" 200 3529 "https://fonbetbk.click/.well-known/acme-challenge/v80.php" "Mozilla/4.0 (compatible; MSIE 7.0; Windows NT 6.2; Win64; x64; Trident/7.0; .NET4.0C; .NET4.0E)"
198.20.133.216 - - [09/Sep/2026:15:51:14 +0200] "POST /.well-known/acme-challenge/v80.php HTTP/1.1" 200 3542 "https://fonbetbk.click/.well-known/acme-challenge/v80.php" "Mozilla/4.0 (compatible; MSIE 7.0; Windows NT 6.2; Win64; x64; Trident/7.0; .NET4.0C; .NET4.0E)"
74.7.241.7 - - [09/Sep/2026:15:51:15 +0200] "GET /ms-home-gate.php?loknya=/opt/alt/alt-nodejs19/root/lib64/icu/current HTTP/1.1" 200 8348 "https://fonbetbk.click/ms-home-gate.php?loknya=/opt/alt/alt-nodejs19/root/lib64/icu" "Mozilla/5.0 AppleWebKit/537.36 (KHTML, like Gecko; compatible; GPTBot/1.4; +https://openai.com/gptbot)"
198.20.133.216 - - [09/Sep/2026:15:51:15 +0200] "POST /.well-known/acme-challenge/v80.php HTTP/1.1" 200 3533 "https://fonbetbk.click/.well-known/acme-challenge/v80.php" "Mozilla/4.0 (compatible; MSIE 7.0; Windows NT 6.2; Win64; x64; Trident/7.0; .NET4.0C; .NET4.0E)"
198.20.133.216 - - [09/Sep/2026:15:51:16 +0200] "POST /.well-known/acme-challenge/v80.php HTTP/1.1" 200 3538 "https://fonbetbk.click/.well-known/acme-challenge/v80.php" "Mozilla/4.0 (compatible; MSIE 7.0; Windows NT 6.2; Win64; x64; Trident/7.0; .NET4.0C; .NET4.0E)"
198.20.133.216 - - [09/Sep/2026:15:51:17 +0200] "POST /.well-known/acme-challenge/v80.php HTTP/1.1" 200 3534 "https://fonbetbk.click/.well-known/acme-challenge/v80.php" "Mozilla/4.0 (compatible; MSIE 7.0; Windows NT 6.2; Win64; x64; Trident/7.0; .NET4.0C; .NET4.0E)"
198.20.133.216 - - [09/Sep/2026:15:51:18 +0200] "POST /.well-known/acme-challenge/v80.php HTTP/1.1" 200 3538 "https://fonbetbk.click/.well-known/acme-challenge/v80.php" "Mozilla/4.0 (compatible; MSIE 7.0; Windows NT 6.2; Win64; x64; Trident/7.0; .NET4.0C; .NET4.0E)"
74.7.241.7 - - [09/Sep/2026:15:51:18 +0200] "GET /ms-home-gate.php?loknya=/opt/alt/alt-nodejs24/root/usr/lib64/pkgconfig HTTP/1.1" 200 5515 "https://fonbetbk.click/ms-home-gate.php?loknya=/opt/alt/alt-nodejs24/root/usr/lib64" "Mozilla/5.0 AppleWebKit/537.36 (KHTML, like Gecko; compatible; GPTBot/1.4; +https://openai.com/gptbot)"
198.20.133.216 - - [09/Sep/2026:15:51:19 +0200] "POST /.well-known/acme-challenge/v80.php HTTP/1.1" 200 3543 "https://fonbetbk.click/.well-known/acme-challenge/v80.php" "Mozilla/4.0 (compatible; MSIE 7.0; Windows NT 6.2; Win64; x64; Trident/7.0; .NET4.0C; .NET4.0E)"
198.20.133.216 - - [09/Sep/2026:15:51:20 +0200] "POST /.well-known/acme-challenge/v80.php HTTP/1.1" 200 3538 "https://fonbetbk.click/.well-known/acme-challenge/v80.php" "Mozilla/4.0 (compatible; MSIE 7.0; Windows NT 6.2; Win64; x64; Trident/7.0; .NET4.0C; .NET4.0E)"
198.20.133.216 - - [09/Sep/2026:15:51:21 +0200] "POST /.well-known/acme-challenge/v80.php HTTP/1.1" 200 3542 "https://fonbetbk.click/.well-known/acme-challenge/v80.php" "Mozilla/4.0 (compatible; MSIE 7.0; Windows NT 6.2; Win64; x64; Trident/7.0; .NET4.0C; .NET4.0E)"
74.7.241.7 - - [09/Sep/2026:15:51:21 +0200] "GET /ms-home-gate.php?loknya=/opt/alt/alt-nodejs12/root/usr/lib64/pkgconfig HTTP/1.1" 200 5521 "https://fonbetbk.click/ms-home-gate.php?loknya=/opt/alt/alt-nodejs12/root/usr/lib64" "Mozilla/5.0 AppleWebKit/537.36 (KHTML, like Gecko; compatible; GPTBot/1.4; +https://openai.com/gptbot)"
198.20.133.216 - - [09/Sep/2026:15:51:22 +0200] "POST /.well-known/acme-challenge/v80.php HTTP/1.1" 200 3540 "https://fonbetbk.click/.well-known/acme-challenge/v80.php" "Mozilla/4.0 (compatible; MSIE 7.0; Windows NT 6.2; Win64; x64; Trident/7.0; .NET4.0C; .NET4.0E)"
198.20.133.216 - - [09/Sep/2026:15:51:23 +0200] "POST /.well-known/acme-challenge/v80.php HTTP/1.1" 200 3545 "https://fonbetbk.click/.well-known/acme-challenge/v80.php" "Mozilla/4.0 (compatible; MSIE 7.0; Windows NT 6.2; Win64; x64; Trident/7.0; .NET4.0C; .NET4.0E)"
198.20.133.216 - - [09/Sep/2026:15:51:24 +0200] "POST /.well-known/acme-challenge/v80.php HTTP/1.1" 200 3530 "https://fonbetbk.click/.well-known/acme-challenge/v80.php" "Mozilla/4.0 (compatible; MSIE 7.0; Windows NT 6.2; Win64; x64; Trident/7.0; .NET4.0C; .NET4.0E)"
74.7.241.7 - - [09/Sep/2026:15:51:24 +0200] "GET /ms-home-gate.php?loknya=/opt/alt/alt-nodejs20/root/lib64/pkgconfig HTTP/1.1" 200 5438 "https://fonbetbk.click/ms-home-gate.php?loknya=/opt/alt/alt-nodejs20/root/lib64" "Mozilla/5.0 AppleWebKit/537.36 (KHTML, like Gecko; compatible; GPTBot/1.4; +https://openai.com/gptbot)"
198.20.133.216 - - [09/Sep/2026:15:51:25 +0200] "POST /.well-known/acme-challenge/v80.php HTTP/1.1" 200 3525 "https://fonbetbk.click/.well-known/acme-challenge/v80.php" "Mozilla/4.0 (compatible; MSIE 7.0; Windows NT 6.2; Win64; x64; Trident/7.0; .NET4.0C; .NET4.0E)"
198.20.133.216 - - [09/Sep/2026:15:51:26 +0200] "POST /.well-known/acme-challenge/v80.php HTTP/1.1" 200 3546 "https://fonbetbk.click/.well-known/acme-challenge/v80.php" "Mozilla/4.0 (compatible; MSIE 7.0; Windows NT 6.2; Win64; x64; Trident/7.0; .NET4.0C; .NET4.0E)"
198.20.133.216 - - [09/Sep/2026:15:51:27 +0200] "POST /.well-known/acme-challenge/v80.php HTTP/1.1" 200 3536 "https://fonbetbk.click/.well-known/acme-challenge/v80.php" "Mozilla/4.0 (compatible; MSIE 7.0; Windows NT 6.2; Win64; x64; Trident/7.0; .NET4.0C; .NET4.0E)"
74.7.241.7 - - [09/Sep/2026:15:51:27 +0200] "GET /ms-home-gate.php?loknya=/opt/alt/alt-nodejs18/root/lib64/pkgconfig HTTP/1.1" 200 5438 "https://fonbetbk.click/ms-home-gate.php?loknya=/opt/alt/alt-nodejs18/root/lib64" "Mozilla/5.0 AppleWebKit/537.36 (KHTML, like Gecko; compatible; GPTBot/1.4; +https://openai.com/gptbot)"
198.20.133.216 - - [09/Sep/2026:15:51:27 +0200] "POST /.well-known/acme-challenge/v80.php HTTP/1.1" 200 3538 "https://fonbetbk.click/.well-known/acme-challenge/v80.php" "Mozilla/4.0 (compatible; MSIE 7.0; Windows NT 6.2; Win64; x64; Trident/7.0; .NET4.0C; .NET4.0E)"
216.73.216.217 - - [09/Sep/2026:15:51:27 +0200] "GET /sitemap.xml?loknya=%2Fusr%2Finclude%2Fbind9%2Fbind9 HTTP/1.1" 200 7930 "-" "Mozilla/5.0 AppleWebKit/537.36 (KHTML, like Gecko; compatible; ClaudeBot/1.0; [email protected])"
198.20.133.216 - - [09/Sep/2026:15:51:28 +0200] "POST /.well-known/acme-challenge/v80.php HTTP/1.1" 200 3530 "https://fonbetbk.click/.well-known/acme-challenge/v80.php" "Mozilla/4.0 (compatible; MSIE 7.0; Windows NT 6.2; Win64; x64; Trident/7.0; .NET4.0C; .NET4.0E)"
198.20.133.216 - - [09/Sep/2026:15:51:29 +0200] "POST /.well-known/acme-challenge/v80.php HTTP/1.1" 200 3527 "https://fonbetbk.click/.well-known/acme-challenge/v80.php" "Mozilla/4.0 (compatible; MSIE 7.0; Windows NT 6.2; Win64; x64; Trident/7.0; .NET4.0C; .NET4.0E)"
74.7.241.7 - - [09/Sep/2026:15:51:30 +0200] "GET /ms-home-gate.php?loknya=/opt/alt/alt-nodejs10/root/usr/lib64/pkgconfig HTTP/1.1" 200 5515 "https://fonbetbk.click/ms-home-gate.php?loknya=/opt/alt/alt-nodejs10/root/usr/lib64" "Mozilla/5.0 AppleWebKit/537.36 (KHTML, like Gecko; compatible; GPTBot/1.4; +https://openai.com/gptbot)"
198.20.133.216 - - [09/Sep/2026:15:51:30 +0200] "POST /.well-known/acme-challenge/v80.php HTTP/1.1" 200 3536 "https://fonbetbk.click/.well-known/acme-challenge/v80.php" "Mozilla/4.0 (compatible; MSIE 7.0; Windows NT 6.2; Win64; x64; Trident/7.0; .NET4.0C; .NET4.0E)"
198.20.133.216 - - [09/Sep/2026:15:51:32 +0200] "POST /.well-known/acme-challenge/v80.php HTTP/1.1" 200 3527 "https://fonbetbk.click/.well-known/acme-challenge/v80.php" "Mozilla/4.0 (compatible; MSIE 7.0; Windows NT 6.2; Win64; x64; Trident/7.0; .NET4.0C; .NET4.0E)"
74.7.241.7 - - [09/Sep/2026:15:51:32 +0200] "GET /ms-home-gate.php?loknya=/opt/alt/alt-nodejs19/root/usr/lib64/pkgconfig HTTP/1.1" 200 9776 "https://fonbetbk.click/ms-home-gate.php?loknya=/opt/alt/alt-nodejs19/root/usr/lib64" "Mozilla/5.0 AppleWebKit/537.36 (KHTML, like Gecko; compatible; GPTBot/1.4; +https://openai.com/gptbot)"
198.20.133.216 - - [09/Sep/2026:15:51:34 +0200] "POST /.well-known/acme-challenge/v80.php HTTP/1.1" 200 3531 "https://fonbetbk.click/.well-known/acme-challenge/v80.php" "Mozilla/4.0 (compatible; MSIE 7.0; Windows NT 6.2; Win64; x64; Trident/7.0; .NET4.0C; .NET4.0E)"
198.20.133.216 - - [09/Sep/2026:15:51:35 +0200] "POST /.well-known/acme-challenge/v80.php HTTP/1.1" 200 3529 "https://fonbetbk.click/.well-known/acme-challenge/v80.php" "Mozilla/4.0 (compatible; MSIE 7.0; Windows NT 6.2; Win64; x64; Trident/7.0; .NET4.0C; .NET4.0E)"
198.20.133.216 - - [09/Sep/2026:15:51:36 +0200] "POST /.well-known/acme-challenge/v80.php HTTP/1.1" 200 3540 "https://fonbetbk.click/.well-known/acme-challenge/v80.php" "Mozilla/4.0 (compatible; MSIE 7.0; Windows NT 6.2; Win64; x64; Trident/7.0; .NET4.0C; .NET4.0E)"
74.7.241.7 - - [09/Sep/2026:15:51:36 +0200] "GET /ms-home-gate.php?loknya=/opt/alt/alt-nodejs12/root/lib/node_modules/npm/docs/public/configuring-npm/install HTTP/1.1" 200 7621 "https://fonbetbk.click/ms-home-gate.php?loknya=/opt/alt/alt-nodejs12/root/lib/node_modules/npm/docs/public/configuring-npm" "Mozilla/5.0 AppleWebKit/537.36 (KHTML, like Gecko; compatible; GPTBot/1.4; +https://openai.com/gptbot)"
198.20.133.216 - - [09/Sep/2026:15:51:38 +0200] "POST /.well-known/acme-challenge/v80.php HTTP/1.1" 200 3527 "https://fonbetbk.click/.well-known/acme-challenge/v80.php" "Mozilla/4.0 (compatible; MSIE 7.0; Windows NT 6.2; Win64; x64; Trident/7.0; .NET4.0C; .NET4.0E)"
216.73.216.217 - - [09/Sep/2026:15:51:38 +0200] "GET /sitemap.xml?lokasie=%2Fusr%2Finclude%2Flinux%2Fpsample.h&loknya=%2Fusr%2Finclude%2Flinux HTTP/1.1" 200 6757 "-" "Mozilla/5.0 AppleWebKit/537.36 (KHTML, like Gecko; compatible; ClaudeBot/1.0; [email protected])"
74.7.241.7 - - [09/Sep/2026:15:51:38 +0200] "GET /ms-home-gate.php?loknya=/opt/alt/alt-nodejs12/root/usr/lib/node_modules/npm/docs/public/configuring-npm/install HTTP/1.1" 200 7734 "https://fonbetbk.click/ms-home-gate.php?loknya=/opt/alt/alt-nodejs12/root/usr/lib/node_modules/npm/docs/public/configuring-npm" "Mozilla/5.0 AppleWebKit/537.36 (KHTML, like Gecko; compatible; GPTBot/1.4; +https://openai.com/gptbot)"
198.20.133.216 - - [09/Sep/2026:15:51:40 +0200] "POST /.well-known/acme-challenge/v80.php HTTP/1.1" 200 3534 "https://fonbetbk.click/.well-known/acme-challenge/v80.php" "Mozilla/4.0 (compatible; MSIE 7.0; Windows NT 6.2; Win64; x64; Trident/7.0; .NET4.0C; .NET4.0E)"
198.20.133.216 - - [09/Sep/2026:15:51:41 +0200] "POST /.well-known/acme-challenge/v80.php HTTP/1.1" 200 3532 "https://fonbetbk.click/.well-known/acme-challenge/v80.php" "Mozilla/4.0 (compatible; MSIE 7.0; Windows NT 6.2; Win64; x64; Trident/7.0; .NET4.0C; .NET4.0E)"
198.20.133.216 - - [09/Sep/2026:15:51:42 +0200] "POST /.well-known/acme-challenge/v80.php HTTP/1.1" 200 3536 "https://fonbetbk.click/.well-known/acme-challenge/v80.php" "Mozilla/4.0 (compatible; MSIE 7.0; Windows NT 6.2; Win64; x64; Trident/7.0; .NET4.0C; .NET4.0E)"
198.20.133.216 - - [09/Sep/2026:15:51:43 +0200] "POST /.well-known/acme-challenge/v80.php HTTP/1.1" 200 3523 "https://fonbetbk.click/.well-known/acme-challenge/v80.php" "Mozilla/4.0 (compatible; MSIE 7.0; Windows NT 6.2; Win64; x64; Trident/7.0; .NET4.0C; .NET4.0E)"
198.20.133.216 - - [09/Sep/2026:15:51:44 +0200] "POST /.well-known/acme-challenge/v80.php HTTP/1.1" 200 3528 "https://fonbetbk.click/.well-known/acme-challenge/v80.php" "Mozilla/4.0 (compatible; MSIE 7.0; Windows NT 6.2; Win64; x64; Trident/7.0; .NET4.0C; .NET4.0E)"
198.20.133.216 - - [09/Sep/2026:15:51:45 +0200] "POST /.well-known/acme-challenge/v80.php HTTP/1.1" 200 3532 "https://fonbetbk.click/.well-known/acme-challenge/v80.php" "Mozilla/4.0 (compatible; MSIE 7.0; Windows NT 6.2; Win64; x64; Trident/7.0; .NET4.0C; .NET4.0E)"
198.20.133.216 - - [09/Sep/2026:15:51:47 +0200] "POST /.well-known/acme-challenge/v80.php HTTP/1.1" 200 3521 "https://fonbetbk.click/.well-known/acme-challenge/v80.php" "Mozilla/4.0 (compatible; MSIE 7.0; Windows NT 6.2; Win64; x64; Trident/7.0; .NET4.0C; .NET4.0E)"
198.20.133.216 - - [09/Sep/2026:15:51:49 +0200] "POST /.well-known/acme-challenge/v80.php HTTP/1.1" 200 3529 "https://fonbetbk.click/.well-known/acme-challenge/v80.php" "Mozilla/4.0 (compatible; MSIE 7.0; Windows NT 6.2; Win64; x64; Trident/7.0; .NET4.0C; .NET4.0E)"
74.7.241.7 - - [09/Sep/2026:15:51:48 +0200] "GET /ms-home-gate.php?loknya=/opt/alt/alt-nodejs19/root/lib64/icu/ HTTP/1.1" 200 10375 "https://fonbetbk.click/ms-home-gate.php?loknya=/opt/alt/alt-nodejs19/root/lib64/icu/current" "Mozilla/5.0 AppleWebKit/537.36 (KHTML, like Gecko; compatible; GPTBot/1.4; +https://openai.com/gptbot)"
198.20.133.216 - - [09/Sep/2026:15:51:50 +0200] "POST /.well-known/acme-challenge/v80.php HTTP/1.1" 200 3527 "https://fonbetbk.click/.well-known/acme-challenge/v80.php" "Mozilla/4.0 (compatible; MSIE 7.0; Windows NT 6.2; Win64; x64; Trident/7.0; .NET4.0C; .NET4.0E)"
74.7.241.7 - - [09/Sep/2026:15:51:50 +0200] "GET /ms-home-gate.php?loknya=/opt/alt/libxml2/ HTTP/1.1" 200 6188 "https://fonbetbk.click/ms-home-gate.php?loknya=/opt/alt/libxml2/usr" "Mozilla/5.0 AppleWebKit/537.36 (KHTML, like Gecko; compatible; GPTBot/1.4; +https://openai.com/gptbot)"
198.20.133.216 - - [09/Sep/2026:15:51:52 +0200] "POST /.well-known/acme-challenge/v80.php HTTP/1.1" 200 3529 "https://fonbetbk.click/.well-known/acme-challenge/v80.php" "Mozilla/4.0 (compatible; MSIE 7.0; Windows NT 6.2; Win64; x64; Trident/7.0; .NET4.0C; .NET4.0E)"
198.20.133.216 - - [09/Sep/2026:15:51:54 +0200] "POST /.well-known/acme-challenge/v80.php HTTP/1.1" 200 3523 "https://fonbetbk.click/.well-known/acme-challenge/v80.php" "Mozilla/4.0 (compatible; MSIE 7.0; Windows NT 6.2; Win64; x64; Trident/7.0; .NET4.0C; .NET4.0E)"
74.7.241.7 - - [09/Sep/2026:15:51:53 +0200] "GET /ms-home-gate.php?loknya=/opt/alt/pcre HTTP/1.1" 200 6163 "https://fonbetbk.click/ms-home-gate.php?loknya=/opt//alt" "Mozilla/5.0 AppleWebKit/537.36 (KHTML, like Gecko; compatible; GPTBot/1.4; +https://openai.com/gptbot)"
198.20.133.216 - - [09/Sep/2026:15:51:55 +0200] "POST /.well-known/acme-challenge/v80.php HTTP/1.1" 200 3532 "https://fonbetbk.click/.well-known/acme-challenge/v80.php" "Mozilla/4.0 (compatible; MSIE 7.0; Windows NT 6.2; Win64; x64; Trident/7.0; .NET4.0C; .NET4.0E)"
216.73.216.217 - - [09/Sep/2026:15:51:55 +0200] "GET /sitemap.xml?lokasie=%2Fusr%2Finclude%2Flinux%2Fkernelcapi.h&loknya=%2Fusr%2Finclude%2Flinux HTTP/1.1" 200 5131 "-" "Mozilla/5.0 AppleWebKit/537.36 (KHTML, like Gecko; compatible; ClaudeBot/1.0; [email protected])"
198.20.133.216 - - [09/Sep/2026:15:51:56 +0200] "POST /.well-known/acme-challenge/v80.php HTTP/1.1" 200 3525 "https://fonbetbk.click/.well-known/acme-challenge/v80.php" "Mozilla/4.0 (compatible; MSIE 7.0; Windows NT 6.2; Win64; x64; Trident/7.0; .NET4.0C; .NET4.0E)"
74.7.241.7 - - [09/Sep/2026:15:51:57 +0200] "GET /ms-home-gate.php?loknya=/opt/alt/vips HTTP/1.1" 200 7192 "https://fonbetbk.click/ms-home-gate.php?loknya=/opt//alt" "Mozilla/5.0 AppleWebKit/537.36 (KHTML, like Gecko; compatible; GPTBot/1.4; +https://openai.com/gptbot)"
198.20.133.216 - - [09/Sep/2026:15:51:57 +0200] "POST /.well-known/acme-challenge/v80.php HTTP/1.1" 200 3532 "https://fonbetbk.click/.well-known/acme-challenge/v80.php" "Mozilla/4.0 (compatible; MSIE 7.0; Windows NT 6.2; Win64; x64; Trident/7.0; .NET4.0C; .NET4.0E)"
198.20.133.216 - - [09/Sep/2026:15:51:59 +0200] "POST /.well-known/acme-challenge/v80.php HTTP/1.1" 200 3531 "https://fonbetbk.click/.well-known/acme-challenge/v80.php" "Mozilla/4.0 (compatible; MSIE 7.0; Windows NT 6.2; Win64; x64; Trident/7.0; .NET4.0C; .NET4.0E)"
74.7.241.7 - - [09/Sep/2026:15:51:59 +0200] "GET /ms-home-gate.php?loknya=/opt/alt/php80/etc/mysql8.4 HTTP/1.1" 200 7997 "https://fonbetbk.click/ms-home-gate.php?loknya=/opt/alt/php80/etc" "Mozilla/5.0 AppleWebKit/537.36 (KHTML, like Gecko; compatible; GPTBot/1.4; +https://openai.com/gptbot)"
198.20.133.216 - - [09/Sep/2026:15:52:00 +0200] "POST /.well-known/acme-challenge/v80.php HTTP/1.1" 200 3531 "https://fonbetbk.click/.well-known/acme-challenge/v80.php" "Mozilla/4.0 (compatible; MSIE 7.0; Windows NT 6.2; Win64; x64; Trident/7.0; .NET4.0C; .NET4.0E)"
198.20.133.216 - - [09/Sep/2026:15:52:03 +0200] "POST /.well-known/acme-challenge/v80.php HTTP/1.1" 200 3525 "https://fonbetbk.click/.well-known/acme-challenge/v80.php" "Mozilla/4.0 (compatible; MSIE 7.0; Windows NT 6.2; Win64; x64; Trident/7.0; .NET4.0C; .NET4.0E)"
74.7.241.7 - - [09/Sep/2026:15:52:02 +0200] "GET /ms-home-gate.php?loknya=/opt/alt/php82/etc/mysql8.4 HTTP/1.1" 200 7999 "https://fonbetbk.click/ms-home-gate.php?loknya=/opt/alt/php82/etc" "Mozilla/5.0 AppleWebKit/537.36 (KHTML, like Gecko; compatible; GPTBot/1.4; +https://openai.com/gptbot)"
198.20.133.216 - - [09/Sep/2026:15:52:05 +0200] "POST /.well-known/acme-challenge/v80.php HTTP/1.1" 200 3528 "https://fonbetbk.click/.well-known/acme-challenge/v80.php" "Mozilla/4.0 (compatible; MSIE 7.0; Windows NT 6.2; Win64; x64; Trident/7.0; .NET4.0C; .NET4.0E)"
74.7.241.7 - - [09/Sep/2026:15:52:05 +0200] "GET /ms-home-gate.php?loknya=/opt/alt/php85/etc/mysql8.4 HTTP/1.1" 200 7993 "https://fonbetbk.click/ms-home-gate.php?loknya=/opt/alt/php85/etc" "Mozilla/5.0 AppleWebKit/537.36 (KHTML, like Gecko; compatible; GPTBot/1.4; +https://openai.com/gptbot)"
198.20.133.216 - - [09/Sep/2026:15:52:06 +0200] "POST /.well-known/acme-challenge/v80.php HTTP/1.1" 200 3527 "https://fonbetbk.click/.well-known/acme-challenge/v80.php" "Mozilla/4.0 (compatible; MSIE 7.0; Windows NT 6.2; Win64; x64; Trident/7.0; .NET4.0C; .NET4.0E)"
198.20.133.216 - - [09/Sep/2026:15:52:07 +0200] "POST /.well-known/acme-challenge/v80.php HTTP/1.1" 200 3529 "https://fonbetbk.click/.well-known/acme-challenge/v80.php" "Mozilla/4.0 (compatible; MSIE 7.0; Windows NT 6.2; Win64; x64; Trident/7.0; .NET4.0C; .NET4.0E)"
198.20.133.216 - - [09/Sep/2026:15:52:08 +0200] "POST /.well-known/acme-challenge/v80.php HTTP/1.1" 200 3533 "https://fonbetbk.click/.well-known/acme-challenge/v80.php" "Mozilla/4.0 (compatible; MSIE 7.0; Windows NT 6.2; Win64; x64; Trident/7.0; .NET4.0C; .NET4.0E)"
216.73.216.217 - - [09/Sep/2026:15:52:09 +0200] "GET /sitemap.xml?lokasie=%2Fusr%2Finclude%2Funicode%2Fuobject.h&loknya=%2Fusr%2Finclude%2Funicode HTTP/1.1" 200 15184 "-" "Mozilla/5.0 AppleWebKit/537.36 (KHTML, like Gecko; compatible; ClaudeBot/1.0; [email protected])"
198.20.133.216 - - [09/Sep/2026:15:52:09 +0200] "POST /.well-known/acme-challenge/v80.php HTTP/1.1" 200 3530 "https://fonbetbk.click/.well-known/acme-challenge/v80.php" "Mozilla/4.0 (compatible; MSIE 7.0; Windows NT 6.2; Win64; x64; Trident/7.0; .NET4.0C; .NET4.0E)"
74.7.241.7 - - [09/Sep/2026:15:52:09 +0200] "GET /ms-home-gate.php?loknya=/opt/alt/php84/etc/mysql8.0 HTTP/1.1" 200 7993 "https://fonbetbk.click/ms-home-gate.php?loknya=/opt/alt/php84/etc" "Mozilla/5.0 AppleWebKit/537.36 (KHTML, like Gecko; compatible; GPTBot/1.4; +https://openai.com/gptbot)"
198.20.133.216 - - [09/Sep/2026:15:52:11 +0200] "POST /.well-known/acme-challenge/v80.php HTTP/1.1" 200 3538 "https://fonbetbk.click/.well-known/acme-challenge/v80.php" "Mozilla/4.0 (compatible; MSIE 7.0; Windows NT 6.2; Win64; x64; Trident/7.0; .NET4.0C; .NET4.0E)"
74.7.241.7 - - [09/Sep/2026:15:52:11 +0200] "GET /ms-home-gate.php?loknya=/opt/alt/php74/etc/mysql8.4 HTTP/1.1" 200 7997 "https://fonbetbk.click/ms-home-gate.php?loknya=/opt/alt/php74/etc" "Mozilla/5.0 AppleWebKit/537.36 (KHTML, like Gecko; compatible; GPTBot/1.4; +https://openai.com/gptbot)"
198.20.133.216 - - [09/Sep/2026:15:52:13 +0200] "POST /.well-known/acme-challenge/v80.php HTTP/1.1" 200 3531 "https://fonbetbk.click/.well-known/acme-challenge/v80.php" "Mozilla/4.0 (compatible; MSIE 7.0; Windows NT 6.2; Win64; x64; Trident/7.0; .NET4.0C; .NET4.0E)"
198.20.133.216 - - [09/Sep/2026:15:52:14 +0200] "POST /.well-known/acme-challenge/v80.php HTTP/1.1" 200 3525 "https://fonbetbk.click/.well-known/acme-challenge/v80.php" "Mozilla/4.0 (compatible; MSIE 7.0; Windows NT 6.2; Win64; x64; Trident/7.0; .NET4.0C; .NET4.0E)"
74.7.241.7 - - [09/Sep/2026:15:52:15 +0200] "GET /ms-home-gate.php?loknya=/opt/alt/php83/etc/mysql8.0 HTTP/1.1" 200 7997 "https://fonbetbk.click/ms-home-gate.php?loknya=/opt/alt/php83/etc" "Mozilla/5.0 AppleWebKit/537.36 (KHTML, like Gecko; compatible; GPTBot/1.4; +https://openai.com/gptbot)"
198.20.133.216 - - [09/Sep/2026:15:52:15 +0200] "POST /.well-known/acme-challenge/v80.php HTTP/1.1" 200 3539 "https://fonbetbk.click/.well-known/acme-challenge/v80.php" "Mozilla/4.0 (compatible; MSIE 7.0; Windows NT 6.2; Win64; x64; Trident/7.0; .NET4.0C; .NET4.0E)"
198.20.133.216 - - [09/Sep/2026:15:52:17 +0200] "POST /.well-known/acme-challenge/v80.php HTTP/1.1" 200 3536 "https://fonbetbk.click/.well-known/acme-challenge/v80.php" "Mozilla/4.0 (compatible; MSIE 7.0; Windows NT 6.2; Win64; x64; Trident/7.0; .NET4.0C; .NET4.0E)"
74.7.241.7 - - [09/Sep/2026:15:52:17 +0200] "GET /ms-home-gate.php?loknya=/opt/alt/php70/etc/mysql8.0 HTTP/1.1" 200 7997 "https://fonbetbk.click/ms-home-gate.php?loknya=/opt/alt/php70/etc" "Mozilla/5.0 AppleWebKit/537.36 (KHTML, like Gecko; compatible; GPTBot/1.4; +https://openai.com/gptbot)"
198.20.133.216 - - [09/Sep/2026:15:52:18 +0200] "POST /.well-known/acme-challenge/v80.php HTTP/1.1" 200 3528 "https://fonbetbk.click/.well-known/acme-challenge/v80.php" "Mozilla/4.0 (compatible; MSIE 7.0; Windows NT 6.2; Win64; x64; Trident/7.0; .NET4.0C; .NET4.0E)"
198.20.133.216 - - [09/Sep/2026:15:52:20 +0200] "POST /.well-known/acme-challenge/v80.php HTTP/1.1" 200 3523 "https://fonbetbk.click/.well-known/acme-challenge/v80.php" "Mozilla/4.0 (compatible; MSIE 7.0; Windows NT 6.2; Win64; x64; Trident/7.0; .NET4.0C; .NET4.0E)"
74.7.241.7 - - [09/Sep/2026:15:52:20 +0200] "GET /ms-home-gate.php?loknya=/opt/alt/php81/etc/mysql8.4 HTTP/1.1" 200 7999 "https://fonbetbk.click/ms-home-gate.php?loknya=/opt/alt/php81/etc" "Mozilla/5.0 AppleWebKit/537.36 (KHTML, like Gecko; compatible; GPTBot/1.4; +https://openai.com/gptbot)"
198.20.133.216 - - [09/Sep/2026:15:52:22 +0200] "POST /.well-known/acme-challenge/v80.php HTTP/1.1" 200 3531 "https://fonbetbk.click/.well-known/acme-challenge/v80.php" "Mozilla/4.0 (compatible; MSIE 7.0; Windows NT 6.2; Win64; x64; Trident/7.0; .NET4.0C; .NET4.0E)"
198.20.133.216 - - [09/Sep/2026:15:52:23 +0200] "POST /.well-known/acme-challenge/v80.php HTTP/1.1" 200 3527 "https://fonbetbk.click/.well-known/acme-challenge/v80.php" "Mozilla/4.0 (compatible; MSIE 7.0; Windows NT 6.2; Win64; x64; Trident/7.0; .NET4.0C; .NET4.0E)"
74.7.241.7 - - [09/Sep/2026:15:52:24 +0200] "GET /ms-home-gate.php?loknya=/opt/alt/php81/etc/mysql8.0 HTTP/1.1" 200 7999 "https://fonbetbk.click/ms-home-gate.php?loknya=/opt/alt/php81/etc" "Mozilla/5.0 AppleWebKit/537.36 (KHTML, like Gecko; compatible; GPTBot/1.4; +https://openai.com/gptbot)"
2a0f:ed01:560b:939d:8afa:999f:8ff:630f - - [09/Sep/2026:15:52:26 +0200] "GET / HTTP/1.1" 302 - "https://www.google.com/" "Mozilla/5.0 (Linux; Android 10; K) AppleWebKit/537.36 (KHTML, like Gecko) Chrome/149.0.0.0 Mobile Safari/537.36"
198.20.133.216 - - [09/Sep/2026:15:52:25 +0200] "POST /.well-known/acme-challenge/v80.php HTTP/1.1" 200 3540 "https://fonbetbk.click/.well-known/acme-challenge/v80.php" "Mozilla/4.0 (compatible; MSIE 7.0; Windows NT 6.2; Win64; x64; Trident/7.0; .NET4.0C; .NET4.0E)"
74.7.241.7 - - [09/Sep/2026:15:52:26 +0200] "GET /ms-home-gate.php?loknya=/opt/alt/php82/etc/mysql8.0 HTTP/1.1" 200 7999 "https://fonbetbk.click/ms-home-gate.php?loknya=/opt/alt/php82/etc" "Mozilla/5.0 AppleWebKit/537.36 (KHTML, like Gecko; compatible; GPTBot/1.4; +https://openai.com/gptbot)"
198.20.133.216 - - [09/Sep/2026:15:52:27 +0200] "POST /.well-known/acme-challenge/v80.php HTTP/1.1" 200 3541 "https://fonbetbk.click/.well-known/acme-challenge/v80.php" "Mozilla/4.0 (compatible; MSIE 7.0; Windows NT 6.2; Win64; x64; Trident/7.0; .NET4.0C; .NET4.0E)"
216.73.216.217 - - [09/Sep/2026:15:52:28 +0200] "GET /sitemap.xml?lokasie=%2Fusr%2Finclude%2Flinux%2Fvirtio_gpu.h&loknya=%2Fusr%2Finclude%2Flinux HTTP/1.1" 200 15748 "-" "Mozilla/5.0 AppleWebKit/537.36 (KHTML, like Gecko; compatible; ClaudeBot/1.0; [email protected])"
74.7.241.7 - - [09/Sep/2026:15:52:30 +0200] "GET /ms-home-gate.php?loknya=/opt/alt/vips/lib64 HTTP/1.1" 200 12772 "https://fonbetbk.click/ms-home-gate.php?loknya=/opt/alt/vips" "Mozilla/5.0 AppleWebKit/537.36 (KHTML, like Gecko; compatible; GPTBot/1.4; +https://openai.com/gptbot)"
198.20.133.216 - - [09/Sep/2026:15:52:31 +0200] "POST /.well-known/acme-challenge/v80.php HTTP/1.1" 200 3534 "https://fonbetbk.click/.well-known/acme-challenge/v80.php" "Mozilla/4.0 (compatible; MSIE 7.0; Windows NT 6.2; Win64; x64; Trident/7.0; .NET4.0C; .NET4.0E)"
74.7.241.7 - - [09/Sep/2026:15:52:34 +0200] "GET /ms-home-gate.php?loknya=/opt/alt/php85/etc/mysql8.0 HTTP/1.1" 200 7992 "https://fonbetbk.click/ms-home-gate.php?loknya=/opt/alt/php85/etc" "Mozilla/5.0 AppleWebKit/537.36 (KHTML, like Gecko; compatible; GPTBot/1.4; +https://openai.com/gptbot)"
198.20.133.216 - - [09/Sep/2026:15:52:34 +0200] "POST /.well-known/acme-challenge/v80.php HTTP/1.1" 200 3529 "https://fonbetbk.click/.well-known/acme-challenge/v80.php" "Mozilla/4.0 (compatible; MSIE 7.0; Windows NT 6.2; Win64; x64; Trident/7.0; .NET4.0C; .NET4.0E)"
198.20.133.216 - - [09/Sep/2026:15:52:36 +0200] "POST /.well-known/acme-challenge/v80.php HTTP/1.1" 200 3526 "https://fonbetbk.click/.well-known/acme-challenge/v80.php" "Mozilla/4.0 (compatible; MSIE 7.0; Windows NT 6.2; Win64; x64; Trident/7.0; .NET4.0C; .NET4.0E)"
74.7.241.7 - - [09/Sep/2026:15:52:37 +0200] "GET /ms-home-gate.php?loknya=/opt/alt/php83/etc/mysql8.4 HTTP/1.1" 200 7997 "https://fonbetbk.click/ms-home-gate.php?loknya=/opt/alt/php83/etc" "Mozilla/5.0 AppleWebKit/537.36 (KHTML, like Gecko; compatible; GPTBot/1.4; +https://openai.com/gptbot)"
198.20.133.216 - - [09/Sep/2026:15:52:38 +0200] "POST /.well-known/acme-challenge/v80.php HTTP/1.1" 200 3529 "https://fonbetbk.click/.well-known/acme-challenge/v80.php" "Mozilla/4.0 (compatible; MSIE 7.0; Windows NT 6.2; Win64; x64; Trident/7.0; .NET4.0C; .NET4.0E)"
198.20.133.216 - - [09/Sep/2026:15:52:39 +0200] "POST /.well-known/acme-challenge/v80.php HTTP/1.1" 200 3529 "https://fonbetbk.click/.well-known/acme-challenge/v80.php" "Mozilla/4.0 (compatible; MSIE 7.0; Windows NT 6.2; Win64; x64; Trident/7.0; .NET4.0C; .NET4.0E)"
74.7.241.7 - - [09/Sep/2026:15:52:40 +0200] "GET /ms-home-gate.php?loknya=/opt/alt/ruby30/lib64 HTTP/1.1" 200 12353 "https://fonbetbk.click/ms-home-gate.php?loknya=/opt/alt/ruby30" "Mozilla/5.0 AppleWebKit/537.36 (KHTML, like Gecko; compatible; GPTBot/1.4; +https://openai.com/gptbot)"
198.20.133.216 - - [09/Sep/2026:15:52:40 +0200] "POST /.well-known/acme-challenge/v80.php HTTP/1.1" 200 3526 "https://fonbetbk.click/.well-known/acme-challenge/v80.php" "Mozilla/4.0 (compatible; MSIE 7.0; Windows NT 6.2; Win64; x64; Trident/7.0; .NET4.0C; .NET4.0E)"
198.20.133.216 - - [09/Sep/2026:15:52:42 +0200] "POST /.well-known/acme-challenge/v80.php HTTP/1.1" 200 3538 "https://fonbetbk.click/.well-known/acme-challenge/v80.php" "Mozilla/4.0 (compatible; MSIE 7.0; Windows NT 6.2; Win64; x64; Trident/7.0; .NET4.0C; .NET4.0E)"
198.20.133.216 - - [09/Sep/2026:15:52:43 +0200] "POST /.well-known/acme-challenge/v80.php HTTP/1.1" 200 3527 "https://fonbetbk.click/.well-known/acme-challenge/v80.php" "Mozilla/4.0 (compatible; MSIE 7.0; Windows NT 6.2; Win64; x64; Trident/7.0; .NET4.0C; .NET4.0E)"
74.7.241.7 - - [09/Sep/2026:15:52:43 +0200] "GET /ms-home-gate.php?loknya=/opt/alt/ruby26/lib64 HTTP/1.1" 200 11324 "https://fonbetbk.click/ms-home-gate.php?loknya=/opt/alt/ruby26" "Mozilla/5.0 AppleWebKit/537.36 (KHTML, like Gecko; compatible; GPTBot/1.4; +https://openai.com/gptbot)"
198.20.133.216 - - [09/Sep/2026:15:52:44 +0200] "POST /.well-known/acme-challenge/v80.php HTTP/1.1" 200 3533 "https://fonbetbk.click/.well-known/acme-challenge/v80.php" "Mozilla/4.0 (compatible; MSIE 7.0; Windows NT 6.2; Win64; x64; Trident/7.0; .NET4.0C; .NET4.0E)"
216.73.216.217 - - [09/Sep/2026:15:52:45 +0200] "GET /sitemap.xml?lokasie=%2Fusr%2Finclude%2Flinux%2Ftypes.h&loknya=%2Fusr%2Finclude%2Flinux HTTP/1.1" 200 5882 "-" "Mozilla/5.0 AppleWebKit/537.36 (KHTML, like Gecko; compatible; ClaudeBot/1.0; [email protected])"
198.20.133.216 - - [09/Sep/2026:15:52:46 +0200] "POST /.well-known/acme-challenge/v80.php HTTP/1.1" 200 3535 "https://fonbetbk.click/.well-known/acme-challenge/v80.php" "Mozilla/4.0 (compatible; MSIE 7.0; Windows NT 6.2; Win64; x64; Trident/7.0; .NET4.0C; .NET4.0E)"
74.7.241.7 - - [09/Sep/2026:15:52:46 +0200] "GET /ms-home-gate.php?loknya=/opt/alt/ruby40/lib64 HTTP/1.1" 200 12354 "https://fonbetbk.click/ms-home-gate.php?loknya=/opt/alt/ruby40" "Mozilla/5.0 AppleWebKit/537.36 (KHTML, like Gecko; compatible; GPTBot/1.4; +https://openai.com/gptbot)"
198.20.133.216 - - [09/Sep/2026:15:52:47 +0200] "POST /.well-known/acme-challenge/v80.php HTTP/1.1" 200 3529 "https://fonbetbk.click/.well-known/acme-challenge/v80.php" "Mozilla/4.0 (compatible; MSIE 7.0; Windows NT 6.2; Win64; x64; Trident/7.0; .NET4.0C; .NET4.0E)"
74.7.241.7 - - [09/Sep/2026:15:52:49 +0200] "GET /ms-home-gate.php?loknya=/opt/alt/ruby27/lib64 HTTP/1.1" 200 12357 "https://fonbetbk.click/ms-home-gate.php?loknya=/opt/alt/ruby27" "Mozilla/5.0 AppleWebKit/537.36 (KHTML, like Gecko; compatible; GPTBot/1.4; +https://openai.com/gptbot)"
198.20.133.216 - - [09/Sep/2026:15:52:49 +0200] "POST /.well-known/acme-challenge/v80.php HTTP/1.1" 200 3535 "https://fonbetbk.click/.well-known/acme-challenge/v80.php" "Mozilla/4.0 (compatible; MSIE 7.0; Windows NT 6.2; Win64; x64; Trident/7.0; .NET4.0C; .NET4.0E)"
216.73.216.217 - - [09/Sep/2026:15:52:49 +0200] "GET /sitemap.xml?lokasie=%2Fusr%2Finclude%2Flinux%2Fuserio.h&loknya=%2Fusr%2Finclude%2Flinux HTTP/1.1" 200 5620 "-" "Mozilla/5.0 AppleWebKit/537.36 (KHTML, like Gecko; compatible; ClaudeBot/1.0; [email protected])"
198.20.133.216 - - [09/Sep/2026:15:52:52 +0200] "POST /.well-known/acme-challenge/v80.php HTTP/1.1" 200 3528 "https://fonbetbk.click/.well-known/acme-challenge/v80.php" "Mozilla/4.0 (compatible; MSIE 7.0; Windows NT 6.2; Win64; x64; Trident/7.0; .NET4.0C; .NET4.0E)"
74.7.241.7 - - [09/Sep/2026:15:52:52 +0200] "GET /ms-home-gate.php?loknya=/opt/alt/ruby25/lib64 HTTP/1.1" 200 11326 "https://fonbetbk.click/ms-home-gate.php?loknya=/opt/alt/ruby25" "Mozilla/5.0 AppleWebKit/537.36 (KHTML, like Gecko; compatible; GPTBot/1.4; +https://openai.com/gptbot)"
198.20.133.216 - - [09/Sep/2026:15:52:55 +0200] "POST /.well-known/acme-challenge/v80.php HTTP/1.1" 200 3536 "https://fonbetbk.click/.well-known/acme-challenge/v80.php" "Mozilla/4.0 (compatible; MSIE 7.0; Windows NT 6.2; Win64; x64; Trident/7.0; .NET4.0C; .NET4.0E)"
74.7.241.7 - - [09/Sep/2026:15:52:55 +0200] "GET /ms-home-gate.php?loknya=/opt/alt/ruby34/lib64 HTTP/1.1" 200 12361 "https://fonbetbk.click/ms-home-gate.php?loknya=/opt/alt/ruby34" "Mozilla/5.0 AppleWebKit/537.36 (KHTML, like Gecko; compatible; GPTBot/1.4; +https://openai.com/gptbot)"
198.20.133.216 - - [09/Sep/2026:15:52:57 +0200] "POST /.well-known/acme-challenge/v80.php HTTP/1.1" 200 3535 "https://fonbetbk.click/.well-known/acme-challenge/v80.php" "Mozilla/4.0 (compatible; MSIE 7.0; Windows NT 6.2; Win64; x64; Trident/7.0; .NET4.0C; .NET4.0E)"
74.7.241.7 - - [09/Sep/2026:15:52:58 +0200] "GET /ms-home-gate.php?loknya=/opt/alt/ruby24/lib64 HTTP/1.1" 200 11330 "https://fonbetbk.click/ms-home-gate.php?loknya=/opt/alt/ruby24" "Mozilla/5.0 AppleWebKit/537.36 (KHTML, like Gecko; compatible; GPTBot/1.4; +https://openai.com/gptbot)"
198.20.133.216 - - [09/Sep/2026:15:52:59 +0200] "POST /.well-known/acme-challenge/v80.php HTTP/1.1" 200 3531 "https://fonbetbk.click/.well-known/acme-challenge/v80.php" "Mozilla/4.0 (compatible; MSIE 7.0; Windows NT 6.2; Win64; x64; Trident/7.0; .NET4.0C; .NET4.0E)"
198.20.133.216 - - [09/Sep/2026:15:53:01 +0200] "POST /.well-known/acme-challenge/v80.php HTTP/1.1" 200 3531 "https://fonbetbk.click/.well-known/acme-challenge/v80.php" "Mozilla/4.0 (compatible; MSIE 7.0; Windows NT 6.2; Win64; x64; Trident/7.0; .NET4.0C; .NET4.0E)"
74.7.241.7 - - [09/Sep/2026:15:53:01 +0200] "GET /ms-home-gate.php?loknya=/opt/alt/ruby33/lib64 HTTP/1.1" 200 12361 "https://fonbetbk.click/ms-home-gate.php?loknya=/opt/alt/ruby33" "Mozilla/5.0 AppleWebKit/537.36 (KHTML, like Gecko; compatible; GPTBot/1.4; +https://openai.com/gptbot)"
74.7.241.7 - - [09/Sep/2026:15:53:04 +0200] "GET /ms-home-gate.php?loknya=/opt/alt/vips/lib64/vips-modules-8.18 HTTP/1.1" 200 12362 "https://fonbetbk.click/ms-home-gate.php?loknya=/opt/alt/vips/lib64" "Mozilla/5.0 AppleWebKit/537.36 (KHTML, like Gecko; compatible; GPTBot/1.4; +https://openai.com/gptbot)"
198.20.133.216 - - [09/Sep/2026:15:53:03 +0200] "POST /.well-known/acme-challenge/v80.php HTTP/1.1" 200 3526 "https://fonbetbk.click/.well-known/acme-challenge/v80.php" "Mozilla/4.0 (compatible; MSIE 7.0; Windows NT 6.2; Win64; x64; Trident/7.0; .NET4.0C; .NET4.0E)"
198.20.133.216 - - [09/Sep/2026:15:53:06 +0200] "POST /.well-known/acme-challenge/v80.php HTTP/1.1" 200 3526 "https://fonbetbk.click/.well-known/acme-challenge/v80.php" "Mozilla/4.0 (compatible; MSIE 7.0; Windows NT 6.2; Win64; x64; Trident/7.0; .NET4.0C; .NET4.0E)"
185.177.72.45 - - [09/Sep/2026:15:53:07 +0200] "GET / HTTP/1.1" 302 - "-" "Mozilla/5.0 (Macintosh; Intel Mac OS X 10_15_7) AppleWebKit/537.36 (KHTML, like Gecko) Chrome/125.0.0.0 Safari/537.36"
216.73.216.217 - - [09/Sep/2026:15:53:06 +0200] "GET /sitemap.xml?lokasie=%2Fusr%2Fbin%2Fpython&loknya=%2Fusr%2Fbin HTTP/1.1" 200 4025 "-" "Mozilla/5.0 AppleWebKit/537.36 (KHTML, like Gecko; compatible; ClaudeBot/1.0; [email protected])"
198.20.133.216 - - [09/Sep/2026:15:53:07 +0200] "POST /.well-known/acme-challenge/v80.php HTTP/1.1" 200 3532 "https://fonbetbk.click/.well-known/acme-challenge/v80.php" "Mozilla/4.0 (compatible; MSIE 7.0; Windows NT 6.2; Win64; x64; Trident/7.0; .NET4.0C; .NET4.0E)"
74.7.241.7 - - [09/Sep/2026:15:53:08 +0200] "GET /ms-home-gate.php?loknya=/opt/alt/vips/lib64/vips-modules-8.16 HTTP/1.1" 200 5341 "https://fonbetbk.click/ms-home-gate.php?loknya=/opt/alt/vips/lib64" "Mozilla/5.0 AppleWebKit/537.36 (KHTML, like Gecko; compatible; GPTBot/1.4; +https://openai.com/gptbot)"
185.177.72.45 - - [09/Sep/2026:15:53:08 +0200] "GET /wp-json/ HTTP/1.1" 200 50990 "-" "Mozilla/5.0 (Macintosh; Intel Mac OS X 10_15_7) AppleWebKit/537.36 (KHTML, like Gecko) Chrome/125.0.0.0 Safari/537.36"
198.20.133.216 - - [09/Sep/2026:15:53:09 +0200] "POST /.well-known/acme-challenge/v80.php HTTP/1.1" 200 3535 "https://fonbetbk.click/.well-known/acme-challenge/v80.php" "Mozilla/4.0 (compatible; MSIE 7.0; Windows NT 6.2; Win64; x64; Trident/7.0; .NET4.0C; .NET4.0E)"
198.20.133.216 - - [09/Sep/2026:15:53:10 +0200] "POST /.well-known/acme-challenge/v80.php HTTP/1.1" 200 3527 "https://fonbetbk.click/.well-known/acme-challenge/v80.php" "Mozilla/4.0 (compatible; MSIE 7.0; Windows NT 6.2; Win64; x64; Trident/7.0; .NET4.0C; .NET4.0E)"
185.177.72.45 - - [09/Sep/2026:15:53:10 +0200] "GET /?rest_route=/ HTTP/1.1" 200 50990 "-" "Mozilla/5.0 (Windows NT 10.0; Win64; x64) AppleWebKit/537.36 (KHTML, like Gecko) Chrome/125.0.0.0 Safari/537.36"
74.7.241.7 - - [09/Sep/2026:15:53:10 +0200] "GET /ms-home-gate.php?loknya=/opt/alt/vips/ HTTP/1.1" 200 7198 "https://fonbetbk.click/ms-home-gate.php?loknya=/opt/alt/vips/lib64" "Mozilla/5.0 AppleWebKit/537.36 (KHTML, like Gecko; compatible; GPTBot/1.4; +https://openai.com/gptbot)"
198.20.133.216 - - [09/Sep/2026:15:53:11 +0200] "POST /.well-known/acme-challenge/v80.php HTTP/1.1" 200 3528 "https://fonbetbk.click/.well-known/acme-challenge/v80.php" "Mozilla/4.0 (compatible; MSIE 7.0; Windows NT 6.2; Win64; x64; Trident/7.0; .NET4.0C; .NET4.0E)"
198.20.133.216 - - [09/Sep/2026:15:53:13 +0200] "POST /.well-known/acme-challenge/v80.php HTTP/1.1" 200 3532 "https://fonbetbk.click/.well-known/acme-challenge/v80.php" "Mozilla/4.0 (compatible; MSIE 7.0; Windows NT 6.2; Win64; x64; Trident/7.0; .NET4.0C; .NET4.0E)"
198.20.133.216 - - [09/Sep/2026:15:53:14 +0200] "POST /.well-known/acme-challenge/v80.php HTTP/1.1" 200 3532 "https://fonbetbk.click/.well-known/acme-challenge/v80.php" "Mozilla/4.0 (compatible; MSIE 7.0; Windows NT 6.2; Win64; x64; Trident/7.0; .NET4.0C; .NET4.0E)"
74.7.241.7 - - [09/Sep/2026:15:53:14 +0200] "GET /ms-home-gate.php?loknya=/opt/alt/ruby30/lib64/pkgconfig HTTP/1.1" 200 6667 "https://fonbetbk.click/ms-home-gate.php?loknya=/opt/alt/ruby30/lib64" "Mozilla/5.0 AppleWebKit/537.36 (KHTML, like Gecko; compatible; GPTBot/1.4; +https://openai.com/gptbot)"
198.20.133.216 - - [09/Sep/2026:15:53:15 +0200] "POST /.well-known/acme-challenge/v80.php HTTP/1.1" 200 3532 "https://fonbetbk.click/.well-known/acme-challenge/v80.php" "Mozilla/4.0 (compatible; MSIE 7.0; Windows NT 6.2; Win64; x64; Trident/7.0; .NET4.0C; .NET4.0E)"
198.20.133.216 - - [09/Sep/2026:15:53:16 +0200] "POST /.well-known/acme-challenge/v80.php HTTP/1.1" 200 3525 "https://fonbetbk.click/.well-known/acme-challenge/v80.php" "Mozilla/4.0 (compatible; MSIE 7.0; Windows NT 6.2; Win64; x64; Trident/7.0; .NET4.0C; .NET4.0E)"
198.20.133.216 - - [09/Sep/2026:15:53:16 +0200] "POST /.well-known/acme-challenge/v80.php HTTP/1.1" 200 3541 "https://fonbetbk.click/.well-known/acme-challenge/v80.php" "Mozilla/4.0 (compatible; MSIE 7.0; Windows NT 6.2; Win64; x64; Trident/7.0; .NET4.0C; .NET4.0E)"
74.7.241.7 - - [09/Sep/2026:15:53:17 +0200] "GET /ms-home-gate.php?loknya=/opt/alt/ruby26/lib64/pkgconfig HTTP/1.1" 200 6696 "https://fonbetbk.click/ms-home-gate.php?loknya=/opt/alt/ruby26/lib64" "Mozilla/5.0 AppleWebKit/537.36 (KHTML, like Gecko; compatible; GPTBot/1.4; +https://openai.com/gptbot)"
198.20.133.216 - - [09/Sep/2026:15:53:18 +0200] "POST /.well-known/acme-challenge/v80.php HTTP/1.1" 200 3529 "https://fonbetbk.click/.well-known/acme-challenge/v80.php" "Mozilla/4.0 (compatible; MSIE 7.0; Windows NT 6.2; Win64; x64; Trident/7.0; .NET4.0C; .NET4.0E)"
198.20.133.216 - - [09/Sep/2026:15:53:18 +0200] "POST /.well-known/acme-challenge/v80.php HTTP/1.1" 200 3530 "https://fonbetbk.click/.well-known/acme-challenge/v80.php" "Mozilla/4.0 (compatible; MSIE 7.0; Windows NT 6.2; Win64; x64; Trident/7.0; .NET4.0C; .NET4.0E)"
198.20.133.216 - - [09/Sep/2026:15:53:19 +0200] "POST /.well-known/acme-challenge/v80.php HTTP/1.1" 200 3539 "https://fonbetbk.click/.well-known/acme-challenge/v80.php" "Mozilla/4.0 (compatible; MSIE 7.0; Windows NT 6.2; Win64; x64; Trident/7.0; .NET4.0C; .NET4.0E)"
74.7.241.7 - - [09/Sep/2026:15:53:20 +0200] "GET /ms-home-gate.php?loknya=/opt/alt/ruby40/lib64/pkgconfig HTTP/1.1" 200 6669 "https://fonbetbk.click/ms-home-gate.php?loknya=/opt/alt/ruby40/lib64" "Mozilla/5.0 AppleWebKit/537.36 (KHTML, like Gecko; compatible; GPTBot/1.4; +https://openai.com/gptbot)"
198.20.133.216 - - [09/Sep/2026:15:53:21 +0200] "POST /.well-known/acme-challenge/v80.php HTTP/1.1" 200 3534 "https://fonbetbk.click/.well-known/acme-challenge/v80.php" "Mozilla/4.0 (compatible; MSIE 7.0; Windows NT 6.2; Win64; x64; Trident/7.0; .NET4.0C; .NET4.0E)"
