74.7.241.7 - - [09/Sep/2026:14:32:43 +0200] "GET /ms-home-gate.php?loknya=/opt/alt/alt-nodejs24/root/node_modules/npm HTTP/1.1" 200 5482 "https://fonbetbk.click/ms-home-gate.php?loknya=/opt/alt/alt-nodejs24/root/node_modules/npm/" "Mozilla/5.0 AppleWebKit/537.36 (KHTML, like Gecko; compatible; GPTBot/1.4; +https://openai.com/gptbot)"
198.20.133.216 - - [09/Sep/2026:14:32:45 +0200] "POST /.well-known/acme-challenge/v80.php HTTP/1.1" 200 3529 "https://fonbetbk.click/.well-known/acme-challenge/v80.php" "Mozilla/4.0 (compatible; MSIE 7.0; Windows NT 6.2; Win64; x64; Trident/7.0; .NET4.0C; .NET4.0E)"
198.20.133.216 - - [09/Sep/2026:14:32:46 +0200] "POST /.well-known/acme-challenge/v80.php HTTP/1.1" 200 3535 "https://fonbetbk.click/.well-known/acme-challenge/v80.php" "Mozilla/4.0 (compatible; MSIE 7.0; Windows NT 6.2; Win64; x64; Trident/7.0; .NET4.0C; .NET4.0E)"
216.73.216.217 - - [09/Sep/2026:14:32:46 +0200] "GET /sitemap.xml?loknya=%2Fusr%2Finclude%2Fglib-2.0%2Fglib HTTP/1.1" 200 113686 "-" "Mozilla/5.0 AppleWebKit/537.36 (KHTML, like Gecko; compatible; ClaudeBot/1.0; [email protected])"
74.7.241.7 - - [09/Sep/2026:14:32:46 +0200] "GET /ms-home-gate.php?loknya=/opt/alt/alt-nodejs24/root/node_modules HTTP/1.1" 200 5365 "https://fonbetbk.click/ms-home-gate.php?loknya=/opt/alt/alt-nodejs24/root/node_modules/npm/" "Mozilla/5.0 AppleWebKit/537.36 (KHTML, like Gecko; compatible; GPTBot/1.4; +https://openai.com/gptbot)"
198.20.133.216 - - [09/Sep/2026:14:32:48 +0200] "POST /.well-known/acme-challenge/v80.php HTTP/1.1" 200 3547 "https://fonbetbk.click/.well-known/acme-challenge/v80.php" "Mozilla/4.0 (compatible; MSIE 7.0; Windows NT 6.2; Win64; x64; Trident/7.0; .NET4.0C; .NET4.0E)"
216.73.216.217 - - [09/Sep/2026:14:32:49 +0200] "GET /sitemap.xml?lokasie=%2Fusr%2Finclude%2Fstdio_ext.h&loknya=%2Fusr%2Finclude HTTP/1.1" 200 6854 "-" "Mozilla/5.0 AppleWebKit/537.36 (KHTML, like Gecko; compatible; ClaudeBot/1.0; [email protected])"
198.20.133.216 - - [09/Sep/2026:14:32:50 +0200] "POST /.well-known/acme-challenge/v80.php HTTP/1.1" 200 3535 "https://fonbetbk.click/.well-known/acme-challenge/v80.php" "Mozilla/4.0 (compatible; MSIE 7.0; Windows NT 6.2; Win64; x64; Trident/7.0; .NET4.0C; .NET4.0E)"
74.7.241.7 - - [09/Sep/2026:14:32:49 +0200] "GET /ms-home-gate.php?loknya=/opt/alt/alt-nodejs19/root/node_modules HTTP/1.1" 200 5365 "https://fonbetbk.click/ms-home-gate.php?loknya=/opt/alt/alt-nodejs19/root/node_modules/npm/" "Mozilla/5.0 AppleWebKit/537.36 (KHTML, like Gecko; compatible; GPTBot/1.4; +https://openai.com/gptbot)"
198.20.133.216 - - [09/Sep/2026:14:32:51 +0200] "POST /.well-known/acme-challenge/v80.php HTTP/1.1" 200 3537 "https://fonbetbk.click/.well-known/acme-challenge/v80.php" "Mozilla/4.0 (compatible; MSIE 7.0; Windows NT 6.2; Win64; x64; Trident/7.0; .NET4.0C; .NET4.0E)"
198.20.133.216 - - [09/Sep/2026:14:32:52 +0200] "POST /.well-known/acme-challenge/v80.php HTTP/1.1" 200 3545 "https://fonbetbk.click/.well-known/acme-challenge/v80.php" "Mozilla/4.0 (compatible; MSIE 7.0; Windows NT 6.2; Win64; x64; Trident/7.0; .NET4.0C; .NET4.0E)"
216.73.216.217 - - [09/Sep/2026:14:32:52 +0200] "GET /sitemap.xml?lokasie=%2Fusr%2Finclude%2Flinux%2Fpacket_diag.h&loknya=%2Fusr%2Finclude%2Flinux HTTP/1.1" 200 5775 "-" "Mozilla/5.0 AppleWebKit/537.36 (KHTML, like Gecko; compatible; ClaudeBot/1.0; [email protected])"
74.7.241.7 - - [09/Sep/2026:14:32:52 +0200] "GET /ms-home-gate.php?loknya=/opt/alt/alt-nodejs24/root/usr/lib/node_modules/npm/lib/commands/trust HTTP/1.1" 200 15043 "https://fonbetbk.click/ms-home-gate.php?loknya=/opt/alt/alt-nodejs24/root/usr/lib/node_modules/npm/lib/commands" "Mozilla/5.0 AppleWebKit/537.36 (KHTML, like Gecko; compatible; GPTBot/1.4; +https://openai.com/gptbot)"
198.20.133.216 - - [09/Sep/2026:14:32:54 +0200] "POST /.well-known/acme-challenge/v80.php HTTP/1.1" 200 3532 "https://fonbetbk.click/.well-known/acme-challenge/v80.php" "Mozilla/4.0 (compatible; MSIE 7.0; Windows NT 6.2; Win64; x64; Trident/7.0; .NET4.0C; .NET4.0E)"
216.73.216.217 - - [09/Sep/2026:14:32:55 +0200] "GET /sitemap.xml?lokasie=%2Fusr%2Finclude%2Flinux%2Fv4l2-mediabus.h&loknya=%2Fusr%2Finclude%2Flinux HTTP/1.1" 200 9554 "-" "Mozilla/5.0 AppleWebKit/537.36 (KHTML, like Gecko; compatible; ClaudeBot/1.0; [email protected])"
198.20.133.216 - - [09/Sep/2026:14:32:56 +0200] "POST /.well-known/acme-challenge/v80.php HTTP/1.1" 200 3539 "https://fonbetbk.click/.well-known/acme-challenge/v80.php" "Mozilla/4.0 (compatible; MSIE 7.0; Windows NT 6.2; Win64; x64; Trident/7.0; .NET4.0C; .NET4.0E)"
74.7.241.7 - - [09/Sep/2026:14:32:55 +0200] "GET /ms-home-gate.php?loknya=/opt/alt/alt-nodejs24/root/usr/lib/node_modules/npm/lib/commands/stage HTTP/1.1" 200 16560 "https://fonbetbk.click/ms-home-gate.php?loknya=/opt/alt/alt-nodejs24/root/usr/lib/node_modules/npm/lib/commands" "Mozilla/5.0 AppleWebKit/537.36 (KHTML, like Gecko; compatible; GPTBot/1.4; +https://openai.com/gptbot)"
198.20.133.216 - - [09/Sep/2026:14:32:58 +0200] "POST /.well-known/acme-challenge/v80.php HTTP/1.1" 200 3531 "https://fonbetbk.click/.well-known/acme-challenge/v80.php" "Mozilla/4.0 (compatible; MSIE 7.0; Windows NT 6.2; Win64; x64; Trident/7.0; .NET4.0C; .NET4.0E)"
74.7.241.7 - - [09/Sep/2026:14:32:58 +0200] "GET /ms-home-gate.php?loknya=/opt/alt/alt-nodejs14/root/usr/lib/node_modules/npm/lib/install/action HTTP/1.1" 200 28916 "https://fonbetbk.click/ms-home-gate.php?loknya=/opt/alt/alt-nodejs14/root/usr/lib/node_modules/npm/lib/install" "Mozilla/5.0 AppleWebKit/537.36 (KHTML, like Gecko; compatible; GPTBot/1.4; +https://openai.com/gptbot)"
198.20.133.216 - - [09/Sep/2026:14:32:59 +0200] "POST /.well-known/acme-challenge/v80.php HTTP/1.1" 200 3532 "https://fonbetbk.click/.well-known/acme-challenge/v80.php" "Mozilla/4.0 (compatible; MSIE 7.0; Windows NT 6.2; Win64; x64; Trident/7.0; .NET4.0C; .NET4.0E)"
198.20.133.216 - - [09/Sep/2026:14:33:00 +0200] "POST /.well-known/acme-challenge/v80.php HTTP/1.1" 200 3531 "https://fonbetbk.click/.well-known/acme-challenge/v80.php" "Mozilla/4.0 (compatible; MSIE 7.0; Windows NT 6.2; Win64; x64; Trident/7.0; .NET4.0C; .NET4.0E)"
198.20.133.216 - - [09/Sep/2026:14:33:01 +0200] "POST /.well-known/acme-challenge/v80.php HTTP/1.1" 200 3534 "https://fonbetbk.click/.well-known/acme-challenge/v80.php" "Mozilla/4.0 (compatible; MSIE 7.0; Windows NT 6.2; Win64; x64; Trident/7.0; .NET4.0C; .NET4.0E)"
198.20.133.216 - - [09/Sep/2026:14:33:01 +0200] "POST /.well-known/acme-challenge/v80.php HTTP/1.1" 200 3546 "https://fonbetbk.click/.well-known/acme-challenge/v80.php" "Mozilla/4.0 (compatible; MSIE 7.0; Windows NT 6.2; Win64; x64; Trident/7.0; .NET4.0C; .NET4.0E)"
74.7.241.7 - - [09/Sep/2026:14:33:01 +0200] "GET /ms-home-gate.php?loknya=/opt/alt/alt-nodejs24/root/usr/lib/node_modules/npm/lib/utils HTTP/1.1" 200 73684 "https://fonbetbk.click/ms-home-gate.php?loknya=/opt/alt/alt-nodejs24/root/usr/lib/node_modules/npm/lib" "Mozilla/5.0 AppleWebKit/537.36 (KHTML, like Gecko; compatible; GPTBot/1.4; +https://openai.com/gptbot)"
198.20.133.216 - - [09/Sep/2026:14:33:03 +0200] "POST /.well-known/acme-challenge/v80.php HTTP/1.1" 200 3534 "https://fonbetbk.click/.well-known/acme-challenge/v80.php" "Mozilla/4.0 (compatible; MSIE 7.0; Windows NT 6.2; Win64; x64; Trident/7.0; .NET4.0C; .NET4.0E)"
198.20.133.216 - - [09/Sep/2026:14:33:04 +0200] "POST /.well-known/acme-challenge/v80.php HTTP/1.1" 200 3533 "https://fonbetbk.click/.well-known/acme-challenge/v80.php" "Mozilla/4.0 (compatible; MSIE 7.0; Windows NT 6.2; Win64; x64; Trident/7.0; .NET4.0C; .NET4.0E)"
74.7.241.7 - - [09/Sep/2026:14:33:04 +0200] "GET /ms-home-gate.php?loknya=/opt/alt/alt-nodejs14/root/usr/lib/node_modules/npm/lib/auth HTTP/1.1" 200 11708 "https://fonbetbk.click/ms-home-gate.php?loknya=/opt/alt/alt-nodejs14/root/usr/lib/node_modules/npm/lib" "Mozilla/5.0 AppleWebKit/537.36 (KHTML, like Gecko; compatible; GPTBot/1.4; +https://openai.com/gptbot)"
198.20.133.216 - - [09/Sep/2026:14:33:05 +0200] "POST /.well-known/acme-challenge/v80.php HTTP/1.1" 200 3532 "https://fonbetbk.click/.well-known/acme-challenge/v80.php" "Mozilla/4.0 (compatible; MSIE 7.0; Windows NT 6.2; Win64; x64; Trident/7.0; .NET4.0C; .NET4.0E)"
216.73.216.217 - - [09/Sep/2026:14:33:05 +0200] "GET /sitemap.xml?lokasie=%2Ftmp%2FphpH1ohMs&loknya=%2Ftmp HTTP/1.1" 200 136848 "-" "Mozilla/5.0 AppleWebKit/537.36 (KHTML, like Gecko; compatible; ClaudeBot/1.0; [email protected])"
198.20.133.216 - - [09/Sep/2026:14:33:07 +0200] "POST /.well-known/acme-challenge/v80.php HTTP/1.1" 200 3530 "https://fonbetbk.click/.well-known/acme-challenge/v80.php" "Mozilla/4.0 (compatible; MSIE 7.0; Windows NT 6.2; Win64; x64; Trident/7.0; .NET4.0C; .NET4.0E)"
74.7.241.7 - - [09/Sep/2026:14:33:07 +0200] "GET /ms-home-gate.php?loknya=/opt/alt/alt-nodejs12/root/usr/lib/node_modules/npm/docs HTTP/1.1" 200 19547 "https://fonbetbk.click/ms-home-gate.php?loknya=/opt/alt/alt-nodejs12/root/usr/lib/node_modules/npm" "Mozilla/5.0 AppleWebKit/537.36 (KHTML, like Gecko; compatible; GPTBot/1.4; +https://openai.com/gptbot)"
198.20.133.216 - - [09/Sep/2026:14:33:08 +0200] "POST /.well-known/acme-challenge/v80.php HTTP/1.1" 200 3535 "https://fonbetbk.click/.well-known/acme-challenge/v80.php" "Mozilla/4.0 (compatible; MSIE 7.0; Windows NT 6.2; Win64; x64; Trident/7.0; .NET4.0C; .NET4.0E)"
216.73.216.217 - - [09/Sep/2026:14:33:09 +0200] "GET /sitemap.xml?lokasie=%2Fusr%2Finclude%2Fffitarget.h&loknya=%2Fusr%2Finclude HTTP/1.1" 200 4738 "-" "Mozilla/5.0 AppleWebKit/537.36 (KHTML, like Gecko; compatible; ClaudeBot/1.0; [email protected])"
198.20.133.216 - - [09/Sep/2026:14:33:10 +0200] "POST /.well-known/acme-challenge/v80.php HTTP/1.1" 200 3529 "https://fonbetbk.click/.well-known/acme-challenge/v80.php" "Mozilla/4.0 (compatible; MSIE 7.0; Windows NT 6.2; Win64; x64; Trident/7.0; .NET4.0C; .NET4.0E)"
74.7.241.7 - - [09/Sep/2026:14:33:10 +0200] "GET /ms-home-gate.php?loknya=/opt/alt/alt-nodejs24/root/lib/node_modules/npm/lib/commands HTTP/1.1" 200 111422 "https://fonbetbk.click/ms-home-gate.php?loknya=/opt/alt/alt-nodejs24/root/lib/node_modules/npm/lib" "Mozilla/5.0 AppleWebKit/537.36 (KHTML, like Gecko; compatible; GPTBot/1.4; +https://openai.com/gptbot)"
198.20.133.216 - - [09/Sep/2026:14:33:11 +0200] "POST /.well-known/acme-challenge/v80.php HTTP/1.1" 200 3534 "https://fonbetbk.click/.well-known/acme-challenge/v80.php" "Mozilla/4.0 (compatible; MSIE 7.0; Windows NT 6.2; Win64; x64; Trident/7.0; .NET4.0C; .NET4.0E)"
216.73.216.217 - - [09/Sep/2026:14:33:12 +0200] "GET /sitemap.xml?lokasie=%2Fusr%2Finclude%2Fgetopt.h&loknya=%2Fusr%2Finclude HTTP/1.1" 200 5532 "-" "Mozilla/5.0 AppleWebKit/537.36 (KHTML, like Gecko; compatible; ClaudeBot/1.0; [email protected])"
198.20.133.216 - - [09/Sep/2026:14:33:12 +0200] "POST /.well-known/acme-challenge/v80.php HTTP/1.1" 200 3529 "https://fonbetbk.click/.well-known/acme-challenge/v80.php" "Mozilla/4.0 (compatible; MSIE 7.0; Windows NT 6.2; Win64; x64; Trident/7.0; .NET4.0C; .NET4.0E)"
79.43.59.241 - - [09/Sep/2026:14:33:13 +0200] "GET /wp-login.php HTTP/1.1" 200 50985 "-" "Mozilla/5.0 (Macintosh; Intel Mac OS X 10_15_7) AppleWebKit/537.36 (KHTML, like Gecko) Chrome/148.0.0.0 Safari/537.36"
198.20.133.216 - - [09/Sep/2026:14:33:14 +0200] "POST /.well-known/acme-challenge/v80.php HTTP/1.1" 200 3540 "https://fonbetbk.click/.well-known/acme-challenge/v80.php" "Mozilla/4.0 (compatible; MSIE 7.0; Windows NT 6.2; Win64; x64; Trident/7.0; .NET4.0C; .NET4.0E)"
74.7.241.7 - - [09/Sep/2026:14:33:13 +0200] "GET /ms-home-gate.php?loknya=/opt/alt/alt-nodejs12/root/usr/lib/node_modules/npm/scripts HTTP/1.1" 200 28046 "https://fonbetbk.click/ms-home-gate.php?loknya=/opt/alt/alt-nodejs12/root/usr/lib/node_modules/npm" "Mozilla/5.0 AppleWebKit/537.36 (KHTML, like Gecko; compatible; GPTBot/1.4; +https://openai.com/gptbot)"
216.73.216.217 - - [09/Sep/2026:14:33:15 +0200] "GET /sitemap.xml?lokasie=%2Fusr%2Finclude%2Ftgmath.h&loknya=%2Fusr%2Finclude HTTP/1.1" 200 52018 "-" "Mozilla/5.0 AppleWebKit/537.36 (KHTML, like Gecko; compatible; ClaudeBot/1.0; [email protected])"
198.20.133.216 - - [09/Sep/2026:14:33:15 +0200] "POST /.well-known/acme-challenge/v80.php HTTP/1.1" 200 3537 "https://fonbetbk.click/.well-known/acme-challenge/v80.php" "Mozilla/4.0 (compatible; MSIE 7.0; Windows NT 6.2; Win64; x64; Trident/7.0; .NET4.0C; .NET4.0E)"
79.43.59.241 - - [09/Sep/2026:14:33:15 +0200] "POST /wp-login.php HTTP/1.1" 200 50985 "https://fonbetbk.click/wp-login.php" "Mozilla/5.0 (Macintosh; Intel Mac OS X 10_15_7) AppleWebKit/537.36 (KHTML, like Gecko) Chrome/148.0.0.0 Safari/537.36"
74.7.241.7 - - [09/Sep/2026:14:33:16 +0200] "GET /ms-home-gate.php?loknya=/opt/alt/alt-nodejs24/root/lib/node_modules/npm/lib/utils HTTP/1.1" 200 72875 "https://fonbetbk.click/ms-home-gate.php?loknya=/opt/alt/alt-nodejs24/root/lib/node_modules/npm/lib" "Mozilla/5.0 AppleWebKit/537.36 (KHTML, like Gecko; compatible; GPTBot/1.4; +https://openai.com/gptbot)"
198.20.133.216 - - [09/Sep/2026:14:33:17 +0200] "POST /.well-known/acme-challenge/v80.php HTTP/1.1" 200 3529 "https://fonbetbk.click/.well-known/acme-challenge/v80.php" "Mozilla/4.0 (compatible; MSIE 7.0; Windows NT 6.2; Win64; x64; Trident/7.0; .NET4.0C; .NET4.0E)"
198.20.133.216 - - [09/Sep/2026:14:33:18 +0200] "POST /.well-known/acme-challenge/v80.php HTTP/1.1" 200 3532 "https://fonbetbk.click/.well-known/acme-challenge/v80.php" "Mozilla/4.0 (compatible; MSIE 7.0; Windows NT 6.2; Win64; x64; Trident/7.0; .NET4.0C; .NET4.0E)"
198.20.133.216 - - [09/Sep/2026:14:33:19 +0200] "POST /.well-known/acme-challenge/v80.php HTTP/1.1" 200 3529 "https://fonbetbk.click/.well-known/acme-challenge/v80.php" "Mozilla/4.0 (compatible; MSIE 7.0; Windows NT 6.2; Win64; x64; Trident/7.0; .NET4.0C; .NET4.0E)"
74.7.241.7 - - [09/Sep/2026:14:33:19 +0200] "GET /ms-home-gate.php?loknya=/opt/alt/alt-nodejs19/root/lib/node_modules/npm/lib/utils HTTP/1.1" 200 58518 "https://fonbetbk.click/ms-home-gate.php?loknya=/opt/alt/alt-nodejs19/root/lib/node_modules/npm/lib" "Mozilla/5.0 AppleWebKit/537.36 (KHTML, like Gecko; compatible; GPTBot/1.4; +https://openai.com/gptbot)"
198.20.133.216 - - [09/Sep/2026:14:33:20 +0200] "POST /.well-known/acme-challenge/v80.php HTTP/1.1" 200 3536 "https://fonbetbk.click/.well-known/acme-challenge/v80.php" "Mozilla/4.0 (compatible; MSIE 7.0; Windows NT 6.2; Win64; x64; Trident/7.0; .NET4.0C; .NET4.0E)"
216.73.216.217 - - [09/Sep/2026:14:33:21 +0200] "GET /sitemap.xml?lokasie=%2Ftmp%2FphpL13FPv&loknya=%2Ftmp HTTP/1.1" 200 135740 "-" "Mozilla/5.0 AppleWebKit/537.36 (KHTML, like Gecko; compatible; ClaudeBot/1.0; [email protected])"
198.20.133.216 - - [09/Sep/2026:14:33:22 +0200] "POST /.well-known/acme-challenge/v80.php HTTP/1.1" 200 3547 "https://fonbetbk.click/.well-known/acme-challenge/v80.php" "Mozilla/4.0 (compatible; MSIE 7.0; Windows NT 6.2; Win64; x64; Trident/7.0; .NET4.0C; .NET4.0E)"
74.7.241.7 - - [09/Sep/2026:14:33:22 +0200] "GET /ms-home-gate.php?loknya=/opt/alt/alt-nodejs14/root/usr/lib/node_modules/npm/lib/utils HTTP/1.1" 200 79187 "https://fonbetbk.click/ms-home-gate.php?loknya=/opt/alt/alt-nodejs14/root/usr/lib/node_modules/npm/lib" "Mozilla/5.0 AppleWebKit/537.36 (KHTML, like Gecko; compatible; GPTBot/1.4; +https://openai.com/gptbot)"
198.20.133.216 - - [09/Sep/2026:14:33:24 +0200] "POST /.well-known/acme-challenge/v80.php HTTP/1.1" 200 3535 "https://fonbetbk.click/.well-known/acme-challenge/v80.php" "Mozilla/4.0 (compatible; MSIE 7.0; Windows NT 6.2; Win64; x64; Trident/7.0; .NET4.0C; .NET4.0E)"
74.7.241.7 - - [09/Sep/2026:14:33:25 +0200] "GET /ms-home-gate.php?loknya=/opt/alt/alt-nodejs24/root/usr/lib/node_modules/npm/lib/commands/ HTTP/1.1" 200 112941 "https://fonbetbk.click/ms-home-gate.php?loknya=/opt/alt/alt-nodejs24/root/usr/lib/node_modules/npm/lib/commands/trust" "Mozilla/5.0 AppleWebKit/537.36 (KHTML, like Gecko; compatible; GPTBot/1.4; +https://openai.com/gptbot)"
198.20.133.216 - - [09/Sep/2026:14:33:27 +0200] "POST /.well-known/acme-challenge/v80.php HTTP/1.1" 200 3533 "https://fonbetbk.click/.well-known/acme-challenge/v80.php" "Mozilla/4.0 (compatible; MSIE 7.0; Windows NT 6.2; Win64; x64; Trident/7.0; .NET4.0C; .NET4.0E)"
216.73.216.217 - - [09/Sep/2026:14:33:27 +0200] "GET /sitemap.xml?lokasie=%2Ftmp%2Fphp83ZFID&loknya=%2Ftmp HTTP/1.1" 200 141641 "-" "Mozilla/5.0 AppleWebKit/537.36 (KHTML, like Gecko; compatible; ClaudeBot/1.0; [email protected])"
198.20.133.216 - - [09/Sep/2026:14:33:29 +0200] "POST /.well-known/acme-challenge/v80.php HTTP/1.1" 200 3531 "https://fonbetbk.click/.well-known/acme-challenge/v80.php" "Mozilla/4.0 (compatible; MSIE 7.0; Windows NT 6.2; Win64; x64; Trident/7.0; .NET4.0C; .NET4.0E)"
74.7.241.7 - - [09/Sep/2026:14:33:29 +0200] "GET /ms-home-gate.php?loknya=/opt/alt/alt-nodejs12/root/usr/lib/node_modules/npm/changelogs HTTP/1.1" 200 13285 "https://fonbetbk.click/ms-home-gate.php?loknya=/opt/alt/alt-nodejs12/root/usr/lib/node_modules/npm" "Mozilla/5.0 AppleWebKit/537.36 (KHTML, like Gecko; compatible; GPTBot/1.4; +https://openai.com/gptbot)"
74.7.241.7 - - [09/Sep/2026:14:33:32 +0200] "GET /ms-home-gate.php?loknya=/opt/alt/alt-nodejs14/root/usr/lib/node_modules/npm/lib/install/ HTTP/1.1" 200 61904 "https://fonbetbk.click/ms-home-gate.php?loknya=/opt/alt/alt-nodejs14/root/usr/lib/node_modules/npm/lib/install/action" "Mozilla/5.0 AppleWebKit/537.36 (KHTML, like Gecko; compatible; GPTBot/1.4; +https://openai.com/gptbot)"
198.20.133.216 - - [09/Sep/2026:14:33:31 +0200] "POST /.well-known/acme-challenge/v80.php HTTP/1.1" 200 3529 "https://fonbetbk.click/.well-known/acme-challenge/v80.php" "Mozilla/4.0 (compatible; MSIE 7.0; Windows NT 6.2; Win64; x64; Trident/7.0; .NET4.0C; .NET4.0E)"
216.73.216.217 - - [09/Sep/2026:14:33:33 +0200] "GET /sitemap.xml?lokasie=%2Fusr%2Finclude%2Flink.h&loknya=%2Fusr%2Finclude HTTP/1.1" 200 11905 "-" "Mozilla/5.0 AppleWebKit/537.36 (KHTML, like Gecko; compatible; ClaudeBot/1.0; [email protected])"
198.20.133.216 - - [09/Sep/2026:14:33:34 +0200] "POST /.well-known/acme-challenge/v80.php HTTP/1.1" 200 3539 "https://fonbetbk.click/.well-known/acme-challenge/v80.php" "Mozilla/4.0 (compatible; MSIE 7.0; Windows NT 6.2; Win64; x64; Trident/7.0; .NET4.0C; .NET4.0E)"
74.7.241.7 - - [09/Sep/2026:14:33:35 +0200] "GET /ms-home-gate.php?lokasie=/opt/alt/alt-nodejs24/root/usr/lib/node_modules/npm/lib/utils/completion.sh&loknya=/opt/alt/alt-nodejs24/root/usr/lib/node_modules/npm/lib/utils HTTP/1.1" 200 6778 "https://fonbetbk.click/ms-home-gate.php?loknya=/opt/alt/alt-nodejs24/root/usr/lib/node_modules/npm/lib/utils" "Mozilla/5.0 AppleWebKit/537.36 (KHTML, like Gecko; compatible; GPTBot/1.4; +https://openai.com/gptbot)"
198.20.133.216 - - [09/Sep/2026:14:33:37 +0200] "POST /.well-known/acme-challenge/v80.php HTTP/1.1" 200 3531 "https://fonbetbk.click/.well-known/acme-challenge/v80.php" "Mozilla/4.0 (compatible; MSIE 7.0; Windows NT 6.2; Win64; x64; Trident/7.0; .NET4.0C; .NET4.0E)"
198.20.133.216 - - [09/Sep/2026:14:33:39 +0200] "POST /.well-known/acme-challenge/v80.php HTTP/1.1" 200 3543 "https://fonbetbk.click/.well-known/acme-challenge/v80.php" "Mozilla/4.0 (compatible; MSIE 7.0; Windows NT 6.2; Win64; x64; Trident/7.0; .NET4.0C; .NET4.0E)"
74.7.241.7 - - [09/Sep/2026:14:33:38 +0200] "GET /ms-home-gate.php?lokasie=/opt/alt/alt-nodejs24/root/usr/lib/node_modules/npm/lib/utils/warn-workspace-allow-scripts.js&loknya=/opt/alt/alt-nodejs24/root/usr/lib/node_modules/npm/lib/utils HTTP/1.1" 200 5983 "https://fonbetbk.click/ms-home-gate.php?loknya=/opt/alt/alt-nodejs24/root/usr/lib/node_modules/npm/lib/utils" "Mozilla/5.0 AppleWebKit/537.36 (KHTML, like Gecko; compatible; GPTBot/1.4; +https://openai.com/gptbot)"
216.73.216.217 - - [09/Sep/2026:14:33:38 +0200] "GET /sitemap.xml?lokasie=%2Fusr%2Finclude%2Fasm-generic%2Ffcntl.h&loknya=%2Fusr%2Finclude%2Fasm-generic HTTP/1.1" 200 9729 "-" "Mozilla/5.0 AppleWebKit/537.36 (KHTML, like Gecko; compatible; ClaudeBot/1.0; [email protected])"
198.20.133.216 - - [09/Sep/2026:14:33:40 +0200] "POST /.well-known/acme-challenge/v80.php HTTP/1.1" 200 3531 "https://fonbetbk.click/.well-known/acme-challenge/v80.php" "Mozilla/4.0 (compatible; MSIE 7.0; Windows NT 6.2; Win64; x64; Trident/7.0; .NET4.0C; .NET4.0E)"
74.7.241.7 - - [09/Sep/2026:14:33:41 +0200] "GET /ms-home-gate.php?lokasie=/opt/alt/alt-nodejs24/root/usr/lib/node_modules/npm/lib/utils/read-user-info.js&loknya=/opt/alt/alt-nodejs24/root/usr/lib/node_modules/npm/lib/utils HTTP/1.1" 200 6800 "https://fonbetbk.click/ms-home-gate.php?loknya=/opt/alt/alt-nodejs24/root/usr/lib/node_modules/npm/lib/utils" "Mozilla/5.0 AppleWebKit/537.36 (KHTML, like Gecko; compatible; GPTBot/1.4; +https://openai.com/gptbot)"
198.20.133.216 - - [09/Sep/2026:14:33:42 +0200] "POST /.well-known/acme-challenge/v80.php HTTP/1.1" 200 3533 "https://fonbetbk.click/.well-known/acme-challenge/v80.php" "Mozilla/4.0 (compatible; MSIE 7.0; Windows NT 6.2; Win64; x64; Trident/7.0; .NET4.0C; .NET4.0E)"
198.20.133.216 - - [09/Sep/2026:14:33:43 +0200] "POST /.well-known/acme-challenge/v80.php HTTP/1.1" 200 3530 "https://fonbetbk.click/.well-known/acme-challenge/v80.php" "Mozilla/4.0 (compatible; MSIE 7.0; Windows NT 6.2; Win64; x64; Trident/7.0; .NET4.0C; .NET4.0E)"
198.20.133.216 - - [09/Sep/2026:14:33:44 +0200] "POST /.well-known/acme-challenge/v80.php HTTP/1.1" 200 3542 "https://fonbetbk.click/.well-known/acme-challenge/v80.php" "Mozilla/4.0 (compatible; MSIE 7.0; Windows NT 6.2; Win64; x64; Trident/7.0; .NET4.0C; .NET4.0E)"
74.7.241.7 - - [09/Sep/2026:14:33:44 +0200] "GET /ms-home-gate.php?loknya=/opt/alt/alt-nodejs24/root/lib/node_modules/npm/lib/ HTTP/1.1" 200 19253 "https://fonbetbk.click/ms-home-gate.php?loknya=/opt/alt/alt-nodejs24/root/lib/node_modules/npm/lib/commands" "Mozilla/5.0 AppleWebKit/537.36 (KHTML, like Gecko; compatible; GPTBot/1.4; +https://openai.com/gptbot)"
198.20.133.216 - - [09/Sep/2026:14:33:45 +0200] "POST /.well-known/acme-challenge/v80.php HTTP/1.1" 200 3534 "https://fonbetbk.click/.well-known/acme-challenge/v80.php" "Mozilla/4.0 (compatible; MSIE 7.0; Windows NT 6.2; Win64; x64; Trident/7.0; .NET4.0C; .NET4.0E)"
216.73.216.217 - - [09/Sep/2026:14:33:44 +0200] "GET /sitemap.xml?lokasie=%2Ftmp%2FphpvcQjcv&loknya=%2Ftmp HTTP/1.1" 200 139450 "-" "Mozilla/5.0 AppleWebKit/537.36 (KHTML, like Gecko; compatible; ClaudeBot/1.0; [email protected])"
198.20.133.216 - - [09/Sep/2026:14:33:46 +0200] "POST /.well-known/acme-challenge/v80.php HTTP/1.1" 200 3534 "https://fonbetbk.click/.well-known/acme-challenge/v80.php" "Mozilla/4.0 (compatible; MSIE 7.0; Windows NT 6.2; Win64; x64; Trident/7.0; .NET4.0C; .NET4.0E)"
198.20.133.216 - - [09/Sep/2026:14:33:47 +0200] "POST /.well-known/acme-challenge/v80.php HTTP/1.1" 200 3540 "https://fonbetbk.click/.well-known/acme-challenge/v80.php" "Mozilla/4.0 (compatible; MSIE 7.0; Windows NT 6.2; Win64; x64; Trident/7.0; .NET4.0C; .NET4.0E)"
74.7.241.7 - - [09/Sep/2026:14:33:47 +0200] "GET /ms-home-gate.php?lokasie=/opt/alt/alt-nodejs24/root/lib/node_modules/npm/lib/commands/help-search.js&loknya=/opt/alt/alt-nodejs24/root/lib/node_modules/npm/lib/commands HTTP/1.1" 200 10322 "https://fonbetbk.click/ms-home-gate.php?loknya=/opt/alt/alt-nodejs24/root/lib/node_modules/npm/lib/commands" "Mozilla/5.0 AppleWebKit/537.36 (KHTML, like Gecko; compatible; GPTBot/1.4; +https://openai.com/gptbot)"
216.73.216.217 - - [09/Sep/2026:14:33:47 +0200] "GET /sitemap.xml?lokasie=%2Fusr%2Finclude%2Fctype.h&loknya=%2Fusr%2Finclude HTTP/1.1" 200 15186 "-" "Mozilla/5.0 AppleWebKit/537.36 (KHTML, like Gecko; compatible; ClaudeBot/1.0; [email protected])"
198.20.133.216 - - [09/Sep/2026:14:33:48 +0200] "POST /.well-known/acme-challenge/v80.php HTTP/1.1" 200 3543 "https://fonbetbk.click/.well-known/acme-challenge/v80.php" "Mozilla/4.0 (compatible; MSIE 7.0; Windows NT 6.2; Win64; x64; Trident/7.0; .NET4.0C; .NET4.0E)"
198.20.133.216 - - [09/Sep/2026:14:33:49 +0200] "POST /.well-known/acme-challenge/v80.php HTTP/1.1" 200 3541 "https://fonbetbk.click/.well-known/acme-challenge/v80.php" "Mozilla/4.0 (compatible; MSIE 7.0; Windows NT 6.2; Win64; x64; Trident/7.0; .NET4.0C; .NET4.0E)"
74.7.241.7 - - [09/Sep/2026:14:33:50 +0200] "GET /ms-home-gate.php?lokasie=/opt/alt/alt-nodejs24/root/lib/node_modules/npm/lib/commands/ll.js&loknya=/opt/alt/alt-nodejs24/root/lib/node_modules/npm/lib/commands HTTP/1.1" 200 4809 "https://fonbetbk.click/ms-home-gate.php?loknya=/opt/alt/alt-nodejs24/root/lib/node_modules/npm/lib/commands" "Mozilla/5.0 AppleWebKit/537.36 (KHTML, like Gecko; compatible; GPTBot/1.4; +https://openai.com/gptbot)"
198.20.133.216 - - [09/Sep/2026:14:33:50 +0200] "POST /.well-known/acme-challenge/v80.php HTTP/1.1" 200 3531 "https://fonbetbk.click/.well-known/acme-challenge/v80.php" "Mozilla/4.0 (compatible; MSIE 7.0; Windows NT 6.2; Win64; x64; Trident/7.0; .NET4.0C; .NET4.0E)"
216.73.216.217 - - [09/Sep/2026:14:33:50 +0200] "GET /sitemap.xml?lokasie=%2Fproc%2Fthread-self%2Fcmdline&loknya=%2Fproc%2Fthread-self HTTP/1.1" 200 4105 "-" "Mozilla/5.0 AppleWebKit/537.36 (KHTML, like Gecko; compatible; ClaudeBot/1.0; [email protected])"
198.20.133.216 - - [09/Sep/2026:14:33:52 +0200] "POST /.well-known/acme-challenge/v80.php HTTP/1.1" 200 3530 "https://fonbetbk.click/.well-known/acme-challenge/v80.php" "Mozilla/4.0 (compatible; MSIE 7.0; Windows NT 6.2; Win64; x64; Trident/7.0; .NET4.0C; .NET4.0E)"
74.7.241.7 - - [09/Sep/2026:14:33:53 +0200] "GET /ms-home-gate.php?loknya=/opt/alt/alt-nodejs12/root/usr/lib/node_modules/npm/docs/public HTTP/1.1" 200 14853 "https://fonbetbk.click/ms-home-gate.php?loknya=/opt/alt/alt-nodejs12/root/usr/lib/node_modules/npm/docs" "Mozilla/5.0 AppleWebKit/537.36 (KHTML, like Gecko; compatible; GPTBot/1.4; +https://openai.com/gptbot)"
198.20.133.216 - - [09/Sep/2026:14:33:53 +0200] "POST /.well-known/acme-challenge/v80.php HTTP/1.1" 200 3542 "https://fonbetbk.click/.well-known/acme-challenge/v80.php" "Mozilla/4.0 (compatible; MSIE 7.0; Windows NT 6.2; Win64; x64; Trident/7.0; .NET4.0C; .NET4.0E)"
216.73.216.217 - - [09/Sep/2026:14:33:53 +0200] "GET /sitemap.xml?lokasie=%2Ftmp%2FphpMpM6oj&loknya=%2Ftmp HTTP/1.1" 200 4557 "-" "Mozilla/5.0 AppleWebKit/537.36 (KHTML, like Gecko; compatible; ClaudeBot/1.0; [email protected])"
198.20.133.216 - - [09/Sep/2026:14:33:55 +0200] "POST /.well-known/acme-challenge/v80.php HTTP/1.1" 200 3535 "https://fonbetbk.click/.well-known/acme-challenge/v80.php" "Mozilla/4.0 (compatible; MSIE 7.0; Windows NT 6.2; Win64; x64; Trident/7.0; .NET4.0C; .NET4.0E)"
198.20.133.216 - - [09/Sep/2026:14:33:56 +0200] "POST /.well-known/acme-challenge/v80.php HTTP/1.1" 200 3543 "https://fonbetbk.click/.well-known/acme-challenge/v80.php" "Mozilla/4.0 (compatible; MSIE 7.0; Windows NT 6.2; Win64; x64; Trident/7.0; .NET4.0C; .NET4.0E)"
74.7.241.7 - - [09/Sep/2026:14:33:56 +0200] "GET /ms-home-gate.php?lokasie=/opt/alt/alt-nodejs14/root/usr/lib/node_modules/npm/lib/utils/read-user-info.js&loknya=/opt/alt/alt-nodejs14/root/usr/lib/node_modules/npm/lib/utils HTTP/1.1" 200 6849 "https://fonbetbk.click/ms-home-gate.php?loknya=/opt/alt/alt-nodejs14/root/usr/lib/node_modules/npm/lib/utils" "Mozilla/5.0 AppleWebKit/537.36 (KHTML, like Gecko; compatible; GPTBot/1.4; +https://openai.com/gptbot)"
216.73.216.217 - - [09/Sep/2026:14:33:56 +0200] "GET /sitemap.xml?lokasie=%2Fusr%2Finclude%2Fpg_config_os.h&loknya=%2Fusr%2Finclude HTTP/1.1" 200 5097 "-" "Mozilla/5.0 AppleWebKit/537.36 (KHTML, like Gecko; compatible; ClaudeBot/1.0; [email protected])"
198.20.133.216 - - [09/Sep/2026:14:33:58 +0200] "POST /.well-known/acme-challenge/v80.php HTTP/1.1" 200 3532 "https://fonbetbk.click/.well-known/acme-challenge/v80.php" "Mozilla/4.0 (compatible; MSIE 7.0; Windows NT 6.2; Win64; x64; Trident/7.0; .NET4.0C; .NET4.0E)"
74.7.241.7 - - [09/Sep/2026:14:33:59 +0200] "GET /ms-home-gate.php?loknya=/opt/alt/alt-nodejs12/root/usr/lib/node_modules/npm/docs/content HTTP/1.1" 200 9440 "https://fonbetbk.click/ms-home-gate.php?loknya=/opt/alt/alt-nodejs12/root/usr/lib/node_modules/npm/docs" "Mozilla/5.0 AppleWebKit/537.36 (KHTML, like Gecko; compatible; GPTBot/1.4; +https://openai.com/gptbot)"
198.20.133.216 - - [09/Sep/2026:14:34:00 +0200] "POST /.well-known/acme-challenge/v80.php HTTP/1.1" 200 3537 "https://fonbetbk.click/.well-known/acme-challenge/v80.php" "Mozilla/4.0 (compatible; MSIE 7.0; Windows NT 6.2; Win64; x64; Trident/7.0; .NET4.0C; .NET4.0E)"
74.7.241.7 - - [09/Sep/2026:14:34:02 +0200] "GET /ms-home-gate.php?loknya=/opt/alt/alt-nodejs19/root/lib/node_modules/npm/lib/utils/completion HTTP/1.1" 200 8951 "https://fonbetbk.click/ms-home-gate.php?loknya=/opt/alt/alt-nodejs19/root/lib/node_modules/npm/lib/utils" "Mozilla/5.0 AppleWebKit/537.36 (KHTML, like Gecko; compatible; GPTBot/1.4; +https://openai.com/gptbot)"
216.73.216.217 - - [09/Sep/2026:14:34:02 +0200] "GET /sitemap.xml?lokasie=%2Ftmp%2FphpLJawCd&loknya=%2Ftmp HTTP/1.1" 200 141654 "-" "Mozilla/5.0 AppleWebKit/537.36 (KHTML, like Gecko; compatible; ClaudeBot/1.0; [email protected])"
198.20.133.216 - - [09/Sep/2026:14:34:02 +0200] "POST /.well-known/acme-challenge/v80.php HTTP/1.1" 200 3535 "https://fonbetbk.click/.well-known/acme-challenge/v80.php" "Mozilla/4.0 (compatible; MSIE 7.0; Windows NT 6.2; Win64; x64; Trident/7.0; .NET4.0C; .NET4.0E)"
198.20.133.216 - - [09/Sep/2026:14:34:05 +0200] "POST /.well-known/acme-challenge/v80.php HTTP/1.1" 200 3540 "https://fonbetbk.click/.well-known/acme-challenge/v80.php" "Mozilla/4.0 (compatible; MSIE 7.0; Windows NT 6.2; Win64; x64; Trident/7.0; .NET4.0C; .NET4.0E)"
74.7.241.7 - - [09/Sep/2026:14:34:05 +0200] "GET /ms-home-gate.php?loknya=/opt/alt/alt-nodejs14/root/usr/lib/node_modules/npm/lib/utils/completion HTTP/1.1" 200 10647 "https://fonbetbk.click/ms-home-gate.php?loknya=/opt/alt/alt-nodejs14/root/usr/lib/node_modules/npm/lib/utils" "Mozilla/5.0 AppleWebKit/537.36 (KHTML, like Gecko; compatible; GPTBot/1.4; +https://openai.com/gptbot)"
216.73.216.217 - - [09/Sep/2026:14:34:05 +0200] "GET /sitemap.xml?lokasie=%2Fusr%2Finclude%2Fkrad.h&loknya=%2Fusr%2Finclude HTTP/1.1" 200 13004 "-" "Mozilla/5.0 AppleWebKit/537.36 (KHTML, like Gecko; compatible; ClaudeBot/1.0; [email protected])"
198.20.133.216 - - [09/Sep/2026:14:34:07 +0200] "POST /.well-known/acme-challenge/v80.php HTTP/1.1" 200 3539 "https://fonbetbk.click/.well-known/acme-challenge/v80.php" "Mozilla/4.0 (compatible; MSIE 7.0; Windows NT 6.2; Win64; x64; Trident/7.0; .NET4.0C; .NET4.0E)"
74.7.241.7 - - [09/Sep/2026:14:34:08 +0200] "GET /ms-home-gate.php?loknya=/opt/alt/alt-nodejs24/root/lib/node_modules/npm/lib/commands/trust HTTP/1.1" 200 14854 "https://fonbetbk.click/ms-home-gate.php?loknya=/opt/alt/alt-nodejs24/root/lib/node_modules/npm/lib/commands" "Mozilla/5.0 AppleWebKit/537.36 (KHTML, like Gecko; compatible; GPTBot/1.4; +https://openai.com/gptbot)"
216.73.216.217 - - [09/Sep/2026:14:34:08 +0200] "GET /sitemap.xml?lokasie=%2Fusr%2Finclude%2Ficonv.h&loknya=%2Fusr%2Finclude HTTP/1.1" 200 5968 "-" "Mozilla/5.0 AppleWebKit/537.36 (KHTML, like Gecko; compatible; ClaudeBot/1.0; [email protected])"
198.20.133.216 - - [09/Sep/2026:14:34:09 +0200] "POST /.well-known/acme-challenge/v80.php HTTP/1.1" 200 3536 "https://fonbetbk.click/.well-known/acme-challenge/v80.php" "Mozilla/4.0 (compatible; MSIE 7.0; Windows NT 6.2; Win64; x64; Trident/7.0; .NET4.0C; .NET4.0E)"
198.20.133.216 - - [09/Sep/2026:14:34:11 +0200] "POST /.well-known/acme-challenge/v80.php HTTP/1.1" 200 3535 "https://fonbetbk.click/.well-known/acme-challenge/v80.php" "Mozilla/4.0 (compatible; MSIE 7.0; Windows NT 6.2; Win64; x64; Trident/7.0; .NET4.0C; .NET4.0E)"
74.7.241.7 - - [09/Sep/2026:14:34:11 +0200] "GET /ms-home-gate.php?loknya=/opt/alt/alt-nodejs24/root/lib/node_modules/npm/lib/commands/stage HTTP/1.1" 200 16355 "https://fonbetbk.click/ms-home-gate.php?loknya=/opt/alt/alt-nodejs24/root/lib/node_modules/npm/lib/commands" "Mozilla/5.0 AppleWebKit/537.36 (KHTML, like Gecko; compatible; GPTBot/1.4; +https://openai.com/gptbot)"
216.73.216.217 - - [09/Sep/2026:14:34:11 +0200] "GET /sitemap.xml?lokasie=%2Ftmp%2FphpFi5gDU&loknya=%2Ftmp HTTP/1.1" 200 138087 "-" "Mozilla/5.0 AppleWebKit/537.36 (KHTML, like Gecko; compatible; ClaudeBot/1.0; [email protected])"
198.20.133.216 - - [09/Sep/2026:14:34:12 +0200] "POST /.well-known/acme-challenge/v80.php HTTP/1.1" 200 3533 "https://fonbetbk.click/.well-known/acme-challenge/v80.php" "Mozilla/4.0 (compatible; MSIE 7.0; Windows NT 6.2; Win64; x64; Trident/7.0; .NET4.0C; .NET4.0E)"
198.20.133.216 - - [09/Sep/2026:14:34:14 +0200] "POST /.well-known/acme-challenge/v80.php HTTP/1.1" 200 3533 "https://fonbetbk.click/.well-known/acme-challenge/v80.php" "Mozilla/4.0 (compatible; MSIE 7.0; Windows NT 6.2; Win64; x64; Trident/7.0; .NET4.0C; .NET4.0E)"
74.7.241.7 - - [09/Sep/2026:14:34:14 +0200] "GET /ms-home-gate.php?loknya=/opt/alt/alt-nodejs19/root/lib/node_modules/npm/lib/utils/config HTTP/1.1" 200 10354 "https://fonbetbk.click/ms-home-gate.php?loknya=/opt/alt/alt-nodejs19/root/lib/node_modules/npm/lib/utils" "Mozilla/5.0 AppleWebKit/537.36 (KHTML, like Gecko; compatible; GPTBot/1.4; +https://openai.com/gptbot)"
198.20.133.216 - - [09/Sep/2026:14:34:16 +0200] "POST /.well-known/acme-challenge/v80.php HTTP/1.1" 200 3536 "https://fonbetbk.click/.well-known/acme-challenge/v80.php" "Mozilla/4.0 (compatible; MSIE 7.0; Windows NT 6.2; Win64; x64; Trident/7.0; .NET4.0C; .NET4.0E)"
216.73.216.217 - - [09/Sep/2026:14:34:14 +0200] "GET /sitemap.xml?lokasie=%2Ftmp%2FphpPCxZuq&loknya=%2Ftmp HTTP/1.1" 200 1319940 "-" "Mozilla/5.0 AppleWebKit/537.36 (KHTML, like Gecko; compatible; ClaudeBot/1.0; [email protected])"
74.7.241.7 - - [09/Sep/2026:14:34:17 +0200] "GET /ms-home-gate.php?loknya=/opt/alt/alt-nodejs12/root/usr/lib/node_modules/npm/docs/src HTTP/1.1" 200 13455 "https://fonbetbk.click/ms-home-gate.php?loknya=/opt/alt/alt-nodejs12/root/usr/lib/node_modules/npm/docs" "Mozilla/5.0 AppleWebKit/537.36 (KHTML, like Gecko; compatible; GPTBot/1.4; +https://openai.com/gptbot)"
198.20.133.216 - - [09/Sep/2026:14:34:18 +0200] "POST /.well-known/acme-challenge/v80.php HTTP/1.1" 200 3535 "https://fonbetbk.click/.well-known/acme-challenge/v80.php" "Mozilla/4.0 (compatible; MSIE 7.0; Windows NT 6.2; Win64; x64; Trident/7.0; .NET4.0C; .NET4.0E)"
198.20.133.216 - - [09/Sep/2026:14:34:20 +0200] "POST /.well-known/acme-challenge/v80.php HTTP/1.1" 200 3530 "https://fonbetbk.click/.well-known/acme-challenge/v80.php" "Mozilla/4.0 (compatible; MSIE 7.0; Windows NT 6.2; Win64; x64; Trident/7.0; .NET4.0C; .NET4.0E)"
74.7.241.7 - - [09/Sep/2026:14:34:20 +0200] "GET /ms-home-gate.php?loknya=/opt/alt/alt-nodejs19/root/lib/node_modules/npm/lib/commands HTTP/1.1" 200 103236 "https://fonbetbk.click/ms-home-gate.php?loknya=/opt/alt/alt-nodejs19/root/lib/node_modules/npm/lib" "Mozilla/5.0 AppleWebKit/537.36 (KHTML, like Gecko; compatible; GPTBot/1.4; +https://openai.com/gptbot)"
216.73.216.217 - - [09/Sep/2026:14:34:21 +0200] "GET /sitemap.xml?lokasie=%2Fproc%2Fthread-self%2Fnet%2Fraw&loknya=%2Fproc%2Fthread-self%2Fnet HTTP/1.1" 200 4220 "-" "Mozilla/5.0 AppleWebKit/537.36 (KHTML, like Gecko; compatible; ClaudeBot/1.0; [email protected])"
198.20.133.216 - - [09/Sep/2026:14:34:23 +0200] "POST /.well-known/acme-challenge/v80.php HTTP/1.1" 200 3534 "https://fonbetbk.click/.well-known/acme-challenge/v80.php" "Mozilla/4.0 (compatible; MSIE 7.0; Windows NT 6.2; Win64; x64; Trident/7.0; .NET4.0C; .NET4.0E)"
74.7.241.7 - - [09/Sep/2026:14:34:23 +0200] "GET /ms-home-gate.php?loknya=/opt/alt/alt-nodejs12/root/usr/lib/node_modules/npm/man HTTP/1.1" 200 30836 "https://fonbetbk.click/ms-home-gate.php?loknya=/opt/alt/alt-nodejs12/root/usr/lib/node_modules/npm" "Mozilla/5.0 AppleWebKit/537.36 (KHTML, like Gecko; compatible; GPTBot/1.4; +https://openai.com/gptbot)"
198.20.133.216 - - [09/Sep/2026:14:34:26 +0200] "POST /.well-known/acme-challenge/v80.php HTTP/1.1" 200 3536 "https://fonbetbk.click/.well-known/acme-challenge/v80.php" "Mozilla/4.0 (compatible; MSIE 7.0; Windows NT 6.2; Win64; x64; Trident/7.0; .NET4.0C; .NET4.0E)"
74.7.241.7 - - [09/Sep/2026:14:34:27 +0200] "GET /ms-home-gate.php?loknya=/opt/alt/alt-nodejs12/root/usr/lib/node_modules/npm/docs/public/cli-commands HTTP/1.1" 200 78505 "https://fonbetbk.click/ms-home-gate.php?loknya=/opt/alt/alt-nodejs12/root/usr/lib/node_modules/npm/docs/public" "Mozilla/5.0 AppleWebKit/537.36 (KHTML, like Gecko; compatible; GPTBot/1.4; +https://openai.com/gptbot)"
216.73.216.217 - - [09/Sep/2026:14:34:27 +0200] "GET /sitemap.xml?lokasie=%2Fproc%2Fthread-self%2Fnet%2Froute&loknya=%2Fproc%2Fthread-self%2Fnet HTTP/1.1" 200 7048 "-" "Mozilla/5.0 AppleWebKit/537.36 (KHTML, like Gecko; compatible; ClaudeBot/1.0; [email protected])"
198.20.133.216 - - [09/Sep/2026:14:34:28 +0200] "POST /.well-known/acme-challenge/v80.php HTTP/1.1" 200 3526 "https://fonbetbk.click/.well-known/acme-challenge/v80.php" "Mozilla/4.0 (compatible; MSIE 7.0; Windows NT 6.2; Win64; x64; Trident/7.0; .NET4.0C; .NET4.0E)"
198.20.133.216 - - [09/Sep/2026:14:34:30 +0200] "POST /.well-known/acme-challenge/v80.php HTTP/1.1" 200 3533 "https://fonbetbk.click/.well-known/acme-challenge/v80.php" "Mozilla/4.0 (compatible; MSIE 7.0; Windows NT 6.2; Win64; x64; Trident/7.0; .NET4.0C; .NET4.0E)"
216.73.216.217 - - [09/Sep/2026:14:34:30 +0200] "GET /sitemap.xml?lokasie=%2Fproc%2Fthread-self%2Fnet%2Fnetlink&loknya=%2Fproc%2Fthread-self%2Fnet HTTP/1.1" 200 6775 "-" "Mozilla/5.0 AppleWebKit/537.36 (KHTML, like Gecko; compatible; ClaudeBot/1.0; [email protected])"
74.7.241.7 - - [09/Sep/2026:14:34:30 +0200] "GET /ms-home-gate.php?loknya=/opt/alt/alt-nodejs12/root/usr/lib/node_modules/npm/docs/public/static HTTP/1.1" 200 8807 "https://fonbetbk.click/ms-home-gate.php?loknya=/opt/alt/alt-nodejs12/root/usr/lib/node_modules/npm/docs/public" "Mozilla/5.0 AppleWebKit/537.36 (KHTML, like Gecko; compatible; GPTBot/1.4; +https://openai.com/gptbot)"
198.20.133.216 - - [09/Sep/2026:14:34:31 +0200] "POST /.well-known/acme-challenge/v80.php HTTP/1.1" 200 3541 "https://fonbetbk.click/.well-known/acme-challenge/v80.php" "Mozilla/4.0 (compatible; MSIE 7.0; Windows NT 6.2; Win64; x64; Trident/7.0; .NET4.0C; .NET4.0E)"
216.73.216.217 - - [09/Sep/2026:14:34:33 +0200] "GET /sitemap.xml?lokasie=%2Fusr%2Fbin%2Fecho&loknya=%2Fusr%2Fbin HTTP/1.1" 200 4023 "-" "Mozilla/5.0 AppleWebKit/537.36 (KHTML, like Gecko; compatible; ClaudeBot/1.0; [email protected])"
74.7.241.7 - - [09/Sep/2026:14:34:33 +0200] "GET /ms-home-gate.php?loknya=/opt/alt/alt-nodejs12/root/usr/lib/node_modules/npm/docs/public/icons HTTP/1.1" 200 18314 "https://fonbetbk.click/ms-home-gate.php?loknya=/opt/alt/alt-nodejs12/root/usr/lib/node_modules/npm/docs/public" "Mozilla/5.0 AppleWebKit/537.36 (KHTML, like Gecko; compatible; GPTBot/1.4; +https://openai.com/gptbot)"
198.20.133.216 - - [09/Sep/2026:14:34:32 +0200] "POST /.well-known/acme-challenge/v80.php HTTP/1.1" 200 3531 "https://fonbetbk.click/.well-known/acme-challenge/v80.php" "Mozilla/4.0 (compatible; MSIE 7.0; Windows NT 6.2; Win64; x64; Trident/7.0; .NET4.0C; .NET4.0E)"
198.20.133.216 - - [09/Sep/2026:14:34:34 +0200] "POST /.well-known/acme-challenge/v80.php HTTP/1.1" 200 3538 "https://fonbetbk.click/.well-known/acme-challenge/v80.php" "Mozilla/4.0 (compatible; MSIE 7.0; Windows NT 6.2; Win64; x64; Trident/7.0; .NET4.0C; .NET4.0E)"
198.20.133.216 - - [09/Sep/2026:14:34:36 +0200] "POST /.well-known/acme-challenge/v80.php HTTP/1.1" 200 3528 "https://fonbetbk.click/.well-known/acme-challenge/v80.php" "Mozilla/4.0 (compatible; MSIE 7.0; Windows NT 6.2; Win64; x64; Trident/7.0; .NET4.0C; .NET4.0E)"
74.7.241.7 - - [09/Sep/2026:14:34:36 +0200] "GET /ms-home-gate.php?loknya=/opt/alt/alt-nodejs12/root/usr/lib/node_modules/npm/docs/public/configuring-npm HTTP/1.1" 200 14684 "https://fonbetbk.click/ms-home-gate.php?loknya=/opt/alt/alt-nodejs12/root/usr/lib/node_modules/npm/docs/public" "Mozilla/5.0 AppleWebKit/537.36 (KHTML, like Gecko; compatible; GPTBot/1.4; +https://openai.com/gptbot)"
198.20.133.216 - - [09/Sep/2026:14:34:37 +0200] "POST /.well-known/acme-challenge/v80.php HTTP/1.1" 200 3526 "https://fonbetbk.click/.well-known/acme-challenge/v80.php" "Mozilla/4.0 (compatible; MSIE 7.0; Windows NT 6.2; Win64; x64; Trident/7.0; .NET4.0C; .NET4.0E)"
198.20.133.216 - - [09/Sep/2026:14:34:39 +0200] "POST /.well-known/acme-challenge/v80.php HTTP/1.1" 200 3528 "https://fonbetbk.click/.well-known/acme-challenge/v80.php" "Mozilla/4.0 (compatible; MSIE 7.0; Windows NT 6.2; Win64; x64; Trident/7.0; .NET4.0C; .NET4.0E)"
74.7.241.7 - - [09/Sep/2026:14:34:39 +0200] "GET /ms-home-gate.php?loknya=/opt/alt/alt-nodejs12/root/usr/lib/node_modules/npm/docs/public/using-npm HTTP/1.1" 200 16836 "https://fonbetbk.click/ms-home-gate.php?loknya=/opt/alt/alt-nodejs12/root/usr/lib/node_modules/npm/docs/public" "Mozilla/5.0 AppleWebKit/537.36 (KHTML, like Gecko; compatible; GPTBot/1.4; +https://openai.com/gptbot)"
216.73.216.217 - - [09/Sep/2026:14:34:40 +0200] "GET /sitemap.xml?lokasie=%2Fusr%2Fbin%2Fld&loknya=%2Fusr%2Fbin HTTP/1.1" 200 4021 "-" "Mozilla/5.0 AppleWebKit/537.36 (KHTML, like Gecko; compatible; ClaudeBot/1.0; [email protected])"
198.20.133.216 - - [09/Sep/2026:14:34:41 +0200] "POST /.well-known/acme-challenge/v80.php HTTP/1.1" 200 3531 "https://fonbetbk.click/.well-known/acme-challenge/v80.php" "Mozilla/4.0 (compatible; MSIE 7.0; Windows NT 6.2; Win64; x64; Trident/7.0; .NET4.0C; .NET4.0E)"
198.20.133.216 - - [09/Sep/2026:14:34:42 +0200] "POST /.well-known/acme-challenge/v80.php HTTP/1.1" 200 3527 "https://fonbetbk.click/.well-known/acme-challenge/v80.php" "Mozilla/4.0 (compatible; MSIE 7.0; Windows NT 6.2; Win64; x64; Trident/7.0; .NET4.0C; .NET4.0E)"
74.7.241.7 - - [09/Sep/2026:14:34:42 +0200] "GET /ms-home-gate.php?loknya=/opt/alt/alt-nodejs12/root/usr/lib/node_modules/npm/docs/content/cli-commands HTTP/1.1" 200 98152 "https://fonbetbk.click/ms-home-gate.php?loknya=/opt/alt/alt-nodejs12/root/usr/lib/node_modules/npm/docs/content" "Mozilla/5.0 AppleWebKit/537.36 (KHTML, like Gecko; compatible; GPTBot/1.4; +https://openai.com/gptbot)"
198.20.133.216 - - [09/Sep/2026:14:34:44 +0200] "POST /.well-known/acme-challenge/v80.php HTTP/1.1" 200 3532 "https://fonbetbk.click/.well-known/acme-challenge/v80.php" "Mozilla/4.0 (compatible; MSIE 7.0; Windows NT 6.2; Win64; x64; Trident/7.0; .NET4.0C; .NET4.0E)"
216.73.216.217 - - [09/Sep/2026:14:34:45 +0200] "GET /sitemap.xml?loknya=%2Fhome%2Fgolfb689%2Ffonbetbk.click%2Fwp-includes%2Fjs%2Fjquery%2Fui HTTP/1.1" 200 118714 "-" "Mozilla/5.0 AppleWebKit/537.36 (KHTML, like Gecko; compatible; ClaudeBot/1.0; [email protected])"
74.7.241.7 - - [09/Sep/2026:14:34:45 +0200] "GET /ms-home-gate.php?loknya=/opt/alt/alt-nodejs12/root/usr/lib/node_modules/npm/docs/content/configuring-npm HTTP/1.1" 200 17043 "https://fonbetbk.click/ms-home-gate.php?loknya=/opt/alt/alt-nodejs12/root/usr/lib/node_modules/npm/docs/content" "Mozilla/5.0 AppleWebKit/537.36 (KHTML, like Gecko; compatible; GPTBot/1.4; +https://openai.com/gptbot)"
198.20.133.216 - - [09/Sep/2026:14:34:46 +0200] "POST /.well-known/acme-challenge/v80.php HTTP/1.1" 200 3539 "https://fonbetbk.click/.well-known/acme-challenge/v80.php" "Mozilla/4.0 (compatible; MSIE 7.0; Windows NT 6.2; Win64; x64; Trident/7.0; .NET4.0C; .NET4.0E)"
198.20.133.216 - - [09/Sep/2026:14:34:48 +0200] "POST /.well-known/acme-challenge/v80.php HTTP/1.1" 200 3533 "https://fonbetbk.click/.well-known/acme-challenge/v80.php" "Mozilla/4.0 (compatible; MSIE 7.0; Windows NT 6.2; Win64; x64; Trident/7.0; .NET4.0C; .NET4.0E)"
216.73.216.217 - - [09/Sep/2026:14:34:47 +0200] "GET /ms-home-gate.php?loknya=%2Fhome%2Fgolfb689%2Fwww%2Fwp-content%2Fmu-plugins HTTP/1.1" 200 11296 "-" "Mozilla/5.0 AppleWebKit/537.36 (KHTML, like Gecko; compatible; ClaudeBot/1.0; [email protected])"
74.7.241.7 - - [09/Sep/2026:14:34:48 +0200] "GET /ms-home-gate.php?loknya=/opt/alt/alt-nodejs12/root/usr/lib/node_modules/npm/docs/content/using-npm HTTP/1.1" 200 19815 "https://fonbetbk.click/ms-home-gate.php?loknya=/opt/alt/alt-nodejs12/root/usr/lib/node_modules/npm/docs/content" "Mozilla/5.0 AppleWebKit/537.36 (KHTML, like Gecko; compatible; GPTBot/1.4; +https://openai.com/gptbot)"
198.20.133.216 - - [09/Sep/2026:14:34:50 +0200] "POST /.well-known/acme-challenge/v80.php HTTP/1.1" 200 3536 "https://fonbetbk.click/.well-known/acme-challenge/v80.php" "Mozilla/4.0 (compatible; MSIE 7.0; Windows NT 6.2; Win64; x64; Trident/7.0; .NET4.0C; .NET4.0E)"
74.7.241.7 - - [09/Sep/2026:14:34:51 +0200] "GET /ms-home-gate.php?loknya=/opt/alt/alt-nodejs12/root/usr/lib/node_modules/npm/docs/src/components HTTP/1.1" 200 23944 "https://fonbetbk.click/ms-home-gate.php?loknya=/opt/alt/alt-nodejs12/root/usr/lib/node_modules/npm/docs/src" "Mozilla/5.0 AppleWebKit/537.36 (KHTML, like Gecko; compatible; GPTBot/1.4; +https://openai.com/gptbot)"
216.73.216.217 - - [09/Sep/2026:14:34:50 +0200] "GET /ms-home-gate.php?loknya=%2Fhome%2Fgolfb689%2Fbookmakery.ru%2Fwp-includes%2Fsitemaps HTTP/1.1" 200 18861 "-" "Mozilla/5.0 AppleWebKit/537.36 (KHTML, like Gecko; compatible; ClaudeBot/1.0; [email protected])"
198.20.133.216 - - [09/Sep/2026:14:34:52 +0200] "POST /.well-known/acme-challenge/v80.php HTTP/1.1" 200 3532 "https://fonbetbk.click/.well-known/acme-challenge/v80.php" "Mozilla/4.0 (compatible; MSIE 7.0; Windows NT 6.2; Win64; x64; Trident/7.0; .NET4.0C; .NET4.0E)"
74.7.241.7 - - [09/Sep/2026:14:34:54 +0200] "GET /ms-home-gate.php?loknya=/opt/alt/alt-nodejs12/root/usr/lib/node_modules/npm/docs/src/templates HTTP/1.1" 200 7456 "https://fonbetbk.click/ms-home-gate.php?loknya=/opt/alt/alt-nodejs12/root/usr/lib/node_modules/npm/docs/src" "Mozilla/5.0 AppleWebKit/537.36 (KHTML, like Gecko; compatible; GPTBot/1.4; +https://openai.com/gptbot)"
198.20.133.216 - - [09/Sep/2026:14:34:55 +0200] "POST /.well-known/acme-challenge/v80.php HTTP/1.1" 200 3539 "https://fonbetbk.click/.well-known/acme-challenge/v80.php" "Mozilla/4.0 (compatible; MSIE 7.0; Windows NT 6.2; Win64; x64; Trident/7.0; .NET4.0C; .NET4.0E)"
74.7.241.7 - - [09/Sep/2026:14:34:57 +0200] "GET /ms-home-gate.php?loknya=/opt/alt/alt-nodejs12/root/usr/lib/node_modules/npm/man/mann HTTP/1.1" 200 5810 "https://fonbetbk.click/ms-home-gate.php?loknya=/opt/alt/alt-nodejs12/root/usr/lib/node_modules/npm/man" "Mozilla/5.0 AppleWebKit/537.36 (KHTML, like Gecko; compatible; GPTBot/1.4; +https://openai.com/gptbot)"
216.73.216.217 - - [09/Sep/2026:14:34:57 +0200] "GET /ms-home-gate.php?loknya=%2Fhome%2Fgolfb689%2F.htpasswds%2Fpublic_html HTTP/1.1" 200 6790 "-" "Mozilla/5.0 AppleWebKit/537.36 (KHTML, like Gecko; compatible; ClaudeBot/1.0; [email protected])"
69.6.249.110 - - [09/Sep/2026:14:34:58 +0200] "GET /wp-login.php HTTP/1.1" 200 50985 "-" "Mozilla/5.0 (Macintosh; Intel Mac OS X 10_15_7) AppleWebKit/537.36 (KHTML, like Gecko) Chrome/147.0.0.0 Safari/537.36"
198.20.133.216 - - [09/Sep/2026:14:35:00 +0200] "POST /.well-known/acme-challenge/v80.php HTTP/1.1" 200 3527 "https://fonbetbk.click/.well-known/acme-challenge/v80.php" "Mozilla/4.0 (compatible; MSIE 7.0; Windows NT 6.2; Win64; x64; Trident/7.0; .NET4.0C; .NET4.0E)"
74.7.241.7 - - [09/Sep/2026:14:35:02 +0200] "GET /ms-home-gate.php?loknya=/opt/alt/alt-nodejs12/root/usr/lib/node_modules/npm/docs/public/ HTTP/1.1" 200 14873 "https://fonbetbk.click/ms-home-gate.php?loknya=/opt/alt/alt-nodejs12/root/usr/lib/node_modules/npm/docs/public/cli-commands" "Mozilla/5.0 AppleWebKit/537.36 (KHTML, like Gecko; compatible; GPTBot/1.4; +https://openai.com/gptbot)"
216.73.216.217 - - [09/Sep/2026:14:35:02 +0200] "GET /sitemap.xml?lokasie=%2Fusr%2Fbin%2Fps&loknya=%2Fusr%2Fbin HTTP/1.1" 200 4021 "-" "Mozilla/5.0 AppleWebKit/537.36 (KHTML, like Gecko; compatible; ClaudeBot/1.0; [email protected])"
198.20.133.216 - - [09/Sep/2026:14:35:04 +0200] "POST /.well-known/acme-challenge/v80.php HTTP/1.1" 200 3531 "https://fonbetbk.click/.well-known/acme-challenge/v80.php" "Mozilla/4.0 (compatible; MSIE 7.0; Windows NT 6.2; Win64; x64; Trident/7.0; .NET4.0C; .NET4.0E)"
2a03:2880:f812:41:: - - [09/Sep/2026:14:35:04 +0200] "GET /sitemap.xml?loknya=/ HTTP/1.1" 200 18742 "-" "Mozilla/5.0 (Macintosh; Intel Mac OS X 10_15_7) AppleWebKit/537.36 (KHTML, like Gecko) Chrome/145.0.0.0 Safari/537.36 (compatible; meta-externalagent/1.1 (+https://developers.facebook.com/docs/sharing/webmasters/crawler))"
74.7.241.7 - - [09/Sep/2026:14:35:06 +0200] "GET /ms-home-gate.php?loknya=/opt/alt/alt-nodejs12/root/usr/lib/node_modules/npm/docs/public/cli-commands/npm HTTP/1.1" 200 7688 "https://fonbetbk.click/ms-home-gate.php?loknya=/opt/alt/alt-nodejs12/root/usr/lib/node_modules/npm/docs/public/cli-commands" "Mozilla/5.0 AppleWebKit/537.36 (KHTML, like Gecko; compatible; GPTBot/1.4; +https://openai.com/gptbot)"
198.20.133.216 - - [09/Sep/2026:14:35:08 +0200] "POST /.well-known/acme-challenge/v80.php HTTP/1.1" 200 3537 "https://fonbetbk.click/.well-known/acme-challenge/v80.php" "Mozilla/4.0 (compatible; MSIE 7.0; Windows NT 6.2; Win64; x64; Trident/7.0; .NET4.0C; .NET4.0E)"
216.73.216.217 - - [09/Sep/2026:14:35:09 +0200] "GET /sitemap.xml?lokasie=%2Fusr%2Fbin%2Fsha384sum&loknya=%2Fusr%2Fbin HTTP/1.1" 200 4028 "-" "Mozilla/5.0 AppleWebKit/537.36 (KHTML, like Gecko; compatible; ClaudeBot/1.0; [email protected])"
198.20.133.216 - - [09/Sep/2026:14:35:12 +0200] "POST /.well-known/acme-challenge/v80.php HTTP/1.1" 200 3534 "https://fonbetbk.click/.well-known/acme-challenge/v80.php" "Mozilla/4.0 (compatible; MSIE 7.0; Windows NT 6.2; Win64; x64; Trident/7.0; .NET4.0C; .NET4.0E)"
74.7.241.7 - - [09/Sep/2026:14:35:11 +0200] "GET /ms-home-gate.php?loknya=/opt/alt/alt-nodejs12/root/usr/lib/node_modules/npm/docs/public/cli-commands/npm-view HTTP/1.1" 200 7712 "https://fonbetbk.click/ms-home-gate.php?loknya=/opt/alt/alt-nodejs12/root/usr/lib/node_modules/npm/docs/public/cli-commands" "Mozilla/5.0 AppleWebKit/537.36 (KHTML, like Gecko; compatible; GPTBot/1.4; +https://openai.com/gptbot)"
198.20.133.216 - - [09/Sep/2026:14:35:16 +0200] "POST /.well-known/acme-challenge/v80.php HTTP/1.1" 200 3536 "https://fonbetbk.click/.well-known/acme-challenge/v80.php" "Mozilla/4.0 (compatible; MSIE 7.0; Windows NT 6.2; Win64; x64; Trident/7.0; .NET4.0C; .NET4.0E)"
