198.20.133.216 - - [09/Sep/2026:15:34:22 +0200] "POST /.well-known/acme-challenge/v80.php HTTP/1.1" 200 3544 "https://fonbetbk.click/.well-known/acme-challenge/v80.php" "Mozilla/4.0 (compatible; MSIE 7.0; Windows NT 6.2; Win64; x64; Trident/7.0; .NET4.0C; .NET4.0E)"
198.20.133.216 - - [09/Sep/2026:15:34:23 +0200] "POST /.well-known/acme-challenge/v80.php HTTP/1.1" 200 3544 "https://fonbetbk.click/.well-known/acme-challenge/v80.php" "Mozilla/4.0 (compatible; MSIE 7.0; Windows NT 6.2; Win64; x64; Trident/7.0; .NET4.0C; .NET4.0E)"
198.20.133.216 - - [09/Sep/2026:15:34:24 +0200] "POST /.well-known/acme-challenge/v80.php HTTP/1.1" 200 3529 "https://fonbetbk.click/.well-known/acme-challenge/v80.php" "Mozilla/4.0 (compatible; MSIE 7.0; Windows NT 6.2; Win64; x64; Trident/7.0; .NET4.0C; .NET4.0E)"
198.20.133.216 - - [09/Sep/2026:15:34:25 +0200] "POST /.well-known/acme-challenge/v80.php HTTP/1.1" 200 3543 "https://fonbetbk.click/.well-known/acme-challenge/v80.php" "Mozilla/4.0 (compatible; MSIE 7.0; Windows NT 6.2; Win64; x64; Trident/7.0; .NET4.0C; .NET4.0E)"
216.73.216.217 - - [09/Sep/2026:15:34:25 +0200] "GET /ms-home-gate.php?lokasie=%2Fhome%2Fgolfb689%2F.cagefs%2Ftmp%2FphpLyBJHq&loknya=%2Fhome%2Fgolfb689%2F.cagefs%2Ftmp HTTP/1.1" 200 134623 "-" "Mozilla/5.0 AppleWebKit/537.36 (KHTML, like Gecko; compatible; ClaudeBot/1.0; [email protected])"
198.20.133.216 - - [09/Sep/2026:15:34:26 +0200] "POST /.well-known/acme-challenge/v80.php HTTP/1.1" 200 3535 "https://fonbetbk.click/.well-known/acme-challenge/v80.php" "Mozilla/4.0 (compatible; MSIE 7.0; Windows NT 6.2; Win64; x64; Trident/7.0; .NET4.0C; .NET4.0E)"
198.20.133.216 - - [09/Sep/2026:15:34:28 +0200] "POST /.well-known/acme-challenge/v80.php HTTP/1.1" 200 3536 "https://fonbetbk.click/.well-known/acme-challenge/v80.php" "Mozilla/4.0 (compatible; MSIE 7.0; Windows NT 6.2; Win64; x64; Trident/7.0; .NET4.0C; .NET4.0E)"
198.20.133.216 - - [09/Sep/2026:15:34:29 +0200] "POST /.well-known/acme-challenge/v80.php HTTP/1.1" 200 3535 "https://fonbetbk.click/.well-known/acme-challenge/v80.php" "Mozilla/4.0 (compatible; MSIE 7.0; Windows NT 6.2; Win64; x64; Trident/7.0; .NET4.0C; .NET4.0E)"
198.20.133.216 - - [09/Sep/2026:15:34:30 +0200] "POST /.well-known/acme-challenge/v80.php HTTP/1.1" 200 3539 "https://fonbetbk.click/.well-known/acme-challenge/v80.php" "Mozilla/4.0 (compatible; MSIE 7.0; Windows NT 6.2; Win64; x64; Trident/7.0; .NET4.0C; .NET4.0E)"
198.20.133.216 - - [09/Sep/2026:15:34:31 +0200] "POST /.well-known/acme-challenge/v80.php HTTP/1.1" 200 3537 "https://fonbetbk.click/.well-known/acme-challenge/v80.php" "Mozilla/4.0 (compatible; MSIE 7.0; Windows NT 6.2; Win64; x64; Trident/7.0; .NET4.0C; .NET4.0E)"
198.20.133.216 - - [09/Sep/2026:15:34:33 +0200] "POST /.well-known/acme-challenge/v80.php HTTP/1.1" 200 3533 "https://fonbetbk.click/.well-known/acme-challenge/v80.php" "Mozilla/4.0 (compatible; MSIE 7.0; Windows NT 6.2; Win64; x64; Trident/7.0; .NET4.0C; .NET4.0E)"
198.20.133.216 - - [09/Sep/2026:15:34:35 +0200] "POST /.well-known/acme-challenge/v80.php HTTP/1.1" 200 3535 "https://fonbetbk.click/.well-known/acme-challenge/v80.php" "Mozilla/4.0 (compatible; MSIE 7.0; Windows NT 6.2; Win64; x64; Trident/7.0; .NET4.0C; .NET4.0E)"
216.73.216.217 - - [09/Sep/2026:15:34:36 +0200] "GET /ms-home-gate.php?lokasie=%2Fhome%2Fgolfb689%2F.cagefs%2Ftmp%2FphpJIx7k9&loknya=%2Fhome%2Fgolfb689%2F.cagefs%2Ftmp HTTP/1.1" 200 139158 "-" "Mozilla/5.0 AppleWebKit/537.36 (KHTML, like Gecko; compatible; ClaudeBot/1.0; [email protected])"
198.20.133.216 - - [09/Sep/2026:15:34:36 +0200] "POST /.well-known/acme-challenge/v80.php HTTP/1.1" 200 3538 "https://fonbetbk.click/.well-known/acme-challenge/v80.php" "Mozilla/4.0 (compatible; MSIE 7.0; Windows NT 6.2; Win64; x64; Trident/7.0; .NET4.0C; .NET4.0E)"
198.20.133.216 - - [09/Sep/2026:15:34:37 +0200] "POST /.well-known/acme-challenge/v80.php HTTP/1.1" 200 3537 "https://fonbetbk.click/.well-known/acme-challenge/v80.php" "Mozilla/4.0 (compatible; MSIE 7.0; Windows NT 6.2; Win64; x64; Trident/7.0; .NET4.0C; .NET4.0E)"
198.20.133.216 - - [09/Sep/2026:15:34:38 +0200] "POST /.well-known/acme-challenge/v80.php HTTP/1.1" 200 3534 "https://fonbetbk.click/.well-known/acme-challenge/v80.php" "Mozilla/4.0 (compatible; MSIE 7.0; Windows NT 6.2; Win64; x64; Trident/7.0; .NET4.0C; .NET4.0E)"
198.20.133.216 - - [09/Sep/2026:15:34:38 +0200] "POST /.well-known/acme-challenge/v80.php HTTP/1.1" 200 3532 "https://fonbetbk.click/.well-known/acme-challenge/v80.php" "Mozilla/4.0 (compatible; MSIE 7.0; Windows NT 6.2; Win64; x64; Trident/7.0; .NET4.0C; .NET4.0E)"
198.20.133.216 - - [09/Sep/2026:15:34:39 +0200] "POST /.well-known/acme-challenge/v80.php HTTP/1.1" 200 3532 "https://fonbetbk.click/.well-known/acme-challenge/v80.php" "Mozilla/4.0 (compatible; MSIE 7.0; Windows NT 6.2; Win64; x64; Trident/7.0; .NET4.0C; .NET4.0E)"
198.20.133.216 - - [09/Sep/2026:15:34:40 +0200] "POST /.well-known/acme-challenge/v80.php HTTP/1.1" 200 3529 "https://fonbetbk.click/.well-known/acme-challenge/v80.php" "Mozilla/4.0 (compatible; MSIE 7.0; Windows NT 6.2; Win64; x64; Trident/7.0; .NET4.0C; .NET4.0E)"
198.20.133.216 - - [09/Sep/2026:15:34:41 +0200] "POST /.well-known/acme-challenge/v80.php HTTP/1.1" 200 3532 "https://fonbetbk.click/.well-known/acme-challenge/v80.php" "Mozilla/4.0 (compatible; MSIE 7.0; Windows NT 6.2; Win64; x64; Trident/7.0; .NET4.0C; .NET4.0E)"
198.20.133.216 - - [09/Sep/2026:15:34:42 +0200] "POST /.well-known/acme-challenge/v80.php HTTP/1.1" 200 3531 "https://fonbetbk.click/.well-known/acme-challenge/v80.php" "Mozilla/4.0 (compatible; MSIE 7.0; Windows NT 6.2; Win64; x64; Trident/7.0; .NET4.0C; .NET4.0E)"
198.20.133.216 - - [09/Sep/2026:15:34:43 +0200] "POST /.well-known/acme-challenge/v80.php HTTP/1.1" 200 3534 "https://fonbetbk.click/.well-known/acme-challenge/v80.php" "Mozilla/4.0 (compatible; MSIE 7.0; Windows NT 6.2; Win64; x64; Trident/7.0; .NET4.0C; .NET4.0E)"
198.20.133.216 - - [09/Sep/2026:15:34:45 +0200] "POST /.well-known/acme-challenge/v80.php HTTP/1.1" 200 3531 "https://fonbetbk.click/.well-known/acme-challenge/v80.php" "Mozilla/4.0 (compatible; MSIE 7.0; Windows NT 6.2; Win64; x64; Trident/7.0; .NET4.0C; .NET4.0E)"
198.20.133.216 - - [09/Sep/2026:15:34:46 +0200] "POST /.well-known/acme-challenge/v80.php HTTP/1.1" 200 3530 "https://fonbetbk.click/.well-known/acme-challenge/v80.php" "Mozilla/4.0 (compatible; MSIE 7.0; Windows NT 6.2; Win64; x64; Trident/7.0; .NET4.0C; .NET4.0E)"
198.20.133.216 - - [09/Sep/2026:15:34:47 +0200] "POST /.well-known/acme-challenge/v80.php HTTP/1.1" 200 3533 "https://fonbetbk.click/.well-known/acme-challenge/v80.php" "Mozilla/4.0 (compatible; MSIE 7.0; Windows NT 6.2; Win64; x64; Trident/7.0; .NET4.0C; .NET4.0E)"
198.20.133.216 - - [09/Sep/2026:15:34:47 +0200] "POST /.well-known/acme-challenge/v80.php HTTP/1.1" 200 3533 "https://fonbetbk.click/.well-known/acme-challenge/v80.php" "Mozilla/4.0 (compatible; MSIE 7.0; Windows NT 6.2; Win64; x64; Trident/7.0; .NET4.0C; .NET4.0E)"
198.20.133.216 - - [09/Sep/2026:15:34:48 +0200] "POST /.well-known/acme-challenge/v80.php HTTP/1.1" 200 3532 "https://fonbetbk.click/.well-known/acme-challenge/v80.php" "Mozilla/4.0 (compatible; MSIE 7.0; Windows NT 6.2; Win64; x64; Trident/7.0; .NET4.0C; .NET4.0E)"
198.20.133.216 - - [09/Sep/2026:15:34:49 +0200] "POST /.well-known/acme-challenge/v80.php HTTP/1.1" 200 3536 "https://fonbetbk.click/.well-known/acme-challenge/v80.php" "Mozilla/4.0 (compatible; MSIE 7.0; Windows NT 6.2; Win64; x64; Trident/7.0; .NET4.0C; .NET4.0E)"
198.20.133.216 - - [09/Sep/2026:15:34:50 +0200] "POST /.well-known/acme-challenge/v80.php HTTP/1.1" 200 3532 "https://fonbetbk.click/.well-known/acme-challenge/v80.php" "Mozilla/4.0 (compatible; MSIE 7.0; Windows NT 6.2; Win64; x64; Trident/7.0; .NET4.0C; .NET4.0E)"
198.20.133.216 - - [09/Sep/2026:15:34:51 +0200] "POST /.well-known/acme-challenge/v80.php HTTP/1.1" 200 3531 "https://fonbetbk.click/.well-known/acme-challenge/v80.php" "Mozilla/4.0 (compatible; MSIE 7.0; Windows NT 6.2; Win64; x64; Trident/7.0; .NET4.0C; .NET4.0E)"
198.20.133.216 - - [09/Sep/2026:15:34:52 +0200] "POST /.well-known/acme-challenge/v80.php HTTP/1.1" 200 3530 "https://fonbetbk.click/.well-known/acme-challenge/v80.php" "Mozilla/4.0 (compatible; MSIE 7.0; Windows NT 6.2; Win64; x64; Trident/7.0; .NET4.0C; .NET4.0E)"
198.20.133.216 - - [09/Sep/2026:15:34:53 +0200] "POST /.well-known/acme-challenge/v80.php HTTP/1.1" 200 3534 "https://fonbetbk.click/.well-known/acme-challenge/v80.php" "Mozilla/4.0 (compatible; MSIE 7.0; Windows NT 6.2; Win64; x64; Trident/7.0; .NET4.0C; .NET4.0E)"
216.73.216.217 - - [09/Sep/2026:15:34:53 +0200] "GET /sitemap.xml?loknya=%2Fhome%2Fgolfb689%2Ffonbetbk.click%2Fwp-content%2Fplugins%2Fwdg-9c50067e HTTP/1.1" 200 13191 "-" "Mozilla/5.0 AppleWebKit/537.36 (KHTML, like Gecko; compatible; ClaudeBot/1.0; [email protected])"
198.20.133.216 - - [09/Sep/2026:15:34:53 +0200] "POST /.well-known/acme-challenge/v80.php HTTP/1.1" 200 3532 "https://fonbetbk.click/.well-known/acme-challenge/v80.php" "Mozilla/4.0 (compatible; MSIE 7.0; Windows NT 6.2; Win64; x64; Trident/7.0; .NET4.0C; .NET4.0E)"
198.20.133.216 - - [09/Sep/2026:15:34:54 +0200] "POST /.well-known/acme-challenge/v80.php HTTP/1.1" 200 3537 "https://fonbetbk.click/.well-known/acme-challenge/v80.php" "Mozilla/4.0 (compatible; MSIE 7.0; Windows NT 6.2; Win64; x64; Trident/7.0; .NET4.0C; .NET4.0E)"
198.20.133.216 - - [09/Sep/2026:15:34:55 +0200] "POST /.well-known/acme-challenge/v80.php HTTP/1.1" 200 3534 "https://fonbetbk.click/.well-known/acme-challenge/v80.php" "Mozilla/4.0 (compatible; MSIE 7.0; Windows NT 6.2; Win64; x64; Trident/7.0; .NET4.0C; .NET4.0E)"
198.20.133.216 - - [09/Sep/2026:15:34:56 +0200] "POST /.well-known/acme-challenge/v80.php HTTP/1.1" 200 3531 "https://fonbetbk.click/.well-known/acme-challenge/v80.php" "Mozilla/4.0 (compatible; MSIE 7.0; Windows NT 6.2; Win64; x64; Trident/7.0; .NET4.0C; .NET4.0E)"
198.20.133.216 - - [09/Sep/2026:15:34:57 +0200] "POST /.well-known/acme-challenge/v80.php HTTP/1.1" 200 3537 "https://fonbetbk.click/.well-known/acme-challenge/v80.php" "Mozilla/4.0 (compatible; MSIE 7.0; Windows NT 6.2; Win64; x64; Trident/7.0; .NET4.0C; .NET4.0E)"
198.20.133.216 - - [09/Sep/2026:15:34:59 +0200] "POST /.well-known/acme-challenge/v80.php HTTP/1.1" 200 3537 "https://fonbetbk.click/.well-known/acme-challenge/v80.php" "Mozilla/4.0 (compatible; MSIE 7.0; Windows NT 6.2; Win64; x64; Trident/7.0; .NET4.0C; .NET4.0E)"
198.20.133.216 - - [09/Sep/2026:15:35:01 +0200] "POST /.well-known/acme-challenge/v80.php HTTP/1.1" 200 3528 "https://fonbetbk.click/.well-known/acme-challenge/v80.php" "Mozilla/4.0 (compatible; MSIE 7.0; Windows NT 6.2; Win64; x64; Trident/7.0; .NET4.0C; .NET4.0E)"
198.20.133.216 - - [09/Sep/2026:15:35:03 +0200] "POST /.well-known/acme-challenge/v80.php HTTP/1.1" 200 3535 "https://fonbetbk.click/.well-known/acme-challenge/v80.php" "Mozilla/4.0 (compatible; MSIE 7.0; Windows NT 6.2; Win64; x64; Trident/7.0; .NET4.0C; .NET4.0E)"
198.20.133.216 - - [09/Sep/2026:15:35:05 +0200] "POST /.well-known/acme-challenge/v80.php HTTP/1.1" 200 3534 "https://fonbetbk.click/.well-known/acme-challenge/v80.php" "Mozilla/4.0 (compatible; MSIE 7.0; Windows NT 6.2; Win64; x64; Trident/7.0; .NET4.0C; .NET4.0E)"
198.20.133.216 - - [09/Sep/2026:15:35:07 +0200] "POST /.well-known/acme-challenge/v80.php HTTP/1.1" 200 3546 "https://fonbetbk.click/.well-known/acme-challenge/v80.php" "Mozilla/4.0 (compatible; MSIE 7.0; Windows NT 6.2; Win64; x64; Trident/7.0; .NET4.0C; .NET4.0E)"
2a0f:ed07:7045:8793:a85c:81fa:b9a:34c - - [09/Sep/2026:15:35:09 +0200] "GET / HTTP/1.1" 302 - "https://www.google.com/" "Mozilla/5.0 (Linux; Android 10; K) AppleWebKit/537.36 (KHTML, like Gecko) Chrome/149.0.0.0 Mobile Safari/537.36"
198.20.133.216 - - [09/Sep/2026:15:35:09 +0200] "POST /.well-known/acme-challenge/v80.php HTTP/1.1" 200 3535 "https://fonbetbk.click/.well-known/acme-challenge/v80.php" "Mozilla/4.0 (compatible; MSIE 7.0; Windows NT 6.2; Win64; x64; Trident/7.0; .NET4.0C; .NET4.0E)"
216.73.216.217 - - [09/Sep/2026:15:35:10 +0200] "GET /ms-home-gate.php?lokasie=%2Fhome%2Fgolfb689%2F.cagefs%2Ftmp%2FphpXTK7ek&loknya=%2Fhome%2Fgolfb689%2F.cagefs%2Ftmp HTTP/1.1" 200 102656 "-" "Mozilla/5.0 AppleWebKit/537.36 (KHTML, like Gecko; compatible; ClaudeBot/1.0; [email protected])"
198.20.133.216 - - [09/Sep/2026:15:35:10 +0200] "POST /.well-known/acme-challenge/v80.php HTTP/1.1" 200 3529 "https://fonbetbk.click/.well-known/acme-challenge/v80.php" "Mozilla/4.0 (compatible; MSIE 7.0; Windows NT 6.2; Win64; x64; Trident/7.0; .NET4.0C; .NET4.0E)"
198.20.133.216 - - [09/Sep/2026:15:35:13 +0200] "POST /.well-known/acme-challenge/v80.php HTTP/1.1" 200 3528 "https://fonbetbk.click/.well-known/acme-challenge/v80.php" "Mozilla/4.0 (compatible; MSIE 7.0; Windows NT 6.2; Win64; x64; Trident/7.0; .NET4.0C; .NET4.0E)"
198.20.133.216 - - [09/Sep/2026:15:35:14 +0200] "POST /.well-known/acme-challenge/v80.php HTTP/1.1" 200 3531 "https://fonbetbk.click/.well-known/acme-challenge/v80.php" "Mozilla/4.0 (compatible; MSIE 7.0; Windows NT 6.2; Win64; x64; Trident/7.0; .NET4.0C; .NET4.0E)"
198.20.133.216 - - [09/Sep/2026:15:35:16 +0200] "POST /.well-known/acme-challenge/v80.php HTTP/1.1" 200 3532 "https://fonbetbk.click/.well-known/acme-challenge/v80.php" "Mozilla/4.0 (compatible; MSIE 7.0; Windows NT 6.2; Win64; x64; Trident/7.0; .NET4.0C; .NET4.0E)"
198.20.133.216 - - [09/Sep/2026:15:35:18 +0200] "POST /.well-known/acme-challenge/v80.php HTTP/1.1" 200 3535 "https://fonbetbk.click/.well-known/acme-challenge/v80.php" "Mozilla/4.0 (compatible; MSIE 7.0; Windows NT 6.2; Win64; x64; Trident/7.0; .NET4.0C; .NET4.0E)"
198.20.133.216 - - [09/Sep/2026:15:35:21 +0200] "POST /.well-known/acme-challenge/v80.php HTTP/1.1" 200 3534 "https://fonbetbk.click/.well-known/acme-challenge/v80.php" "Mozilla/4.0 (compatible; MSIE 7.0; Windows NT 6.2; Win64; x64; Trident/7.0; .NET4.0C; .NET4.0E)"
198.20.133.216 - - [09/Sep/2026:15:35:23 +0200] "POST /.well-known/acme-challenge/v80.php HTTP/1.1" 200 3539 "https://fonbetbk.click/.well-known/acme-challenge/v80.php" "Mozilla/4.0 (compatible; MSIE 7.0; Windows NT 6.2; Win64; x64; Trident/7.0; .NET4.0C; .NET4.0E)"
198.20.133.216 - - [09/Sep/2026:15:35:25 +0200] "POST /.well-known/acme-challenge/v80.php HTTP/1.1" 200 3543 "https://fonbetbk.click/.well-known/acme-challenge/v80.php" "Mozilla/4.0 (compatible; MSIE 7.0; Windows NT 6.2; Win64; x64; Trident/7.0; .NET4.0C; .NET4.0E)"
216.73.216.217 - - [09/Sep/2026:15:35:26 +0200] "GET /sitemap.xml?lokasie=%2Fsbin%2Fsaslpasswd2&loknya=%2Fsbin HTTP/1.1" 200 3994 "-" "Mozilla/5.0 AppleWebKit/537.36 (KHTML, like Gecko; compatible; ClaudeBot/1.0; [email protected])"
198.20.133.216 - - [09/Sep/2026:15:35:27 +0200] "POST /.well-known/acme-challenge/v80.php HTTP/1.1" 200 3536 "https://fonbetbk.click/.well-known/acme-challenge/v80.php" "Mozilla/4.0 (compatible; MSIE 7.0; Windows NT 6.2; Win64; x64; Trident/7.0; .NET4.0C; .NET4.0E)"
198.20.133.216 - - [09/Sep/2026:15:35:30 +0200] "POST /.well-known/acme-challenge/v80.php HTTP/1.1" 200 3547 "https://fonbetbk.click/.well-known/acme-challenge/v80.php" "Mozilla/4.0 (compatible; MSIE 7.0; Windows NT 6.2; Win64; x64; Trident/7.0; .NET4.0C; .NET4.0E)"
185.177.72.128 - - [09/Sep/2026:15:35:33 +0200] "GET / HTTP/1.1" 302 - "-" "Mozilla/5.0 (Windows NT 10.0; Win64; x64) AppleWebKit/537.36 (KHTML, like Gecko) Chrome/125.0.0.0 Safari/537.36"
198.20.133.216 - - [09/Sep/2026:15:35:33 +0200] "POST /.well-known/acme-challenge/v80.php HTTP/1.1" 200 3534 "https://fonbetbk.click/.well-known/acme-challenge/v80.php" "Mozilla/4.0 (compatible; MSIE 7.0; Windows NT 6.2; Win64; x64; Trident/7.0; .NET4.0C; .NET4.0E)"
185.177.72.128 - - [09/Sep/2026:15:35:33 +0200] "GET /wp-json/ HTTP/1.1" 200 50991 "-" "Mozilla/5.0 (Macintosh; Intel Mac OS X 10_15_7) AppleWebKit/537.36 (KHTML, like Gecko) Chrome/125.0.0.0 Safari/537.36"
198.20.133.216 - - [09/Sep/2026:15:35:34 +0200] "POST /.well-known/acme-challenge/v80.php HTTP/1.1" 200 3530 "https://fonbetbk.click/.well-known/acme-challenge/v80.php" "Mozilla/4.0 (compatible; MSIE 7.0; Windows NT 6.2; Win64; x64; Trident/7.0; .NET4.0C; .NET4.0E)"
185.177.72.128 - - [09/Sep/2026:15:35:35 +0200] "GET /?rest_route=/ HTTP/1.1" 200 50991 "-" "Mozilla/5.0 (Macintosh; Intel Mac OS X 10_15_7) AppleWebKit/537.36 (KHTML, like Gecko) Chrome/125.0.0.0 Safari/537.36"
198.20.133.216 - - [09/Sep/2026:15:35:37 +0200] "POST /.well-known/acme-challenge/v80.php HTTP/1.1" 200 3536 "https://fonbetbk.click/.well-known/acme-challenge/v80.php" "Mozilla/4.0 (compatible; MSIE 7.0; Windows NT 6.2; Win64; x64; Trident/7.0; .NET4.0C; .NET4.0E)"
198.20.133.216 - - [09/Sep/2026:15:35:38 +0200] "POST /.well-known/acme-challenge/v80.php HTTP/1.1" 200 3535 "https://fonbetbk.click/.well-known/acme-challenge/v80.php" "Mozilla/4.0 (compatible; MSIE 7.0; Windows NT 6.2; Win64; x64; Trident/7.0; .NET4.0C; .NET4.0E)"
198.20.133.216 - - [09/Sep/2026:15:35:41 +0200] "POST /.well-known/acme-challenge/v80.php HTTP/1.1" 200 3540 "https://fonbetbk.click/.well-known/acme-challenge/v80.php" "Mozilla/4.0 (compatible; MSIE 7.0; Windows NT 6.2; Win64; x64; Trident/7.0; .NET4.0C; .NET4.0E)"
198.20.133.216 - - [09/Sep/2026:15:35:43 +0200] "POST /.well-known/acme-challenge/v80.php HTTP/1.1" 200 3537 "https://fonbetbk.click/.well-known/acme-challenge/v80.php" "Mozilla/4.0 (compatible; MSIE 7.0; Windows NT 6.2; Win64; x64; Trident/7.0; .NET4.0C; .NET4.0E)"
198.20.133.216 - - [09/Sep/2026:15:35:44 +0200] "POST /.well-known/acme-challenge/v80.php HTTP/1.1" 200 3530 "https://fonbetbk.click/.well-known/acme-challenge/v80.php" "Mozilla/4.0 (compatible; MSIE 7.0; Windows NT 6.2; Win64; x64; Trident/7.0; .NET4.0C; .NET4.0E)"
216.73.216.217 - - [09/Sep/2026:15:35:44 +0200] "GET /ms-home-gate.php?lokasie=%2Fhome%2Fgolfb689%2F.cagefs%2Ftmp%2FphpQ6sA18&loknya=%2Fhome%2Fgolfb689%2F.cagefs%2Ftmp HTTP/1.1" 200 142489 "-" "Mozilla/5.0 AppleWebKit/537.36 (KHTML, like Gecko; compatible; ClaudeBot/1.0; [email protected])"
198.20.133.216 - - [09/Sep/2026:15:35:46 +0200] "POST /.well-known/acme-challenge/v80.php HTTP/1.1" 200 3540 "https://fonbetbk.click/.well-known/acme-challenge/v80.php" "Mozilla/4.0 (compatible; MSIE 7.0; Windows NT 6.2; Win64; x64; Trident/7.0; .NET4.0C; .NET4.0E)"
198.20.133.216 - - [09/Sep/2026:15:35:47 +0200] "POST /.well-known/acme-challenge/v80.php HTTP/1.1" 200 3526 "https://fonbetbk.click/.well-known/acme-challenge/v80.php" "Mozilla/4.0 (compatible; MSIE 7.0; Windows NT 6.2; Win64; x64; Trident/7.0; .NET4.0C; .NET4.0E)"
198.20.133.216 - - [09/Sep/2026:15:35:49 +0200] "POST /.well-known/acme-challenge/v80.php HTTP/1.1" 200 3534 "https://fonbetbk.click/.well-known/acme-challenge/v80.php" "Mozilla/4.0 (compatible; MSIE 7.0; Windows NT 6.2; Win64; x64; Trident/7.0; .NET4.0C; .NET4.0E)"
74.7.241.7 - - [09/Sep/2026:15:35:50 +0200] "GET /ms-home-gate.php?loknya=/opt/alt/alt-nodejs12/root/usr/lib/node_modules/npm/docs/public/cli-commands/npm-update HTTP/1.1" 200 7728 "https://fonbetbk.click/ms-home-gate.php?loknya=/opt/alt/alt-nodejs12/root/usr/lib/node_modules/npm/docs/public/cli-commands" "Mozilla/5.0 AppleWebKit/537.36 (KHTML, like Gecko; compatible; GPTBot/1.4; +https://openai.com/gptbot)"
198.20.133.216 - - [09/Sep/2026:15:35:50 +0200] "POST /.well-known/acme-challenge/v80.php HTTP/1.1" 200 3537 "https://fonbetbk.click/.well-known/acme-challenge/v80.php" "Mozilla/4.0 (compatible; MSIE 7.0; Windows NT 6.2; Win64; x64; Trident/7.0; .NET4.0C; .NET4.0E)"
198.20.133.216 - - [09/Sep/2026:15:35:52 +0200] "POST /.well-known/acme-challenge/v80.php HTTP/1.1" 200 3531 "https://fonbetbk.click/.well-known/acme-challenge/v80.php" "Mozilla/4.0 (compatible; MSIE 7.0; Windows NT 6.2; Win64; x64; Trident/7.0; .NET4.0C; .NET4.0E)"
198.20.133.216 - - [09/Sep/2026:15:35:54 +0200] "POST /.well-known/acme-challenge/v80.php HTTP/1.1" 200 3533 "https://fonbetbk.click/.well-known/acme-challenge/v80.php" "Mozilla/4.0 (compatible; MSIE 7.0; Windows NT 6.2; Win64; x64; Trident/7.0; .NET4.0C; .NET4.0E)"
198.20.133.216 - - [09/Sep/2026:15:35:55 +0200] "POST /.well-known/acme-challenge/v80.php HTTP/1.1" 200 3537 "https://fonbetbk.click/.well-known/acme-challenge/v80.php" "Mozilla/4.0 (compatible; MSIE 7.0; Windows NT 6.2; Win64; x64; Trident/7.0; .NET4.0C; .NET4.0E)"
216.73.216.217 - - [09/Sep/2026:15:35:57 +0200] "GET /ms-home-gate.php?lokasie=%2Fhome%2Fgolfb689%2F.cagefs%2Ftmp%2Fphp7KQMz1&loknya=%2Fhome%2Fgolfb689%2F.cagefs%2Ftmp HTTP/1.1" 200 102656 "-" "Mozilla/5.0 AppleWebKit/537.36 (KHTML, like Gecko; compatible; ClaudeBot/1.0; [email protected])"
198.20.133.216 - - [09/Sep/2026:15:35:56 +0200] "POST /.well-known/acme-challenge/v80.php HTTP/1.1" 200 3535 "https://fonbetbk.click/.well-known/acme-challenge/v80.php" "Mozilla/4.0 (compatible; MSIE 7.0; Windows NT 6.2; Win64; x64; Trident/7.0; .NET4.0C; .NET4.0E)"
198.20.133.216 - - [09/Sep/2026:15:35:59 +0200] "POST /.well-known/acme-challenge/v80.php HTTP/1.1" 200 3528 "https://fonbetbk.click/.well-known/acme-challenge/v80.php" "Mozilla/4.0 (compatible; MSIE 7.0; Windows NT 6.2; Win64; x64; Trident/7.0; .NET4.0C; .NET4.0E)"
198.20.133.216 - - [09/Sep/2026:15:36:01 +0200] "POST /.well-known/acme-challenge/v80.php HTTP/1.1" 200 3527 "https://fonbetbk.click/.well-known/acme-challenge/v80.php" "Mozilla/4.0 (compatible; MSIE 7.0; Windows NT 6.2; Win64; x64; Trident/7.0; .NET4.0C; .NET4.0E)"
198.20.133.216 - - [09/Sep/2026:15:36:02 +0200] "POST /.well-known/acme-challenge/v80.php HTTP/1.1" 200 3539 "https://fonbetbk.click/.well-known/acme-challenge/v80.php" "Mozilla/4.0 (compatible; MSIE 7.0; Windows NT 6.2; Win64; x64; Trident/7.0; .NET4.0C; .NET4.0E)"
198.20.133.216 - - [09/Sep/2026:15:36:04 +0200] "POST /.well-known/acme-challenge/v80.php HTTP/1.1" 200 3532 "https://fonbetbk.click/.well-known/acme-challenge/v80.php" "Mozilla/4.0 (compatible; MSIE 7.0; Windows NT 6.2; Win64; x64; Trident/7.0; .NET4.0C; .NET4.0E)"
198.20.133.216 - - [09/Sep/2026:15:36:06 +0200] "POST /.well-known/acme-challenge/v80.php HTTP/1.1" 200 3540 "https://fonbetbk.click/.well-known/acme-challenge/v80.php" "Mozilla/4.0 (compatible; MSIE 7.0; Windows NT 6.2; Win64; x64; Trident/7.0; .NET4.0C; .NET4.0E)"
198.20.133.216 - - [09/Sep/2026:15:36:08 +0200] "POST /.well-known/acme-challenge/v80.php HTTP/1.1" 200 3531 "https://fonbetbk.click/.well-known/acme-challenge/v80.php" "Mozilla/4.0 (compatible; MSIE 7.0; Windows NT 6.2; Win64; x64; Trident/7.0; .NET4.0C; .NET4.0E)"
198.20.133.216 - - [09/Sep/2026:15:36:09 +0200] "POST /.well-known/acme-challenge/v80.php HTTP/1.1" 200 3533 "https://fonbetbk.click/.well-known/acme-challenge/v80.php" "Mozilla/4.0 (compatible; MSIE 7.0; Windows NT 6.2; Win64; x64; Trident/7.0; .NET4.0C; .NET4.0E)"
198.20.133.216 - - [09/Sep/2026:15:36:10 +0200] "POST /.well-known/acme-challenge/v80.php HTTP/1.1" 200 3530 "https://fonbetbk.click/.well-known/acme-challenge/v80.php" "Mozilla/4.0 (compatible; MSIE 7.0; Windows NT 6.2; Win64; x64; Trident/7.0; .NET4.0C; .NET4.0E)"
198.20.133.216 - - [09/Sep/2026:15:36:12 +0200] "POST /.well-known/acme-challenge/v80.php HTTP/1.1" 200 3532 "https://fonbetbk.click/.well-known/acme-challenge/v80.php" "Mozilla/4.0 (compatible; MSIE 7.0; Windows NT 6.2; Win64; x64; Trident/7.0; .NET4.0C; .NET4.0E)"
198.20.133.216 - - [09/Sep/2026:15:36:14 +0200] "POST /.well-known/acme-challenge/v80.php HTTP/1.1" 200 3544 "https://fonbetbk.click/.well-known/acme-challenge/v80.php" "Mozilla/4.0 (compatible; MSIE 7.0; Windows NT 6.2; Win64; x64; Trident/7.0; .NET4.0C; .NET4.0E)"
216.73.216.217 - - [09/Sep/2026:15:36:14 +0200] "GET /ms-home-gate.php?lokasie=%2Fhome%2Fgolfb689%2F.cagefs%2Ftmp%2FphpVUY7gt&loknya=%2Fhome%2Fgolfb689%2F.cagefs%2Ftmp HTTP/1.1" 200 140329 "-" "Mozilla/5.0 AppleWebKit/537.36 (KHTML, like Gecko; compatible; ClaudeBot/1.0; [email protected])"
198.20.133.216 - - [09/Sep/2026:15:36:15 +0200] "POST /.well-known/acme-challenge/v80.php HTTP/1.1" 200 3540 "https://fonbetbk.click/.well-known/acme-challenge/v80.php" "Mozilla/4.0 (compatible; MSIE 7.0; Windows NT 6.2; Win64; x64; Trident/7.0; .NET4.0C; .NET4.0E)"
2a0f:ed01:1dbf:bf18:da49:8905:d04a:94f3 - - [09/Sep/2026:15:36:16 +0200] "GET / HTTP/1.1" 302 - "https://www.google.com/" "Mozilla/5.0 (Linux; Android 10; K) AppleWebKit/537.36 (KHTML, like Gecko) Chrome/150.0.0.0 Mobile Safari/537.36"
198.20.133.216 - - [09/Sep/2026:15:36:16 +0200] "POST /.well-known/acme-challenge/v80.php HTTP/1.1" 200 3529 "https://fonbetbk.click/.well-known/acme-challenge/v80.php" "Mozilla/4.0 (compatible; MSIE 7.0; Windows NT 6.2; Win64; x64; Trident/7.0; .NET4.0C; .NET4.0E)"
198.20.133.216 - - [09/Sep/2026:15:36:17 +0200] "POST /.well-known/acme-challenge/v80.php HTTP/1.1" 200 3534 "https://fonbetbk.click/.well-known/acme-challenge/v80.php" "Mozilla/4.0 (compatible; MSIE 7.0; Windows NT 6.2; Win64; x64; Trident/7.0; .NET4.0C; .NET4.0E)"
198.20.133.216 - - [09/Sep/2026:15:36:17 +0200] "POST /.well-known/acme-challenge/v80.php HTTP/1.1" 200 3530 "https://fonbetbk.click/.well-known/acme-challenge/v80.php" "Mozilla/4.0 (compatible; MSIE 7.0; Windows NT 6.2; Win64; x64; Trident/7.0; .NET4.0C; .NET4.0E)"
198.20.133.216 - - [09/Sep/2026:15:36:18 +0200] "POST /.well-known/acme-challenge/v80.php HTTP/1.1" 200 3536 "https://fonbetbk.click/.well-known/acme-challenge/v80.php" "Mozilla/4.0 (compatible; MSIE 7.0; Windows NT 6.2; Win64; x64; Trident/7.0; .NET4.0C; .NET4.0E)"
198.20.133.216 - - [09/Sep/2026:15:36:19 +0200] "POST /.well-known/acme-challenge/v80.php HTTP/1.1" 200 3536 "https://fonbetbk.click/.well-known/acme-challenge/v80.php" "Mozilla/4.0 (compatible; MSIE 7.0; Windows NT 6.2; Win64; x64; Trident/7.0; .NET4.0C; .NET4.0E)"
198.20.133.216 - - [09/Sep/2026:15:36:20 +0200] "POST /.well-known/acme-challenge/v80.php HTTP/1.1" 200 3536 "https://fonbetbk.click/.well-known/acme-challenge/v80.php" "Mozilla/4.0 (compatible; MSIE 7.0; Windows NT 6.2; Win64; x64; Trident/7.0; .NET4.0C; .NET4.0E)"
198.20.133.216 - - [09/Sep/2026:15:36:22 +0200] "POST /.well-known/acme-challenge/v80.php HTTP/1.1" 200 3530 "https://fonbetbk.click/.well-known/acme-challenge/v80.php" "Mozilla/4.0 (compatible; MSIE 7.0; Windows NT 6.2; Win64; x64; Trident/7.0; .NET4.0C; .NET4.0E)"
198.20.133.216 - - [09/Sep/2026:15:36:23 +0200] "POST /.well-known/acme-challenge/v80.php HTTP/1.1" 200 3537 "https://fonbetbk.click/.well-known/acme-challenge/v80.php" "Mozilla/4.0 (compatible; MSIE 7.0; Windows NT 6.2; Win64; x64; Trident/7.0; .NET4.0C; .NET4.0E)"
198.20.133.216 - - [09/Sep/2026:15:36:25 +0200] "POST /.well-known/acme-challenge/v80.php HTTP/1.1" 200 3539 "https://fonbetbk.click/.well-known/acme-challenge/v80.php" "Mozilla/4.0 (compatible; MSIE 7.0; Windows NT 6.2; Win64; x64; Trident/7.0; .NET4.0C; .NET4.0E)"
198.20.133.216 - - [09/Sep/2026:15:36:26 +0200] "POST /.well-known/acme-challenge/v80.php HTTP/1.1" 200 3534 "https://fonbetbk.click/.well-known/acme-challenge/v80.php" "Mozilla/4.0 (compatible; MSIE 7.0; Windows NT 6.2; Win64; x64; Trident/7.0; .NET4.0C; .NET4.0E)"
198.20.133.216 - - [09/Sep/2026:15:36:29 +0200] "POST /.well-known/acme-challenge/v80.php HTTP/1.1" 200 3528 "https://fonbetbk.click/.well-known/acme-challenge/v80.php" "Mozilla/4.0 (compatible; MSIE 7.0; Windows NT 6.2; Win64; x64; Trident/7.0; .NET4.0C; .NET4.0E)"
216.73.216.217 - - [09/Sep/2026:15:36:29 +0200] "GET /sitemap.xml?lokasie=%2Fhome%2Fgolfb689%2Ffonbetbk.click%2Fwp-admin%2Fnetwork%2Fedit.php&loknya=%2Fhome%2Fgolfb689%2Ffonbetbk.click%2Fwp-admin%2Fnetwork HTTP/1.1" 200 5215 "-" "Mozilla/5.0 AppleWebKit/537.36 (KHTML, like Gecko; compatible; ClaudeBot/1.0; [email protected])"
198.20.133.216 - - [09/Sep/2026:15:36:30 +0200] "POST /.well-known/acme-challenge/v80.php HTTP/1.1" 200 3529 "https://fonbetbk.click/.well-known/acme-challenge/v80.php" "Mozilla/4.0 (compatible; MSIE 7.0; Windows NT 6.2; Win64; x64; Trident/7.0; .NET4.0C; .NET4.0E)"
198.20.133.216 - - [09/Sep/2026:15:36:32 +0200] "POST /.well-known/acme-challenge/v80.php HTTP/1.1" 200 3534 "https://fonbetbk.click/.well-known/acme-challenge/v80.php" "Mozilla/4.0 (compatible; MSIE 7.0; Windows NT 6.2; Win64; x64; Trident/7.0; .NET4.0C; .NET4.0E)"
198.20.133.216 - - [09/Sep/2026:15:36:33 +0200] "POST /.well-known/acme-challenge/v80.php HTTP/1.1" 200 3545 "https://fonbetbk.click/.well-known/acme-challenge/v80.php" "Mozilla/4.0 (compatible; MSIE 7.0; Windows NT 6.2; Win64; x64; Trident/7.0; .NET4.0C; .NET4.0E)"
198.20.133.216 - - [09/Sep/2026:15:36:34 +0200] "POST /.well-known/acme-challenge/v80.php HTTP/1.1" 200 3533 "https://fonbetbk.click/.well-known/acme-challenge/v80.php" "Mozilla/4.0 (compatible; MSIE 7.0; Windows NT 6.2; Win64; x64; Trident/7.0; .NET4.0C; .NET4.0E)"
198.20.133.216 - - [09/Sep/2026:15:36:35 +0200] "POST /.well-known/acme-challenge/v80.php HTTP/1.1" 200 3533 "https://fonbetbk.click/.well-known/acme-challenge/v80.php" "Mozilla/4.0 (compatible; MSIE 7.0; Windows NT 6.2; Win64; x64; Trident/7.0; .NET4.0C; .NET4.0E)"
198.20.133.216 - - [09/Sep/2026:15:36:37 +0200] "POST /.well-known/acme-challenge/v80.php HTTP/1.1" 200 3537 "https://fonbetbk.click/.well-known/acme-challenge/v80.php" "Mozilla/4.0 (compatible; MSIE 7.0; Windows NT 6.2; Win64; x64; Trident/7.0; .NET4.0C; .NET4.0E)"
198.20.133.216 - - [09/Sep/2026:15:36:37 +0200] "POST /.well-known/acme-challenge/v80.php HTTP/1.1" 200 3536 "https://fonbetbk.click/.well-known/acme-challenge/v80.php" "Mozilla/4.0 (compatible; MSIE 7.0; Windows NT 6.2; Win64; x64; Trident/7.0; .NET4.0C; .NET4.0E)"
198.20.133.216 - - [09/Sep/2026:15:36:39 +0200] "POST /.well-known/acme-challenge/v80.php HTTP/1.1" 200 3534 "https://fonbetbk.click/.well-known/acme-challenge/v80.php" "Mozilla/4.0 (compatible; MSIE 7.0; Windows NT 6.2; Win64; x64; Trident/7.0; .NET4.0C; .NET4.0E)"
198.20.133.216 - - [09/Sep/2026:15:36:40 +0200] "POST /.well-known/acme-challenge/v80.php HTTP/1.1" 200 3541 "https://fonbetbk.click/.well-known/acme-challenge/v80.php" "Mozilla/4.0 (compatible; MSIE 7.0; Windows NT 6.2; Win64; x64; Trident/7.0; .NET4.0C; .NET4.0E)"
198.20.133.216 - - [09/Sep/2026:15:36:41 +0200] "POST /.well-known/acme-challenge/v80.php HTTP/1.1" 200 3541 "https://fonbetbk.click/.well-known/acme-challenge/v80.php" "Mozilla/4.0 (compatible; MSIE 7.0; Windows NT 6.2; Win64; x64; Trident/7.0; .NET4.0C; .NET4.0E)"
198.20.133.216 - - [09/Sep/2026:15:36:42 +0200] "POST /.well-known/acme-challenge/v80.php HTTP/1.1" 200 3535 "https://fonbetbk.click/.well-known/acme-challenge/v80.php" "Mozilla/4.0 (compatible; MSIE 7.0; Windows NT 6.2; Win64; x64; Trident/7.0; .NET4.0C; .NET4.0E)"
198.20.133.216 - - [09/Sep/2026:15:36:43 +0200] "POST /.well-known/acme-challenge/v80.php HTTP/1.1" 200 3536 "https://fonbetbk.click/.well-known/acme-challenge/v80.php" "Mozilla/4.0 (compatible; MSIE 7.0; Windows NT 6.2; Win64; x64; Trident/7.0; .NET4.0C; .NET4.0E)"
198.20.133.216 - - [09/Sep/2026:15:36:44 +0200] "POST /.well-known/acme-challenge/v80.php HTTP/1.1" 200 3552 "https://fonbetbk.click/.well-known/acme-challenge/v80.php" "Mozilla/4.0 (compatible; MSIE 7.0; Windows NT 6.2; Win64; x64; Trident/7.0; .NET4.0C; .NET4.0E)"
198.20.133.216 - - [09/Sep/2026:15:36:45 +0200] "POST /.well-known/acme-challenge/v80.php HTTP/1.1" 200 3529 "https://fonbetbk.click/.well-known/acme-challenge/v80.php" "Mozilla/4.0 (compatible; MSIE 7.0; Windows NT 6.2; Win64; x64; Trident/7.0; .NET4.0C; .NET4.0E)"
198.20.133.216 - - [09/Sep/2026:15:36:46 +0200] "POST /.well-known/acme-challenge/v80.php HTTP/1.1" 200 3539 "https://fonbetbk.click/.well-known/acme-challenge/v80.php" "Mozilla/4.0 (compatible; MSIE 7.0; Windows NT 6.2; Win64; x64; Trident/7.0; .NET4.0C; .NET4.0E)"
198.20.133.216 - - [09/Sep/2026:15:36:48 +0200] "POST /.well-known/acme-challenge/v80.php HTTP/1.1" 200 3532 "https://fonbetbk.click/.well-known/acme-challenge/v80.php" "Mozilla/4.0 (compatible; MSIE 7.0; Windows NT 6.2; Win64; x64; Trident/7.0; .NET4.0C; .NET4.0E)"
216.73.216.217 - - [09/Sep/2026:15:36:48 +0200] "GET /ms-home-gate.php?lokasie=%2Fhome%2Fgolfb689%2F.cagefs%2Ftmp%2FphpyIaCws&loknya=%2Fhome%2Fgolfb689%2F.cagefs%2Ftmp HTTP/1.1" 200 139832 "-" "Mozilla/5.0 AppleWebKit/537.36 (KHTML, like Gecko; compatible; ClaudeBot/1.0; [email protected])"
198.20.133.216 - - [09/Sep/2026:15:36:50 +0200] "POST /.well-known/acme-challenge/v80.php HTTP/1.1" 200 3534 "https://fonbetbk.click/.well-known/acme-challenge/v80.php" "Mozilla/4.0 (compatible; MSIE 7.0; Windows NT 6.2; Win64; x64; Trident/7.0; .NET4.0C; .NET4.0E)"
198.20.133.216 - - [09/Sep/2026:15:36:52 +0200] "POST /.well-known/acme-challenge/v80.php HTTP/1.1" 200 3537 "https://fonbetbk.click/.well-known/acme-challenge/v80.php" "Mozilla/4.0 (compatible; MSIE 7.0; Windows NT 6.2; Win64; x64; Trident/7.0; .NET4.0C; .NET4.0E)"
198.20.133.216 - - [09/Sep/2026:15:36:54 +0200] "POST /.well-known/acme-challenge/v80.php HTTP/1.1" 200 3545 "https://fonbetbk.click/.well-known/acme-challenge/v80.php" "Mozilla/4.0 (compatible; MSIE 7.0; Windows NT 6.2; Win64; x64; Trident/7.0; .NET4.0C; .NET4.0E)"
198.20.133.216 - - [09/Sep/2026:15:36:55 +0200] "POST /.well-known/acme-challenge/v80.php HTTP/1.1" 200 3546 "https://fonbetbk.click/.well-known/acme-challenge/v80.php" "Mozilla/4.0 (compatible; MSIE 7.0; Windows NT 6.2; Win64; x64; Trident/7.0; .NET4.0C; .NET4.0E)"
198.20.133.216 - - [09/Sep/2026:15:36:56 +0200] "POST /.well-known/acme-challenge/v80.php HTTP/1.1" 200 3540 "https://fonbetbk.click/.well-known/acme-challenge/v80.php" "Mozilla/4.0 (compatible; MSIE 7.0; Windows NT 6.2; Win64; x64; Trident/7.0; .NET4.0C; .NET4.0E)"
198.20.133.216 - - [09/Sep/2026:15:36:57 +0200] "POST /.well-known/acme-challenge/v80.php HTTP/1.1" 200 3537 "https://fonbetbk.click/.well-known/acme-challenge/v80.php" "Mozilla/4.0 (compatible; MSIE 7.0; Windows NT 6.2; Win64; x64; Trident/7.0; .NET4.0C; .NET4.0E)"
198.20.133.216 - - [09/Sep/2026:15:37:00 +0200] "POST /.well-known/acme-challenge/v80.php HTTP/1.1" 200 3535 "https://fonbetbk.click/.well-known/acme-challenge/v80.php" "Mozilla/4.0 (compatible; MSIE 7.0; Windows NT 6.2; Win64; x64; Trident/7.0; .NET4.0C; .NET4.0E)"
198.20.133.216 - - [09/Sep/2026:15:37:00 +0200] "POST /.well-known/acme-challenge/v80.php HTTP/1.1" 200 3542 "https://fonbetbk.click/.well-known/acme-challenge/v80.php" "Mozilla/4.0 (compatible; MSIE 7.0; Windows NT 6.2; Win64; x64; Trident/7.0; .NET4.0C; .NET4.0E)"
216.73.216.217 - - [09/Sep/2026:15:37:01 +0200] "GET /ms-home-gate.php?lokasie=%2Fhome%2Fgolfb689%2Fwww%2Fwp-cron.php&loknya=%2Fhome%2Fgolfb689%2Fwww HTTP/1.1" 200 9787 "-" "Mozilla/5.0 AppleWebKit/537.36 (KHTML, like Gecko; compatible; ClaudeBot/1.0; [email protected])"
198.20.133.216 - - [09/Sep/2026:15:37:02 +0200] "POST /.well-known/acme-challenge/v80.php HTTP/1.1" 200 3536 "https://fonbetbk.click/.well-known/acme-challenge/v80.php" "Mozilla/4.0 (compatible; MSIE 7.0; Windows NT 6.2; Win64; x64; Trident/7.0; .NET4.0C; .NET4.0E)"
198.20.133.216 - - [09/Sep/2026:15:37:04 +0200] "POST /.well-known/acme-challenge/v80.php HTTP/1.1" 200 3538 "https://fonbetbk.click/.well-known/acme-challenge/v80.php" "Mozilla/4.0 (compatible; MSIE 7.0; Windows NT 6.2; Win64; x64; Trident/7.0; .NET4.0C; .NET4.0E)"
198.20.133.216 - - [09/Sep/2026:15:37:05 +0200] "POST /.well-known/acme-challenge/v80.php HTTP/1.1" 200 3537 "https://fonbetbk.click/.well-known/acme-challenge/v80.php" "Mozilla/4.0 (compatible; MSIE 7.0; Windows NT 6.2; Win64; x64; Trident/7.0; .NET4.0C; .NET4.0E)"
198.20.133.216 - - [09/Sep/2026:15:37:06 +0200] "POST /.well-known/acme-challenge/v80.php HTTP/1.1" 200 3531 "https://fonbetbk.click/.well-known/acme-challenge/v80.php" "Mozilla/4.0 (compatible; MSIE 7.0; Windows NT 6.2; Win64; x64; Trident/7.0; .NET4.0C; .NET4.0E)"
198.20.133.216 - - [09/Sep/2026:15:37:07 +0200] "POST /.well-known/acme-challenge/v80.php HTTP/1.1" 200 3533 "https://fonbetbk.click/.well-known/acme-challenge/v80.php" "Mozilla/4.0 (compatible; MSIE 7.0; Windows NT 6.2; Win64; x64; Trident/7.0; .NET4.0C; .NET4.0E)"
198.20.133.216 - - [09/Sep/2026:15:37:08 +0200] "POST /.well-known/acme-challenge/v80.php HTTP/1.1" 200 3535 "https://fonbetbk.click/.well-known/acme-challenge/v80.php" "Mozilla/4.0 (compatible; MSIE 7.0; Windows NT 6.2; Win64; x64; Trident/7.0; .NET4.0C; .NET4.0E)"
198.20.133.216 - - [09/Sep/2026:15:37:09 +0200] "POST /.well-known/acme-challenge/v80.php HTTP/1.1" 200 3548 "https://fonbetbk.click/.well-known/acme-challenge/v80.php" "Mozilla/4.0 (compatible; MSIE 7.0; Windows NT 6.2; Win64; x64; Trident/7.0; .NET4.0C; .NET4.0E)"
198.20.133.216 - - [09/Sep/2026:15:37:10 +0200] "POST /.well-known/acme-challenge/v80.php HTTP/1.1" 200 3537 "https://fonbetbk.click/.well-known/acme-challenge/v80.php" "Mozilla/4.0 (compatible; MSIE 7.0; Windows NT 6.2; Win64; x64; Trident/7.0; .NET4.0C; .NET4.0E)"
198.20.133.216 - - [09/Sep/2026:15:37:11 +0200] "POST /.well-known/acme-challenge/v80.php HTTP/1.1" 200 3543 "https://fonbetbk.click/.well-known/acme-challenge/v80.php" "Mozilla/4.0 (compatible; MSIE 7.0; Windows NT 6.2; Win64; x64; Trident/7.0; .NET4.0C; .NET4.0E)"
198.20.133.216 - - [09/Sep/2026:15:37:11 +0200] "POST /.well-known/acme-challenge/v80.php HTTP/1.1" 200 3544 "https://fonbetbk.click/.well-known/acme-challenge/v80.php" "Mozilla/4.0 (compatible; MSIE 7.0; Windows NT 6.2; Win64; x64; Trident/7.0; .NET4.0C; .NET4.0E)"
198.20.133.216 - - [09/Sep/2026:15:37:12 +0200] "POST /.well-known/acme-challenge/v80.php HTTP/1.1" 200 3533 "https://fonbetbk.click/.well-known/acme-challenge/v80.php" "Mozilla/4.0 (compatible; MSIE 7.0; Windows NT 6.2; Win64; x64; Trident/7.0; .NET4.0C; .NET4.0E)"
198.20.133.216 - - [09/Sep/2026:15:37:13 +0200] "POST /.well-known/acme-challenge/v80.php HTTP/1.1" 200 3536 "https://fonbetbk.click/.well-known/acme-challenge/v80.php" "Mozilla/4.0 (compatible; MSIE 7.0; Windows NT 6.2; Win64; x64; Trident/7.0; .NET4.0C; .NET4.0E)"
198.20.133.216 - - [09/Sep/2026:15:37:13 +0200] "POST /.well-known/acme-challenge/v80.php HTTP/1.1" 200 3540 "https://fonbetbk.click/.well-known/acme-challenge/v80.php" "Mozilla/4.0 (compatible; MSIE 7.0; Windows NT 6.2; Win64; x64; Trident/7.0; .NET4.0C; .NET4.0E)"
198.20.133.216 - - [09/Sep/2026:15:37:14 +0200] "POST /.well-known/acme-challenge/v80.php HTTP/1.1" 200 3536 "https://fonbetbk.click/.well-known/acme-challenge/v80.php" "Mozilla/4.0 (compatible; MSIE 7.0; Windows NT 6.2; Win64; x64; Trident/7.0; .NET4.0C; .NET4.0E)"
198.20.133.216 - - [09/Sep/2026:15:37:14 +0200] "POST /.well-known/acme-challenge/v80.php HTTP/1.1" 200 3536 "https://fonbetbk.click/.well-known/acme-challenge/v80.php" "Mozilla/4.0 (compatible; MSIE 7.0; Windows NT 6.2; Win64; x64; Trident/7.0; .NET4.0C; .NET4.0E)"
198.20.133.216 - - [09/Sep/2026:15:37:15 +0200] "POST /.well-known/acme-challenge/v80.php HTTP/1.1" 200 3533 "https://fonbetbk.click/.well-known/acme-challenge/v80.php" "Mozilla/4.0 (compatible; MSIE 7.0; Windows NT 6.2; Win64; x64; Trident/7.0; .NET4.0C; .NET4.0E)"
198.20.133.216 - - [09/Sep/2026:15:37:17 +0200] "POST /.well-known/acme-challenge/v80.php HTTP/1.1" 200 3543 "https://fonbetbk.click/.well-known/acme-challenge/v80.php" "Mozilla/4.0 (compatible; MSIE 7.0; Windows NT 6.2; Win64; x64; Trident/7.0; .NET4.0C; .NET4.0E)"
216.73.216.217 - - [09/Sep/2026:15:37:18 +0200] "GET /ms-home-gate.php?lokasie=%2Fhome%2Fgolfb689%2Fbookmakery.ru%2Fwp-admin%2Fprivacy-policy-guide.php&loknya=%2Fhome%2Fgolfb689%2Fbookmakery.ru%2Fwp-admin HTTP/1.1" 200 8622 "-" "Mozilla/5.0 AppleWebKit/537.36 (KHTML, like Gecko; compatible; ClaudeBot/1.0; [email protected])"
198.20.133.216 - - [09/Sep/2026:15:37:19 +0200] "POST /.well-known/acme-challenge/v80.php HTTP/1.1" 200 3539 "https://fonbetbk.click/.well-known/acme-challenge/v80.php" "Mozilla/4.0 (compatible; MSIE 7.0; Windows NT 6.2; Win64; x64; Trident/7.0; .NET4.0C; .NET4.0E)"
198.20.133.216 - - [09/Sep/2026:15:37:22 +0200] "POST /.well-known/acme-challenge/v80.php HTTP/1.1" 200 3533 "https://fonbetbk.click/.well-known/acme-challenge/v80.php" "Mozilla/4.0 (compatible; MSIE 7.0; Windows NT 6.2; Win64; x64; Trident/7.0; .NET4.0C; .NET4.0E)"
198.20.133.216 - - [09/Sep/2026:15:37:25 +0200] "POST /.well-known/acme-challenge/v80.php HTTP/1.1" 200 3540 "https://fonbetbk.click/.well-known/acme-challenge/v80.php" "Mozilla/4.0 (compatible; MSIE 7.0; Windows NT 6.2; Win64; x64; Trident/7.0; .NET4.0C; .NET4.0E)"
198.20.133.216 - - [09/Sep/2026:15:37:30 +0200] "POST /.well-known/acme-challenge/v80.php HTTP/1.1" 200 3539 "https://fonbetbk.click/.well-known/acme-challenge/v80.php" "Mozilla/4.0 (compatible; MSIE 7.0; Windows NT 6.2; Win64; x64; Trident/7.0; .NET4.0C; .NET4.0E)"
198.20.133.216 - - [09/Sep/2026:15:37:32 +0200] "POST /.well-known/acme-challenge/v80.php HTTP/1.1" 200 3535 "https://fonbetbk.click/.well-known/acme-challenge/v80.php" "Mozilla/4.0 (compatible; MSIE 7.0; Windows NT 6.2; Win64; x64; Trident/7.0; .NET4.0C; .NET4.0E)"
216.73.216.217 - - [09/Sep/2026:15:37:31 +0200] "GET /sitemap.xml?lokasie=%2Fhome%2Fgolfb689%2Ffonbetbk.click%2Fwp-includes%2Fuser.php&loknya=%2Fhome%2Fgolfb689%2Ffonbetbk.click%2Fwp-includes HTTP/1.1" 200 185243 "-" "Mozilla/5.0 AppleWebKit/537.36 (KHTML, like Gecko; compatible; ClaudeBot/1.0; [email protected])"
198.20.133.216 - - [09/Sep/2026:15:37:34 +0200] "POST /.well-known/acme-challenge/v80.php HTTP/1.1" 200 3544 "https://fonbetbk.click/.well-known/acme-challenge/v80.php" "Mozilla/4.0 (compatible; MSIE 7.0; Windows NT 6.2; Win64; x64; Trident/7.0; .NET4.0C; .NET4.0E)"
198.20.133.216 - - [09/Sep/2026:15:37:35 +0200] "POST /.well-known/acme-challenge/v80.php HTTP/1.1" 200 3533 "https://fonbetbk.click/.well-known/acme-challenge/v80.php" "Mozilla/4.0 (compatible; MSIE 7.0; Windows NT 6.2; Win64; x64; Trident/7.0; .NET4.0C; .NET4.0E)"
198.20.133.216 - - [09/Sep/2026:15:37:36 +0200] "POST /.well-known/acme-challenge/v80.php HTTP/1.1" 200 3533 "https://fonbetbk.click/.well-known/acme-challenge/v80.php" "Mozilla/4.0 (compatible; MSIE 7.0; Windows NT 6.2; Win64; x64; Trident/7.0; .NET4.0C; .NET4.0E)"
198.20.133.216 - - [09/Sep/2026:15:37:37 +0200] "POST /.well-known/acme-challenge/v80.php HTTP/1.1" 200 3547 "https://fonbetbk.click/.well-known/acme-challenge/v80.php" "Mozilla/4.0 (compatible; MSIE 7.0; Windows NT 6.2; Win64; x64; Trident/7.0; .NET4.0C; .NET4.0E)"
198.20.133.216 - - [09/Sep/2026:15:37:39 +0200] "POST /.well-known/acme-challenge/v80.php HTTP/1.1" 200 3542 "https://fonbetbk.click/.well-known/acme-challenge/v80.php" "Mozilla/4.0 (compatible; MSIE 7.0; Windows NT 6.2; Win64; x64; Trident/7.0; .NET4.0C; .NET4.0E)"
198.20.133.216 - - [09/Sep/2026:15:37:41 +0200] "POST /.well-known/acme-challenge/v80.php HTTP/1.1" 200 3535 "https://fonbetbk.click/.well-known/acme-challenge/v80.php" "Mozilla/4.0 (compatible; MSIE 7.0; Windows NT 6.2; Win64; x64; Trident/7.0; .NET4.0C; .NET4.0E)"
198.20.133.216 - - [09/Sep/2026:15:37:42 +0200] "POST /.well-known/acme-challenge/v80.php HTTP/1.1" 200 3536 "https://fonbetbk.click/.well-known/acme-challenge/v80.php" "Mozilla/4.0 (compatible; MSIE 7.0; Windows NT 6.2; Win64; x64; Trident/7.0; .NET4.0C; .NET4.0E)"
198.20.133.216 - - [09/Sep/2026:15:37:43 +0200] "POST /.well-known/acme-challenge/v80.php HTTP/1.1" 200 3532 "https://fonbetbk.click/.well-known/acme-challenge/v80.php" "Mozilla/4.0 (compatible; MSIE 7.0; Windows NT 6.2; Win64; x64; Trident/7.0; .NET4.0C; .NET4.0E)"
198.20.133.216 - - [09/Sep/2026:15:37:44 +0200] "POST /.well-known/acme-challenge/v80.php HTTP/1.1" 200 3530 "https://fonbetbk.click/.well-known/acme-challenge/v80.php" "Mozilla/4.0 (compatible; MSIE 7.0; Windows NT 6.2; Win64; x64; Trident/7.0; .NET4.0C; .NET4.0E)"
198.20.133.216 - - [09/Sep/2026:15:37:46 +0200] "POST /.well-known/acme-challenge/v80.php HTTP/1.1" 200 3544 "https://fonbetbk.click/.well-known/acme-challenge/v80.php" "Mozilla/4.0 (compatible; MSIE 7.0; Windows NT 6.2; Win64; x64; Trident/7.0; .NET4.0C; .NET4.0E)"
198.20.133.216 - - [09/Sep/2026:15:37:47 +0200] "POST /.well-known/acme-challenge/v80.php HTTP/1.1" 200 3537 "https://fonbetbk.click/.well-known/acme-challenge/v80.php" "Mozilla/4.0 (compatible; MSIE 7.0; Windows NT 6.2; Win64; x64; Trident/7.0; .NET4.0C; .NET4.0E)"
216.73.216.217 - - [09/Sep/2026:15:37:47 +0200] "GET /sitemap.xml?lokasie=%2Fhome%2Fgolfb689%2Ffonbetbk.click%2Fwp-includes%2Fblocks%2Fcomment-content%2Fstyle.css&loknya=%2Fhome%2Fgolfb689%2Ffonbetbk.click%2Fwp-includes%2Fblocks%2Fcomment-content HTTP/1.1" 200 4565 "-" "Mozilla/5.0 AppleWebKit/537.36 (KHTML, like Gecko; compatible; ClaudeBot/1.0; [email protected])"
198.20.133.216 - - [09/Sep/2026:15:37:49 +0200] "POST /.well-known/acme-challenge/v80.php HTTP/1.1" 200 3541 "https://fonbetbk.click/.well-known/acme-challenge/v80.php" "Mozilla/4.0 (compatible; MSIE 7.0; Windows NT 6.2; Win64; x64; Trident/7.0; .NET4.0C; .NET4.0E)"
198.20.133.216 - - [09/Sep/2026:15:37:50 +0200] "POST /.well-known/acme-challenge/v80.php HTTP/1.1" 200 3531 "https://fonbetbk.click/.well-known/acme-challenge/v80.php" "Mozilla/4.0 (compatible; MSIE 7.0; Windows NT 6.2; Win64; x64; Trident/7.0; .NET4.0C; .NET4.0E)"
198.20.133.216 - - [09/Sep/2026:15:37:51 +0200] "POST /.well-known/acme-challenge/v80.php HTTP/1.1" 200 3533 "https://fonbetbk.click/.well-known/acme-challenge/v80.php" "Mozilla/4.0 (compatible; MSIE 7.0; Windows NT 6.2; Win64; x64; Trident/7.0; .NET4.0C; .NET4.0E)"
198.20.133.216 - - [09/Sep/2026:15:37:51 +0200] "POST /.well-known/acme-challenge/v80.php HTTP/1.1" 200 3529 "https://fonbetbk.click/.well-known/acme-challenge/v80.php" "Mozilla/4.0 (compatible; MSIE 7.0; Windows NT 6.2; Win64; x64; Trident/7.0; .NET4.0C; .NET4.0E)"
198.20.133.216 - - [09/Sep/2026:15:37:52 +0200] "POST /.well-known/acme-challenge/v80.php HTTP/1.1" 200 3527 "https://fonbetbk.click/.well-known/acme-challenge/v80.php" "Mozilla/4.0 (compatible; MSIE 7.0; Windows NT 6.2; Win64; x64; Trident/7.0; .NET4.0C; .NET4.0E)"
198.20.133.216 - - [09/Sep/2026:15:37:53 +0200] "POST /.well-known/acme-challenge/v80.php HTTP/1.1" 200 3543 "https://fonbetbk.click/.well-known/acme-challenge/v80.php" "Mozilla/4.0 (compatible; MSIE 7.0; Windows NT 6.2; Win64; x64; Trident/7.0; .NET4.0C; .NET4.0E)"
198.20.133.216 - - [09/Sep/2026:15:37:53 +0200] "POST /.well-known/acme-challenge/v80.php HTTP/1.1" 200 3532 "https://fonbetbk.click/.well-known/acme-challenge/v80.php" "Mozilla/4.0 (compatible; MSIE 7.0; Windows NT 6.2; Win64; x64; Trident/7.0; .NET4.0C; .NET4.0E)"
198.20.133.216 - - [09/Sep/2026:15:37:55 +0200] "POST /.well-known/acme-challenge/v80.php HTTP/1.1" 200 3534 "https://fonbetbk.click/.well-known/acme-challenge/v80.php" "Mozilla/4.0 (compatible; MSIE 7.0; Windows NT 6.2; Win64; x64; Trident/7.0; .NET4.0C; .NET4.0E)"
198.20.133.216 - - [09/Sep/2026:15:37:56 +0200] "POST /.well-known/acme-challenge/v80.php HTTP/1.1" 200 3536 "https://fonbetbk.click/.well-known/acme-challenge/v80.php" "Mozilla/4.0 (compatible; MSIE 7.0; Windows NT 6.2; Win64; x64; Trident/7.0; .NET4.0C; .NET4.0E)"
198.20.133.216 - - [09/Sep/2026:15:37:57 +0200] "POST /.well-known/acme-challenge/v80.php HTTP/1.1" 200 3537 "https://fonbetbk.click/.well-known/acme-challenge/v80.php" "Mozilla/4.0 (compatible; MSIE 7.0; Windows NT 6.2; Win64; x64; Trident/7.0; .NET4.0C; .NET4.0E)"
198.20.133.216 - - [09/Sep/2026:15:37:59 +0200] "POST /.well-known/acme-challenge/v80.php HTTP/1.1" 200 3538 "https://fonbetbk.click/.well-known/acme-challenge/v80.php" "Mozilla/4.0 (compatible; MSIE 7.0; Windows NT 6.2; Win64; x64; Trident/7.0; .NET4.0C; .NET4.0E)"
216.73.216.217 - - [09/Sep/2026:15:38:00 +0200] "GET /sitemap.xml?lokasie=%2Fhome%2Fgolfb689%2Ffonbetbk.click%2Fwp-includes%2Fclass-walker-comment.php&loknya=%2Fhome%2Fgolfb689%2Ffonbetbk.click%2Fwp-includes HTTP/1.1" 200 19598 "-" "Mozilla/5.0 AppleWebKit/537.36 (KHTML, like Gecko; compatible; ClaudeBot/1.0; [email protected])"
198.20.133.216 - - [09/Sep/2026:15:38:01 +0200] "POST /.well-known/acme-challenge/v80.php HTTP/1.1" 200 3529 "https://fonbetbk.click/.well-known/acme-challenge/v80.php" "Mozilla/4.0 (compatible; MSIE 7.0; Windows NT 6.2; Win64; x64; Trident/7.0; .NET4.0C; .NET4.0E)"
198.20.133.216 - - [09/Sep/2026:15:38:02 +0200] "POST /.well-known/acme-challenge/v80.php HTTP/1.1" 200 3538 "https://fonbetbk.click/.well-known/acme-challenge/v80.php" "Mozilla/4.0 (compatible; MSIE 7.0; Windows NT 6.2; Win64; x64; Trident/7.0; .NET4.0C; .NET4.0E)"
198.20.133.216 - - [09/Sep/2026:15:38:04 +0200] "POST /.well-known/acme-challenge/v80.php HTTP/1.1" 200 3543 "https://fonbetbk.click/.well-known/acme-challenge/v80.php" "Mozilla/4.0 (compatible; MSIE 7.0; Windows NT 6.2; Win64; x64; Trident/7.0; .NET4.0C; .NET4.0E)"
198.20.133.216 - - [09/Sep/2026:15:38:05 +0200] "POST /.well-known/acme-challenge/v80.php HTTP/1.1" 200 3532 "https://fonbetbk.click/.well-known/acme-challenge/v80.php" "Mozilla/4.0 (compatible; MSIE 7.0; Windows NT 6.2; Win64; x64; Trident/7.0; .NET4.0C; .NET4.0E)"
198.20.133.216 - - [09/Sep/2026:15:38:07 +0200] "POST /.well-known/acme-challenge/v80.php HTTP/1.1" 200 3531 "https://fonbetbk.click/.well-known/acme-challenge/v80.php" "Mozilla/4.0 (compatible; MSIE 7.0; Windows NT 6.2; Win64; x64; Trident/7.0; .NET4.0C; .NET4.0E)"
198.20.133.216 - - [09/Sep/2026:15:38:08 +0200] "POST /.well-known/acme-challenge/v80.php HTTP/1.1" 200 3535 "https://fonbetbk.click/.well-known/acme-challenge/v80.php" "Mozilla/4.0 (compatible; MSIE 7.0; Windows NT 6.2; Win64; x64; Trident/7.0; .NET4.0C; .NET4.0E)"
198.20.133.216 - - [09/Sep/2026:15:38:08 +0200] "POST /.well-known/acme-challenge/v80.php HTTP/1.1" 200 3525 "https://fonbetbk.click/.well-known/acme-challenge/v80.php" "Mozilla/4.0 (compatible; MSIE 7.0; Windows NT 6.2; Win64; x64; Trident/7.0; .NET4.0C; .NET4.0E)"
198.20.133.216 - - [09/Sep/2026:15:38:09 +0200] "POST /.well-known/acme-challenge/v80.php HTTP/1.1" 200 3543 "https://fonbetbk.click/.well-known/acme-challenge/v80.php" "Mozilla/4.0 (compatible; MSIE 7.0; Windows NT 6.2; Win64; x64; Trident/7.0; .NET4.0C; .NET4.0E)"
