185.43.220.19 - - [09/Sep/2026:18:40:43 +0200] "POST /wp-cron.php?doing_wp_cron=1788972043.5204660892486572265625 HTTP/1.1" 200 - "-" "WordPress/7.1; https://fonbetrus.com"
95.108.213.108 - - [09/Sep/2026:18:40:40 +0200] "GET /wp-content/uploads/2017/06/Fonbet-sportivnyie-stavki.png HTTP/1.1" 302 - "-" "Mozilla/5.0 (compatible; YandexImages/3.0; +http://yandex.com/bots)"
169.58.247.137 - - [09/Sep/2026:18:41:55 +0200] "GET /wp-login.php HTTP/1.1" 503 468 "-" "Mozilla/5.0 (Windows NT 10.0; Win64; x64) AppleWebKit/537.36"
185.43.220.19 - - [09/Sep/2026:18:46:31 +0200] "POST /wp-cron.php?doing_wp_cron=1788972390.9474689960479736328125 HTTP/1.1" 200 - "-" "WordPress/7.1; https://fonbetrus.com"
91.92.243.251 - - [09/Sep/2026:18:46:27 +0200] "POST /wp-login.php HTTP/1.1" 302 - "-" "Mozilla/5.0"
54.234.112.235 - - [09/Sep/2026:18:48:11 +0200] "POST / HTTP/1.1" 302 - "https://www.fonbetrus.com.livebookmakers.net/" "Mozilla/5.0 (Macintosh; Intel Mac OS X 10_15_7) AppleWebKit/537.36 (KHTML, like Gecko) Chrome/140.0.0.0 newsai/1.0 Safari/537.36"
54.234.112.235 - - [09/Sep/2026:18:48:12 +0200] "POST / HTTP/1.1" 302 - "https://www.fonbetrus.com.livebookmakers.net/" "Mozilla/5.0 (Macintosh; Intel Mac OS X 10_15_7) AppleWebKit/537.36 (KHTML, like Gecko) Chrome/146.0.0.0 Safari/537.36"
54.234.112.235 - - [09/Sep/2026:18:48:13 +0200] "POST / HTTP/1.1" 302 - "https://www.fonbetrus.com.livebookmakers.net/" "Mozilla/5.0 (Windows NT 10.0; Win64; x64) AppleWebKit/537.36 (KHTML, like Gecko) Chrome/146.0.0.0 Safari/537.36"
54.234.112.235 - - [09/Sep/2026:18:48:13 +0200] "POST / HTTP/1.1" 302 - "https://www.fonbetrus.com.livebookmakers.net/" "Mozilla/5.0 (Windows NT 10.0; Win64; x64) AppleWebKit/537.36 (KHTML, like Gecko) Chrome/145.0.0.0 Safari/537.36"
185.43.220.19 - - [09/Sep/2026:18:58:54 +0200] "POST /wp-cron.php?doing_wp_cron=1788973134.0246551036834716796875 HTTP/1.1" 200 - "-" "WordPress/7.1; https://fonbetrus.com"
91.92.243.251 - - [09/Sep/2026:18:58:47 +0200] "POST /wp-login.php HTTP/1.1" 302 - "-" "Mozilla/5.0"
2a01:4f9:c013:aaeb::1 - - [09/Sep/2026:19:01:32 +0200] "GET / HTTP/1.1" 302 - "-" "Zabbix"
185.43.220.19 - - [09/Sep/2026:19:03:10 +0200] "POST /wp-cron.php?doing_wp_cron=1788973390.6465919017791748046875 HTTP/1.1" 200 - "-" "WordPress/7.1; https://fonbetrus.com"
39.48.191.51 - - [09/Sep/2026:19:03:07 +0200] "POST /xmlrpc.php HTTP/1.1" 200 441 "-" "WordPress.com; https://wordpress.com"
39.48.191.51 - - [09/Sep/2026:19:03:17 +0200] "POST /xmlrpc.php HTTP/1.1" 200 441 "-" "Jetpack/12.5; WordPress/6.2; http://site44992621.com"
39.48.191.51 - - [09/Sep/2026:19:03:28 +0200] "POST /xmlrpc.php HTTP/1.1" 200 441 "-" "Jetpack/12.1; WordPress/6.2; http://site27516179.com"
185.43.220.19 - - [09/Sep/2026:19:03:43 +0200] "POST /wp-cron.php?doing_wp_cron=1788973422.9323599338531494140625 HTTP/1.1" 200 - "-" "WordPress/7.1; https://fonbetrus.com"
39.48.191.51 - - [09/Sep/2026:19:03:39 +0200] "POST /xmlrpc.php HTTP/1.1" 200 441 "-" "Jetpack by WordPress.com"
39.48.191.51 - - [09/Sep/2026:19:03:50 +0200] "POST /xmlrpc.php HTTP/1.1" 200 441 "-" "Jetpack by WordPress.com"
39.48.191.51 - - [09/Sep/2026:19:04:01 +0200] "POST /xmlrpc.php HTTP/1.1" 200 441 "-" "Jetpack by WordPress.com (Jetpack 12.0; WordPress 6.2)"
39.48.191.51 - - [09/Sep/2026:19:04:12 +0200] "POST /xmlrpc.php HTTP/1.1" 200 441 "-" "Jetpack by WordPress.com (Jetpack 12.1; WordPress 6.4)"
185.43.220.19 - - [09/Sep/2026:19:04:33 +0200] "POST /wp-cron.php?doing_wp_cron=1788973473.0360569953918457031250 HTTP/1.1" 200 - "-" "WordPress/7.1; https://fonbetrus.com"
39.48.191.51 - - [09/Sep/2026:19:04:23 +0200] "POST /xmlrpc.php HTTP/1.1" 200 441 "-" "Jetpack by WordPress.com (Jetpack 12.5; WordPress 6.2)"
169.58.247.137 - - [09/Sep/2026:19:04:32 +0200] "GET /wp-login.php HTTP/1.1" 503 468 "-" "Mozilla/5.0 (Windows NT 10.0; Win64; x64) AppleWebKit/537.36"
39.48.191.51 - - [09/Sep/2026:19:04:35 +0200] "POST /xmlrpc.php HTTP/1.1" 200 441 "-" "Jetpack by WordPress.com (Jetpack 12.0; WordPress 6.4)"
39.48.191.51 - - [09/Sep/2026:19:04:45 +0200] "POST /xmlrpc.php HTTP/1.1" 200 441 "-" "Jetpack/12.5; WordPress/6.1; http://site44541954.com"
39.48.191.51 - - [09/Sep/2026:19:04:55 +0200] "POST /xmlrpc.php HTTP/1.1" 200 441 "-" "Jetpack by WordPress.com"
39.48.191.51 - - [09/Sep/2026:19:05:06 +0200] "POST /xmlrpc.php HTTP/1.1" 200 441 "-" "WordPress.com; https://wordpress.com"
39.48.191.51 - - [09/Sep/2026:19:05:17 +0200] "POST /xmlrpc.php HTTP/1.1" 200 441 "-" "Jetpack by WordPress.com"
39.48.191.51 - - [09/Sep/2026:19:05:28 +0200] "POST /xmlrpc.php HTTP/1.1" 200 441 "-" "Jetpack/12.0; WordPress/6.2; http://site69088620.com"
185.43.220.19 - - [09/Sep/2026:19:05:43 +0200] "POST /wp-cron.php?doing_wp_cron=1788973543.2331058979034423828125 HTTP/1.1" 200 - "-" "WordPress/7.1; https://fonbetrus.com"
39.48.191.51 - - [09/Sep/2026:19:05:39 +0200] "POST /xmlrpc.php HTTP/1.1" 200 441 "-" "WordPress.com; https://wordpress.com"
39.48.191.51 - - [09/Sep/2026:19:05:50 +0200] "POST /xmlrpc.php HTTP/1.1" 200 441 "-" "Jetpack/12.5; WordPress/6.4; http://site43243224.com"
39.48.191.51 - - [09/Sep/2026:19:06:00 +0200] "POST /xmlrpc.php HTTP/1.1" 200 441 "-" "WordPress.com; https://wordpress.com"
39.48.191.51 - - [09/Sep/2026:19:06:11 +0200] "POST /xmlrpc.php HTTP/1.1" 200 441 "-" "Jetpack by WordPress.com (Jetpack 12.5; WordPress 6.4)"
39.48.191.51 - - [09/Sep/2026:19:06:22 +0200] "POST /xmlrpc.php HTTP/1.1" 200 441 "-" "WordPress.com; https://wordpress.com"
185.43.220.19 - - [09/Sep/2026:19:06:35 +0200] "POST /wp-cron.php?doing_wp_cron=1788973594.7831990718841552734375 HTTP/1.1" 200 - "-" "WordPress/7.1; https://fonbetrus.com"
39.48.191.51 - - [09/Sep/2026:19:06:33 +0200] "POST /xmlrpc.php HTTP/1.1" 200 441 "-" "Jetpack by WordPress.com (Jetpack 12.5; WordPress 6.3)"
185.43.220.19 - - [09/Sep/2026:19:06:50 +0200] "POST /wp-cron.php?doing_wp_cron=1788973610.4355471134185791015625 HTTP/1.1" 200 - "-" "WordPress/7.1; https://fonbetrus.com"
39.48.191.51 - - [09/Sep/2026:19:06:44 +0200] "POST /xmlrpc.php HTTP/1.1" 200 441 "-" "Jetpack by WordPress.com (Jetpack 12.0; WordPress 6.2)"
39.48.191.51 - - [09/Sep/2026:19:06:55 +0200] "POST /xmlrpc.php HTTP/1.1" 200 441 "-" "Jetpack/12.0; WordPress/6.4; http://site44833640.com"
39.48.191.51 - - [09/Sep/2026:19:07:06 +0200] "POST /xmlrpc.php HTTP/1.1" 200 441 "-" "WordPress.com; https://wordpress.com"
39.48.191.51 - - [09/Sep/2026:19:07:17 +0200] "POST /xmlrpc.php HTTP/1.1" 200 441 "-" "Jetpack by WordPress.com"
185.43.220.19 - - [09/Sep/2026:19:07:36 +0200] "POST /wp-cron.php?doing_wp_cron=1788973655.8278169631958007812500 HTTP/1.1" 200 - "-" "WordPress/7.1; https://fonbetrus.com"
39.48.191.51 - - [09/Sep/2026:19:07:28 +0200] "POST /xmlrpc.php HTTP/1.1" 200 441 "-" "Jetpack by WordPress.com (Jetpack 12.0; WordPress 6.4)"
39.48.191.51 - - [09/Sep/2026:19:07:39 +0200] "POST /xmlrpc.php HTTP/1.1" 200 441 "-" "Jetpack/12.1; WordPress/6.3; http://site22895848.com"
185.43.220.19 - - [09/Sep/2026:19:07:57 +0200] "POST /wp-cron.php?doing_wp_cron=1788973676.7241270542144775390625 HTTP/1.1" 200 - "-" "WordPress/7.1; https://fonbetrus.com"
39.48.191.51 - - [09/Sep/2026:19:07:50 +0200] "POST /xmlrpc.php HTTP/1.1" 200 441 "-" "Jetpack by WordPress.com (Jetpack 12.1; WordPress 6.4)"
39.48.191.51 - - [09/Sep/2026:19:08:02 +0200] "POST /xmlrpc.php HTTP/1.1" 200 441 "-" "Jetpack/13.0; WordPress/6.3; http://site59946513.com"
39.48.191.51 - - [09/Sep/2026:19:08:33 +0200] "POST /xmlrpc.php HTTP/1.1" 200 441 "-" "Jetpack/13.0; WordPress/6.2; http://site78964963.com"
39.48.191.51 - - [09/Sep/2026:19:08:44 +0200] "POST /xmlrpc.php HTTP/1.1" 200 441 "-" "WordPress.com; https://wordpress.com"
185.43.220.19 - - [09/Sep/2026:19:09:07 +0200] "POST /wp-cron.php?doing_wp_cron=1788973747.5249381065368652343750 HTTP/1.1" 200 - "-" "WordPress/7.1; https://fonbetrus.com"
39.48.191.51 - - [09/Sep/2026:19:08:58 +0200] "POST /xmlrpc.php HTTP/1.1" 200 441 "-" "WordPress.com; https://wordpress.com"
39.48.191.51 - - [09/Sep/2026:19:09:07 +0200] "POST /xmlrpc.php HTTP/1.1" 503 - "-" "WordPress.com; https://wordpress.com"
39.48.191.51 - - [09/Sep/2026:19:09:16 +0200] "POST /xmlrpc.php HTTP/1.1" 200 441 "-" "Jetpack/12.1; WordPress/6.3; http://site13702397.com"
39.48.191.51 - - [09/Sep/2026:19:09:26 +0200] "POST /xmlrpc.php HTTP/1.1" 200 441 "-" "Jetpack by WordPress.com"
39.48.191.51 - - [09/Sep/2026:19:09:37 +0200] "POST /xmlrpc.php HTTP/1.1" 200 441 "-" "Jetpack by WordPress.com"
39.48.191.51 - - [09/Sep/2026:19:09:48 +0200] "POST /xmlrpc.php HTTP/1.1" 200 441 "-" "WordPress.com; https://wordpress.com"
185.43.220.19 - - [09/Sep/2026:19:10:08 +0200] "POST /wp-cron.php?doing_wp_cron=1788973807.7307488918304443359375 HTTP/1.1" 200 - "-" "WordPress/7.1; https://fonbetrus.com"
39.48.191.51 - - [09/Sep/2026:19:10:00 +0200] "POST /xmlrpc.php HTTP/1.1" 200 441 "-" "WordPress.com; https://wordpress.com"
39.48.191.51 - - [09/Sep/2026:19:10:10 +0200] "POST /xmlrpc.php HTTP/1.1" 200 441 "-" "Jetpack by WordPress.com (Jetpack 13.0; WordPress 6.2)"
39.48.191.51 - - [09/Sep/2026:19:10:21 +0200] "POST /xmlrpc.php HTTP/1.1" 200 441 "-" "Jetpack/12.5; WordPress/6.2; http://site57331535.com"
39.48.191.51 - - [09/Sep/2026:19:10:32 +0200] "POST /xmlrpc.php HTTP/1.1" 200 441 "-" "Jetpack by WordPress.com (Jetpack 12.5; WordPress 6.2)"
2a04:3543:1000:2310:28ac:59ff:fedf:535 - - [09/Sep/2026:19:10:37 +0200] "GET /wp-login.php HTTP/1.1" 302 - "-" "Mozilla/5.0 (Macintosh; Intel Mac OS X 10_15_7) AppleWebKit/537.36 (KHTML, like Gecko) Chrome/149.0.0.0 Safari/537.36"
39.48.191.51 - - [09/Sep/2026:19:10:43 +0200] "POST /xmlrpc.php HTTP/1.1" 200 441 "-" "Jetpack/12.0; WordPress/6.4; http://site47255716.com"
39.48.191.51 - - [09/Sep/2026:19:10:53 +0200] "POST /xmlrpc.php HTTP/1.1" 200 441 "-" "Jetpack by WordPress.com (Jetpack 12.0; WordPress 6.4)"
39.48.191.51 - - [09/Sep/2026:19:11:04 +0200] "POST /xmlrpc.php HTTP/1.1" 200 441 "-" "WordPress.com; https://wordpress.com"
185.43.220.19 - - [09/Sep/2026:19:11:18 +0200] "POST /wp-cron.php?doing_wp_cron=1788973878.4368019104003906250000 HTTP/1.1" 200 - "-" "WordPress/7.1; https://fonbetrus.com"
39.48.191.51 - - [09/Sep/2026:19:11:15 +0200] "POST /xmlrpc.php HTTP/1.1" 200 441 "-" "Jetpack by WordPress.com"
185.43.220.19 - - [09/Sep/2026:19:11:33 +0200] "POST /wp-cron.php?doing_wp_cron=1788973893.3335409164428710937500 HTTP/1.1" 200 - "-" "WordPress/7.1; https://fonbetrus.com"
39.48.191.51 - - [09/Sep/2026:19:11:26 +0200] "POST /xmlrpc.php HTTP/1.1" 200 441 "-" "WordPress.com; https://wordpress.com"
39.48.191.51 - - [09/Sep/2026:19:11:37 +0200] "POST /xmlrpc.php HTTP/1.1" 200 441 "-" "Jetpack by WordPress.com"
185.43.220.19 - - [09/Sep/2026:19:11:47 +0200] "POST /wp-cron.php?doing_wp_cron=1788973907.5241050720214843750000 HTTP/1.1" 200 - "-" "WordPress/7.1; https://fonbetrus.com"
91.92.243.251 - - [09/Sep/2026:19:11:45 +0200] "POST /wp-login.php HTTP/1.1" 302 - "-" "Mozilla/5.0"
39.48.191.51 - - [09/Sep/2026:19:11:47 +0200] "POST /xmlrpc.php HTTP/1.1" 200 441 "-" "Jetpack by WordPress.com (Jetpack 13.0; WordPress 6.1)"
39.48.191.51 - - [09/Sep/2026:19:11:58 +0200] "POST /xmlrpc.php HTTP/1.1" 200 441 "-" "Jetpack by WordPress.com (Jetpack 12.0; WordPress 6.2)"
39.48.191.51 - - [09/Sep/2026:19:12:09 +0200] "POST /xmlrpc.php HTTP/1.1" 200 441 "-" "Jetpack by WordPress.com"
39.48.191.51 - - [09/Sep/2026:19:12:20 +0200] "POST /xmlrpc.php HTTP/1.1" 200 441 "-" "Jetpack by WordPress.com"
185.43.220.19 - - [09/Sep/2026:19:12:40 +0200] "POST /wp-cron.php?doing_wp_cron=1788973960.0257120132446289062500 HTTP/1.1" 200 - "-" "WordPress/7.1; https://fonbetrus.com"
39.48.191.51 - - [09/Sep/2026:19:12:32 +0200] "POST /xmlrpc.php HTTP/1.1" 200 441 "-" "Jetpack/12.5; WordPress/6.1; http://site68062869.com"
39.48.191.51 - - [09/Sep/2026:19:12:42 +0200] "POST /xmlrpc.php HTTP/1.1" 200 441 "-" "Jetpack/12.0; WordPress/6.4; http://site26123714.com"
39.48.191.51 - - [09/Sep/2026:19:12:54 +0200] "POST /xmlrpc.php HTTP/1.1" 200 441 "-" "Jetpack/12.5; WordPress/6.2; http://site81544337.com"
39.48.191.51 - - [09/Sep/2026:19:13:03 +0200] "POST /xmlrpc.php HTTP/1.1" 200 441 "-" "Jetpack/12.5; WordPress/6.2; http://site79327088.com"
39.48.191.51 - - [09/Sep/2026:19:13:14 +0200] "POST /xmlrpc.php HTTP/1.1" 200 441 "-" "WordPress.com; https://wordpress.com"
39.48.191.51 - - [09/Sep/2026:19:13:25 +0200] "POST /xmlrpc.php HTTP/1.1" 200 441 "-" "WordPress.com; https://wordpress.com"
185.43.220.19 - - [09/Sep/2026:19:13:40 +0200] "POST /wp-cron.php?doing_wp_cron=1788974020.5326070785522460937500 HTTP/1.1" 200 - "-" "WordPress/7.1; https://fonbetrus.com"
39.48.191.51 - - [09/Sep/2026:19:13:36 +0200] "POST /xmlrpc.php HTTP/1.1" 200 441 "-" "Jetpack/12.1; WordPress/6.4; http://site72423180.com"
39.48.191.51 - - [09/Sep/2026:19:13:47 +0200] "POST /xmlrpc.php HTTP/1.1" 200 441 "-" "Jetpack by WordPress.com (Jetpack 12.5; WordPress 6.1)"
39.48.191.51 - - [09/Sep/2026:19:13:58 +0200] "POST /xmlrpc.php HTTP/1.1" 200 441 "-" "Jetpack by WordPress.com (Jetpack 12.1; WordPress 6.2)"
39.48.191.51 - - [09/Sep/2026:19:14:08 +0200] "POST /xmlrpc.php HTTP/1.1" 200 441 "-" "Jetpack/12.1; WordPress/6.4; http://site32505798.com"
39.48.191.51 - - [09/Sep/2026:19:14:19 +0200] "POST /xmlrpc.php HTTP/1.1" 200 441 "-" "WordPress.com; https://wordpress.com"
185.43.220.19 - - [09/Sep/2026:19:14:33 +0200] "POST /wp-cron.php?doing_wp_cron=1788974073.6339540481567382812500 HTTP/1.1" 200 - "-" "WordPress/7.1; https://fonbetrus.com"
39.48.191.51 - - [09/Sep/2026:19:14:30 +0200] "POST /xmlrpc.php HTTP/1.1" 200 441 "-" "Jetpack by WordPress.com"
185.43.220.19 - - [09/Sep/2026:19:14:47 +0200] "POST /wp-cron.php?doing_wp_cron=1788974086.9275329113006591796875 HTTP/1.1" 200 - "-" "WordPress/7.1; https://fonbetrus.com"
39.48.191.51 - - [09/Sep/2026:19:14:41 +0200] "POST /xmlrpc.php HTTP/1.1" 200 441 "-" "Jetpack/12.1; WordPress/6.4; http://site55372106.com"
39.48.191.51 - - [09/Sep/2026:19:14:52 +0200] "POST /xmlrpc.php HTTP/1.1" 200 441 "-" "Jetpack by WordPress.com"
39.48.191.51 - - [09/Sep/2026:19:15:03 +0200] "POST /xmlrpc.php HTTP/1.1" 200 441 "-" "Jetpack/12.1; WordPress/6.2; http://site63600691.com"
39.48.191.51 - - [09/Sep/2026:19:15:14 +0200] "POST /xmlrpc.php HTTP/1.1" 200 441 "-" "WordPress.com; https://wordpress.com"
39.48.191.51 - - [09/Sep/2026:19:15:24 +0200] "POST /xmlrpc.php HTTP/1.1" 200 441 "-" "Jetpack/13.0; WordPress/6.1; http://site87304426.com"
185.43.220.19 - - [09/Sep/2026:19:15:40 +0200] "POST /wp-cron.php?doing_wp_cron=1788974140.4339599609375000000000 HTTP/1.1" 200 - "-" "WordPress/7.1; https://fonbetrus.com"
39.48.191.51 - - [09/Sep/2026:19:15:35 +0200] "POST /xmlrpc.php HTTP/1.1" 200 441 "-" "Jetpack/12.5; WordPress/6.4; http://site22010034.com"
39.48.191.51 - - [09/Sep/2026:19:15:46 +0200] "POST /xmlrpc.php HTTP/1.1" 200 441 "-" "Jetpack by WordPress.com (Jetpack 12.0; WordPress 6.3)"
39.48.191.51 - - [09/Sep/2026:19:15:57 +0200] "POST /xmlrpc.php HTTP/1.1" 200 441 "-" "Jetpack/13.0; WordPress/6.2; http://site57498426.com"
39.48.191.51 - - [09/Sep/2026:19:16:08 +0200] "POST /xmlrpc.php HTTP/1.1" 200 441 "-" "Jetpack by WordPress.com"
39.48.191.51 - - [09/Sep/2026:19:16:19 +0200] "POST /xmlrpc.php HTTP/1.1" 200 441 "-" "WordPress.com; https://wordpress.com"
185.43.220.19 - - [09/Sep/2026:19:16:34 +0200] "POST /wp-cron.php?doing_wp_cron=1788974193.9361569881439208984375 HTTP/1.1" 200 - "-" "WordPress/7.1; https://fonbetrus.com"
39.48.191.51 - - [09/Sep/2026:19:16:30 +0200] "POST /xmlrpc.php HTTP/1.1" 200 441 "-" "WordPress.com; https://wordpress.com"
185.43.220.19 - - [09/Sep/2026:19:16:43 +0200] "POST /wp-cron.php?doing_wp_cron=1788974203.3448629379272460937500 HTTP/1.1" 200 - "-" "WordPress/7.1; https://fonbetrus.com"
39.48.191.51 - - [09/Sep/2026:19:16:40 +0200] "POST /xmlrpc.php HTTP/1.1" 200 441 "-" "Jetpack by WordPress.com"
39.48.191.51 - - [09/Sep/2026:19:16:51 +0200] "POST /xmlrpc.php HTTP/1.1" 200 441 "-" "Jetpack by WordPress.com"
39.48.191.51 - - [09/Sep/2026:19:17:02 +0200] "POST /xmlrpc.php HTTP/1.1" 200 441 "-" "Jetpack/12.0; WordPress/6.1; http://site89932164.com"
39.48.191.51 - - [09/Sep/2026:19:17:13 +0200] "POST /xmlrpc.php HTTP/1.1" 200 441 "-" "Jetpack by WordPress.com (Jetpack 12.1; WordPress 6.2)"
185.43.220.19 - - [09/Sep/2026:19:17:27 +0200] "POST /wp-cron.php?doing_wp_cron=1788974247.2379770278930664062500 HTTP/1.1" 200 - "-" "WordPress/7.1; https://fonbetrus.com"
39.48.191.51 - - [09/Sep/2026:19:17:23 +0200] "POST /xmlrpc.php HTTP/1.1" 200 441 "-" "WordPress.com; https://wordpress.com"
39.48.191.51 - - [09/Sep/2026:19:17:34 +0200] "POST /xmlrpc.php HTTP/1.1" 200 441 "-" "WordPress.com; https://wordpress.com"
185.43.220.19 - - [09/Sep/2026:19:17:49 +0200] "POST /wp-cron.php?doing_wp_cron=1788974269.1302349567413330078125 HTTP/1.1" 200 - "-" "WordPress/7.1; https://fonbetrus.com"
39.48.191.51 - - [09/Sep/2026:19:17:45 +0200] "POST /xmlrpc.php HTTP/1.1" 200 441 "-" "WordPress.com; https://wordpress.com"
39.48.191.51 - - [09/Sep/2026:19:17:56 +0200] "POST /xmlrpc.php HTTP/1.1" 200 441 "-" "WordPress.com; https://wordpress.com"
39.48.191.51 - - [09/Sep/2026:19:18:29 +0200] "POST /xmlrpc.php HTTP/1.1" 302 - "-" "WordPress.com; https://wordpress.com"
39.48.191.51 - - [09/Sep/2026:19:18:40 +0200] "POST /xmlrpc.php HTTP/1.1" 200 441 "-" "WordPress.com; https://wordpress.com"
39.48.191.51 - - [09/Sep/2026:19:18:50 +0200] "POST /xmlrpc.php HTTP/1.1" 200 441 "-" "Jetpack by WordPress.com (Jetpack 12.1; WordPress 6.4)"
39.48.191.51 - - [09/Sep/2026:19:19:01 +0200] "POST /xmlrpc.php HTTP/1.1" 200 441 "-" "Jetpack by WordPress.com"
39.48.191.51 - - [09/Sep/2026:19:19:12 +0200] "POST /xmlrpc.php HTTP/1.1" 200 441 "-" "WordPress.com; https://wordpress.com"
39.48.191.51 - - [09/Sep/2026:19:19:23 +0200] "POST /xmlrpc.php HTTP/1.1" 200 441 "-" "WordPress.com; https://wordpress.com"
185.43.220.19 - - [09/Sep/2026:19:19:39 +0200] "POST /wp-cron.php?doing_wp_cron=1788974379.1364269256591796875000 HTTP/1.1" 200 - "-" "WordPress/7.1; https://fonbetrus.com"
39.48.191.51 - - [09/Sep/2026:19:19:34 +0200] "POST /xmlrpc.php HTTP/1.1" 200 441 "-" "Jetpack by WordPress.com (Jetpack 13.0; WordPress 6.2)"
39.48.191.51 - - [09/Sep/2026:19:19:45 +0200] "POST /xmlrpc.php HTTP/1.1" 200 441 "-" "Jetpack by WordPress.com (Jetpack 12.1; WordPress 6.3)"
39.48.191.51 - - [09/Sep/2026:19:19:56 +0200] "POST /xmlrpc.php HTTP/1.1" 200 441 "-" "Jetpack by WordPress.com (Jetpack 12.5; WordPress 6.4)"
39.48.191.51 - - [09/Sep/2026:19:20:06 +0200] "POST /xmlrpc.php HTTP/1.1" 200 441 "-" "Jetpack by WordPress.com (Jetpack 12.5; WordPress 6.4)"
39.48.191.51 - - [09/Sep/2026:19:20:17 +0200] "POST /xmlrpc.php HTTP/1.1" 200 441 "-" "Jetpack/12.1; WordPress/6.3; http://site21863607.com"
185.43.220.19 - - [09/Sep/2026:19:20:32 +0200] "POST /wp-cron.php?doing_wp_cron=1788974432.5366799831390380859375 HTTP/1.1" 200 - "-" "WordPress/7.1; https://fonbetrus.com"
39.48.191.51 - - [09/Sep/2026:19:20:28 +0200] "POST /xmlrpc.php HTTP/1.1" 200 441 "-" "WordPress.com; https://wordpress.com"
185.43.220.19 - - [09/Sep/2026:19:20:46 +0200] "POST /wp-cron.php?doing_wp_cron=1788974446.5251269340515136718750 HTTP/1.1" 200 - "-" "WordPress/7.1; https://fonbetrus.com"
39.48.191.51 - - [09/Sep/2026:19:20:39 +0200] "POST /xmlrpc.php HTTP/1.1" 200 441 "-" "WordPress.com; https://wordpress.com"
39.48.191.51 - - [09/Sep/2026:19:20:50 +0200] "POST /xmlrpc.php HTTP/1.1" 200 441 "-" "WordPress.com; https://wordpress.com"
39.48.191.51 - - [09/Sep/2026:19:21:01 +0200] "POST /xmlrpc.php HTTP/1.1" 200 441 "-" "Jetpack by WordPress.com"
39.48.191.51 - - [09/Sep/2026:19:21:11 +0200] "POST /xmlrpc.php HTTP/1.1" 503 - "-" "WordPress.com; https://wordpress.com"
39.48.191.51 - - [09/Sep/2026:19:21:23 +0200] "POST /xmlrpc.php HTTP/1.1" 503 - "-" "Jetpack by WordPress.com"
185.43.220.19 - - [09/Sep/2026:19:21:45 +0200] "POST /wp-cron.php?doing_wp_cron=1788974504.7331678867340087890625 HTTP/1.1" 200 - "-" "WordPress/7.1; https://fonbetrus.com"
39.48.191.51 - - [09/Sep/2026:19:21:33 +0200] "POST /xmlrpc.php HTTP/1.1" 200 441 "-" "Jetpack by WordPress.com (Jetpack 12.1; WordPress 6.4)"
39.48.191.51 - - [09/Sep/2026:19:21:44 +0200] "POST /xmlrpc.php HTTP/1.1" 200 441 "-" "Jetpack/12.1; WordPress/6.4; http://site70344219.com"
39.48.191.51 - - [09/Sep/2026:19:21:55 +0200] "POST /xmlrpc.php HTTP/1.1" 200 441 "-" "Jetpack by WordPress.com (Jetpack 12.1; WordPress 6.1)"
39.48.191.51 - - [09/Sep/2026:19:22:06 +0200] "POST /xmlrpc.php HTTP/1.1" 200 441 "-" "Jetpack/13.0; WordPress/6.4; http://site71856802.com"
39.48.191.51 - - [09/Sep/2026:19:22:16 +0200] "POST /xmlrpc.php HTTP/1.1" 200 441 "-" "Jetpack by WordPress.com (Jetpack 12.1; WordPress 6.1)"
185.43.220.19 - - [09/Sep/2026:19:22:35 +0200] "POST /wp-cron.php?doing_wp_cron=1788974555.2262189388275146484375 HTTP/1.1" 200 - "-" "WordPress/7.1; https://fonbetrus.com"
39.48.191.51 - - [09/Sep/2026:19:22:28 +0200] "POST /xmlrpc.php HTTP/1.1" 200 441 "-" "Jetpack/13.0; WordPress/6.4; http://site44804222.com"
39.48.191.51 - - [09/Sep/2026:19:22:38 +0200] "POST /xmlrpc.php HTTP/1.1" 200 441 "-" "Jetpack/13.0; WordPress/6.2; http://site41445440.com"
185.43.220.19 - - [09/Sep/2026:19:22:55 +0200] "POST /wp-cron.php?doing_wp_cron=1788974575.0243539810180664062500 HTTP/1.1" 200 - "-" "WordPress/7.1; https://fonbetrus.com"
39.48.191.51 - - [09/Sep/2026:19:22:49 +0200] "POST /xmlrpc.php HTTP/1.1" 200 441 "-" "Jetpack by WordPress.com (Jetpack 12.1; WordPress 6.3)"
39.48.191.51 - - [09/Sep/2026:19:23:00 +0200] "POST /xmlrpc.php HTTP/1.1" 200 441 "-" "WordPress.com; https://wordpress.com"
39.48.191.51 - - [09/Sep/2026:19:23:11 +0200] "POST /xmlrpc.php HTTP/1.1" 200 441 "-" "WordPress.com; https://wordpress.com"
39.48.191.51 - - [09/Sep/2026:19:23:22 +0200] "POST /xmlrpc.php HTTP/1.1" 200 441 "-" "Jetpack/12.1; WordPress/6.4; http://site47703305.com"
185.43.220.19 - - [09/Sep/2026:19:23:36 +0200] "POST /wp-cron.php?doing_wp_cron=1788974615.9245140552520751953125 HTTP/1.1" 200 - "-" "WordPress/7.1; https://fonbetrus.com"
39.48.191.51 - - [09/Sep/2026:19:23:33 +0200] "POST /xmlrpc.php HTTP/1.1" 200 441 "-" "Jetpack/12.0; WordPress/6.2; http://site49970591.com"
185.43.220.19 - - [09/Sep/2026:19:23:46 +0200] "POST /wp-cron.php?doing_wp_cron=1788974626.1381940841674804687500 HTTP/1.1" 200 - "-" "WordPress/7.1; https://fonbetrus.com"
39.48.191.51 - - [09/Sep/2026:19:23:43 +0200] "POST /xmlrpc.php HTTP/1.1" 200 441 "-" "Jetpack by WordPress.com (Jetpack 13.0; WordPress 6.2)"
39.48.191.51 - - [09/Sep/2026:19:23:54 +0200] "POST /xmlrpc.php HTTP/1.1" 200 441 "-" "WordPress.com; https://wordpress.com"
91.92.243.251 - - [09/Sep/2026:19:23:57 +0200] "POST /wp-login.php HTTP/1.1" 302 - "-" "Mozilla/5.0"
39.48.191.51 - - [09/Sep/2026:19:24:05 +0200] "POST /xmlrpc.php HTTP/1.1" 200 441 "-" "WordPress.com; https://wordpress.com"
39.48.191.51 - - [09/Sep/2026:19:24:16 +0200] "POST /xmlrpc.php HTTP/1.1" 200 441 "-" "Jetpack/12.5; WordPress/6.3; http://site47432475.com"
185.43.220.19 - - [09/Sep/2026:19:24:33 +0200] "POST /wp-cron.php?doing_wp_cron=1788974672.8257958889007568359375 HTTP/1.1" 200 - "-" "WordPress/7.1; https://fonbetrus.com"
39.48.191.51 - - [09/Sep/2026:19:24:27 +0200] "POST /xmlrpc.php HTTP/1.1" 200 441 "-" "Jetpack/13.0; WordPress/6.3; http://site41814956.com"
39.48.191.51 - - [09/Sep/2026:19:24:38 +0200] "POST /xmlrpc.php HTTP/1.1" 200 441 "-" "Jetpack by WordPress.com"
185.43.220.19 - - [09/Sep/2026:19:24:50 +0200] "POST /wp-cron.php?doing_wp_cron=1788974690.3580899238586425781250 HTTP/1.1" 200 - "-" "WordPress/7.1; https://fonbetrus.com"
39.48.191.51 - - [09/Sep/2026:19:24:48 +0200] "POST /xmlrpc.php HTTP/1.1" 200 441 "-" "Jetpack by WordPress.com (Jetpack 12.5; WordPress 6.3)"
39.48.191.51 - - [09/Sep/2026:19:24:59 +0200] "POST /xmlrpc.php HTTP/1.1" 200 441 "-" "Jetpack/12.5; WordPress/6.1; http://site40246062.com"
39.48.191.51 - - [09/Sep/2026:19:25:10 +0200] "POST /xmlrpc.php HTTP/1.1" 200 441 "-" "Jetpack by WordPress.com (Jetpack 13.0; WordPress 6.1)"
39.48.191.51 - - [09/Sep/2026:19:25:21 +0200] "POST /xmlrpc.php HTTP/1.1" 503 - "-" "WordPress.com; https://wordpress.com"
185.43.220.19 - - [09/Sep/2026:19:25:40 +0200] "POST /wp-cron.php?doing_wp_cron=1788974740.1286399364471435546875 HTTP/1.1" 200 - "-" "WordPress/7.1; https://fonbetrus.com"
39.48.191.51 - - [09/Sep/2026:19:25:32 +0200] "POST /xmlrpc.php HTTP/1.1" 200 441 "-" "Jetpack/13.0; WordPress/6.4; http://site40428770.com"
39.48.191.51 - - [09/Sep/2026:19:25:43 +0200] "POST /xmlrpc.php HTTP/1.1" 200 441 "-" "WordPress.com; https://wordpress.com"
39.48.191.51 - - [09/Sep/2026:19:25:54 +0200] "POST /xmlrpc.php HTTP/1.1" 200 441 "-" "Jetpack/12.5; WordPress/6.1; http://site74218412.com"
39.48.191.51 - - [09/Sep/2026:19:26:04 +0200] "POST /xmlrpc.php HTTP/1.1" 200 441 "-" "Jetpack by WordPress.com (Jetpack 13.0; WordPress 6.2)"
39.48.191.51 - - [09/Sep/2026:19:26:15 +0200] "POST /xmlrpc.php HTTP/1.1" 200 441 "-" "Jetpack/12.5; WordPress/6.4; http://site84739572.com"
39.48.191.51 - - [09/Sep/2026:19:26:26 +0200] "POST /xmlrpc.php HTTP/1.1" 200 441 "-" "Jetpack by WordPress.com"
185.43.220.19 - - [09/Sep/2026:19:26:38 +0200] "POST /wp-cron.php?doing_wp_cron=1788974798.6618111133575439453125 HTTP/1.1" 200 - "-" "WordPress/7.1; https://fonbetrus.com"
39.48.191.51 - - [09/Sep/2026:19:26:37 +0200] "POST /xmlrpc.php HTTP/1.1" 200 441 "-" "Jetpack by WordPress.com"
185.43.220.19 - - [09/Sep/2026:19:26:51 +0200] "POST /wp-cron.php?doing_wp_cron=1788974811.7252259254455566406250 HTTP/1.1" 200 - "-" "WordPress/7.1; https://fonbetrus.com"
39.48.191.51 - - [09/Sep/2026:19:26:48 +0200] "POST /xmlrpc.php HTTP/1.1" 200 441 "-" "Jetpack by WordPress.com (Jetpack 13.0; WordPress 6.1)"
39.48.191.51 - - [09/Sep/2026:19:26:59 +0200] "POST /xmlrpc.php HTTP/1.1" 200 441 "-" "Jetpack by WordPress.com (Jetpack 12.5; WordPress 6.4)"
39.48.191.51 - - [09/Sep/2026:19:27:10 +0200] "POST /xmlrpc.php HTTP/1.1" 200 441 "-" "Jetpack/12.1; WordPress/6.1; http://site19499379.com"
39.48.191.51 - - [09/Sep/2026:19:27:21 +0200] "POST /xmlrpc.php HTTP/1.1" 200 441 "-" "Jetpack by WordPress.com (Jetpack 12.0; WordPress 6.4)"
185.43.220.19 - - [09/Sep/2026:19:27:34 +0200] "POST /wp-cron.php?doing_wp_cron=1788974854.1155369281768798828125 HTTP/1.1" 200 - "-" "WordPress/7.1; https://fonbetrus.com"
39.48.191.51 - - [09/Sep/2026:19:27:31 +0200] "POST /xmlrpc.php HTTP/1.1" 200 441 "-" "WordPress.com; https://wordpress.com"
185.43.220.19 - - [09/Sep/2026:19:27:43 +0200] "POST /wp-cron.php?doing_wp_cron=1788974863.7249650955200195312500 HTTP/1.1" 200 - "-" "WordPress/7.1; https://fonbetrus.com"
39.48.191.51 - - [09/Sep/2026:19:27:42 +0200] "POST /xmlrpc.php HTTP/1.1" 200 441 "-" "Jetpack by WordPress.com"
39.48.191.51 - - [09/Sep/2026:19:27:53 +0200] "POST /xmlrpc.php HTTP/1.1" 200 441 "-" "WordPress.com; https://wordpress.com"
39.48.191.51 - - [09/Sep/2026:19:28:04 +0200] "POST /xmlrpc.php HTTP/1.1" 200 441 "-" "Jetpack by WordPress.com (Jetpack 12.5; WordPress 6.2)"
39.48.191.51 - - [09/Sep/2026:19:28:15 +0200] "POST /xmlrpc.php HTTP/1.1" 200 441 "-" "Jetpack/12.0; WordPress/6.4; http://site88992942.com"
39.48.191.51 - - [09/Sep/2026:19:28:26 +0200] "POST /xmlrpc.php HTTP/1.1" 200 441 "-" "Jetpack by WordPress.com"
185.43.220.19 - - [09/Sep/2026:19:28:38 +0200] "POST /wp-cron.php?doing_wp_cron=1788974918.0788578987121582031250 HTTP/1.1" 200 - "-" "WordPress/7.1; https://fonbetrus.com"
39.48.191.51 - - [09/Sep/2026:19:28:37 +0200] "POST /xmlrpc.php HTTP/1.1" 200 441 "-" "Jetpack by WordPress.com (Jetpack 13.0; WordPress 6.1)"
185.43.220.19 - - [09/Sep/2026:19:28:50 +0200] "POST /wp-cron.php?doing_wp_cron=1788974929.9582939147949218750000 HTTP/1.1" 200 - "-" "WordPress/7.1; https://fonbetrus.com"
39.48.191.51 - - [09/Sep/2026:19:28:48 +0200] "POST /xmlrpc.php HTTP/1.1" 200 441 "-" "Jetpack by WordPress.com"
39.48.191.51 - - [09/Sep/2026:19:28:58 +0200] "POST /xmlrpc.php HTTP/1.1" 200 441 "-" "Jetpack by WordPress.com (Jetpack 12.5; WordPress 6.4)"
39.48.191.51 - - [09/Sep/2026:19:29:09 +0200] "POST /xmlrpc.php HTTP/1.1" 200 441 "-" "WordPress.com; https://wordpress.com"
39.48.191.51 - - [09/Sep/2026:19:29:20 +0200] "POST /xmlrpc.php HTTP/1.1" 200 441 "-" "Jetpack by WordPress.com (Jetpack 12.1; WordPress 6.3)"
185.43.220.19 - - [09/Sep/2026:19:29:33 +0200] "POST /wp-cron.php?doing_wp_cron=1788974972.8419809341430664062500 HTTP/1.1" 200 - "-" "WordPress/7.1; https://fonbetrus.com"
39.48.191.51 - - [09/Sep/2026:19:29:31 +0200] "POST /xmlrpc.php HTTP/1.1" 200 441 "-" "Jetpack by WordPress.com (Jetpack 12.0; WordPress 6.4)"
185.43.220.19 - - [09/Sep/2026:19:29:43 +0200] "POST /wp-cron.php?doing_wp_cron=1788974983.8310010433197021484375 HTTP/1.1" 200 - "-" "WordPress/7.1; https://fonbetrus.com"
39.48.191.51 - - [09/Sep/2026:19:29:42 +0200] "POST /xmlrpc.php HTTP/1.1" 200 441 "-" "Jetpack/13.0; WordPress/6.2; http://site44113100.com"
39.48.191.51 - - [09/Sep/2026:19:29:53 +0200] "POST /xmlrpc.php HTTP/1.1" 302 - "-" "WordPress.com; https://wordpress.com"
39.48.191.51 - - [09/Sep/2026:19:30:04 +0200] "POST /xmlrpc.php HTTP/1.1" 200 441 "-" "WordPress.com; https://wordpress.com"
185.43.220.19 - - [09/Sep/2026:19:35:47 +0200] "POST /wp-cron.php?doing_wp_cron=1788975347.5476140975952148437500 HTTP/1.1" 200 - "-" "WordPress/7.1; https://fonbetrus.com"
91.92.243.251 - - [09/Sep/2026:19:35:45 +0200] "POST /wp-login.php HTTP/1.1" 302 - "-" "Mozilla/5.0"
185.43.220.19 - - [09/Sep/2026:19:36:42 +0200] "POST /wp-cron.php?doing_wp_cron=1788975402.7251350879669189453125 HTTP/1.1" 200 - "-" "WordPress/7.1; https://fonbetrus.com"
162.241.230.66 - - [09/Sep/2026:19:36:40 +0200] "GET /wp-login.php HTTP/1.1" 302 - "-" "Mozilla/5.0 (Windows NT 10.0; Win64; x64) AppleWebKit/537.36 (KHTML, like Gecko) Chrome/146.0.0.0 Safari/537.36"
185.43.220.19 - - [09/Sep/2026:19:42:50 +0200] "POST /wp-cron.php?doing_wp_cron=1788975770.7390990257263183593750 HTTP/1.1" 200 - "-" "WordPress/7.1; https://fonbetrus.com"
192.185.176.79 - - [09/Sep/2026:19:42:48 +0200] "GET /wp-login.php HTTP/1.1" 302 - "-" "Mozilla/5.0 (Windows NT 10.0; Win64; x64) AppleWebKit/537.36 (KHTML, like Gecko) Chrome/150.0.0.0 Safari/537.36"
169.58.247.137 - - [09/Sep/2026:19:43:07 +0200] "GET /wp-json/ HTTP/1.1" 302 - "-" "Mozilla/5.0 (Windows NT 10.0; Win64; x64) AppleWebKit/537.36"
185.43.220.19 - - [09/Sep/2026:19:47:55 +0200] "POST /wp-cron.php?doing_wp_cron=1788976074.9255940914154052734375 HTTP/1.1" 200 - "-" "WordPress/7.1; https://fonbetrus.com"
91.92.243.251 - - [09/Sep/2026:19:47:53 +0200] "POST /wp-login.php HTTP/1.1" 302 - "-" "Mozilla/5.0"
47.128.18.223 - - [09/Sep/2026:19:48:15 +0200] "GET / HTTP/1.1" 200 20848 "-" "Mozilla/5.0 (Linux; Android 5.0) AppleWebKit/537.36 (KHTML, like Gecko) Mobile Safari/537.36 (compatible; Bytespider; [email protected])"
47.128.111.227 - - [09/Sep/2026:19:49:37 +0200] "GET /robots.txt HTTP/1.1" 304 - "-" "Mozilla/5.0 (iPhone; CPU iPhone OS 7_1_2 like Mac OS X) AppleWebKit/537.36 (KHTML, like Gecko) Version/7.0 Mobile Safari/537.36 (compatible; Bytespider; https://bytedance.sg.larkoffice.com/docx/K5bxdypulop3IIxrJb0lOjLVgFe)"
103.204.210.58 - - [09/Sep/2026:19:54:24 +0200] "GET /wp.php HTTP/1.1" 200 29189 "-" "Mozilla/5.0 (Windows NT 10.0; Win64; x64) AppleWebKit/537.36 (KHTML, like Gecko) Chrome/153.0.0.0 Safari/537.36"
103.204.210.58 - - [09/Sep/2026:19:54:28 +0200] "GET /wp.php HTTP/1.1" 200 29189 "-" "Mozilla/5.0 (Windows NT 10.0; Win64; x64) AppleWebKit/537.36 (KHTML, like Gecko) Chrome/153.0.0.0 Safari/537.36"
185.43.220.19 - - [09/Sep/2026:19:54:36 +0200] "POST /wp-cron.php?doing_wp_cron=1788976476.7251329421997070312500 HTTP/1.1" 200 - "-" "WordPress/7.1; https://fonbetrus.com"
103.204.210.58 - - [09/Sep/2026:19:54:32 +0200] "GET /favicon.ico HTTP/1.1" 302 - "https://fonbetrus.com/wp.php" "Mozilla/5.0 (Windows NT 10.0; Win64; x64) AppleWebKit/537.36 (KHTML, like Gecko) Chrome/153.0.0.0 Safari/537.36"
103.204.210.58 - - [09/Sep/2026:19:54:48 +0200] "POST /wp.php HTTP/1.1" 200 20507 "https://fonbetrus.com/wp.php" "Mozilla/5.0 (Windows NT 10.0; Win64; x64) AppleWebKit/537.36 (KHTML, like Gecko) Chrome/153.0.0.0 Safari/537.36"
103.204.210.58 - - [09/Sep/2026:19:54:49 +0200] "GET /favicon.ico HTTP/1.1" 404 - "https://fonbetrus.com/wp.php" "Mozilla/5.0 (Windows NT 10.0; Win64; x64) AppleWebKit/537.36 (KHTML, like Gecko) Chrome/153.0.0.0 Safari/537.36"
103.204.210.58 - - [09/Sep/2026:19:54:55 +0200] "POST /wp.php HTTP/1.1" 200 21672 "https://fonbetrus.com/wp.php" "Mozilla/5.0 (Windows NT 10.0; Win64; x64) AppleWebKit/537.36 (KHTML, like Gecko) Chrome/153.0.0.0 Safari/537.36"
103.204.210.58 - - [09/Sep/2026:19:55:01 +0200] "POST /wp.php HTTP/1.1" 200 22320 "https://fonbetrus.com/wp.php" "Mozilla/5.0 (Windows NT 10.0; Win64; x64) AppleWebKit/537.36 (KHTML, like Gecko) Chrome/153.0.0.0 Safari/537.36"
103.204.210.58 - - [09/Sep/2026:19:55:07 +0200] "POST /wp.php HTTP/1.1" 200 22921 "https://fonbetrus.com/wp.php" "Mozilla/5.0 (Windows NT 10.0; Win64; x64) AppleWebKit/537.36 (KHTML, like Gecko) Chrome/153.0.0.0 Safari/537.36"
103.204.210.58 - - [09/Sep/2026:19:55:12 +0200] "POST /wp.php HTTP/1.1" 200 23465 "https://fonbetrus.com/wp.php" "Mozilla/5.0 (Windows NT 10.0; Win64; x64) AppleWebKit/537.36 (KHTML, like Gecko) Chrome/153.0.0.0 Safari/537.36"
103.204.210.58 - - [09/Sep/2026:19:55:16 +0200] "GET /1.php HTTP/1.1" 200 21100 "-" "Mozilla/5.0 (Windows NT 10.0; Win64; x64) AppleWebKit/537.36 (KHTML, like Gecko) Chrome/153.0.0.0 Safari/537.36"
102.203.101.171 - - [09/Sep/2026:19:57:58 +0200] "POST /xmlrpc.php HTTP/1.1" 404 - "-" "WordPress.com; https://wordpress.com"
185.43.220.19 - - [09/Sep/2026:19:58:19 +0200] "POST /wp-cron.php?doing_wp_cron=1788976699.2363100051879882812500 HTTP/1.1" 200 - "-" "WordPress/7.1; https://fonbetrus.com"
102.203.101.171 - - [09/Sep/2026:19:58:08 +0200] "POST /xmlrpc.php HTTP/1.1" 200 441 "-" "Jetpack by WordPress.com"
102.203.101.171 - - [09/Sep/2026:19:58:22 +0200] "POST /xmlrpc.php HTTP/1.1" 200 441 "-" "Jetpack by WordPress.com"
185.43.220.19 - - [09/Sep/2026:19:59:31 +0200] "POST /wp-cron.php?doing_wp_cron=1788976771.5267260074615478515625 HTTP/1.1" 200 - "-" "WordPress/7.1; https://fonbetrus.com"
102.203.101.171 - - [09/Sep/2026:19:59:27 +0200] "POST /xmlrpc.php HTTP/1.1" 200 441 "-" "WordPress.com; https://wordpress.com"
102.203.101.171 - - [09/Sep/2026:19:59:37 +0200] "POST /xmlrpc.php HTTP/1.1" 200 441 "-" "Jetpack by WordPress.com"
185.43.220.19 - - [09/Sep/2026:19:59:50 +0200] "POST /wp-cron.php?doing_wp_cron=1788976790.3768301010131835937500 HTTP/1.1" 200 - "-" "WordPress/7.1; https://fonbetrus.com"
102.203.101.171 - - [09/Sep/2026:19:59:48 +0200] "POST /xmlrpc.php HTTP/1.1" 200 441 "-" "Jetpack/13.0; WordPress/6.4; http://site14772612.com"
102.203.101.171 - - [09/Sep/2026:19:59:59 +0200] "POST /xmlrpc.php HTTP/1.1" 200 441 "-" "Jetpack/13.0; WordPress/6.1; http://site26035470.com"
91.92.243.251 - - [09/Sep/2026:20:00:02 +0200] "POST /wp-login.php HTTP/1.1" 302 - "-" "Mozilla/5.0"
2a01:4f9:c013:aaeb::1 - - [09/Sep/2026:20:01:32 +0200] "GET / HTTP/1.1" 302 - "-" "Zabbix"
185.43.220.19 - - [09/Sep/2026:20:02:02 +0200] "POST /wp-cron.php?doing_wp_cron=1788976922.7495319843292236328125 HTTP/1.1" 200 - "-" "WordPress/7.1; https://fonbetrus.com"
102.203.101.171 - - [09/Sep/2026:20:02:01 +0200] "POST /xmlrpc.php HTTP/1.1" 200 441 "-" "Jetpack/12.0; WordPress/6.4; http://site93135711.com"
102.203.101.171 - - [09/Sep/2026:20:02:10 +0200] "POST /xmlrpc.php HTTP/1.1" 200 441 "-" "WordPress.com; https://wordpress.com"
74.7.230.56 - - [09/Sep/2026:20:02:14 +0200] "GET /robots.txt HTTP/1.1" 304 - "-" "Mozilla/5.0 (Macintosh; Intel Mac OS X 10_15_7) AppleWebKit/537.36 (KHTML, like Gecko) Chrome/131.0.0.0 Safari/537.36; compatible; OAI-SearchBot/1.4; robots.txt; +https://openai.com/searchbot"
74.7.242.14 - - [09/Sep/2026:20:02:14 +0200] "GET /index.php/sitemap.xml HTTP/1.1" 301 - "-" "Mozilla/5.0 AppleWebKit/537.36 (KHTML, like Gecko; compatible; GPTBot/1.4; +https://openai.com/gptbot)"
74.7.242.14 - - [09/Sep/2026:20:02:15 +0200] "GET /sitemap.xml/ HTTP/1.1" 302 - "https://fonbetrus.com/index.php/sitemap.xml" "Mozilla/5.0 AppleWebKit/537.36 (KHTML, like Gecko; compatible; GPTBot/1.4; +https://openai.com/gptbot)"
74.7.242.14 - - [09/Sep/2026:20:02:17 +0200] "GET /sitemap.xml HTTP/1.1" 200 1056 "https://fonbetrus.com/sitemap.xml/" "Mozilla/5.0 AppleWebKit/537.36 (KHTML, like Gecko; compatible; GPTBot/1.4; +https://openai.com/gptbot)"
102.203.101.171 - - [09/Sep/2026:20:02:21 +0200] "POST /xmlrpc.php HTTP/1.1" 200 441 "-" "WordPress.com; https://wordpress.com"
185.43.220.19 - - [09/Sep/2026:20:02:34 +0200] "POST /wp-cron.php?doing_wp_cron=1788976954.7251300811767578125000 HTTP/1.1" 200 - "-" "WordPress/7.1; https://fonbetrus.com"
102.203.101.171 - - [09/Sep/2026:20:02:32 +0200] "POST /xmlrpc.php HTTP/1.1" 200 441 "-" "Jetpack/12.0; WordPress/6.4; http://site55003904.com"
185.43.220.19 - - [09/Sep/2026:20:02:44 +0200] "POST /wp-cron.php?doing_wp_cron=1788976964.2409739494323730468750 HTTP/1.1" 200 - "-" "WordPress/7.1; https://fonbetrus.com"
102.203.101.171 - - [09/Sep/2026:20:02:43 +0200] "POST /xmlrpc.php HTTP/1.1" 200 441 "-" "Jetpack/13.0; WordPress/6.4; http://site24595450.com"
102.203.101.171 - - [09/Sep/2026:20:02:54 +0200] "POST /xmlrpc.php HTTP/1.1" 200 441 "-" "WordPress.com; https://wordpress.com"
102.203.101.171 - - [09/Sep/2026:20:03:05 +0200] "POST /xmlrpc.php HTTP/1.1" 200 441 "-" "Jetpack by WordPress.com"
102.203.101.171 - - [09/Sep/2026:20:03:17 +0200] "POST /xmlrpc.php HTTP/1.1" 200 441 "-" "Jetpack by WordPress.com (Jetpack 12.1; WordPress 6.2)"
102.203.101.171 - - [09/Sep/2026:20:03:29 +0200] "POST /xmlrpc.php HTTP/1.1" 200 441 "-" "WordPress.com; https://wordpress.com"
185.43.220.19 - - [09/Sep/2026:20:03:41 +0200] "POST /wp-cron.php?doing_wp_cron=1788977021.2670109272003173828125 HTTP/1.1" 200 - "-" "WordPress/7.1; https://fonbetrus.com"
102.203.101.171 - - [09/Sep/2026:20:03:40 +0200] "POST /xmlrpc.php HTTP/1.1" 200 441 "-" "Jetpack by WordPress.com (Jetpack 12.5; WordPress 6.1)"
185.43.220.19 - - [09/Sep/2026:20:03:52 +0200] "POST /wp-cron.php?doing_wp_cron=1788977031.9456400871276855468750 HTTP/1.1" 200 - "-" "WordPress/7.1; https://fonbetrus.com"
102.203.101.171 - - [09/Sep/2026:20:03:51 +0200] "POST /xmlrpc.php HTTP/1.1" 200 441 "-" "Jetpack by WordPress.com"
102.203.101.171 - - [09/Sep/2026:20:04:01 +0200] "POST /xmlrpc.php HTTP/1.1" 200 441 "-" "Jetpack by WordPress.com"
102.203.101.171 - - [09/Sep/2026:20:04:13 +0200] "POST /xmlrpc.php HTTP/1.1" 200 441 "-" "Jetpack by WordPress.com (Jetpack 12.0; WordPress 6.4)"
102.203.101.171 - - [09/Sep/2026:20:04:24 +0200] "POST /xmlrpc.php HTTP/1.1" 200 441 "-" "Jetpack/12.1; WordPress/6.1; http://site12665325.com"
185.43.220.19 - - [09/Sep/2026:20:07:01 +0200] "POST /wp-cron.php?doing_wp_cron=1788977221.6084699630737304687500 HTTP/1.1" 200 - "-" "WordPress/7.1; https://fonbetrus.com"
102.203.101.171 - - [09/Sep/2026:20:06:59 +0200] "POST /xmlrpc.php HTTP/1.1" 200 441 "-" "Jetpack/12.5; WordPress/6.4; http://site70456397.com"
102.203.101.171 - - [09/Sep/2026:20:07:08 +0200] "POST /xmlrpc.php HTTP/1.1" 200 441 "-" "WordPress.com; https://wordpress.com"
102.203.101.171 - - [09/Sep/2026:20:07:19 +0200] "POST /xmlrpc.php HTTP/1.1" 200 441 "-" "Jetpack by WordPress.com (Jetpack 12.0; WordPress 6.3)"
185.43.220.19 - - [09/Sep/2026:20:07:32 +0200] "POST /wp-cron.php?doing_wp_cron=1788977252.2619171142578125000000 HTTP/1.1" 200 - "-" "WordPress/7.1; https://fonbetrus.com"
102.203.101.171 - - [09/Sep/2026:20:07:30 +0200] "POST /xmlrpc.php HTTP/1.1" 200 441 "-" "WordPress.com; https://wordpress.com"
185.43.220.19 - - [09/Sep/2026:20:07:44 +0200] "POST /wp-cron.php?doing_wp_cron=1788977264.0353019237518310546875 HTTP/1.1" 200 - "-" "WordPress/7.1; https://fonbetrus.com"
102.203.101.171 - - [09/Sep/2026:20:07:40 +0200] "POST /xmlrpc.php HTTP/1.1" 200 441 "-" "WordPress.com; https://wordpress.com"
102.203.101.171 - - [09/Sep/2026:20:07:51 +0200] "POST /xmlrpc.php HTTP/1.1" 200 441 "-" "WordPress.com; https://wordpress.com"
102.203.101.171 - - [09/Sep/2026:20:08:02 +0200] "POST /xmlrpc.php HTTP/1.1" 200 441 "-" "Jetpack by WordPress.com (Jetpack 12.1; WordPress 6.3)"
102.203.101.171 - - [09/Sep/2026:20:08:12 +0200] "POST /xmlrpc.php HTTP/1.1" 200 441 "-" "Jetpack by WordPress.com"
102.203.101.171 - - [09/Sep/2026:20:08:23 +0200] "POST /xmlrpc.php HTTP/1.1" 200 441 "-" "WordPress.com; https://wordpress.com"
102.203.101.171 - - [09/Sep/2026:20:08:34 +0200] "POST /xmlrpc.php HTTP/1.1" 200 441 "-" "Jetpack/12.1; WordPress/6.4; http://site53864498.com"
185.43.220.19 - - [09/Sep/2026:20:08:47 +0200] "POST /wp-cron.php?doing_wp_cron=1788977327.8266239166259765625000 HTTP/1.1" 200 - "-" "WordPress/7.1; https://fonbetrus.com"
152.42.243.194 - - [09/Sep/2026:20:08:44 +0200] "GET /license.txt HTTP/1.1" 302 - "-" "Mozilla/5.0 (Windows NT 10.0; Win64; x64) AppleWebKit/537.36"
102.203.101.171 - - [09/Sep/2026:20:08:45 +0200] "POST /xmlrpc.php HTTP/1.1" 200 441 "-" "Jetpack/12.0; WordPress/6.4; http://site71841192.com"
102.203.101.171 - - [09/Sep/2026:20:08:55 +0200] "POST /xmlrpc.php HTTP/1.1" 200 441 "-" "Jetpack by WordPress.com"
72.56.50.15 - - [09/Sep/2026:20:08:56 +0200] "GET /wp-login.php HTTP/1.1" 302 - "-" "Mozilla/5.0 (Macintosh; Intel Mac OS X 10_15_7) AppleWebKit/537.36 (KHTML, like Gecko) Chrome/151.0.0.0 Safari/537.36"
67.187.26.16 - - [09/Sep/2026:20:09:02 +0200] "POST /wp-login.php HTTP/1.1" 302 - "https://fonbetrus.com.livebookmakers.net/wp-login.php" "Mozilla/5.0 (Macintosh; Intel Mac OS X 10_15_7) AppleWebKit/537.36 (KHTML, like Gecko) Chrome/151.0.0.0 Safari/537.36"
102.203.101.171 - - [09/Sep/2026:20:09:06 +0200] "POST /xmlrpc.php HTTP/1.1" 200 441 "-" "Jetpack/13.0; WordPress/6.2; http://site10453609.com"
102.203.101.171 - - [09/Sep/2026:20:09:17 +0200] "POST /xmlrpc.php HTTP/1.1" 200 441 "-" "Jetpack by WordPress.com"
102.203.101.171 - - [09/Sep/2026:20:09:27 +0200] "POST /xmlrpc.php HTTP/1.1" 200 441 "-" "Jetpack by WordPress.com (Jetpack 12.5; WordPress 6.2)"
185.43.220.19 - - [09/Sep/2026:20:09:41 +0200] "POST /wp-cron.php?doing_wp_cron=1788977381.3277220726013183593750 HTTP/1.1" 200 - "-" "WordPress/7.1; https://fonbetrus.com"
102.203.101.171 - - [09/Sep/2026:20:09:38 +0200] "POST /xmlrpc.php HTTP/1.1" 200 441 "-" "Jetpack/12.5; WordPress/6.2; http://site77738998.com"
47.79.206.191 - - [09/Sep/2026:20:09:43 +0200] "GET /?p=1 HTTP/1.1" 200 79935 "https://www.google.com/" "Mozilla/5.0 (Linux; Android 10; K) AppleWebKit/537.36 (KHTML, like Gecko) Chrome/132.0.0.0 Mobile Safari/537.36"
102.203.101.171 - - [09/Sep/2026:20:09:49 +0200] "POST /xmlrpc.php HTTP/1.1" 200 441 "-" "Jetpack by WordPress.com"
102.203.101.171 - - [09/Sep/2026:20:10:00 +0200] "POST /xmlrpc.php HTTP/1.1" 200 441 "-" "Jetpack by WordPress.com (Jetpack 12.5; WordPress 6.4)"
102.203.101.171 - - [09/Sep/2026:20:10:10 +0200] "POST /xmlrpc.php HTTP/1.1" 200 441 "-" "Jetpack by WordPress.com (Jetpack 13.0; WordPress 6.1)"
102.203.101.171 - - [09/Sep/2026:20:10:21 +0200] "POST /xmlrpc.php HTTP/1.1" 200 441 "-" "WordPress.com; https://wordpress.com"
185.43.220.19 - - [09/Sep/2026:20:10:35 +0200] "POST /wp-cron.php?doing_wp_cron=1788977435.5420799255371093750000 HTTP/1.1" 200 - "-" "WordPress/7.1; https://fonbetrus.com"
102.203.101.171 - - [09/Sep/2026:20:10:32 +0200] "POST /xmlrpc.php HTTP/1.1" 200 441 "-" "WordPress.com; https://wordpress.com"
185.43.220.19 - - [09/Sep/2026:20:10:46 +0200] "POST /wp-cron.php?doing_wp_cron=1788977446.2462370395660400390625 HTTP/1.1" 200 - "-" "WordPress/7.1; https://fonbetrus.com"
102.203.101.171 - - [09/Sep/2026:20:10:43 +0200] "POST /xmlrpc.php HTTP/1.1" 200 441 "-" "Jetpack by WordPress.com"
102.203.101.171 - - [09/Sep/2026:20:10:53 +0200] "POST /xmlrpc.php HTTP/1.1" 200 441 "-" "WordPress.com; https://wordpress.com"
102.203.101.171 - - [09/Sep/2026:20:11:04 +0200] "POST /xmlrpc.php HTTP/1.1" 200 441 "-" "Jetpack/12.0; WordPress/6.3; http://site91926173.com"
102.203.101.171 - - [09/Sep/2026:20:11:15 +0200] "POST /xmlrpc.php HTTP/1.1" 200 441 "-" "Jetpack by WordPress.com (Jetpack 12.5; WordPress 6.3)"
102.203.101.171 - - [09/Sep/2026:20:11:26 +0200] "POST /xmlrpc.php HTTP/1.1" 200 441 "-" "Jetpack by WordPress.com (Jetpack 12.0; WordPress 6.3)"
185.43.220.19 - - [09/Sep/2026:20:11:38 +0200] "POST /wp-cron.php?doing_wp_cron=1788977498.7683069705963134765625 HTTP/1.1" 200 - "-" "WordPress/7.1; https://fonbetrus.com"
102.203.101.171 - - [09/Sep/2026:20:11:36 +0200] "POST /xmlrpc.php HTTP/1.1" 200 441 "-" "Jetpack/12.1; WordPress/6.2; http://site88774398.com"
185.43.220.19 - - [09/Sep/2026:20:11:50 +0200] "POST /wp-cron.php?doing_wp_cron=1788977510.0467119216918945312500 HTTP/1.1" 200 - "-" "WordPress/7.1; https://fonbetrus.com"
102.203.101.171 - - [09/Sep/2026:20:11:47 +0200] "POST /xmlrpc.php HTTP/1.1" 200 441 "-" "WordPress.com; https://wordpress.com"
102.203.101.171 - - [09/Sep/2026:20:11:58 +0200] "POST /xmlrpc.php HTTP/1.1" 200 441 "-" "Jetpack by WordPress.com"
102.203.101.171 - - [09/Sep/2026:20:12:09 +0200] "POST /xmlrpc.php HTTP/1.1" 200 441 "-" "Jetpack by WordPress.com"
102.203.101.171 - - [09/Sep/2026:20:12:19 +0200] "POST /xmlrpc.php HTTP/1.1" 200 441 "-" "Jetpack by WordPress.com (Jetpack 12.1; WordPress 6.4)"
91.92.243.251 - - [09/Sep/2026:20:12:24 +0200] "POST /wp-login.php HTTP/1.1" 302 - "-" "Mozilla/5.0"
185.43.220.19 - - [09/Sep/2026:20:12:34 +0200] "POST /wp-cron.php?doing_wp_cron=1788977554.4292519092559814453125 HTTP/1.1" 200 - "-" "WordPress/7.1; https://fonbetrus.com"
102.203.101.171 - - [09/Sep/2026:20:12:30 +0200] "POST /xmlrpc.php HTTP/1.1" 200 441 "-" "Jetpack/12.5; WordPress/6.3; http://site25414338.com"
102.203.101.171 - - [09/Sep/2026:20:12:41 +0200] "POST /xmlrpc.php HTTP/1.1" 200 441 "-" "Jetpack by WordPress.com (Jetpack 13.0; WordPress 6.4)"
185.43.220.19 - - [09/Sep/2026:20:12:53 +0200] "POST /wp-cron.php?doing_wp_cron=1788977573.4404089450836181640625 HTTP/1.1" 200 - "-" "WordPress/7.1; https://fonbetrus.com"
102.203.101.171 - - [09/Sep/2026:20:12:52 +0200] "POST /xmlrpc.php HTTP/1.1" 200 441 "-" "Jetpack by WordPress.com"
102.203.101.171 - - [09/Sep/2026:20:13:02 +0200] "POST /xmlrpc.php HTTP/1.1" 200 441 "-" "Jetpack/12.5; WordPress/6.4; http://site93412896.com"
197.185.141.170 - - [09/Sep/2026:20:13:08 +0200] "GET /wp-login.php HTTP/1.1" 302 - "-" "Mozilla/5.0 (X11; Linux x86_64) AppleWebKit/537.36 (KHTML, like Gecko) Chrome/151.0.0.0 Safari/537.36"
102.203.101.171 - - [09/Sep/2026:20:13:13 +0200] "POST /xmlrpc.php HTTP/1.1" 200 441 "-" "Jetpack by WordPress.com (Jetpack 12.1; WordPress 6.1)"
197.185.141.170 - - [09/Sep/2026:20:13:14 +0200] "POST /wp-login.php HTTP/1.1" 302 - "https://fonbetrus.com/wp-login.php" "Mozilla/5.0 (X11; Linux x86_64) AppleWebKit/537.36 (KHTML, like Gecko) Chrome/151.0.0.0 Safari/537.36"
102.203.101.171 - - [09/Sep/2026:20:13:24 +0200] "POST /xmlrpc.php HTTP/1.1" 200 441 "-" "WordPress.com; https://wordpress.com"
185.43.220.19 - - [09/Sep/2026:20:13:38 +0200] "POST /wp-cron.php?doing_wp_cron=1788977618.5067110061645507812500 HTTP/1.1" 200 - "-" "WordPress/7.1; https://fonbetrus.com"
102.203.101.171 - - [09/Sep/2026:20:13:37 +0200] "POST /xmlrpc.php HTTP/1.1" 200 441 "-" "Jetpack/12.0; WordPress/6.3; http://site19192556.com"
185.43.220.19 - - [09/Sep/2026:20:13:47 +0200] "POST /wp-cron.php?doing_wp_cron=1788977627.4397220611572265625000 HTTP/1.1" 200 - "-" "WordPress/7.1; https://fonbetrus.com"
102.203.101.171 - - [09/Sep/2026:20:13:45 +0200] "POST /xmlrpc.php HTTP/1.1" 200 441 "-" "Jetpack by WordPress.com"
102.203.101.171 - - [09/Sep/2026:20:13:56 +0200] "POST /xmlrpc.php HTTP/1.1" 200 441 "-" "WordPress.com; https://wordpress.com"
102.203.101.171 - - [09/Sep/2026:20:14:07 +0200] "POST /xmlrpc.php HTTP/1.1" 200 441 "-" "Jetpack by WordPress.com"
185.43.220.19 - - [09/Sep/2026:20:14:36 +0200] "POST /wp-cron.php?doing_wp_cron=1788977675.7329668998718261718750 HTTP/1.1" 200 - "-" "WordPress/7.1; https://fonbetrus.com"
102.203.101.171 - - [09/Sep/2026:20:14:18 +0200] "POST /xmlrpc.php HTTP/1.1" 302 - "-" "Jetpack by WordPress.com"
185.43.220.19 - - [09/Sep/2026:20:14:43 +0200] "POST /wp-cron.php?doing_wp_cron=1788977683.3473260402679443359375 HTTP/1.1" 200 - "-" "WordPress/7.1; https://fonbetrus.com"
102.203.101.171 - - [09/Sep/2026:20:14:41 +0200] "POST /xmlrpc.php HTTP/1.1" 200 441 "-" "Jetpack/12.1; WordPress/6.4; http://site47182260.com"
102.203.101.171 - - [09/Sep/2026:20:14:50 +0200] "POST /xmlrpc.php HTTP/1.1" 200 441 "-" "Jetpack by WordPress.com (Jetpack 13.0; WordPress 6.2)"
102.203.101.171 - - [09/Sep/2026:20:15:00 +0200] "POST /xmlrpc.php HTTP/1.1" 200 441 "-" "Jetpack by WordPress.com"
102.203.101.171 - - [09/Sep/2026:20:15:11 +0200] "POST /xmlrpc.php HTTP/1.1" 200 441 "-" "Jetpack/12.1; WordPress/6.4; http://site70269443.com"
102.203.101.171 - - [09/Sep/2026:20:15:22 +0200] "POST /xmlrpc.php HTTP/1.1" 200 441 "-" "Jetpack by WordPress.com (Jetpack 12.5; WordPress 6.1)"
185.43.220.19 - - [09/Sep/2026:20:15:34 +0200] "POST /wp-cron.php?doing_wp_cron=1788977734.5516340732574462890625 HTTP/1.1" 200 - "-" "WordPress/7.1; https://fonbetrus.com"
102.203.101.171 - - [09/Sep/2026:20:15:33 +0200] "POST /xmlrpc.php HTTP/1.1" 200 441 "-" "WordPress.com; https://wordpress.com"
185.43.220.19 - - [09/Sep/2026:20:15:46 +0200] "POST /wp-cron.php?doing_wp_cron=1788977746.1330831050872802734375 HTTP/1.1" 200 - "-" "WordPress/7.1; https://fonbetrus.com"
102.203.101.171 - - [09/Sep/2026:20:15:44 +0200] "POST /xmlrpc.php HTTP/1.1" 200 441 "-" "Jetpack by WordPress.com"
102.203.101.171 - - [09/Sep/2026:20:15:54 +0200] "POST /xmlrpc.php HTTP/1.1" 200 441 "-" "Jetpack by WordPress.com (Jetpack 13.0; WordPress 6.2)"
102.203.101.171 - - [09/Sep/2026:20:16:05 +0200] "POST /xmlrpc.php HTTP/1.1" 200 441 "-" "WordPress.com; https://wordpress.com"
102.203.101.171 - - [09/Sep/2026:20:16:16 +0200] "POST /xmlrpc.php HTTP/1.1" 200 441 "-" "WordPress.com; https://wordpress.com"
