104.28.254.47 - - [09/Sep/2026:17:02:29 +0200] "HEAD /.env.test HTTP/1.1" 508 - "https://www.google.com/search?q=www.fonbetrus.com" "Mozilla/5.0 (Macintosh; Intel Mac OS X 10_15_7) AppleWebKit/537.36 (KHTML, like Gecko) Chrome/135.0.0.0 Safari/537.36"
104.28.254.47 - - [09/Sep/2026:17:02:29 +0200] "HEAD /.env.sample HTTP/1.1" 508 - "https://www.google.com/search?q=www.fonbetrus.com" "Mozilla/5.0 (Windows NT 10.0; Win64; x64) AppleWebKit/537.36 (KHTML, like Gecko) Chrome/135.0.0.0 Safari/537.36"
104.28.254.47 - - [09/Sep/2026:17:02:29 +0200] "GET /.env.test HTTP/1.1" 508 288 "https://www.google.com/search?q=www.fonbetrus.com" "Mozilla/5.0 (Macintosh; Intel Mac OS X 14_5) AppleWebKit/605.1.15 (KHTML, like Gecko) Version/18.4 Safari/605.1.15"
104.28.254.47 - - [09/Sep/2026:17:02:29 +0200] "GET /.env.sample HTTP/1.1" 508 288 "-" "Mozilla/5.0 (Macintosh; Intel Mac OS X 10_15_7) AppleWebKit/537.36 (KHTML, like Gecko) Chrome/135.0.0.0 Safari/537.36"
104.28.254.47 - - [09/Sep/2026:17:02:23 +0200] "HEAD /.env.local HTTP/1.1" 503 - "https://www.google.com/search?q=www.fonbetrus.com" "Mozilla/5.0 (Macintosh; Intel Mac OS X 10_15_7) AppleWebKit/537.36 (KHTML, like Gecko) Chrome/135.0.0.0 Safari/537.36"
104.28.254.47 - - [09/Sep/2026:17:02:29 +0200] "HEAD /config.yml HTTP/1.1" 508 - "https://www.google.com/search?q=www.fonbetrus.com" "Mozilla/5.0 (Macintosh; Intel Mac OS X 10_15_7) AppleWebKit/537.36 (KHTML, like Gecko) Chrome/135.0.0.0 Safari/537.36"
104.28.254.47 - - [09/Sep/2026:17:02:30 +0200] "GET /config.yml HTTP/1.1" 508 288 "https://www.google.com/search?q=www.fonbetrus.com" "Mozilla/5.0 (Windows NT 10.0; Win64; x64) AppleWebKit/537.36 (KHTML, like Gecko) Chrome/135.0.0.0 Safari/537.36"
104.28.254.47 - - [09/Sep/2026:17:02:30 +0200] "HEAD /.docker/config.json HTTP/1.1" 508 - "-" "Mozilla/5.0 (Windows NT 10.0; Win64; x64; rv:137.0) Gecko/20100101 Firefox/137.0"
104.28.254.47 - - [09/Sep/2026:17:02:23 +0200] "HEAD /.dev.vars HTTP/1.1" 503 - "-" "Mozilla/5.0 (compatible; Googlebot/2.1; +http://www.google.com/bot.html)"
104.28.254.47 - - [09/Sep/2026:17:02:23 +0200] "HEAD /.git/HEAD HTTP/1.1" 503 - "-" "Mozilla/5.0 (compatible; Googlebot/2.1; +http://www.google.com/bot.html)"
104.28.254.47 - - [09/Sep/2026:17:02:23 +0200] "HEAD /.env.dist HTTP/1.1" 503 - "https://www.google.com/search?q=www.fonbetrus.com" "Mozilla/5.0 (compatible; Googlebot/2.1; +http://www.google.com/bot.html)"
104.28.254.47 - - [09/Sep/2026:17:02:23 +0200] "HEAD /.env HTTP/1.1" 503 - "-" "Mozilla/5.0 (compatible; Googlebot/2.1; +http://www.google.com/bot.html)"
104.28.254.47 - - [09/Sep/2026:17:02:23 +0200] "HEAD /.env.backup HTTP/1.1" 503 - "-" "Mozilla/5.0 (Macintosh; Intel Mac OS X 14_5) AppleWebKit/605.1.15 (KHTML, like Gecko) Version/18.4 Safari/605.1.15"
104.28.254.47 - - [09/Sep/2026:17:02:23 +0200] "HEAD /.aws/credentials HTTP/1.1" 503 - "https://www.google.com/search?q=www.fonbetrus.com" "Mozilla/5.0 (Macintosh; Intel Mac OS X 14_5) AppleWebKit/605.1.15 (KHTML, like Gecko) Version/18.4 Safari/605.1.15"
104.28.254.47 - - [09/Sep/2026:17:02:35 +0200] "GET /.git/HEAD HTTP/1.1" 508 288 "https://www.google.com/search?q=www.fonbetrus.com" "Mozilla/5.0 (Macintosh; Intel Mac OS X 14_5) AppleWebKit/605.1.15 (KHTML, like Gecko) Version/18.4 Safari/605.1.15"
104.28.254.47 - - [09/Sep/2026:17:02:35 +0200] "GET /.env.backup HTTP/1.1" 508 288 "https://www.google.com/search?q=www.fonbetrus.com" "Mozilla/5.0 (Macintosh; Intel Mac OS X 10_15_7) AppleWebKit/537.36 (KHTML, like Gecko) Chrome/135.0.0.0 Safari/537.36"
104.28.254.47 - - [09/Sep/2026:17:02:35 +0200] "GET /.env.production HTTP/1.1" 508 288 "-" "Mozilla/5.0 (Macintosh; Intel Mac OS X 10_15_7) AppleWebKit/537.36 (KHTML, like Gecko) Chrome/135.0.0.0 Safari/537.36"
104.28.254.47 - - [09/Sep/2026:17:02:35 +0200] "GET /.env.local HTTP/1.1" 508 288 "-" "Mozilla/5.0 (compatible; Googlebot/2.1; +http://www.google.com/bot.html)"
104.28.254.47 - - [09/Sep/2026:17:02:35 +0200] "GET /config.json HTTP/1.1" 508 288 "https://www.google.com/search?q=www.fonbetrus.com" "Mozilla/5.0 (compatible; Googlebot/2.1; +http://www.google.com/bot.html)"
104.28.254.47 - - [09/Sep/2026:17:02:35 +0200] "GET /.env.dist HTTP/1.1" 508 288 "-" "Mozilla/5.0 (Windows NT 10.0; Win64; x64) AppleWebKit/537.36 (KHTML, like Gecko) Chrome/135.0.0.0 Safari/537.36"
104.28.254.47 - - [09/Sep/2026:17:02:23 +0200] "HEAD /config.json HTTP/1.1" 503 - "https://www.google.com/search?q=www.fonbetrus.com" "Mozilla/5.0 AppleWebKit/537.36 (KHTML, like Gecko; compatible; ChatGPT-User/1.0; +https://openai.com/bot)"
104.28.254.47 - - [09/Sep/2026:17:02:35 +0200] "HEAD /.pypirc HTTP/1.1" 508 - "-" "Mozilla/5.0 (Macintosh; Intel Mac OS X 14_5) AppleWebKit/605.1.15 (KHTML, like Gecko) Version/18.4 Safari/605.1.15"
104.28.254.47 - - [09/Sep/2026:17:02:35 +0200] "GET /.env.save HTTP/1.1" 508 288 "-" "Mozilla/5.0 (compatible; Googlebot/2.1; +http://www.google.com/bot.html)"
104.28.254.47 - - [09/Sep/2026:17:02:35 +0200] "HEAD /config.yaml HTTP/1.1" 508 - "https://www.google.com/search?q=www.fonbetrus.com" "Mozilla/5.0 (compatible; Googlebot/2.1; +http://www.google.com/bot.html)"
104.28.254.47 - - [09/Sep/2026:17:02:35 +0200] "HEAD /.netrc HTTP/1.1" 508 - "-" "Mozilla/5.0 (Macintosh; Intel Mac OS X 14_5) AppleWebKit/605.1.15 (KHTML, like Gecko) Version/18.4 Safari/605.1.15"
104.28.254.47 - - [09/Sep/2026:17:02:35 +0200] "HEAD /.env.development.local HTTP/1.1" 508 - "https://www.google.com/search?q=www.fonbetrus.com" "Mozilla/5.0 (Windows NT 10.0; Win64; x64) AppleWebKit/537.36 (KHTML, like Gecko) Chrome/135.0.0.0 Safari/537.36"
104.28.254.47 - - [09/Sep/2026:17:02:35 +0200] "GET /.pypirc HTTP/1.1" 508 288 "https://www.google.com/search?q=www.fonbetrus.com" "Mozilla/5.0 (compatible; Googlebot/2.1; +http://www.google.com/bot.html)"
104.28.254.47 - - [09/Sep/2026:17:02:35 +0200] "GET /config.yaml HTTP/1.1" 508 288 "https://www.google.com/search?q=www.fonbetrus.com" "Mozilla/5.0 (Windows NT 10.0; Win64; x64; rv:137.0) Gecko/20100101 Firefox/137.0"
104.28.254.47 - - [09/Sep/2026:17:02:35 +0200] "HEAD /.cursor/mcp.json HTTP/1.1" 508 - "-" "Mozilla/5.0 AppleWebKit/537.36 (KHTML, like Gecko; compatible; ChatGPT-User/1.0; +https://openai.com/bot)"
104.28.254.47 - - [09/Sep/2026:17:02:35 +0200] "GET /.netrc HTTP/1.1" 508 288 "-" "Mozilla/5.0 (Linux; Android 14; Pixel 8) AppleWebKit/537.36 (KHTML, like Gecko) Chrome/135.0.6422.113 Mobile Safari/537.36"
104.28.254.47 - - [09/Sep/2026:17:02:35 +0200] "GET /.env.development.local HTTP/1.1" 508 288 "https://www.google.com/search?q=www.fonbetrus.com" "Mozilla/5.0 (compatible; Googlebot/2.1; +http://www.google.com/bot.html)"
104.28.254.47 - - [09/Sep/2026:17:02:35 +0200] "HEAD /.continue/config.json HTTP/1.1" 508 - "https://www.google.com/search?q=www.fonbetrus.com" "Mozilla/5.0 (Macintosh; Intel Mac OS X 14_5) AppleWebKit/605.1.15 (KHTML, like Gecko) Version/18.4 Safari/605.1.15"
104.28.254.47 - - [09/Sep/2026:17:02:35 +0200] "HEAD /bootstrap/cache/config.php HTTP/1.1" 508 - "https://www.google.com/search?q=www.fonbetrus.com" "Mozilla/5.0 AppleWebKit/537.36 (KHTML, like Gecko; compatible; ChatGPT-User/1.0; +https://openai.com/bot)"
104.28.254.47 - - [09/Sep/2026:17:02:35 +0200] "GET /.cursor/mcp.json HTTP/1.1" 508 288 "-" "Mozilla/5.0 (compatible; Googlebot/2.1; +http://www.google.com/bot.html)"
104.28.254.47 - - [09/Sep/2026:17:02:35 +0200] "GET /.env.bak HTTP/1.1" 508 288 "https://www.google.com/search?q=www.fonbetrus.com" "Mozilla/5.0 (Macintosh; Intel Mac OS X 14_5) AppleWebKit/605.1.15 (KHTML, like Gecko) Version/18.4 Safari/605.1.15"
104.28.254.47 - - [09/Sep/2026:17:02:36 +0200] "HEAD /.vscode/settings.json HTTP/1.1" 508 - "https://www.google.com/search?q=www.fonbetrus.com" "Mozilla/5.0 (Windows NT 10.0; Win64; x64; rv:137.0) Gecko/20100101 Firefox/137.0"
104.28.254.47 - - [09/Sep/2026:17:02:36 +0200] "GET /.continue/config.json HTTP/1.1" 508 288 "https://www.google.com/search?q=www.fonbetrus.com" "Mozilla/5.0 AppleWebKit/537.36 (KHTML, like Gecko; compatible; ChatGPT-User/1.0; +https://openai.com/bot)"
104.28.254.47 - - [09/Sep/2026:17:02:36 +0200] "GET /bootstrap/cache/config.php HTTP/1.1" 508 288 "https://www.google.com/search?q=www.fonbetrus.com" "Mozilla/5.0 AppleWebKit/537.36 (KHTML, like Gecko; compatible; ChatGPT-User/1.0; +https://openai.com/bot)"
104.28.254.47 - - [09/Sep/2026:17:02:23 +0200] "HEAD /.env.production HTTP/1.1" 503 - "-" "Mozilla/5.0 (Windows NT 10.0; Win64; x64; rv:137.0) Gecko/20100101 Firefox/137.0"
104.28.254.47 - - [09/Sep/2026:17:02:36 +0200] "GET /.docker/config.json HTTP/1.1" 508 288 "-" "Mozilla/5.0 AppleWebKit/537.36 (KHTML, like Gecko; compatible; ChatGPT-User/1.0; +https://openai.com/bot)"
104.28.254.47 - - [09/Sep/2026:17:02:29 +0200] "GET /.env.production HTTP/1.1" 503 468 "https://www.google.com/search?q=www.fonbetrus.com" "Mozilla/5.0 (Windows NT 10.0; Win64; x64) AppleWebKit/537.36 (KHTML, like Gecko) Chrome/135.0.0.0 Safari/537.36"
104.28.254.47 - - [09/Sep/2026:17:02:29 +0200] "HEAD /.env.save HTTP/1.1" 503 - "https://www.google.com/search?q=www.fonbetrus.com" "Mozilla/5.0 (Windows NT 10.0; Win64; x64) AppleWebKit/537.36 (KHTML, like Gecko) Chrome/135.0.0.0 Safari/537.36"
104.28.254.47 - - [09/Sep/2026:17:02:29 +0200] "GET /.env.backup HTTP/1.1" 503 468 "https://www.google.com/search?q=www.fonbetrus.com" "Mozilla/5.0 (Windows NT 10.0; Win64; x64) AppleWebKit/537.36 (KHTML, like Gecko) Chrome/135.0.0.0 Safari/537.36"
104.28.254.47 - - [09/Sep/2026:17:02:29 +0200] "HEAD /.env.bak HTTP/1.1" 503 - "https://www.google.com/search?q=www.fonbetrus.com" "Mozilla/5.0 (Macintosh; Intel Mac OS X 10_15_7) AppleWebKit/537.36 (KHTML, like Gecko) Chrome/135.0.0.0 Safari/537.36"
104.28.254.47 - - [09/Sep/2026:17:02:29 +0200] "GET /secrets.json HTTP/1.1" 503 468 "-" "Mozilla/5.0 (Windows NT 10.0; Win64; x64) AppleWebKit/537.36 (KHTML, like Gecko) Chrome/135.0.0.0 Safari/537.36"
104.28.254.47 - - [09/Sep/2026:17:02:29 +0200] "GET /.git/HEAD HTTP/1.1" 503 468 "-" "Mozilla/5.0 (Macintosh; Intel Mac OS X 10_15_7) AppleWebKit/537.36 (KHTML, like Gecko) Chrome/135.0.0.0 Safari/537.36"
104.28.254.47 - - [09/Sep/2026:17:02:29 +0200] "GET /.aws/credentials HTTP/1.1" 503 468 "https://www.google.com/search?q=www.fonbetrus.com" "Mozilla/5.0 (Macintosh; Intel Mac OS X 14_5) AppleWebKit/605.1.15 (KHTML, like Gecko) Version/18.4 Safari/605.1.15"
104.28.254.47 - - [09/Sep/2026:17:02:28 +0200] "GET /.env.old HTTP/1.1" 503 468 "-" "Mozilla/5.0 (compatible; Googlebot/2.1; +http://www.google.com/bot.html)"
104.28.254.47 - - [09/Sep/2026:17:02:29 +0200] "GET /.env.local HTTP/1.1" 503 468 "https://www.google.com/search?q=www.fonbetrus.com" "Mozilla/5.0 AppleWebKit/537.36 (KHTML, like Gecko; compatible; ChatGPT-User/1.0; +https://openai.com/bot)"
104.28.254.47 - - [09/Sep/2026:17:02:29 +0200] "GET /config.json HTTP/1.1" 503 468 "-" "Mozilla/5.0 (Linux; Android 14; Pixel 8) AppleWebKit/537.36 (KHTML, like Gecko) Chrome/135.0.6422.113 Mobile Safari/537.36"
104.28.254.47 - - [09/Sep/2026:17:02:35 +0200] "GET /secrets.json HTTP/1.1" 503 468 "https://www.google.com/search?q=www.fonbetrus.com" "Mozilla/5.0 (compatible; Googlebot/2.1; +http://www.google.com/bot.html)"
104.28.254.47 - - [09/Sep/2026:17:02:29 +0200] "GET /.env.dist HTTP/1.1" 503 468 "-" "Mozilla/5.0 (compatible; Googlebot/2.1; +http://www.google.com/bot.html)"
104.28.254.47 - - [09/Sep/2026:17:02:34 +0200] "GET /.env.old HTTP/1.1" 503 468 "-" "Mozilla/5.0 (Linux; Android 14; Pixel 8) AppleWebKit/537.36 (KHTML, like Gecko) Chrome/135.0.6422.113 Mobile Safari/537.36"
104.28.254.47 - - [09/Sep/2026:17:02:30 +0200] "GET /.docker/config.json HTTP/1.1" 503 468 "https://www.google.com/search?q=www.fonbetrus.com" "Mozilla/5.0 AppleWebKit/537.36 (KHTML, like Gecko; compatible; ChatGPT-User/1.0; +https://openai.com/bot)"
104.28.254.47 - - [09/Sep/2026:17:02:35 +0200] "GET /.aws/credentials HTTP/1.1" 503 468 "https://www.google.com/search?q=www.fonbetrus.com" "Mozilla/5.0 (Windows NT 10.0; Win64; x64; rv:137.0) Gecko/20100101 Firefox/137.0"
104.28.254.47 - - [09/Sep/2026:17:02:36 +0200] "GET /.vscode/settings.json HTTP/1.1" 503 468 "-" "Mozilla/5.0 (Macintosh; Intel Mac OS X 14_5) AppleWebKit/605.1.15 (KHTML, like Gecko) Version/18.4 Safari/605.1.15"
104.28.254.47 - - [09/Sep/2026:17:02:35 +0200] "HEAD /.env.production.local HTTP/1.1" 503 - "-" "Mozilla/5.0 (Windows NT 10.0; Win64; x64) AppleWebKit/537.36 (KHTML, like Gecko) Chrome/135.0.0.0 Safari/537.36"
104.28.254.47 - - [09/Sep/2026:17:02:41 +0200] "GET /.env.production.local HTTP/1.1" 503 468 "https://www.google.com/search?q=www.fonbetrus.com" "Mozilla/5.0 (Linux; Android 14; Pixel 8) AppleWebKit/537.36 (KHTML, like Gecko) Chrome/135.0.6422.113 Mobile Safari/537.36"
104.28.254.47 - - [09/Sep/2026:17:02:41 +0200] "GET /secrets.json HTTP/1.1" 503 21316 "-" "Mozilla/5.0 (compatible; Googlebot/2.1; +http://www.google.com/bot.html)"
104.28.254.47 - - [09/Sep/2026:17:02:42 +0200] "GET /.vscode/settings.json HTTP/1.1" 503 468 "https://www.google.com/search?q=www.fonbetrus.com" "Mozilla/5.0 (Macintosh; Intel Mac OS X 14_5) AppleWebKit/605.1.15 (KHTML, like Gecko) Version/18.4 Safari/605.1.15"
104.28.254.47 - - [09/Sep/2026:17:02:40 +0200] "GET /.env.old HTTP/1.1" 503 468 "-" "Mozilla/5.0 (compatible; Googlebot/2.1; +http://www.google.com/bot.html)"
104.28.254.47 - - [09/Sep/2026:17:02:41 +0200] "GET /.aws/credentials HTTP/1.1" 302 - "-" "Mozilla/5.0 AppleWebKit/537.36 (KHTML, like Gecko; compatible; ChatGPT-User/1.0; +https://openai.com/bot)"
104.28.254.47 - - [09/Sep/2026:17:02:48 +0200] "GET /.vscode/settings.json HTTP/1.1" 503 468 "https://www.google.com/search?q=www.fonbetrus.com" "Mozilla/5.0 (Windows NT 10.0; Win64; x64; rv:137.0) Gecko/20100101 Firefox/137.0"
104.28.254.47 - - [09/Sep/2026:17:02:48 +0200] "GET /.env.production.local HTTP/1.1" 302 - "-" "Mozilla/5.0 (Windows NT 10.0; Win64; x64) AppleWebKit/537.36 (KHTML, like Gecko) Chrome/135.0.0.0 Safari/537.36"
104.28.254.47 - - [09/Sep/2026:17:02:53 +0200] "GET /.env.production.local HTTP/1.1" 503 468 "https://www.google.com/search?q=www.fonbetrus.com" "Mozilla/5.0 (Linux; Android 14; Pixel 8) AppleWebKit/537.36 (KHTML, like Gecko) Chrome/135.0.6422.113 Mobile Safari/537.36"
185.43.220.19 - - [09/Sep/2026:17:05:07 +0200] "POST /wp-cron.php?doing_wp_cron=1788966307.5220730304718017578125 HTTP/1.1" 200 - "-" "WordPress/7.1; https://fonbetrus.com"
5.39.60.228 - - [09/Sep/2026:17:05:06 +0200] "GET /wp-login.php HTTP/1.1" 302 - "-" "Mozilla/5.0 (Windows NT 10.0; Win64; x64) AppleWebKit/537.36 (KHTML, like Gecko) Chrome/150.0.0.0 Safari/537.36"
198.235.24.166 - - [09/Sep/2026:17:11:48 +0200] "GET / HTTP/1.1" 302 - "-" "Hello from Palo Alto Networks, find out more about our scans in https://docs-cortex.paloaltonetworks.com/r/1/Cortex-Xpanse/Scanning-activity"
185.43.220.19 - - [09/Sep/2026:17:12:41 +0200] "POST /wp-cron.php?doing_wp_cron=1788966760.9738979339599609375000 HTTP/1.1" 200 - "-" "WordPress/7.1; https://fonbetrus.com"
91.92.243.251 - - [09/Sep/2026:17:12:39 +0200] "POST /wp-login.php HTTP/1.1" 302 - "-" "Mozilla/5.0"
185.43.220.19 - - [09/Sep/2026:17:13:36 +0200] "POST /wp-cron.php?doing_wp_cron=1788966816.7444999217987060546875 HTTP/1.1" 200 - "-" "WordPress/7.1; https://fonbetrus.com"
216.73.216.90 - - [09/Sep/2026:17:13:34 +0200] "GET /index.php/sitemap.xml HTTP/1.1" 200 20848 "-" "Mozilla/5.0 AppleWebKit/537.36 (KHTML, like Gecko; compatible; ClaudeBot/1.0; [email protected])"
185.43.220.19 - - [09/Sep/2026:17:20:17 +0200] "POST /wp-cron.php?doing_wp_cron=1788967217.7334630489349365234375 HTTP/1.1" 200 - "-" "WordPress/7.1; https://fonbetrus.com"
38.248.91.9 - - [09/Sep/2026:17:20:14 +0200] "POST /wp-login.php HTTP/1.1" 302 - "-" "Mozilla/5.0"
116.87.54.29 - - [09/Sep/2026:17:20:22 +0200] "GET /wp-login.php HTTP/1.1" 302 - "-" "Mozilla/5.0 (Macintosh; Intel Mac OS X 10_15_7) AppleWebKit/537.36 (KHTML, like Gecko) Chrome/146.0.0.0 Safari/537.36"
116.87.54.29 - - [09/Sep/2026:17:20:26 +0200] "POST /wp-login.php HTTP/1.1" 302 - "https://fonbetrus.com/wp-login.php" "Mozilla/5.0 (Macintosh; Intel Mac OS X 10_15_7) AppleWebKit/537.36 (KHTML, like Gecko) Chrome/146.0.0.0 Safari/537.36"
185.43.220.19 - - [09/Sep/2026:17:24:31 +0200] "POST /wp-cron.php?doing_wp_cron=1788967471.5249729156494140625000 HTTP/1.1" 200 - "-" "WordPress/7.1; https://fonbetrus.com"
91.92.243.251 - - [09/Sep/2026:17:24:27 +0200] "POST /wp-login.php HTTP/1.1" 302 - "-" "Mozilla/5.0"
185.43.220.19 - - [09/Sep/2026:17:36:16 +0200] "POST /wp-cron.php?doing_wp_cron=1788968176.1416079998016357421875 HTTP/1.1" 200 - "-" "WordPress/7.1; https://fonbetrus.com"
91.92.243.251 - - [09/Sep/2026:17:36:13 +0200] "POST /wp-login.php HTTP/1.1" 302 - "-" "Mozilla/5.0"
185.43.220.19 - - [09/Sep/2026:17:48:01 +0200] "POST /wp-cron.php?doing_wp_cron=1788968881.5245499610900878906250 HTTP/1.1" 200 - "-" "WordPress/7.1; https://fonbetrus.com"
91.92.243.251 - - [09/Sep/2026:17:47:55 +0200] "POST /wp-login.php HTTP/1.1" 302 - "-" "Mozilla/5.0"
192.42.116.145 - - [09/Sep/2026:17:49:46 +0200] "GET / HTTP/1.1" 302 - "-" "Mozilla/5.0 (X11; Ubuntu; Linux x86_64; rv:124.0) Gecko/20100101 Firefox/124.0"
185.43.220.19 - - [09/Sep/2026:17:49:52 +0200] "POST /wp-cron.php?doing_wp_cron=1788968992.7242999076843261718750 HTTP/1.1" 200 - "-" "WordPress/7.1; https://fonbetrus.com"
192.42.116.145 - - [09/Sep/2026:17:49:49 +0200] "GET /wp-json/ HTTP/1.1" 302 - "-" "Mozilla/5.0 (X11; Ubuntu; Linux x86_64; rv:124.0) Gecko/20100101 Firefox/124.0"
2401:f9e0:52a:7e57:cd34:6994:a379:4a1f - - [09/Sep/2026:17:50:17 +0200] "POST /xmlrpc.php HTTP/1.1" 200 441 "-" "Jetpack by WordPress.com"
185.43.220.19 - - [09/Sep/2026:17:50:34 +0200] "POST /wp-cron.php?doing_wp_cron=1788969034.1398339271545410156250 HTTP/1.1" 200 - "-" "WordPress/7.1; https://fonbetrus.com"
2401:f9e0:52a:7e57:cd34:6994:a379:4a1f - - [09/Sep/2026:17:50:28 +0200] "POST /xmlrpc.php HTTP/1.1" 200 441 "-" "WordPress.com; https://wordpress.com"
2401:f9e0:52a:7e57:cd34:6994:a379:4a1f - - [09/Sep/2026:17:50:38 +0200] "POST /xmlrpc.php HTTP/1.1" 200 441 "-" "Jetpack by WordPress.com (Jetpack 13.0; WordPress 6.2)"
185.43.220.19 - - [09/Sep/2026:17:50:56 +0200] "POST /wp-cron.php?doing_wp_cron=1788969056.3384459018707275390625 HTTP/1.1" 200 - "-" "WordPress/7.1; https://fonbetrus.com"
2401:f9e0:52a:7e57:cd34:6994:a379:4a1f - - [09/Sep/2026:17:50:49 +0200] "POST /xmlrpc.php HTTP/1.1" 200 441 "-" "Jetpack by WordPress.com (Jetpack 12.1; WordPress 6.2)"
2401:f9e0:52a:7e57:cd34:6994:a379:4a1f - - [09/Sep/2026:17:51:00 +0200] "POST /xmlrpc.php HTTP/1.1" 200 441 "-" "Jetpack by WordPress.com"
2401:f9e0:52a:7e57:cd34:6994:a379:4a1f - - [09/Sep/2026:17:51:11 +0200] "POST /xmlrpc.php HTTP/1.1" 200 441 "-" "Jetpack/12.1; WordPress/6.1; http://site49796345.com"
65.98.5.196 - - [09/Sep/2026:17:51:28 +0200] "HEAD / HTTP/1.1" 302 - "-" "Mozilla/5.0 (Macintosh; Intel Mac OS X 10_15_7) AppleWebKit/537.36 (KHTML, like Gecko) Chrome/131.0.0.0 Safari/537.36"
65.98.5.196 - - [09/Sep/2026:17:51:29 +0200] "POST /?rest_route=/batch/v1 HTTP/1.1" 503 468 "-" "Mozilla/5.0 (Windows NT 10.0; Win64; x64; rv:133.0) Gecko/20100101 Firefox/133.0"
2401:f9e0:52a:7e57:cd34:6994:a379:4a1f - - [09/Sep/2026:17:51:22 +0200] "POST /xmlrpc.php HTTP/1.1" 503 - "-" "Jetpack/12.1; WordPress/6.1; http://site15064931.com"
65.98.5.196 - - [09/Sep/2026:17:51:40 +0200] "POST /wp-json/batch/v1 HTTP/1.1" 503 468 "-" "Mozilla/5.0 (Macintosh; Intel Mac OS X 10_15_7) AppleWebKit/537.36 (KHTML, like Gecko) Chrome/131.0.0.0 Safari/537.36"
2401:f9e0:52a:7e57:cd34:6994:a379:4a1f - - [09/Sep/2026:17:51:33 +0200] "POST /xmlrpc.php HTTP/1.1" 503 - "-" "Jetpack/12.1; WordPress/6.4; http://site32993647.com"
65.98.5.196 - - [09/Sep/2026:17:51:48 +0200] "POST /index.php?rest_route=/batch/v1 HTTP/1.1" 207 16 "-" "Mozilla/5.0 (X11; Linux x86_64) AppleWebKit/537.36 (KHTML, like Gecko) Chrome/131.0.0.0 Safari/537.36"
65.98.5.196 - - [09/Sep/2026:17:51:57 +0200] "GET / HTTP/1.1" 302 - "-" "Mozilla/5.0 (Windows NT 10.0; Win64; x64; rv:133.0) Gecko/20100101 Firefox/133.0"
2401:f9e0:52a:7e57:cd34:6994:a379:4a1f - - [09/Sep/2026:17:51:44 +0200] "POST /xmlrpc.php HTTP/1.1" 503 - "-" "Jetpack by WordPress.com (Jetpack 12.5; WordPress 6.2)"
2401:f9e0:52a:7e57:cd34:6994:a379:4a1f - - [09/Sep/2026:17:51:54 +0200] "POST /xmlrpc.php HTTP/1.1" 200 441 "-" "Jetpack by WordPress.com"
2401:f9e0:52a:7e57:cd34:6994:a379:4a1f - - [09/Sep/2026:17:52:05 +0200] "POST /xmlrpc.php HTTP/1.1" 200 441 "-" "WordPress.com; https://wordpress.com"
2401:f9e0:52a:7e57:cd34:6994:a379:4a1f - - [09/Sep/2026:17:52:16 +0200] "POST /xmlrpc.php HTTP/1.1" 200 441 "-" "Jetpack by WordPress.com (Jetpack 12.1; WordPress 6.4)"
2401:f9e0:52a:7e57:cd34:6994:a379:4a1f - - [09/Sep/2026:17:52:27 +0200] "POST /xmlrpc.php HTTP/1.1" 200 441 "-" "Jetpack by WordPress.com"
185.43.220.19 - - [09/Sep/2026:17:52:42 +0200] "POST /wp-cron.php?doing_wp_cron=1788969162.7598209381103515625000 HTTP/1.1" 200 - "-" "WordPress/7.1; https://fonbetrus.com"
2401:f9e0:52a:7e57:cd34:6994:a379:4a1f - - [09/Sep/2026:17:52:38 +0200] "POST /xmlrpc.php HTTP/1.1" 200 441 "-" "WordPress.com; https://wordpress.com"
2401:f9e0:52a:7e57:cd34:6994:a379:4a1f - - [09/Sep/2026:17:52:49 +0200] "POST /xmlrpc.php HTTP/1.1" 200 441 "-" "Jetpack/12.1; WordPress/6.3; http://site21750531.com"
2401:f9e0:52a:7e57:cd34:6994:a379:4a1f - - [09/Sep/2026:17:53:00 +0200] "POST /xmlrpc.php HTTP/1.1" 200 441 "-" "Jetpack/12.1; WordPress/6.3; http://site96284999.com"
2401:f9e0:52a:7e57:cd34:6994:a379:4a1f - - [09/Sep/2026:17:53:11 +0200] "POST /xmlrpc.php HTTP/1.1" 200 441 "-" "Jetpack by WordPress.com"
2401:f9e0:52a:7e57:cd34:6994:a379:4a1f - - [09/Sep/2026:17:53:21 +0200] "POST /xmlrpc.php HTTP/1.1" 503 - "-" "Jetpack by WordPress.com"
2401:f9e0:52a:7e57:cd34:6994:a379:4a1f - - [09/Sep/2026:17:53:32 +0200] "POST /xmlrpc.php HTTP/1.1" 200 441 "-" "WordPress.com; https://wordpress.com"
2401:f9e0:52a:7e57:cd34:6994:a379:4a1f - - [09/Sep/2026:17:53:43 +0200] "POST /xmlrpc.php HTTP/1.1" 200 441 "-" "WordPress.com; https://wordpress.com"
2401:f9e0:52a:7e57:cd34:6994:a379:4a1f - - [09/Sep/2026:17:53:54 +0200] "POST /xmlrpc.php HTTP/1.1" 200 441 "-" "WordPress.com; https://wordpress.com"
2401:f9e0:52a:7e57:cd34:6994:a379:4a1f - - [09/Sep/2026:17:54:05 +0200] "POST /xmlrpc.php HTTP/1.1" 503 - "-" "Jetpack by WordPress.com"
2401:f9e0:52a:7e57:cd34:6994:a379:4a1f - - [09/Sep/2026:17:54:15 +0200] "POST /xmlrpc.php HTTP/1.1" 503 - "-" "Jetpack by WordPress.com (Jetpack 13.0; WordPress 6.2)"
38.248.91.9 - - [09/Sep/2026:17:54:35 +0200] "POST /wp-login.php HTTP/1.1" 503 468 "-" "Mozilla/5.0"
2401:f9e0:52a:7e57:cd34:6994:a379:4a1f - - [09/Sep/2026:17:54:26 +0200] "POST /xmlrpc.php HTTP/1.1" 503 - "-" "Jetpack/12.5; WordPress/6.2; http://site25469223.com"
185.43.220.19 - - [09/Sep/2026:17:54:47 +0200] "POST /wp-cron.php?doing_wp_cron=1788969286.8261270523071289062500 HTTP/1.1" 200 - "-" "WordPress/7.1; https://fonbetrus.com"
2401:f9e0:52a:7e57:cd34:6994:a379:4a1f - - [09/Sep/2026:17:54:37 +0200] "POST /xmlrpc.php HTTP/1.1" 302 - "-" "Jetpack/12.0; WordPress/6.1; http://site23382679.com"
2401:f9e0:52a:7e57:cd34:6994:a379:4a1f - - [09/Sep/2026:17:54:48 +0200] "POST /xmlrpc.php HTTP/1.1" 302 - "-" "Jetpack/12.0; WordPress/6.3; http://site87967235.com"
2401:f9e0:52a:7e57:cd34:6994:a379:4a1f - - [09/Sep/2026:17:54:59 +0200] "POST /xmlrpc.php HTTP/1.1" 200 441 "-" "Jetpack by WordPress.com (Jetpack 12.1; WordPress 6.1)"
2401:f9e0:52a:7e57:cd34:6994:a379:4a1f - - [09/Sep/2026:17:55:09 +0200] "POST /xmlrpc.php HTTP/1.1" 200 441 "-" "Jetpack/12.0; WordPress/6.2; http://site49061656.com"
2401:f9e0:52a:7e57:cd34:6994:a379:4a1f - - [09/Sep/2026:17:55:20 +0200] "POST /xmlrpc.php HTTP/1.1" 200 441 "-" "Jetpack by WordPress.com"
2401:f9e0:52a:7e57:cd34:6994:a379:4a1f - - [09/Sep/2026:17:55:31 +0200] "POST /xmlrpc.php HTTP/1.1" 200 441 "-" "WordPress.com; https://wordpress.com"
185.43.220.19 - - [09/Sep/2026:17:55:49 +0200] "POST /wp-cron.php?doing_wp_cron=1788969348.6283669471740722656250 HTTP/1.1" 200 - "-" "WordPress/7.1; https://fonbetrus.com"
2401:f9e0:52a:7e57:cd34:6994:a379:4a1f - - [09/Sep/2026:17:55:42 +0200] "POST /xmlrpc.php HTTP/1.1" 200 441 "-" "Jetpack by WordPress.com"
2401:f9e0:52a:7e57:cd34:6994:a379:4a1f - - [09/Sep/2026:17:55:53 +0200] "POST /xmlrpc.php HTTP/1.1" 200 441 "-" "Jetpack by WordPress.com (Jetpack 12.5; WordPress 6.3)"
2401:f9e0:52a:7e57:cd34:6994:a379:4a1f - - [09/Sep/2026:17:56:03 +0200] "POST /xmlrpc.php HTTP/1.1" 503 - "-" "Jetpack by WordPress.com"
2401:f9e0:52a:7e57:cd34:6994:a379:4a1f - - [09/Sep/2026:17:56:14 +0200] "POST /xmlrpc.php HTTP/1.1" 503 - "-" "Jetpack by WordPress.com (Jetpack 12.1; WordPress 6.2)"
2401:f9e0:52a:7e57:cd34:6994:a379:4a1f - - [09/Sep/2026:17:56:25 +0200] "POST /xmlrpc.php HTTP/1.1" 503 - "-" "Jetpack by WordPress.com (Jetpack 12.0; WordPress 6.3)"
2401:f9e0:52a:7e57:cd34:6994:a379:4a1f - - [09/Sep/2026:17:56:36 +0200] "POST /xmlrpc.php HTTP/1.1" 503 - "-" "Jetpack by WordPress.com (Jetpack 12.5; WordPress 6.3)"
2401:f9e0:52a:7e57:cd34:6994:a379:4a1f - - [09/Sep/2026:17:56:47 +0200] "POST /xmlrpc.php HTTP/1.1" 503 - "-" "Jetpack by WordPress.com (Jetpack 12.5; WordPress 6.2)"
2401:f9e0:52a:7e57:cd34:6994:a379:4a1f - - [09/Sep/2026:17:56:58 +0200] "POST /xmlrpc.php HTTP/1.1" 302 - "-" "Jetpack by WordPress.com (Jetpack 12.1; WordPress 6.1)"
2401:f9e0:52a:7e57:cd34:6994:a379:4a1f - - [09/Sep/2026:17:57:19 +0200] "POST /xmlrpc.php HTTP/1.1" 200 441 "-" "Jetpack by WordPress.com"
2401:f9e0:52a:7e57:cd34:6994:a379:4a1f - - [09/Sep/2026:17:57:08 +0200] "POST /xmlrpc.php HTTP/1.1" 302 - "-" "WordPress.com; https://wordpress.com"
2401:f9e0:52a:7e57:cd34:6994:a379:4a1f - - [09/Sep/2026:17:57:30 +0200] "POST /xmlrpc.php HTTP/1.1" 200 441 "-" "WordPress.com; https://wordpress.com"
2401:f9e0:52a:7e57:cd34:6994:a379:4a1f - - [09/Sep/2026:17:57:41 +0200] "POST /xmlrpc.php HTTP/1.1" 200 441 "-" "Jetpack by WordPress.com (Jetpack 12.1; WordPress 6.2)"
185.43.220.19 - - [09/Sep/2026:17:57:54 +0200] "POST /wp-cron.php?doing_wp_cron=1788969474.1616759300231933593750 HTTP/1.1" 200 - "-" "WordPress/7.1; https://fonbetrus.com"
2401:f9e0:52a:7e57:cd34:6994:a379:4a1f - - [09/Sep/2026:17:57:52 +0200] "POST /xmlrpc.php HTTP/1.1" 200 441 "-" "WordPress.com; https://wordpress.com"
2401:f9e0:52a:7e57:cd34:6994:a379:4a1f - - [09/Sep/2026:17:58:02 +0200] "POST /xmlrpc.php HTTP/1.1" 200 441 "-" "WordPress.com; https://wordpress.com"
2401:f9e0:52a:7e57:cd34:6994:a379:4a1f - - [09/Sep/2026:17:58:13 +0200] "POST /xmlrpc.php HTTP/1.1" 200 441 "-" "Jetpack by WordPress.com"
2401:f9e0:52a:7e57:cd34:6994:a379:4a1f - - [09/Sep/2026:17:58:24 +0200] "POST /xmlrpc.php HTTP/1.1" 200 441 "-" "WordPress.com; https://wordpress.com"
185.43.220.19 - - [09/Sep/2026:17:58:38 +0200] "POST /wp-cron.php?doing_wp_cron=1788969518.1355319023132324218750 HTTP/1.1" 200 - "-" "WordPress/7.1; https://fonbetrus.com"
2401:f9e0:52a:7e57:cd34:6994:a379:4a1f - - [09/Sep/2026:17:58:35 +0200] "POST /xmlrpc.php HTTP/1.1" 200 441 "-" "Jetpack by WordPress.com (Jetpack 12.0; WordPress 6.1)"
185.43.220.19 - - [09/Sep/2026:17:58:49 +0200] "POST /wp-cron.php?doing_wp_cron=1788969529.0290570259094238281250 HTTP/1.1" 200 - "-" "WordPress/7.1; https://fonbetrus.com"
2401:f9e0:52a:7e57:cd34:6994:a379:4a1f - - [09/Sep/2026:17:58:46 +0200] "POST /xmlrpc.php HTTP/1.1" 200 441 "-" "Jetpack by WordPress.com"
2401:f9e0:52a:7e57:cd34:6994:a379:4a1f - - [09/Sep/2026:17:58:56 +0200] "POST /xmlrpc.php HTTP/1.1" 200 441 "-" "Jetpack by WordPress.com (Jetpack 12.1; WordPress 6.4)"
2401:f9e0:52a:7e57:cd34:6994:a379:4a1f - - [09/Sep/2026:17:59:07 +0200] "POST /xmlrpc.php HTTP/1.1" 200 441 "-" "WordPress.com; https://wordpress.com"
2401:f9e0:52a:7e57:cd34:6994:a379:4a1f - - [09/Sep/2026:17:59:18 +0200] "POST /xmlrpc.php HTTP/1.1" 200 441 "-" "Jetpack/13.0; WordPress/6.2; http://site23986651.com"
185.43.220.19 - - [09/Sep/2026:17:59:36 +0200] "POST /wp-cron.php?doing_wp_cron=1788969576.7260029315948486328125 HTTP/1.1" 200 - "-" "WordPress/7.1; https://fonbetrus.com"
2401:f9e0:52a:7e57:cd34:6994:a379:4a1f - - [09/Sep/2026:17:59:29 +0200] "POST /xmlrpc.php HTTP/1.1" 200 441 "-" "Jetpack by WordPress.com"
91.92.243.251 - - [09/Sep/2026:17:59:34 +0200] "POST /wp-login.php HTTP/1.1" 302 - "-" "Mozilla/5.0"
2401:f9e0:52a:7e57:cd34:6994:a379:4a1f - - [09/Sep/2026:17:59:40 +0200] "POST /xmlrpc.php HTTP/1.1" 200 441 "-" "Jetpack by WordPress.com"
185.43.220.19 - - [09/Sep/2026:17:59:53 +0200] "POST /wp-cron.php?doing_wp_cron=1788969593.3372960090637207031250 HTTP/1.1" 200 - "-" "WordPress/7.1; https://fonbetrus.com"
2401:f9e0:52a:7e57:cd34:6994:a379:4a1f - - [09/Sep/2026:17:59:50 +0200] "POST /xmlrpc.php HTTP/1.1" 200 441 "-" "WordPress.com; https://wordpress.com"
2401:f9e0:52a:7e57:cd34:6994:a379:4a1f - - [09/Sep/2026:18:00:01 +0200] "POST /xmlrpc.php HTTP/1.1" 200 441 "-" "WordPress.com; https://wordpress.com"
2401:f9e0:52a:7e57:cd34:6994:a379:4a1f - - [09/Sep/2026:18:00:12 +0200] "POST /xmlrpc.php HTTP/1.1" 200 441 "-" "Jetpack/13.0; WordPress/6.2; http://site71357271.com"
185.43.220.19 - - [09/Sep/2026:18:00:32 +0200] "POST /wp-cron.php?doing_wp_cron=1788969632.1352438926696777343750 HTTP/1.1" 200 - "-" "WordPress/7.1; https://fonbetrus.com"
2401:f9e0:52a:7e57:cd34:6994:a379:4a1f - - [09/Sep/2026:18:00:23 +0200] "POST /xmlrpc.php HTTP/1.1" 200 441 "-" "WordPress.com; https://wordpress.com"
2401:f9e0:52a:7e57:cd34:6994:a379:4a1f - - [09/Sep/2026:18:00:34 +0200] "POST /xmlrpc.php HTTP/1.1" 200 441 "-" "Jetpack/12.0; WordPress/6.4; http://site57511750.com"
185.43.220.19 - - [09/Sep/2026:18:00:48 +0200] "POST /wp-cron.php?doing_wp_cron=1788969648.5394868850708007812500 HTTP/1.1" 200 - "-" "WordPress/7.1; https://fonbetrus.com"
2401:f9e0:52a:7e57:cd34:6994:a379:4a1f - - [09/Sep/2026:18:00:45 +0200] "POST /xmlrpc.php HTTP/1.1" 200 441 "-" "WordPress.com; https://wordpress.com"
2401:f9e0:52a:7e57:cd34:6994:a379:4a1f - - [09/Sep/2026:18:00:56 +0200] "POST /xmlrpc.php HTTP/1.1" 200 441 "-" "Jetpack/12.5; WordPress/6.3; http://site87500336.com"
2401:f9e0:52a:7e57:cd34:6994:a379:4a1f - - [09/Sep/2026:18:01:07 +0200] "POST /xmlrpc.php HTTP/1.1" 200 441 "-" "Jetpack by WordPress.com"
2401:f9e0:52a:7e57:cd34:6994:a379:4a1f - - [09/Sep/2026:18:01:17 +0200] "POST /xmlrpc.php HTTP/1.1" 200 441 "-" "Jetpack by WordPress.com (Jetpack 12.5; WordPress 6.2)"
2401:f9e0:52a:7e57:cd34:6994:a379:4a1f - - [09/Sep/2026:18:01:28 +0200] "POST /xmlrpc.php HTTP/1.1" 200 441 "-" "Jetpack by WordPress.com (Jetpack 12.5; WordPress 6.4)"
2a01:4f9:c013:aaeb::1 - - [09/Sep/2026:18:01:32 +0200] "GET / HTTP/1.1" 302 - "-" "Zabbix"
185.43.220.19 - - [09/Sep/2026:18:01:42 +0200] "POST /wp-cron.php?doing_wp_cron=1788969702.5402009487152099609375 HTTP/1.1" 200 - "-" "WordPress/7.1; https://fonbetrus.com"
2401:f9e0:52a:7e57:cd34:6994:a379:4a1f - - [09/Sep/2026:18:01:39 +0200] "POST /xmlrpc.php HTTP/1.1" 200 441 "-" "Jetpack by WordPress.com"
2401:f9e0:52a:7e57:cd34:6994:a379:4a1f - - [09/Sep/2026:18:01:50 +0200] "POST /xmlrpc.php HTTP/1.1" 200 441 "-" "Jetpack by WordPress.com (Jetpack 13.0; WordPress 6.3)"
2401:f9e0:52a:7e57:cd34:6994:a379:4a1f - - [09/Sep/2026:18:02:00 +0200] "POST /xmlrpc.php HTTP/1.1" 200 441 "-" "Jetpack by WordPress.com"
2401:f9e0:52a:7e57:cd34:6994:a379:4a1f - - [09/Sep/2026:18:02:11 +0200] "POST /xmlrpc.php HTTP/1.1" 200 441 "-" "WordPress.com; https://wordpress.com"
2401:f9e0:52a:7e57:cd34:6994:a379:4a1f - - [09/Sep/2026:18:02:22 +0200] "POST /xmlrpc.php HTTP/1.1" 200 441 "-" "Jetpack by WordPress.com"
185.43.220.19 - - [09/Sep/2026:18:02:35 +0200] "POST /wp-cron.php?doing_wp_cron=1788969755.5279169082641601562500 HTTP/1.1" 200 - "-" "WordPress/7.1; https://fonbetrus.com"
2401:f9e0:52a:7e57:cd34:6994:a379:4a1f - - [09/Sep/2026:18:02:33 +0200] "POST /xmlrpc.php HTTP/1.1" 200 441 "-" "WordPress.com; https://wordpress.com"
185.43.220.19 - - [09/Sep/2026:18:02:47 +0200] "POST /wp-cron.php?doing_wp_cron=1788969767.0429000854492187500000 HTTP/1.1" 200 - "-" "WordPress/7.1; https://fonbetrus.com"
2401:f9e0:52a:7e57:cd34:6994:a379:4a1f - - [09/Sep/2026:18:02:44 +0200] "POST /xmlrpc.php HTTP/1.1" 200 441 "-" "Jetpack/12.5; WordPress/6.1; http://site19133824.com"
2401:f9e0:52a:7e57:cd34:6994:a379:4a1f - - [09/Sep/2026:18:02:55 +0200] "POST /xmlrpc.php HTTP/1.1" 200 441 "-" "Jetpack/13.0; WordPress/6.3; http://site32096766.com"
2401:f9e0:52a:7e57:cd34:6994:a379:4a1f - - [09/Sep/2026:18:03:05 +0200] "POST /xmlrpc.php HTTP/1.1" 200 441 "-" "Jetpack by WordPress.com (Jetpack 12.1; WordPress 6.3)"
2401:f9e0:52a:7e57:cd34:6994:a379:4a1f - - [09/Sep/2026:18:03:16 +0200] "POST /xmlrpc.php HTTP/1.1" 200 441 "-" "Jetpack/12.0; WordPress/6.2; http://site15054764.com"
2401:f9e0:52a:7e57:cd34:6994:a379:4a1f - - [09/Sep/2026:18:03:27 +0200] "POST /xmlrpc.php HTTP/1.1" 200 441 "-" "WordPress.com; https://wordpress.com"
185.43.220.19 - - [09/Sep/2026:18:03:42 +0200] "POST /wp-cron.php?doing_wp_cron=1788969822.4250369071960449218750 HTTP/1.1" 200 - "-" "WordPress/7.1; https://fonbetrus.com"
2401:f9e0:52a:7e57:cd34:6994:a379:4a1f - - [09/Sep/2026:18:03:38 +0200] "POST /xmlrpc.php HTTP/1.1" 200 441 "-" "Jetpack/12.0; WordPress/6.4; http://site35704686.com"
2401:f9e0:52a:7e57:cd34:6994:a379:4a1f - - [09/Sep/2026:18:03:49 +0200] "POST /xmlrpc.php HTTP/1.1" 200 441 "-" "WordPress.com; https://wordpress.com"
2401:f9e0:52a:7e57:cd34:6994:a379:4a1f - - [09/Sep/2026:18:04:00 +0200] "POST /xmlrpc.php HTTP/1.1" 200 441 "-" "Jetpack by WordPress.com"
2401:f9e0:52a:7e57:cd34:6994:a379:4a1f - - [09/Sep/2026:18:04:10 +0200] "POST /xmlrpc.php HTTP/1.1" 200 441 "-" "Jetpack by WordPress.com"
2401:f9e0:52a:7e57:cd34:6994:a379:4a1f - - [09/Sep/2026:18:04:21 +0200] "POST /xmlrpc.php HTTP/1.1" 200 441 "-" "Jetpack/12.1; WordPress/6.2; http://site47226510.com"
185.43.220.19 - - [09/Sep/2026:18:04:38 +0200] "POST /wp-cron.php?doing_wp_cron=1788969878.5295948982238769531250 HTTP/1.1" 200 - "-" "WordPress/7.1; https://fonbetrus.com"
2401:f9e0:52a:7e57:cd34:6994:a379:4a1f - - [09/Sep/2026:18:04:32 +0200] "POST /xmlrpc.php HTTP/1.1" 200 441 "-" "WordPress.com; https://wordpress.com"
2401:f9e0:52a:7e57:cd34:6994:a379:4a1f - - [09/Sep/2026:18:04:42 +0200] "POST /xmlrpc.php HTTP/1.1" 200 441 "-" "Jetpack by WordPress.com (Jetpack 12.0; WordPress 6.3)"
2401:f9e0:52a:7e57:cd34:6994:a379:4a1f - - [09/Sep/2026:18:04:53 +0200] "POST /xmlrpc.php HTTP/1.1" 200 441 "-" "Jetpack/13.0; WordPress/6.4; http://site84417965.com"
2401:f9e0:52a:7e57:cd34:6994:a379:4a1f - - [09/Sep/2026:18:05:05 +0200] "POST /xmlrpc.php HTTP/1.1" 200 441 "-" "Jetpack/12.5; WordPress/6.1; http://site74213174.com"
2401:f9e0:52a:7e57:cd34:6994:a379:4a1f - - [09/Sep/2026:18:05:15 +0200] "POST /xmlrpc.php HTTP/1.1" 200 441 "-" "Jetpack by WordPress.com"
2401:f9e0:52a:7e57:cd34:6994:a379:4a1f - - [09/Sep/2026:18:05:25 +0200] "POST /xmlrpc.php HTTP/1.1" 200 441 "-" "Jetpack by WordPress.com"
185.43.220.19 - - [09/Sep/2026:18:05:40 +0200] "POST /wp-cron.php?doing_wp_cron=1788969940.5369770526885986328125 HTTP/1.1" 200 - "-" "WordPress/7.1; https://fonbetrus.com"
2401:f9e0:52a:7e57:cd34:6994:a379:4a1f - - [09/Sep/2026:18:05:36 +0200] "POST /xmlrpc.php HTTP/1.1" 200 441 "-" "WordPress.com; https://wordpress.com"
2401:f9e0:52a:7e57:cd34:6994:a379:4a1f - - [09/Sep/2026:18:05:47 +0200] "POST /xmlrpc.php HTTP/1.1" 200 441 "-" "Jetpack by WordPress.com (Jetpack 13.0; WordPress 6.2)"
2401:f9e0:52a:7e57:cd34:6994:a379:4a1f - - [09/Sep/2026:18:05:58 +0200] "POST /xmlrpc.php HTTP/1.1" 503 - "-" "WordPress.com; https://wordpress.com"
2401:f9e0:52a:7e57:cd34:6994:a379:4a1f - - [09/Sep/2026:18:06:09 +0200] "POST /xmlrpc.php HTTP/1.1" 200 441 "-" "Jetpack by WordPress.com"
2401:f9e0:52a:7e57:cd34:6994:a379:4a1f - - [09/Sep/2026:18:06:20 +0200] "POST /xmlrpc.php HTTP/1.1" 200 441 "-" "Jetpack by WordPress.com (Jetpack 12.5; WordPress 6.4)"
185.43.220.19 - - [09/Sep/2026:18:06:32 +0200] "POST /wp-cron.php?doing_wp_cron=1788969992.1427340507507324218750 HTTP/1.1" 200 - "-" "WordPress/7.1; https://fonbetrus.com"
2401:f9e0:52a:7e57:cd34:6994:a379:4a1f - - [09/Sep/2026:18:06:31 +0200] "POST /xmlrpc.php HTTP/1.1" 200 441 "-" "Jetpack by WordPress.com"
185.43.220.19 - - [09/Sep/2026:18:06:46 +0200] "POST /wp-cron.php?doing_wp_cron=1788970006.7246680259704589843750 HTTP/1.1" 200 - "-" "WordPress/7.1; https://fonbetrus.com"
2401:f9e0:52a:7e57:cd34:6994:a379:4a1f - - [09/Sep/2026:18:06:41 +0200] "POST /xmlrpc.php HTTP/1.1" 200 441 "-" "Jetpack by WordPress.com (Jetpack 13.0; WordPress 6.2)"
2401:f9e0:52a:7e57:cd34:6994:a379:4a1f - - [09/Sep/2026:18:06:52 +0200] "POST /xmlrpc.php HTTP/1.1" 200 441 "-" "Jetpack by WordPress.com"
2401:f9e0:52a:7e57:cd34:6994:a379:4a1f - - [09/Sep/2026:18:07:03 +0200] "POST /xmlrpc.php HTTP/1.1" 200 441 "-" "Jetpack by WordPress.com (Jetpack 13.0; WordPress 6.3)"
2401:f9e0:52a:7e57:cd34:6994:a379:4a1f - - [09/Sep/2026:18:07:14 +0200] "POST /xmlrpc.php HTTP/1.1" 200 441 "-" "Jetpack/12.5; WordPress/6.4; http://site13313056.com"
2401:f9e0:52a:7e57:cd34:6994:a379:4a1f - - [09/Sep/2026:18:07:25 +0200] "POST /xmlrpc.php HTTP/1.1" 200 441 "-" "WordPress.com; https://wordpress.com"
2401:f9e0:52a:7e57:cd34:6994:a379:4a1f - - [09/Sep/2026:18:07:35 +0200] "POST /xmlrpc.php HTTP/1.1" 200 441 "-" "Jetpack by WordPress.com (Jetpack 13.0; WordPress 6.2)"
185.43.220.19 - - [09/Sep/2026:18:07:45 +0200] "POST /wp-cron.php?doing_wp_cron=1788970062.9270091056823730468750 HTTP/1.1" 200 - "-" "WordPress/7.1; https://fonbetrus.com"
2401:f9e0:52a:7e57:cd34:6994:a379:4a1f - - [09/Sep/2026:18:07:47 +0200] "POST /xmlrpc.php HTTP/1.1" 503 - "-" "Jetpack by WordPress.com"
2401:f9e0:52a:7e57:cd34:6994:a379:4a1f - - [09/Sep/2026:18:07:57 +0200] "POST /xmlrpc.php HTTP/1.1" 503 - "-" "WordPress.com; https://wordpress.com"
2401:f9e0:52a:7e57:cd34:6994:a379:4a1f - - [09/Sep/2026:18:08:08 +0200] "POST /xmlrpc.php HTTP/1.1" 200 441 "-" "Jetpack by WordPress.com"
2401:f9e0:52a:7e57:cd34:6994:a379:4a1f - - [09/Sep/2026:18:08:19 +0200] "POST /xmlrpc.php HTTP/1.1" 200 441 "-" "Jetpack by WordPress.com"
2401:f9e0:52a:7e57:cd34:6994:a379:4a1f - - [09/Sep/2026:18:08:30 +0200] "POST /xmlrpc.php HTTP/1.1" 200 441 "-" "WordPress.com; https://wordpress.com"
185.43.220.19 - - [09/Sep/2026:18:08:43 +0200] "POST /wp-cron.php?doing_wp_cron=1788970123.5336649417877197265625 HTTP/1.1" 200 - "-" "WordPress/7.1; https://fonbetrus.com"
2401:f9e0:52a:7e57:cd34:6994:a379:4a1f - - [09/Sep/2026:18:08:40 +0200] "POST /xmlrpc.php HTTP/1.1" 200 441 "-" "WordPress.com; https://wordpress.com"
2401:f9e0:52a:7e57:cd34:6994:a379:4a1f - - [09/Sep/2026:18:08:51 +0200] "POST /xmlrpc.php HTTP/1.1" 200 441 "-" "Jetpack/12.5; WordPress/6.1; http://site69505867.com"
2401:f9e0:52a:7e57:cd34:6994:a379:4a1f - - [09/Sep/2026:18:09:02 +0200] "POST /xmlrpc.php HTTP/1.1" 200 441 "-" "WordPress.com; https://wordpress.com"
2401:f9e0:52a:7e57:cd34:6994:a379:4a1f - - [09/Sep/2026:18:09:13 +0200] "POST /xmlrpc.php HTTP/1.1" 200 441 "-" "Jetpack by WordPress.com"
2401:f9e0:52a:7e57:cd34:6994:a379:4a1f - - [09/Sep/2026:18:09:23 +0200] "POST /xmlrpc.php HTTP/1.1" 200 441 "-" "Jetpack by WordPress.com (Jetpack 12.0; WordPress 6.1)"
185.43.220.19 - - [09/Sep/2026:18:09:37 +0200] "POST /wp-cron.php?doing_wp_cron=1788970177.2587270736694335937500 HTTP/1.1" 200 - "-" "WordPress/7.1; https://fonbetrus.com"
2401:f9e0:52a:7e57:cd34:6994:a379:4a1f - - [09/Sep/2026:18:09:34 +0200] "POST /xmlrpc.php HTTP/1.1" 200 441 "-" "WordPress.com; https://wordpress.com"
2401:f9e0:52a:7e57:cd34:6994:a379:4a1f - - [09/Sep/2026:18:09:45 +0200] "POST /xmlrpc.php HTTP/1.1" 200 441 "-" "Jetpack by WordPress.com"
185.43.220.19 - - [09/Sep/2026:18:09:50 +0200] "POST /wp-cron.php?doing_wp_cron=1788970187.3537549972534179687500 HTTP/1.1" 200 - "-" "WordPress/7.1; https://fonbetrus.com"
2401:f9e0:52a:7e57:cd34:6994:a379:4a1f - - [09/Sep/2026:18:09:56 +0200] "POST /xmlrpc.php HTTP/1.1" 200 441 "-" "Jetpack by WordPress.com"
2401:f9e0:52a:7e57:cd34:6994:a379:4a1f - - [09/Sep/2026:18:10:07 +0200] "POST /xmlrpc.php HTTP/1.1" 200 441 "-" "Jetpack by WordPress.com (Jetpack 12.0; WordPress 6.4)"
2401:f9e0:52a:7e57:cd34:6994:a379:4a1f - - [09/Sep/2026:18:10:17 +0200] "POST /xmlrpc.php HTTP/1.1" 200 441 "-" "Jetpack/12.1; WordPress/6.3; http://site70363646.com"
2401:f9e0:52a:7e57:cd34:6994:a379:4a1f - - [09/Sep/2026:18:10:28 +0200] "POST /xmlrpc.php HTTP/1.1" 200 441 "-" "Jetpack by WordPress.com"
185.43.220.19 - - [09/Sep/2026:18:10:43 +0200] "POST /wp-cron.php?doing_wp_cron=1788970243.7254469394683837890625 HTTP/1.1" 200 - "-" "WordPress/7.1; https://fonbetrus.com"
2401:f9e0:52a:7e57:cd34:6994:a379:4a1f - - [09/Sep/2026:18:10:39 +0200] "POST /xmlrpc.php HTTP/1.1" 200 441 "-" "Jetpack/12.1; WordPress/6.1; http://site60759862.com"
2401:f9e0:52a:7e57:cd34:6994:a379:4a1f - - [09/Sep/2026:18:10:50 +0200] "POST /xmlrpc.php HTTP/1.1" 200 441 "-" "Jetpack by WordPress.com (Jetpack 12.0; WordPress 6.3)"
2401:f9e0:52a:7e57:cd34:6994:a379:4a1f - - [09/Sep/2026:18:11:01 +0200] "POST /xmlrpc.php HTTP/1.1" 200 441 "-" "Jetpack by WordPress.com"
2401:f9e0:52a:7e57:cd34:6994:a379:4a1f - - [09/Sep/2026:18:11:12 +0200] "POST /xmlrpc.php HTTP/1.1" 503 - "-" "Jetpack by WordPress.com"
91.92.243.251 - - [09/Sep/2026:18:11:19 +0200] "POST /wp-login.php HTTP/1.1" 503 468 "-" "Mozilla/5.0"
2401:f9e0:52a:7e57:cd34:6994:a379:4a1f - - [09/Sep/2026:18:11:33 +0200] "POST /xmlrpc.php HTTP/1.1" 200 441 "-" "Jetpack by WordPress.com"
185.43.220.19 - - [09/Sep/2026:18:11:42 +0200] "POST /wp-cron.php?doing_wp_cron=1788970301.7248110771179199218750 HTTP/1.1" 200 - "-" "WordPress/7.1; https://fonbetrus.com"
2401:f9e0:52a:7e57:cd34:6994:a379:4a1f - - [09/Sep/2026:18:11:22 +0200] "POST /xmlrpc.php HTTP/1.1" 302 - "-" "Jetpack by WordPress.com (Jetpack 13.0; WordPress 6.2)"
2401:f9e0:52a:7e57:cd34:6994:a379:4a1f - - [09/Sep/2026:18:11:44 +0200] "POST /xmlrpc.php HTTP/1.1" 200 441 "-" "Jetpack/13.0; WordPress/6.2; http://site95855599.com"
2401:f9e0:52a:7e57:cd34:6994:a379:4a1f - - [09/Sep/2026:18:11:55 +0200] "POST /xmlrpc.php HTTP/1.1" 200 441 "-" "Jetpack by WordPress.com"
2401:f9e0:52a:7e57:cd34:6994:a379:4a1f - - [09/Sep/2026:18:12:05 +0200] "POST /xmlrpc.php HTTP/1.1" 200 441 "-" "Jetpack by WordPress.com"
2401:f9e0:52a:7e57:cd34:6994:a379:4a1f - - [09/Sep/2026:18:12:16 +0200] "POST /xmlrpc.php HTTP/1.1" 200 441 "-" "WordPress.com; https://wordpress.com"
2401:f9e0:52a:7e57:cd34:6994:a379:4a1f - - [09/Sep/2026:18:12:27 +0200] "POST /xmlrpc.php HTTP/1.1" 200 441 "-" "Jetpack by WordPress.com"
185.43.220.19 - - [09/Sep/2026:18:12:42 +0200] "POST /wp-cron.php?doing_wp_cron=1788970361.9474999904632568359375 HTTP/1.1" 200 - "-" "WordPress/7.1; https://fonbetrus.com"
2401:f9e0:52a:7e57:cd34:6994:a379:4a1f - - [09/Sep/2026:18:12:38 +0200] "POST /xmlrpc.php HTTP/1.1" 200 441 "-" "Jetpack by WordPress.com (Jetpack 12.0; WordPress 6.2)"
2401:f9e0:52a:7e57:cd34:6994:a379:4a1f - - [09/Sep/2026:18:12:49 +0200] "POST /xmlrpc.php HTTP/1.1" 200 441 "-" "Jetpack by WordPress.com"
2401:f9e0:52a:7e57:cd34:6994:a379:4a1f - - [09/Sep/2026:18:13:00 +0200] "POST /xmlrpc.php HTTP/1.1" 200 441 "-" "Jetpack by WordPress.com (Jetpack 13.0; WordPress 6.2)"
2401:f9e0:52a:7e57:cd34:6994:a379:4a1f - - [09/Sep/2026:18:13:11 +0200] "POST /xmlrpc.php HTTP/1.1" 200 441 "-" "WordPress.com; https://wordpress.com"
2401:f9e0:52a:7e57:cd34:6994:a379:4a1f - - [09/Sep/2026:18:13:21 +0200] "POST /xmlrpc.php HTTP/1.1" 200 441 "-" "WordPress.com; https://wordpress.com"
185.43.220.19 - - [09/Sep/2026:18:13:37 +0200] "POST /wp-cron.php?doing_wp_cron=1788970417.4355149269104003906250 HTTP/1.1" 200 - "-" "WordPress/7.1; https://fonbetrus.com"
2401:f9e0:52a:7e57:cd34:6994:a379:4a1f - - [09/Sep/2026:18:13:32 +0200] "POST /xmlrpc.php HTTP/1.1" 200 441 "-" "WordPress.com; https://wordpress.com"
2401:f9e0:52a:7e57:cd34:6994:a379:4a1f - - [09/Sep/2026:18:13:43 +0200] "POST /xmlrpc.php HTTP/1.1" 200 441 "-" "WordPress.com; https://wordpress.com"
2401:f9e0:52a:7e57:cd34:6994:a379:4a1f - - [09/Sep/2026:18:13:54 +0200] "POST /xmlrpc.php HTTP/1.1" 200 441 "-" "Jetpack by WordPress.com"
2401:f9e0:52a:7e57:cd34:6994:a379:4a1f - - [09/Sep/2026:18:14:05 +0200] "POST /xmlrpc.php HTTP/1.1" 200 441 "-" "Jetpack by WordPress.com"
2401:f9e0:52a:7e57:cd34:6994:a379:4a1f - - [09/Sep/2026:18:14:16 +0200] "POST /xmlrpc.php HTTP/1.1" 200 441 "-" "WordPress.com; https://wordpress.com"
2401:f9e0:52a:7e57:cd34:6994:a379:4a1f - - [09/Sep/2026:18:14:27 +0200] "POST /xmlrpc.php HTTP/1.1" 200 441 "-" "Jetpack by WordPress.com"
185.43.220.19 - - [09/Sep/2026:18:14:42 +0200] "POST /wp-cron.php?doing_wp_cron=1788970481.8408401012420654296875 HTTP/1.1" 200 - "-" "WordPress/7.1; https://fonbetrus.com"
2401:f9e0:52a:7e57:cd34:6994:a379:4a1f - - [09/Sep/2026:18:14:38 +0200] "POST /xmlrpc.php HTTP/1.1" 200 441 "-" "Jetpack/12.0; WordPress/6.1; http://site40015032.com"
2401:f9e0:52a:7e57:cd34:6994:a379:4a1f - - [09/Sep/2026:18:14:48 +0200] "POST /xmlrpc.php HTTP/1.1" 200 441 "-" "Jetpack by WordPress.com (Jetpack 13.0; WordPress 6.2)"
2401:f9e0:52a:7e57:cd34:6994:a379:4a1f - - [09/Sep/2026:18:14:59 +0200] "POST /xmlrpc.php HTTP/1.1" 200 441 "-" "WordPress.com; https://wordpress.com"
2401:f9e0:52a:7e57:cd34:6994:a379:4a1f - - [09/Sep/2026:18:15:10 +0200] "POST /xmlrpc.php HTTP/1.1" 200 441 "-" "WordPress.com; https://wordpress.com"
2401:f9e0:52a:7e57:cd34:6994:a379:4a1f - - [09/Sep/2026:18:15:21 +0200] "POST /xmlrpc.php HTTP/1.1" 200 441 "-" "Jetpack/13.0; WordPress/6.3; http://site22089587.com"
185.43.220.19 - - [09/Sep/2026:18:15:35 +0200] "POST /wp-cron.php?doing_wp_cron=1788970535.7288699150085449218750 HTTP/1.1" 200 - "-" "WordPress/7.1; https://fonbetrus.com"
2401:f9e0:52a:7e57:cd34:6994:a379:4a1f - - [09/Sep/2026:18:15:32 +0200] "POST /xmlrpc.php HTTP/1.1" 200 441 "-" "Jetpack by WordPress.com (Jetpack 12.5; WordPress 6.4)"
185.43.220.19 - - [09/Sep/2026:18:15:45 +0200] "POST /wp-cron.php?doing_wp_cron=1788970545.2460799217224121093750 HTTP/1.1" 200 - "-" "WordPress/7.1; https://fonbetrus.com"
2401:f9e0:52a:7e57:cd34:6994:a379:4a1f - - [09/Sep/2026:18:15:43 +0200] "POST /xmlrpc.php HTTP/1.1" 200 441 "-" "Jetpack by WordPress.com"
2401:f9e0:52a:7e57:cd34:6994:a379:4a1f - - [09/Sep/2026:18:15:53 +0200] "POST /xmlrpc.php HTTP/1.1" 200 441 "-" "Jetpack by WordPress.com (Jetpack 12.0; WordPress 6.3)"
2401:f9e0:52a:7e57:cd34:6994:a379:4a1f - - [09/Sep/2026:18:16:04 +0200] "POST /xmlrpc.php HTTP/1.1" 200 441 "-" "WordPress.com; https://wordpress.com"
2401:f9e0:52a:7e57:cd34:6994:a379:4a1f - - [09/Sep/2026:18:16:15 +0200] "POST /xmlrpc.php HTTP/1.1" 200 441 "-" "Jetpack by WordPress.com"
2401:f9e0:52a:7e57:cd34:6994:a379:4a1f - - [09/Sep/2026:18:16:26 +0200] "POST /xmlrpc.php HTTP/1.1" 200 441 "-" "Jetpack by WordPress.com (Jetpack 12.1; WordPress 6.1)"
185.43.220.19 - - [09/Sep/2026:18:16:42 +0200] "POST /wp-cron.php?doing_wp_cron=1788970601.8328800201416015625000 HTTP/1.1" 200 - "-" "WordPress/7.1; https://fonbetrus.com"
2401:f9e0:52a:7e57:cd34:6994:a379:4a1f - - [09/Sep/2026:18:16:37 +0200] "POST /xmlrpc.php HTTP/1.1" 200 441 "-" "Jetpack/12.1; WordPress/6.2; http://site60218830.com"
2401:f9e0:52a:7e57:cd34:6994:a379:4a1f - - [09/Sep/2026:18:16:47 +0200] "POST /xmlrpc.php HTTP/1.1" 200 441 "-" "Jetpack by WordPress.com (Jetpack 12.0; WordPress 6.1)"
2401:f9e0:52a:7e57:cd34:6994:a379:4a1f - - [09/Sep/2026:18:16:59 +0200] "POST /xmlrpc.php HTTP/1.1" 200 441 "-" "Jetpack by WordPress.com (Jetpack 12.0; WordPress 6.4)"
2401:f9e0:52a:7e57:cd34:6994:a379:4a1f - - [09/Sep/2026:18:17:09 +0200] "POST /xmlrpc.php HTTP/1.1" 200 441 "-" "Jetpack by WordPress.com"
216.73.216.90 - - [09/Sep/2026:18:19:58 +0200] "GET /robots.txt HTTP/1.1" 304 - "-" "Mozilla/5.0 AppleWebKit/537.36 (KHTML, like Gecko; compatible; ClaudeBot/1.0; [email protected])"
185.43.220.19 - - [09/Sep/2026:18:20:03 +0200] "POST /wp-cron.php?doing_wp_cron=1788970803.0493240356445312500000 HTTP/1.1" 200 - "-" "WordPress/7.1; https://fonbetrus.com"
216.73.216.90 - - [09/Sep/2026:18:19:59 +0200] "GET /index.php/sitemap.xml HTTP/1.1" 200 20848 "-" "Mozilla/5.0 AppleWebKit/537.36 (KHTML, like Gecko; compatible; ClaudeBot/1.0; [email protected])"
185.43.220.19 - - [09/Sep/2026:18:21:48 +0200] "POST /wp-cron.php?doing_wp_cron=1788970908.1256930828094482421875 HTTP/1.1" 200 - "-" "WordPress/7.1; https://fonbetrus.com"
82.76.29.234 - - [09/Sep/2026:18:21:43 +0200] "GET /wp-login.php HTTP/1.1" 302 - "-" "Mozilla/5.0 (Macintosh; Intel Mac OS X 10_15_7) AppleWebKit/537.36 (KHTML, like Gecko) Chrome/148.0.0.0 Safari/537.36"
86.127.211.110 - - [09/Sep/2026:18:21:50 +0200] "POST /wp-login.php HTTP/1.1" 503 468 "https://fonbetrus.com.livebookmakers.net/wp-login.php" "Mozilla/5.0 (Macintosh; Intel Mac OS X 10_15_7) AppleWebKit/537.36 (KHTML, like Gecko) Chrome/148.0.0.0 Safari/537.36"
82.79.160.237 - - [09/Sep/2026:18:21:58 +0200] "POST /wp-login.php HTTP/1.1" 302 - "https://fonbetrus.com.livebookmakers.net/wp-login.php" "Mozilla/5.0 (Macintosh; Intel Mac OS X 10_15_7) AppleWebKit/537.36 (KHTML, like Gecko) Chrome/148.0.0.0 Safari/537.36"
185.43.220.19 - - [09/Sep/2026:18:23:10 +0200] "POST /wp-cron.php?doing_wp_cron=1788970990.6247079372406005859375 HTTP/1.1" 200 - "-" "WordPress/7.1; https://fonbetrus.com"
91.92.243.251 - - [09/Sep/2026:18:23:04 +0200] "POST /wp-login.php HTTP/1.1" 302 - "-" "Mozilla/5.0"
185.43.220.19 - - [09/Sep/2026:18:28:51 +0200] "POST /wp-cron.php?doing_wp_cron=1788971331.4689528942108154296875 HTTP/1.1" 200 - "-" "WordPress/7.1; https://fonbetrus.com"
38.248.91.9 - - [09/Sep/2026:18:28:49 +0200] "POST /wp-login.php HTTP/1.1" 302 - "-" "Mozilla/5.0"
185.43.220.19 - - [09/Sep/2026:18:34:53 +0200] "POST /wp-cron.php?doing_wp_cron=1788971693.6244800090789794921875 HTTP/1.1" 200 - "-" "WordPress/7.1; https://fonbetrus.com"
91.92.243.251 - - [09/Sep/2026:18:34:50 +0200] "POST /wp-login.php HTTP/1.1" 302 - "-" "Mozilla/5.0"
87.250.224.102 - - [09/Sep/2026:18:40:39 +0200] "GET /robots.txt HTTP/1.1" 304 - "-" "Mozilla/5.0 (compatible; YandexBot/3.0; +http://yandex.com/bots)"
