102.203.101.171 - - [09/Sep/2026:20:16:27 +0200] "POST /xmlrpc.php HTTP/1.1" 200 441 "-" "Jetpack by WordPress.com"
185.43.220.19 - - [09/Sep/2026:20:16:39 +0200] "POST /wp-cron.php?doing_wp_cron=1788977799.4423930644989013671875 HTTP/1.1" 200 - "-" "WordPress/7.1; https://fonbetrus.com"
102.203.101.171 - - [09/Sep/2026:20:16:37 +0200] "POST /xmlrpc.php HTTP/1.1" 200 441 "-" "Jetpack/12.0; WordPress/6.2; http://site35384085.com"
185.43.220.19 - - [09/Sep/2026:20:16:50 +0200] "POST /wp-cron.php?doing_wp_cron=1788977810.6550519466400146484375 HTTP/1.1" 200 - "-" "WordPress/7.1; https://fonbetrus.com"
102.203.101.171 - - [09/Sep/2026:20:16:48 +0200] "POST /xmlrpc.php HTTP/1.1" 200 441 "-" "WordPress.com; https://wordpress.com"
102.203.101.171 - - [09/Sep/2026:20:16:59 +0200] "POST /xmlrpc.php HTTP/1.1" 200 441 "-" "Jetpack by WordPress.com"
102.203.101.171 - - [09/Sep/2026:20:17:09 +0200] "POST /xmlrpc.php HTTP/1.1" 200 441 "-" "Jetpack/12.1; WordPress/6.3; http://site53000330.com"
185.43.220.19 - - [09/Sep/2026:20:17:22 +0200] "POST /wp-cron.php?doing_wp_cron=1788977842.4469130039215087890625 HTTP/1.1" 200 - "-" "WordPress/7.1; https://fonbetrus.com"
102.203.101.171 - - [09/Sep/2026:20:17:20 +0200] "POST /xmlrpc.php HTTP/1.1" 200 441 "-" "WordPress.com; https://wordpress.com"
185.43.220.19 - - [09/Sep/2026:20:17:33 +0200] "POST /wp-cron.php?doing_wp_cron=1788977852.9519820213317871093750 HTTP/1.1" 200 - "-" "WordPress/7.1; https://fonbetrus.com"
102.203.101.171 - - [09/Sep/2026:20:17:31 +0200] "POST /xmlrpc.php HTTP/1.1" 200 441 "-" "Jetpack by WordPress.com"
185.43.220.19 - - [09/Sep/2026:20:17:43 +0200] "POST /wp-cron.php?doing_wp_cron=1788977863.5436129570007324218750 HTTP/1.1" 200 - "-" "WordPress/7.1; https://fonbetrus.com"
102.203.101.171 - - [09/Sep/2026:20:17:42 +0200] "POST /xmlrpc.php HTTP/1.1" 200 441 "-" "Jetpack by WordPress.com (Jetpack 12.0; WordPress 6.3)"
185.43.220.19 - - [09/Sep/2026:20:17:54 +0200] "POST /wp-cron.php?doing_wp_cron=1788977874.0360679626464843750000 HTTP/1.1" 200 - "-" "WordPress/7.1; https://fonbetrus.com"
102.203.101.171 - - [09/Sep/2026:20:17:52 +0200] "POST /xmlrpc.php HTTP/1.1" 200 441 "-" "Jetpack by WordPress.com (Jetpack 12.1; WordPress 6.4)"
102.203.101.171 - - [09/Sep/2026:20:18:03 +0200] "POST /xmlrpc.php HTTP/1.1" 200 441 "-" "Jetpack by WordPress.com"
102.203.101.171 - - [09/Sep/2026:20:18:14 +0200] "POST /xmlrpc.php HTTP/1.1" 200 441 "-" "WordPress.com; https://wordpress.com"
102.203.101.171 - - [09/Sep/2026:20:18:24 +0200] "POST /xmlrpc.php HTTP/1.1" 200 441 "-" "WordPress.com; https://wordpress.com"
185.43.220.19 - - [09/Sep/2026:20:18:37 +0200] "POST /wp-cron.php?doing_wp_cron=1788977917.3255300521850585937500 HTTP/1.1" 200 - "-" "WordPress/7.1; https://fonbetrus.com"
102.203.101.171 - - [09/Sep/2026:20:18:35 +0200] "POST /xmlrpc.php HTTP/1.1" 200 441 "-" "Jetpack/13.0; WordPress/6.3; http://site61024911.com"
185.43.220.19 - - [09/Sep/2026:20:18:47 +0200] "POST /wp-cron.php?doing_wp_cron=1788977927.7523660659790039062500 HTTP/1.1" 200 - "-" "WordPress/7.1; https://fonbetrus.com"
102.203.101.171 - - [09/Sep/2026:20:18:46 +0200] "POST /xmlrpc.php HTTP/1.1" 200 441 "-" "Jetpack by WordPress.com"
102.203.101.171 - - [09/Sep/2026:20:18:57 +0200] "POST /xmlrpc.php HTTP/1.1" 200 441 "-" "Jetpack/13.0; WordPress/6.3; http://site86550937.com"
102.203.101.171 - - [09/Sep/2026:20:19:07 +0200] "POST /xmlrpc.php HTTP/1.1" 200 441 "-" "WordPress.com; https://wordpress.com"
185.43.220.19 - - [09/Sep/2026:20:19:19 +0200] "POST /wp-cron.php?doing_wp_cron=1788977959.6333529949188232421875 HTTP/1.1" 200 - "-" "WordPress/7.1; https://fonbetrus.com"
102.203.101.171 - - [09/Sep/2026:20:19:18 +0200] "POST /xmlrpc.php HTTP/1.1" 200 441 "-" "WordPress.com; https://wordpress.com"
102.203.101.171 - - [09/Sep/2026:20:19:29 +0200] "POST /xmlrpc.php HTTP/1.1" 200 441 "-" "WordPress.com; https://wordpress.com"
185.43.220.19 - - [09/Sep/2026:20:19:42 +0200] "POST /wp-cron.php?doing_wp_cron=1788977982.1518759727478027343750 HTTP/1.1" 200 - "-" "WordPress/7.1; https://fonbetrus.com"
102.203.101.171 - - [09/Sep/2026:20:19:39 +0200] "POST /xmlrpc.php HTTP/1.1" 200 441 "-" "WordPress.com; https://wordpress.com"
102.203.101.171 - - [09/Sep/2026:20:19:50 +0200] "POST /xmlrpc.php HTTP/1.1" 200 441 "-" "Jetpack by WordPress.com"
102.203.101.171 - - [09/Sep/2026:20:20:01 +0200] "POST /xmlrpc.php HTTP/1.1" 200 441 "-" "Jetpack/13.0; WordPress/6.3; http://site86485586.com"
102.203.101.171 - - [09/Sep/2026:20:20:11 +0200] "POST /xmlrpc.php HTTP/1.1" 200 441 "-" "WordPress.com; https://wordpress.com"
102.203.101.171 - - [09/Sep/2026:20:20:22 +0200] "POST /xmlrpc.php HTTP/1.1" 200 441 "-" "Jetpack/13.0; WordPress/6.3; http://site16957074.com"
185.43.220.19 - - [09/Sep/2026:20:20:35 +0200] "POST /wp-cron.php?doing_wp_cron=1788978035.7631299495697021484375 HTTP/1.1" 200 - "-" "WordPress/7.1; https://fonbetrus.com"
102.203.101.171 - - [09/Sep/2026:20:20:33 +0200] "POST /xmlrpc.php HTTP/1.1" 200 441 "-" "Jetpack by WordPress.com (Jetpack 12.0; WordPress 6.1)"
185.43.220.19 - - [09/Sep/2026:20:20:46 +0200] "POST /wp-cron.php?doing_wp_cron=1788978046.8284940719604492187500 HTTP/1.1" 200 - "-" "WordPress/7.1; https://fonbetrus.com"
102.203.101.171 - - [09/Sep/2026:20:20:44 +0200] "POST /xmlrpc.php HTTP/1.1" 200 441 "-" "Jetpack by WordPress.com (Jetpack 12.1; WordPress 6.3)"
102.203.101.171 - - [09/Sep/2026:20:20:54 +0200] "POST /xmlrpc.php HTTP/1.1" 200 441 "-" "Jetpack by WordPress.com (Jetpack 12.1; WordPress 6.1)"
102.203.101.171 - - [09/Sep/2026:20:21:05 +0200] "POST /xmlrpc.php HTTP/1.1" 200 441 "-" "Jetpack/12.1; WordPress/6.3; http://site79056723.com"
102.203.101.171 - - [09/Sep/2026:20:21:16 +0200] "POST /xmlrpc.php HTTP/1.1" 200 441 "-" "Jetpack/12.5; WordPress/6.3; http://site29722156.com"
102.203.101.171 - - [09/Sep/2026:20:21:27 +0200] "POST /xmlrpc.php HTTP/1.1" 200 441 "-" "Jetpack by WordPress.com (Jetpack 12.1; WordPress 6.3)"
185.43.220.19 - - [09/Sep/2026:20:21:40 +0200] "POST /wp-cron.php?doing_wp_cron=1788978100.0393838882446289062500 HTTP/1.1" 200 - "-" "WordPress/7.1; https://fonbetrus.com"
102.203.101.171 - - [09/Sep/2026:20:21:37 +0200] "POST /xmlrpc.php HTTP/1.1" 200 441 "-" "Jetpack by WordPress.com (Jetpack 12.1; WordPress 6.2)"
185.43.220.19 - - [09/Sep/2026:20:21:51 +0200] "POST /wp-cron.php?doing_wp_cron=1788978111.1375429630279541015625 HTTP/1.1" 200 - "-" "WordPress/7.1; https://fonbetrus.com"
102.203.101.171 - - [09/Sep/2026:20:21:48 +0200] "POST /xmlrpc.php HTTP/1.1" 200 441 "-" "Jetpack by WordPress.com (Jetpack 12.0; WordPress 6.3)"
102.203.101.171 - - [09/Sep/2026:20:21:59 +0200] "POST /xmlrpc.php HTTP/1.1" 200 441 "-" "Jetpack by WordPress.com"
102.203.101.171 - - [09/Sep/2026:20:22:10 +0200] "POST /xmlrpc.php HTTP/1.1" 200 441 "-" "Jetpack/12.0; WordPress/6.1; http://site45981824.com"
102.203.101.171 - - [09/Sep/2026:20:22:20 +0200] "POST /xmlrpc.php HTTP/1.1" 200 441 "-" "WordPress.com; https://wordpress.com"
185.43.220.19 - - [09/Sep/2026:20:22:32 +0200] "POST /wp-cron.php?doing_wp_cron=1788978152.2055160999298095703125 HTTP/1.1" 200 - "-" "WordPress/7.1; https://fonbetrus.com"
102.203.101.171 - - [09/Sep/2026:20:22:31 +0200] "POST /xmlrpc.php HTTP/1.1" 200 441 "-" "Jetpack by WordPress.com"
185.43.220.19 - - [09/Sep/2026:20:22:44 +0200] "POST /wp-cron.php?doing_wp_cron=1788978164.2484021186828613281250 HTTP/1.1" 200 - "-" "WordPress/7.1; https://fonbetrus.com"
102.203.101.171 - - [09/Sep/2026:20:22:42 +0200] "POST /xmlrpc.php HTTP/1.1" 200 441 "-" "Jetpack/12.0; WordPress/6.1; http://site49105098.com"
102.203.101.171 - - [09/Sep/2026:20:22:52 +0200] "POST /xmlrpc.php HTTP/1.1" 200 441 "-" "Jetpack/13.0; WordPress/6.3; http://site56669683.com"
102.203.101.171 - - [09/Sep/2026:20:23:03 +0200] "POST /xmlrpc.php HTTP/1.1" 200 441 "-" "Jetpack by WordPress.com (Jetpack 13.0; WordPress 6.4)"
102.203.101.171 - - [09/Sep/2026:20:23:14 +0200] "POST /xmlrpc.php HTTP/1.1" 200 441 "-" "Jetpack/12.0; WordPress/6.4; http://site20841465.com"
102.203.101.171 - - [09/Sep/2026:20:23:25 +0200] "POST /xmlrpc.php HTTP/1.1" 200 441 "-" "WordPress.com; https://wordpress.com"
185.43.220.19 - - [09/Sep/2026:20:23:36 +0200] "POST /wp-cron.php?doing_wp_cron=1788978216.5475699901580810546875 HTTP/1.1" 200 - "-" "WordPress/7.1; https://fonbetrus.com"
102.203.101.171 - - [09/Sep/2026:20:23:35 +0200] "POST /xmlrpc.php HTTP/1.1" 200 441 "-" "Jetpack/13.0; WordPress/6.1; http://site49661772.com"
185.43.220.19 - - [09/Sep/2026:20:23:47 +0200] "POST /wp-cron.php?doing_wp_cron=1788978227.3697481155395507812500 HTTP/1.1" 200 - "-" "WordPress/7.1; https://fonbetrus.com"
102.203.101.171 - - [09/Sep/2026:20:23:46 +0200] "POST /xmlrpc.php HTTP/1.1" 200 441 "-" "Jetpack by WordPress.com"
102.203.101.171 - - [09/Sep/2026:20:23:57 +0200] "POST /xmlrpc.php HTTP/1.1" 200 441 "-" "WordPress.com; https://wordpress.com"
102.203.101.171 - - [09/Sep/2026:20:24:07 +0200] "POST /xmlrpc.php HTTP/1.1" 200 441 "-" "Jetpack by WordPress.com (Jetpack 12.1; WordPress 6.3)"
102.203.101.171 - - [09/Sep/2026:20:24:18 +0200] "POST /xmlrpc.php HTTP/1.1" 200 441 "-" "Jetpack/12.0; WordPress/6.2; http://site52937152.com"
102.203.101.171 - - [09/Sep/2026:20:24:29 +0200] "POST /xmlrpc.php HTTP/1.1" 200 441 "-" "Jetpack by WordPress.com"
185.43.220.19 - - [09/Sep/2026:20:24:34 +0200] "POST /wp-cron.php?doing_wp_cron=1788978274.1265809535980224609375 HTTP/1.1" 200 - "-" "WordPress/7.1; https://fonbetrus.com"
91.92.243.251 - - [09/Sep/2026:20:24:32 +0200] "POST /wp-login.php HTTP/1.1" 302 - "-" "Mozilla/5.0"
216.73.216.90 - - [09/Sep/2026:20:31:53 +0200] "GET /robots.txt HTTP/1.1" 304 - "-" "Mozilla/5.0 AppleWebKit/537.36 (KHTML, like Gecko; compatible; ClaudeBot/1.0; [email protected])"
185.43.220.19 - - [09/Sep/2026:20:31:56 +0200] "POST /wp-cron.php?doing_wp_cron=1788978716.1300499439239501953125 HTTP/1.1" 200 - "-" "WordPress/7.1; https://fonbetrus.com"
216.73.216.90 - - [09/Sep/2026:20:31:54 +0200] "GET /index.php/sitemap.xml HTTP/1.1" 301 - "-" "Mozilla/5.0 AppleWebKit/537.36 (KHTML, like Gecko; compatible; ClaudeBot/1.0; [email protected])"
20.194.2.112 - - [09/Sep/2026:20:31:58 +0200] "GET / HTTP/1.1" 302 - "-" "Mozilla/5.0 (Windows NT 10.0; Win64; x64) AppleWebKit/537.36 (KHTML, like Gecko) Chrome/120.0.0.0 Safari/537.36"
216.73.216.90 - - [09/Sep/2026:20:31:56 +0200] "GET /sitemap.xml/ HTTP/1.1" 302 - "https://fonbetrus.com/index.php/sitemap.xml" "Mozilla/5.0 AppleWebKit/537.36 (KHTML, like Gecko; compatible; ClaudeBot/1.0; [email protected])"
216.73.216.90 - - [09/Sep/2026:20:31:59 +0200] "GET /sitemap.xml HTTP/1.1" 200 1056 "https://fonbetrus.com/sitemap.xml/" "Mozilla/5.0 AppleWebKit/537.36 (KHTML, like Gecko; compatible; ClaudeBot/1.0; [email protected])"
185.43.220.19 - - [09/Sep/2026:20:37:19 +0200] "POST /wp-cron.php?doing_wp_cron=1788979039.3326289653778076171875 HTTP/1.1" 200 - "-" "WordPress/7.1; https://fonbetrus.com"
91.92.243.251 - - [09/Sep/2026:20:37:08 +0200] "POST /wp-login.php HTTP/1.1" 302 - "-" "Mozilla/5.0"
143.244.168.161 - - [09/Sep/2026:20:47:29 +0200] "GET / HTTP/1.1" 302 - "-" "Mozilla/5.0 (l9scan/2.0.6323e2438313e27363e2237313; +https://leakix.net)"
185.43.220.19 - - [09/Sep/2026:20:47:40 +0200] "POST /wp-cron.php?doing_wp_cron=1788979660.3664340972900390625000 HTTP/1.1" 200 - "-" "WordPress/7.1; https://fonbetrus.com"
143.244.168.161 - - [09/Sep/2026:20:47:38 +0200] "GET /console/ HTTP/1.1" 302 - "-" "Mozilla/5.0 (l9scan/2.0.6323e2438313e27363e2237313; +https://leakix.net)"
143.244.168.161 - - [09/Sep/2026:20:47:41 +0200] "GET /server HTTP/1.1" 302 - "-" "Mozilla/5.0 (l9scan/2.0.6323e2438313e27363e2237313; +https://leakix.net)"
185.43.220.19 - - [09/Sep/2026:20:47:47 +0200] "POST /wp-cron.php?doing_wp_cron=1788979667.0270199775695800781250 HTTP/1.1" 200 - "-" "WordPress/7.1; https://fonbetrus.com"
143.244.168.161 - - [09/Sep/2026:20:47:44 +0200] "GET /server-status HTTP/1.1" 302 - "-" "Mozilla/5.0 (l9scan/2.0.6323e2438313e27363e2237313; +https://leakix.net)"
143.244.168.161 - - [09/Sep/2026:20:47:48 +0200] "GET /about HTTP/1.1" 302 - "-" "Mozilla/5.0 (l9scan/2.0.6323e2438313e27363e2237313; +https://leakix.net)"
143.244.168.161 - - [09/Sep/2026:20:47:51 +0200] "GET /login.action HTTP/1.1" 302 - "-" "Mozilla/5.0 (l9scan/2.0.6323e2438313e27363e2237313; +https://leakix.net)"
143.244.168.161 - - [09/Sep/2026:20:47:54 +0200] "GET / HTTP/1.1" 302 - "-" "Mozilla/5.0 (l9scan/2.0.6323e2438313e27363e2237313; +https://leakix.net)"
143.244.168.161 - - [09/Sep/2026:20:47:58 +0200] "GET /___proxy_subdomain_cpanel HTTP/1.1" 200 12493 "-" "Mozilla/5.0 (l9scan/2.0.6323e2438313e27363e2237313; +https://leakix.net)"
143.244.168.161 - - [09/Sep/2026:20:47:56 +0200] "GET /___proxy_subdomain_whm/login HTTP/1.1" 302 - "-" "Mozilla/5.0 (l9scan/2.0.6323e2438313e27363e2237313; +https://leakix.net)"
143.244.168.161 - - [09/Sep/2026:20:48:03 +0200] "GET /v2/_catalog HTTP/1.1" 302 - "-" "Mozilla/5.0 (l9scan/2.0.6323e2438313e27363e2237313; +https://leakix.net)"
143.244.168.161 - - [09/Sep/2026:20:48:05 +0200] "GET /.DS_Store HTTP/1.1" 302 - "-" "Mozilla/5.0 (l9scan/2.0.6323e2438313e27363e2237313; +https://leakix.net)"
143.244.168.161 - - [09/Sep/2026:20:48:09 +0200] "GET /.env HTTP/1.1" 302 - "-" "Mozilla/5.0 (l9scan/2.0.6323e2438313e27363e2237313; +https://leakix.net)"
143.244.168.161 - - [09/Sep/2026:20:48:12 +0200] "GET /ecp/Current/exporttool/microsoft.exchange.ediscovery.exporttool.application HTTP/1.1" 302 - "-" "Mozilla/5.0 (l9scan/2.0.6323e2438313e27363e2237313; +https://leakix.net)"
143.244.168.161 - - [09/Sep/2026:20:48:16 +0200] "GET /.git/config HTTP/1.1" 302 - "-" "Mozilla/5.0 (l9scan/2.0.6323e2438313e27363e2237313; +https://leakix.net)"
143.244.168.161 - - [09/Sep/2026:20:48:19 +0200] "POST /graphql HTTP/1.1" 302 - "-" "Mozilla/5.0 (l9scan/2.0.6323e2438313e27363e2237313; +https://leakix.net)"
143.244.168.161 - - [09/Sep/2026:20:48:21 +0200] "POST /api HTTP/1.1" 302 - "-" "Mozilla/5.0 (l9scan/2.0.6323e2438313e27363e2237313; +https://leakix.net)"
143.244.168.161 - - [09/Sep/2026:20:48:24 +0200] "POST /api/graphql HTTP/1.1" 302 - "-" "Mozilla/5.0 (l9scan/2.0.6323e2438313e27363e2237313; +https://leakix.net)"
143.244.168.161 - - [09/Sep/2026:20:48:27 +0200] "POST /graphql/api HTTP/1.1" 503 468 "-" "Mozilla/5.0 (l9scan/2.0.6323e2438313e27363e2237313; +https://leakix.net)"
143.244.168.161 - - [09/Sep/2026:20:48:30 +0200] "POST /api/gql HTTP/1.1" 302 - "-" "Mozilla/5.0 (l9scan/2.0.6323e2438313e27363e2237313; +https://leakix.net)"
143.244.168.161 - - [09/Sep/2026:20:48:34 +0200] "GET /s/6323e2438313e27363e2237313/_/;/META-INF/maven/com.atlassian.jira/jira-webapp-dist/pom.properties HTTP/1.1" 503 468 "-" "Mozilla/5.0 (l9scan/2.0.6323e2438313e27363e2237313; +https://leakix.net)"
143.244.168.161 - - [09/Sep/2026:20:48:37 +0200] "GET /config.json HTTP/1.1" 503 468 "-" "Mozilla/5.0 (l9scan/2.0.6323e2438313e27363e2237313; +https://leakix.net)"
143.244.168.161 - - [09/Sep/2026:20:48:39 +0200] "GET /telescope/requests HTTP/1.1" 302 - "-" "Mozilla/5.0 (l9scan/2.0.6323e2438313e27363e2237313; +https://leakix.net)"
143.244.168.161 - - [09/Sep/2026:20:48:42 +0200] "POST /php-cgi/php-cgi.exe?%ADd+cgi.force_redirect%3D0+%ADd+disable_functions%3D\"\"+%ADd+allow_url_include%3D1+%ADd+auto_prepend_file%3Dphp://input HTTP/1.1" 503 468 "-" "Mozilla/5.0 (l9scan/2.0.6323e2438313e27363e2237313; +https://leakix.net)"
143.244.168.161 - - [09/Sep/2026:20:48:45 +0200] "GET /info.php HTTP/1.1" 302 - "-" "Mozilla/5.0 (l9scan/2.0.6323e2438313e27363e2237313; +https://leakix.net)"
143.244.168.161 - - [09/Sep/2026:20:48:51 +0200] "GET /actuator/env HTTP/1.1" 302 - "-" "Mozilla/5.0 (l9scan/2.0.6323e2438313e27363e2237313; +https://leakix.net)"
143.244.168.161 - - [09/Sep/2026:20:48:49 +0200] "GET /.well-known/security.txt HTTP/1.1" 302 - "-" "Mozilla/5.0 (l9scan/2.0.6323e2438313e27363e2237313; +https://leakix.net)"
143.244.168.161 - - [09/Sep/2026:20:48:55 +0200] "GET /trace.axd HTTP/1.1" 302 - "-" "Mozilla/5.0 (l9scan/2.0.6323e2438313e27363e2237313; +https://leakix.net)"
143.244.168.161 - - [09/Sep/2026:20:48:58 +0200] "GET /@vite/env HTTP/1.1" 302 - "-" "Mozilla/5.0 (l9scan/2.0.6323e2438313e27363e2237313; +https://leakix.net)"
143.244.168.161 - - [09/Sep/2026:20:49:01 +0200] "GET /.vscode/sftp.json HTTP/1.1" 302 - "-" "Mozilla/5.0 (l9scan/2.0.6323e2438313e27363e2237313; +https://leakix.net)"
143.244.168.161 - - [09/Sep/2026:20:49:04 +0200] "OPTIONS / HTTP/1.1" 302 - "-" "Mozilla/5.0 (l9scan/2.0.6323e2438313e27363e2237313; +https://leakix.net)"
2602:fa59:2:9d::1 - - [09/Sep/2026:20:49:03 +0200] "GET /.git/config HTTP/1.1" 302 - "-" "Mozilla/5.0 (X11; Linux x86_64)"
143.244.168.161 - - [09/Sep/2026:20:49:05 +0200] "GET /?rest_route=/wp/v2/users/ HTTP/1.1" 200 759 "-" "Mozilla/5.0 (l9scan/2.0.6323e2438313e27363e2237313; +https://leakix.net)"
143.244.168.161 - - [09/Sep/2026:20:49:08 +0200] "GET /debug/default/view?panel=config HTTP/1.1" 302 - "-" "Mozilla/5.0 (l9scan/2.0.6323e2438313e27363e2237313; +https://leakix.net)"
185.43.220.19 - - [09/Sep/2026:20:49:51 +0200] "POST /wp-cron.php?doing_wp_cron=1788979791.7013471126556396484375 HTTP/1.1" 200 - "-" "WordPress/7.1; https://fonbetrus.com"
91.92.243.251 - - [09/Sep/2026:20:49:50 +0200] "POST /wp-login.php HTTP/1.1" 302 - "-" "Mozilla/5.0"
185.43.220.19 - - [09/Sep/2026:20:53:07 +0200] "POST /wp-cron.php?doing_wp_cron=1788979987.5248301029205322265625 HTTP/1.1" 200 - "-" "WordPress/7.1; https://fonbetrus.com"
162.241.2.199 - - [09/Sep/2026:20:53:05 +0200] "GET /wp-login.php HTTP/1.1" 302 - "-" "Mozilla/5.0 (X11; Linux x86_64) AppleWebKit/537.36 (KHTML, like Gecko) Chrome/151.0.0.0 Safari/537.36"
185.43.220.19 - - [09/Sep/2026:20:55:51 +0200] "POST /wp-cron.php?doing_wp_cron=1788980151.8380219936370849609375 HTTP/1.1" 200 - "-" "WordPress/7.1; https://fonbetrus.com"
93.123.109.178 - - [09/Sep/2026:20:55:49 +0200] "POST /?rest_route=/batch/v1 HTTP/1.1" 207 16 "-" "Mozilla/5.0 (Windows NT 10.0; Win64; x64) AppleWebKit/537.36 (KHTML, like Gecko) Chrome/120.0.0.0 Safari/537.36"
93.123.109.178 - - [09/Sep/2026:20:55:51 +0200] "POST /index.php?rest_route=/batch/v1 HTTP/1.1" 207 16 "-" "Mozilla/5.0 (Windows NT 10.0; Win64; x64) AppleWebKit/537.36 (KHTML, like Gecko) Chrome/120.0.0.0 Safari/537.36"
93.123.109.178 - - [09/Sep/2026:20:55:54 +0200] "GET /wp-login.php HTTP/1.1" 302 - "-" "Mozilla/5.0 (Windows NT 10.0; Win64; x64) AppleWebKit/537.36 (KHTML, like Gecko) Chrome/120.0.0.0 Safari/537.36"
93.123.109.178 - - [09/Sep/2026:20:56:03 +0200] "GET /feed/ HTTP/1.1" 302 - "-" "Mozilla/5.0 (Windows NT 10.0; Win64; x64) AppleWebKit/537.36 (KHTML, like Gecko) Chrome/120.0.0.0 Safari/537.36"
93.123.109.178 - - [09/Sep/2026:20:56:18 +0200] "GET /wp-json/ HTTP/1.1" 302 - "-" "Mozilla/5.0 (Windows NT 10.0; Win64; x64) AppleWebKit/537.36 (KHTML, like Gecko) Chrome/120.0.0.0 Safari/537.36"
93.123.109.178 - - [09/Sep/2026:20:56:32 +0200] "GET / HTTP/1.1" 302 - "-" "Mozilla/5.0 (Windows NT 10.0; Win64; x64) AppleWebKit/537.36 (KHTML, like Gecko) Chrome/120.0.0.0 Safari/537.36"
185.43.220.19 - - [09/Sep/2026:20:57:18 +0200] "POST /wp-cron.php?doing_wp_cron=1788980238.9328029155731201171875 HTTP/1.1" 200 - "-" "WordPress/7.1; https://fonbetrus.com"
93.123.109.178 - - [09/Sep/2026:20:57:17 +0200] "GET /wp/v2/posts/999999 HTTP/1.1" 302 - "-" "Mozilla/5.0 (Windows NT 10.0; Win64; x64) AppleWebKit/537.36 (KHTML, like Gecko) Chrome/120.0.0.0 Safari/537.36"
93.123.109.178 - - [09/Sep/2026:20:57:25 +0200] "GET /?rest_route=/wp/v2/posts/999999 HTTP/1.1" 404 155 "-" "Mozilla/5.0 (Windows NT 10.0; Win64; x64) AppleWebKit/537.36 (KHTML, like Gecko) Chrome/120.0.0.0 Safari/537.36"
93.123.109.178 - - [09/Sep/2026:20:57:30 +0200] "GET /wp/v2/pages HTTP/1.1" 302 - "-" "Mozilla/5.0 (Windows NT 10.0; Win64; x64) AppleWebKit/537.36 (KHTML, like Gecko) Chrome/120.0.0.0 Safari/537.36"
185.43.220.19 - - [09/Sep/2026:20:57:32 +0200] "POST /wp-cron.php?doing_wp_cron=1788980252.7509911060333251953125 HTTP/1.1" 200 - "-" "WordPress/7.1; https://fonbetrus.com"
93.123.109.178 - - [09/Sep/2026:20:57:31 +0200] "GET /?rest_route=/wp/v2/pages HTTP/1.1" 200 3167 "-" "Mozilla/5.0 (Windows NT 10.0; Win64; x64) AppleWebKit/537.36 (KHTML, like Gecko) Chrome/120.0.0.0 Safari/537.36"
93.123.109.178 - - [09/Sep/2026:20:57:32 +0200] "GET /wp/v2/posts/999999?author_exclude=1&orderby=none&per_page=5 HTTP/1.1" 302 - "-" "Mozilla/5.0 (Windows NT 10.0; Win64; x64) AppleWebKit/537.36 (KHTML, like Gecko) Chrome/120.0.0.0 Safari/537.36"
93.123.109.178 - - [09/Sep/2026:20:58:57 +0200] "GET /wp-json/gravitysmtp/v1/tests/mock-data?page=gravitysmtp-connections HTTP/1.1" 302 - "-" "Mozilla/5.0 (X11; Linux x86_64; rv:121.0) Gecko/20100101 Firefox/121.0"
185.43.220.19 - - [09/Sep/2026:21:00:13 +0200] "POST /wp-cron.php?doing_wp_cron=1788980413.4835801124572753906250 HTTP/1.1" 200 - "-" "WordPress/7.1; https://fonbetrus.com"
79.106.224.204 - - [09/Sep/2026:21:00:04 +0200] "GET /wp-login.php HTTP/1.1" 302 - "-" "Mozilla/5.0 (Windows NT 10.0; Win64; x64) AppleWebKit/537.36 (KHTML, like Gecko) Chrome/148.0.0.0 Safari/537.36"
2a01:4f9:c013:aaeb::1 - - [09/Sep/2026:21:01:33 +0200] "GET / HTTP/1.1" 302 - "-" "Zabbix"
185.43.220.19 - - [09/Sep/2026:21:01:48 +0200] "POST /wp-cron.php?doing_wp_cron=1788980508.6411321163177490234375 HTTP/1.1" 200 - "-" "WordPress/7.1; https://fonbetrus.com"
91.92.243.251 - - [09/Sep/2026:21:01:46 +0200] "POST /wp-login.php HTTP/1.1" 302 - "-" "Mozilla/5.0"
185.43.220.19 - - [09/Sep/2026:21:04:58 +0200] "POST /wp-cron.php?doing_wp_cron=1788980697.9477488994598388671875 HTTP/1.1" 200 - "-" "WordPress/7.1; https://fonbetrus.com"
160.250.130.168 - - [09/Sep/2026:21:04:56 +0200] "GET /wp-login.php HTTP/1.1" 302 - "-" "Mozilla/5.0 (X11; Linux x86_64) AppleWebKit/537.36 (KHTML, like Gecko) Chrome/152.0.0.0 Safari/537.36"
185.43.220.19 - - [09/Sep/2026:21:07:35 +0200] "POST /wp-cron.php?doing_wp_cron=1788980855.2373909950256347656250 HTTP/1.1" 200 - "-" "WordPress/7.1; https://fonbetrus.com"
58.176.58.124 - - [09/Sep/2026:21:07:33 +0200] "GET /wp-login.php HTTP/1.1" 302 - "-" "Mozilla/5.0 (X11; Linux x86_64) AppleWebKit/537.36 (KHTML, like Gecko) Chrome/147.0.0.0 Safari/537.36"
58.176.58.124 - - [09/Sep/2026:21:07:38 +0200] "POST /wp-login.php HTTP/1.1" 302 - "https://fonbetrus.com/wp-login.php" "Mozilla/5.0 (X11; Linux x86_64) AppleWebKit/537.36 (KHTML, like Gecko) Chrome/147.0.0.0 Safari/537.36"
185.43.220.19 - - [09/Sep/2026:21:13:34 +0200] "POST /wp-cron.php?doing_wp_cron=1788981214.3686349391937255859375 HTTP/1.1" 200 - "-" "WordPress/7.1; https://fonbetrus.com"
41.140.186.115 - - [09/Sep/2026:21:13:31 +0200] "GET /go/ HTTP/1.1" 302 - "-" "Mozilla/5.0 (Macintosh; Intel Mac OS X 10_15_7) AppleWebKit/537.36 (KHTML, like Gecko) Chrome/123.0.0.0 Safari/537.36"
185.43.220.19 - - [09/Sep/2026:21:13:44 +0200] "POST /wp-cron.php?doing_wp_cron=1788981223.8440630435943603515625 HTTP/1.1" 200 - "-" "WordPress/7.1; https://fonbetrus.com"
91.92.243.251 - - [09/Sep/2026:21:13:40 +0200] "POST /wp-login.php HTTP/1.1" 302 - "-" "Mozilla/5.0"
185.43.220.19 - - [09/Sep/2026:21:25:43 +0200] "POST /wp-cron.php?doing_wp_cron=1788981943.1592791080474853515625 HTTP/1.1" 200 - "-" "WordPress/7.1; https://fonbetrus.com"
91.92.243.251 - - [09/Sep/2026:21:25:41 +0200] "POST /wp-login.php HTTP/1.1" 302 - "-" "Mozilla/5.0"
45.148.10.5 - - [09/Sep/2026:21:32:04 +0200] "GET / HTTP/1.1" 302 - "-" "Mozilla/5.0 (Linux; Android 5.0.1; SCH-R970 Build/LRX22C) AppleWebKit/537.36 (KHTML, like Gecko) Chrome/45.0.2454.84 Mobile Safari/537.36"

Youez - 2016 - github.com/yon3zu
LinuXploit