403Webshell
Server IP : 104.21.20.151  /  Your IP : 216.73.216.217
Web Server : Apache
System : Linux sr32.hostlife.net 6.12.0-124.52.3.el10_1.x86_64 #1 SMP PREEMPT_DYNAMIC Sat May 2 09:06:54 EDT 2026 x86_64
User : golfb689 ( 1071)
PHP Version : 7.4.33
Disable Function : NONE
MySQL : OFF  |  cURL : ON  |  WGET : ON  |  Perl : ON  |  Python : OFF  |  Sudo : OFF  |  Pkexec : OFF
Directory :  /home/golfb689/access-logs/

Upload File :
current_dir [ Writeable ] document_root [ Writeable ]

 

Command :


[ Back ]     

Current File : /home/golfb689/access-logs/fonbetrus.com.livebookmakers.net-ssl_log
2405:201:5803:f05d:e142:a0c5:3b42:165f - - [09/Sep/2026:14:07:13 +0200] "POST /xmlrpc.php HTTP/1.1" 200 441 "-" "Jetpack by WordPress.com (Jetpack 12.5; WordPress 6.4)"
2405:201:5803:f05d:e142:a0c5:3b42:165f - - [09/Sep/2026:14:07:24 +0200] "POST /xmlrpc.php HTTP/1.1" 200 441 "-" "Jetpack by WordPress.com (Jetpack 13.0; WordPress 6.3)"
185.43.220.19 - - [09/Sep/2026:14:07:38 +0200] "POST /wp-cron.php?doing_wp_cron=1788955658.0615639686584472656250 HTTP/1.1" 200 - "-" "WordPress/7.1; https://fonbetrus.com"
2405:201:5803:f05d:e142:a0c5:3b42:165f - - [09/Sep/2026:14:07:35 +0200] "POST /xmlrpc.php HTTP/1.1" 200 441 "-" "Jetpack by WordPress.com"
185.43.220.19 - - [09/Sep/2026:14:07:50 +0200] "POST /wp-cron.php?doing_wp_cron=1788955670.5348110198974609375000 HTTP/1.1" 200 - "-" "WordPress/7.1; https://fonbetrus.com"
2405:201:5803:f05d:e142:a0c5:3b42:165f - - [09/Sep/2026:14:07:45 +0200] "POST /xmlrpc.php HTTP/1.1" 200 441 "-" "Jetpack by WordPress.com"
2405:201:5803:f05d:e142:a0c5:3b42:165f - - [09/Sep/2026:14:07:56 +0200] "POST /xmlrpc.php HTTP/1.1" 200 441 "-" "Jetpack/12.0; WordPress/6.2; http://site26624051.com"
2405:201:5803:f05d:e142:a0c5:3b42:165f - - [09/Sep/2026:14:08:06 +0200] "POST /xmlrpc.php HTTP/1.1" 200 441 "-" "WordPress.com; https://wordpress.com"
2405:201:5803:f05d:e142:a0c5:3b42:165f - - [09/Sep/2026:14:08:17 +0200] "POST /xmlrpc.php HTTP/1.1" 200 441 "-" "Jetpack by WordPress.com (Jetpack 12.5; WordPress 6.1)"
2405:201:5803:f05d:e142:a0c5:3b42:165f - - [09/Sep/2026:14:08:28 +0200] "POST /xmlrpc.php HTTP/1.1" 200 441 "-" "Jetpack/12.5; WordPress/6.3; http://site93940067.com"
185.43.220.19 - - [09/Sep/2026:14:08:40 +0200] "POST /wp-cron.php?doing_wp_cron=1788955720.5369710922241210937500 HTTP/1.1" 200 - "-" "WordPress/7.1; https://fonbetrus.com"
2405:201:5803:f05d:e142:a0c5:3b42:165f - - [09/Sep/2026:14:08:38 +0200] "POST /xmlrpc.php HTTP/1.1" 200 441 "-" "Jetpack/12.1; WordPress/6.4; http://site19049116.com"
2405:201:5803:f05d:e142:a0c5:3b42:165f - - [09/Sep/2026:14:08:49 +0200] "POST /xmlrpc.php HTTP/1.1" 200 441 "-" "Jetpack by WordPress.com (Jetpack 12.1; WordPress 6.3)"
2405:201:5803:f05d:e142:a0c5:3b42:165f - - [09/Sep/2026:14:09:00 +0200] "POST /xmlrpc.php HTTP/1.1" 200 441 "-" "WordPress.com; https://wordpress.com"
2405:201:5803:f05d:e142:a0c5:3b42:165f - - [09/Sep/2026:14:09:10 +0200] "POST /xmlrpc.php HTTP/1.1" 200 441 "-" "WordPress.com; https://wordpress.com"
2405:201:5803:f05d:e142:a0c5:3b42:165f - - [09/Sep/2026:14:09:21 +0200] "POST /xmlrpc.php HTTP/1.1" 200 441 "-" "Jetpack by WordPress.com (Jetpack 12.5; WordPress 6.1)"
185.43.220.19 - - [09/Sep/2026:14:09:34 +0200] "POST /wp-cron.php?doing_wp_cron=1788955773.9452700614929199218750 HTTP/1.1" 200 - "-" "WordPress/7.1; https://fonbetrus.com"
2405:201:5803:f05d:e142:a0c5:3b42:165f - - [09/Sep/2026:14:09:32 +0200] "POST /xmlrpc.php HTTP/1.1" 200 441 "-" "Jetpack by WordPress.com"
185.43.220.19 - - [09/Sep/2026:14:09:47 +0200] "POST /wp-cron.php?doing_wp_cron=1788955787.1305999755859375000000 HTTP/1.1" 200 - "-" "WordPress/7.1; https://fonbetrus.com"
2405:201:5803:f05d:e142:a0c5:3b42:165f - - [09/Sep/2026:14:09:42 +0200] "POST /xmlrpc.php HTTP/1.1" 200 441 "-" "Jetpack by WordPress.com"
167.71.240.77 - - [09/Sep/2026:14:09:51 +0200] "GET /wp-login.php HTTP/1.1" 302 - "-" "Mozilla/5.0 (Macintosh; Intel Mac OS X 10_15_7) AppleWebKit/537.36 (KHTML, like Gecko) Chrome/151.0.0.0 Safari/537.36"
2405:201:5803:f05d:e142:a0c5:3b42:165f - - [09/Sep/2026:14:09:53 +0200] "POST /xmlrpc.php HTTP/1.1" 200 441 "-" "WordPress.com; https://wordpress.com"
2405:201:5803:f05d:e142:a0c5:3b42:165f - - [09/Sep/2026:14:10:04 +0200] "POST /xmlrpc.php HTTP/1.1" 200 441 "-" "Jetpack by WordPress.com (Jetpack 12.1; WordPress 6.3)"
2405:201:5803:f05d:e142:a0c5:3b42:165f - - [09/Sep/2026:14:10:15 +0200] "POST /xmlrpc.php HTTP/1.1" 200 441 "-" "WordPress.com; https://wordpress.com"
2405:201:5803:f05d:e142:a0c5:3b42:165f - - [09/Sep/2026:14:10:25 +0200] "POST /xmlrpc.php HTTP/1.1" 200 441 "-" "Jetpack/12.5; WordPress/6.4; http://site47280130.com"
2405:201:5803:f05d:e142:a0c5:3b42:165f - - [09/Sep/2026:14:10:36 +0200] "POST /xmlrpc.php HTTP/1.1" 200 441 "-" "Jetpack by WordPress.com (Jetpack 12.1; WordPress 6.2)"
185.43.220.19 - - [09/Sep/2026:14:10:52 +0200] "POST /wp-cron.php?doing_wp_cron=1788955852.5247189998626708984375 HTTP/1.1" 200 - "-" "WordPress/7.1; https://fonbetrus.com"
2405:201:5803:f05d:e142:a0c5:3b42:165f - - [09/Sep/2026:14:10:47 +0200] "POST /xmlrpc.php HTTP/1.1" 200 441 "-" "Jetpack by WordPress.com"
2405:201:5803:f05d:e142:a0c5:3b42:165f - - [09/Sep/2026:14:10:57 +0200] "POST /xmlrpc.php HTTP/1.1" 200 441 "-" "Jetpack by WordPress.com (Jetpack 12.1; WordPress 6.2)"
2405:201:5803:f05d:e142:a0c5:3b42:165f - - [09/Sep/2026:14:11:08 +0200] "POST /xmlrpc.php HTTP/1.1" 200 441 "-" "Jetpack/12.1; WordPress/6.2; http://site71244771.com"
2405:201:5803:f05d:e142:a0c5:3b42:165f - - [09/Sep/2026:14:11:19 +0200] "POST /xmlrpc.php HTTP/1.1" 200 441 "-" "Jetpack by WordPress.com"
185.43.220.19 - - [09/Sep/2026:14:11:35 +0200] "POST /wp-cron.php?doing_wp_cron=1788955895.0311670303344726562500 HTTP/1.1" 200 - "-" "WordPress/7.1; https://fonbetrus.com"
2405:201:5803:f05d:e142:a0c5:3b42:165f - - [09/Sep/2026:14:11:29 +0200] "POST /xmlrpc.php HTTP/1.1" 200 441 "-" "Jetpack by WordPress.com (Jetpack 12.1; WordPress 6.1)"
2405:201:5803:f05d:e142:a0c5:3b42:165f - - [09/Sep/2026:14:11:40 +0200] "POST /xmlrpc.php HTTP/1.1" 503 - "-" "WordPress.com; https://wordpress.com"
2405:201:5803:f05d:e142:a0c5:3b42:165f - - [09/Sep/2026:14:12:01 +0200] "POST /xmlrpc.php HTTP/1.1" 200 441 "-" "Jetpack/13.0; WordPress/6.3; http://site12001786.com"
2405:201:5803:f05d:e142:a0c5:3b42:165f - - [09/Sep/2026:14:11:51 +0200] "POST /xmlrpc.php HTTP/1.1" 302 - "-" "WordPress.com; https://wordpress.com"
2405:201:5803:f05d:e142:a0c5:3b42:165f - - [09/Sep/2026:14:12:12 +0200] "POST /xmlrpc.php HTTP/1.1" 200 441 "-" "Jetpack by WordPress.com"
2405:201:5803:f05d:e142:a0c5:3b42:165f - - [09/Sep/2026:14:12:22 +0200] "POST /xmlrpc.php HTTP/1.1" 200 441 "-" "WordPress.com; https://wordpress.com"
185.43.220.19 - - [09/Sep/2026:14:12:38 +0200] "POST /wp-cron.php?doing_wp_cron=1788955958.3239660263061523437500 HTTP/1.1" 200 - "-" "WordPress/7.1; https://fonbetrus.com"
2405:201:5803:f05d:e142:a0c5:3b42:165f - - [09/Sep/2026:14:12:33 +0200] "POST /xmlrpc.php HTTP/1.1" 200 441 "-" "Jetpack by WordPress.com"
185.43.220.19 - - [09/Sep/2026:14:12:46 +0200] "POST /wp-cron.php?doing_wp_cron=1788955965.9407958984375000000000 HTTP/1.1" 200 - "-" "WordPress/7.1; https://fonbetrus.com"
2405:201:5803:f05d:e142:a0c5:3b42:165f - - [09/Sep/2026:14:12:44 +0200] "POST /xmlrpc.php HTTP/1.1" 200 441 "-" "Jetpack/13.0; WordPress/6.3; http://site78732368.com"
2405:201:5803:f05d:e142:a0c5:3b42:165f - - [09/Sep/2026:14:12:54 +0200] "POST /xmlrpc.php HTTP/1.1" 200 441 "-" "Jetpack/12.5; WordPress/6.2; http://site83686494.com"
2405:201:5803:f05d:e142:a0c5:3b42:165f - - [09/Sep/2026:14:13:05 +0200] "POST /xmlrpc.php HTTP/1.1" 200 441 "-" "WordPress.com; https://wordpress.com"
2405:201:5803:f05d:e142:a0c5:3b42:165f - - [09/Sep/2026:14:13:16 +0200] "POST /xmlrpc.php HTTP/1.1" 200 441 "-" "Jetpack by WordPress.com (Jetpack 13.0; WordPress 6.4)"
2405:201:5803:f05d:e142:a0c5:3b42:165f - - [09/Sep/2026:14:13:26 +0200] "POST /xmlrpc.php HTTP/1.1" 200 441 "-" "WordPress.com; https://wordpress.com"
185.43.220.19 - - [09/Sep/2026:14:13:43 +0200] "POST /wp-cron.php?doing_wp_cron=1788956022.4316270351409912109375 HTTP/1.1" 200 - "-" "WordPress/7.1; https://fonbetrus.com"
2405:201:5803:f05d:e142:a0c5:3b42:165f - - [09/Sep/2026:14:13:37 +0200] "POST /xmlrpc.php HTTP/1.1" 200 441 "-" "Jetpack/12.5; WordPress/6.2; http://site47943220.com"
2405:201:5803:f05d:e142:a0c5:3b42:165f - - [09/Sep/2026:14:13:48 +0200] "POST /xmlrpc.php HTTP/1.1" 200 441 "-" "Jetpack by WordPress.com"
2405:201:5803:f05d:e142:a0c5:3b42:165f - - [09/Sep/2026:14:13:58 +0200] "POST /xmlrpc.php HTTP/1.1" 200 441 "-" "WordPress.com; https://wordpress.com"
2405:201:5803:f05d:e142:a0c5:3b42:165f - - [09/Sep/2026:14:14:09 +0200] "POST /xmlrpc.php HTTP/1.1" 200 441 "-" "Jetpack/12.1; WordPress/6.3; http://site52450929.com"
2405:201:5803:f05d:e142:a0c5:3b42:165f - - [09/Sep/2026:14:14:19 +0200] "POST /xmlrpc.php HTTP/1.1" 200 441 "-" "Jetpack by WordPress.com (Jetpack 12.1; WordPress 6.3)"
185.43.220.19 - - [09/Sep/2026:14:14:32 +0200] "POST /wp-cron.php?doing_wp_cron=1788956072.5246040821075439453125 HTTP/1.1" 200 - "-" "WordPress/7.1; https://fonbetrus.com"
2405:201:5803:f05d:e142:a0c5:3b42:165f - - [09/Sep/2026:14:14:30 +0200] "POST /xmlrpc.php HTTP/1.1" 200 441 "-" "Jetpack/12.0; WordPress/6.1; http://site48586040.com"
185.43.220.19 - - [09/Sep/2026:14:14:43 +0200] "POST /wp-cron.php?doing_wp_cron=1788956083.3482999801635742187500 HTTP/1.1" 200 - "-" "WordPress/7.1; https://fonbetrus.com"
2405:201:5803:f05d:e142:a0c5:3b42:165f - - [09/Sep/2026:14:14:41 +0200] "POST /xmlrpc.php HTTP/1.1" 200 441 "-" "Jetpack by WordPress.com"
2405:201:5803:f05d:e142:a0c5:3b42:165f - - [09/Sep/2026:14:14:52 +0200] "POST /xmlrpc.php HTTP/1.1" 200 441 "-" "Jetpack by WordPress.com"
2405:201:5803:f05d:e142:a0c5:3b42:165f - - [09/Sep/2026:14:15:02 +0200] "POST /xmlrpc.php HTTP/1.1" 200 441 "-" "Jetpack/12.5; WordPress/6.1; http://site76298635.com"
2405:201:5803:f05d:e142:a0c5:3b42:165f - - [09/Sep/2026:14:15:13 +0200] "POST /xmlrpc.php HTTP/1.1" 200 441 "-" "Jetpack/12.5; WordPress/6.4; http://site82990801.com"
2405:201:5803:f05d:e142:a0c5:3b42:165f - - [09/Sep/2026:14:15:24 +0200] "POST /xmlrpc.php HTTP/1.1" 200 441 "-" "Jetpack/13.0; WordPress/6.4; http://site48139076.com"
185.43.220.19 - - [09/Sep/2026:14:15:38 +0200] "POST /wp-cron.php?doing_wp_cron=1788956137.8370249271392822265625 HTTP/1.1" 200 - "-" "WordPress/7.1; https://fonbetrus.com"
2405:201:5803:f05d:e142:a0c5:3b42:165f - - [09/Sep/2026:14:15:34 +0200] "POST /xmlrpc.php HTTP/1.1" 200 441 "-" "Jetpack by WordPress.com"
185.43.220.19 - - [09/Sep/2026:14:15:47 +0200] "POST /wp-cron.php?doing_wp_cron=1788956147.5453579425811767578125 HTTP/1.1" 200 - "-" "WordPress/7.1; https://fonbetrus.com"
2405:201:5803:f05d:e142:a0c5:3b42:165f - - [09/Sep/2026:14:15:45 +0200] "POST /xmlrpc.php HTTP/1.1" 200 441 "-" "Jetpack by WordPress.com"
2405:201:5803:f05d:e142:a0c5:3b42:165f - - [09/Sep/2026:14:15:56 +0200] "POST /xmlrpc.php HTTP/1.1" 200 441 "-" "WordPress.com; https://wordpress.com"
91.92.243.251 - - [09/Sep/2026:14:15:56 +0200] "POST /wp-login.php HTTP/1.1" 302 - "-" "Mozilla/5.0"
2405:201:5803:f05d:e142:a0c5:3b42:165f - - [09/Sep/2026:14:16:07 +0200] "POST /xmlrpc.php HTTP/1.1" 200 441 "-" "Jetpack/12.0; WordPress/6.4; http://site19221308.com"
2405:201:5803:f05d:e142:a0c5:3b42:165f - - [09/Sep/2026:14:16:17 +0200] "POST /xmlrpc.php HTTP/1.1" 200 441 "-" "Jetpack/12.1; WordPress/6.3; http://site80973837.com"
2405:201:5803:f05d:e142:a0c5:3b42:165f - - [09/Sep/2026:14:16:28 +0200] "POST /xmlrpc.php HTTP/1.1" 200 441 "-" "Jetpack/12.1; WordPress/6.3; http://site17940432.com"
185.43.220.19 - - [09/Sep/2026:14:16:41 +0200] "POST /wp-cron.php?doing_wp_cron=1788956200.9470651149749755859375 HTTP/1.1" 200 - "-" "WordPress/7.1; https://fonbetrus.com"
2405:201:5803:f05d:e142:a0c5:3b42:165f - - [09/Sep/2026:14:16:39 +0200] "POST /xmlrpc.php HTTP/1.1" 200 441 "-" "Jetpack by WordPress.com"
2405:201:5803:f05d:e142:a0c5:3b42:165f - - [09/Sep/2026:14:16:49 +0200] "POST /xmlrpc.php HTTP/1.1" 200 441 "-" "Jetpack by WordPress.com (Jetpack 12.5; WordPress 6.1)"
2405:201:5803:f05d:e142:a0c5:3b42:165f - - [09/Sep/2026:14:17:00 +0200] "POST /xmlrpc.php HTTP/1.1" 200 441 "-" "Jetpack by WordPress.com (Jetpack 12.5; WordPress 6.1)"
2405:201:5803:f05d:e142:a0c5:3b42:165f - - [09/Sep/2026:14:17:11 +0200] "POST /xmlrpc.php HTTP/1.1" 200 441 "-" "Jetpack by WordPress.com (Jetpack 12.0; WordPress 6.4)"
185.43.220.19 - - [09/Sep/2026:14:17:24 +0200] "POST /wp-cron.php?doing_wp_cron=1788956244.0442399978637695312500 HTTP/1.1" 200 - "-" "WordPress/7.1; https://fonbetrus.com"
2405:201:5803:f05d:e142:a0c5:3b42:165f - - [09/Sep/2026:14:17:21 +0200] "POST /xmlrpc.php HTTP/1.1" 200 441 "-" "Jetpack/12.5; WordPress/6.3; http://site52110982.com"
185.43.220.19 - - [09/Sep/2026:14:17:37 +0200] "POST /wp-cron.php?doing_wp_cron=1788956257.0330700874328613281250 HTTP/1.1" 200 - "-" "WordPress/7.1; https://fonbetrus.com"
2405:201:5803:f05d:e142:a0c5:3b42:165f - - [09/Sep/2026:14:17:32 +0200] "POST /xmlrpc.php HTTP/1.1" 200 441 "-" "Jetpack by WordPress.com (Jetpack 12.5; WordPress 6.2)"
2405:201:5803:f05d:e142:a0c5:3b42:165f - - [09/Sep/2026:14:17:43 +0200] "POST /xmlrpc.php HTTP/1.1" 200 441 "-" "WordPress.com; https://wordpress.com"
185.43.220.19 - - [09/Sep/2026:14:17:55 +0200] "POST /wp-cron.php?doing_wp_cron=1788956275.7522189617156982421875 HTTP/1.1" 200 - "-" "WordPress/7.1; https://fonbetrus.com"
2405:201:5803:f05d:e142:a0c5:3b42:165f - - [09/Sep/2026:14:17:53 +0200] "POST /xmlrpc.php HTTP/1.1" 200 441 "-" "Jetpack by WordPress.com"
2405:201:5803:f05d:e142:a0c5:3b42:165f - - [09/Sep/2026:14:18:04 +0200] "POST /xmlrpc.php HTTP/1.1" 200 441 "-" "Jetpack by WordPress.com (Jetpack 13.0; WordPress 6.1)"
2405:201:5803:f05d:e142:a0c5:3b42:165f - - [09/Sep/2026:14:18:14 +0200] "POST /xmlrpc.php HTTP/1.1" 200 441 "-" "Jetpack/13.0; WordPress/6.3; http://site86379735.com"
2405:201:5803:f05d:e142:a0c5:3b42:165f - - [09/Sep/2026:14:18:25 +0200] "POST /xmlrpc.php HTTP/1.1" 200 441 "-" "Jetpack by WordPress.com (Jetpack 12.1; WordPress 6.1)"
185.43.220.19 - - [09/Sep/2026:14:18:39 +0200] "POST /wp-cron.php?doing_wp_cron=1788956319.7254850864410400390625 HTTP/1.1" 200 - "-" "WordPress/7.1; https://fonbetrus.com"
2405:201:5803:f05d:e142:a0c5:3b42:165f - - [09/Sep/2026:14:18:36 +0200] "POST /xmlrpc.php HTTP/1.1" 200 441 "-" "Jetpack by WordPress.com (Jetpack 12.0; WordPress 6.4)"
185.43.220.19 - - [09/Sep/2026:14:18:51 +0200] "POST /wp-cron.php?doing_wp_cron=1788956331.2361409664154052734375 HTTP/1.1" 200 - "-" "WordPress/7.1; https://fonbetrus.com"
2405:201:5803:f05d:e142:a0c5:3b42:165f - - [09/Sep/2026:14:18:47 +0200] "POST /xmlrpc.php HTTP/1.1" 200 441 "-" "Jetpack/13.0; WordPress/6.2; http://site17710184.com"
2405:201:5803:f05d:e142:a0c5:3b42:165f - - [09/Sep/2026:14:18:58 +0200] "POST /xmlrpc.php HTTP/1.1" 200 441 "-" "WordPress.com; https://wordpress.com"
2405:201:5803:f05d:e142:a0c5:3b42:165f - - [09/Sep/2026:14:19:08 +0200] "POST /xmlrpc.php HTTP/1.1" 200 441 "-" "Jetpack/12.0; WordPress/6.1; http://site12074368.com"
185.43.220.19 - - [09/Sep/2026:14:19:23 +0200] "POST /wp-cron.php?doing_wp_cron=1788956363.1416440010070800781250 HTTP/1.1" 200 - "-" "WordPress/7.1; https://fonbetrus.com"
2405:201:5803:f05d:e142:a0c5:3b42:165f - - [09/Sep/2026:14:19:19 +0200] "POST /xmlrpc.php HTTP/1.1" 200 441 "-" "Jetpack/13.0; WordPress/6.4; http://site41888330.com"
185.43.220.19 - - [09/Sep/2026:14:19:32 +0200] "POST /wp-cron.php?doing_wp_cron=1788956372.7431879043579101562500 HTTP/1.1" 200 - "-" "WordPress/7.1; https://fonbetrus.com"
2405:201:5803:f05d:e142:a0c5:3b42:165f - - [09/Sep/2026:14:19:30 +0200] "POST /xmlrpc.php HTTP/1.1" 200 441 "-" "WordPress.com; https://wordpress.com"
185.43.220.19 - - [09/Sep/2026:14:19:44 +0200] "POST /wp-cron.php?doing_wp_cron=1788956384.4363648891448974609375 HTTP/1.1" 200 - "-" "WordPress/7.1; https://fonbetrus.com"
2405:201:5803:f05d:e142:a0c5:3b42:165f - - [09/Sep/2026:14:19:40 +0200] "POST /xmlrpc.php HTTP/1.1" 200 441 "-" "Jetpack by WordPress.com (Jetpack 12.0; WordPress 6.3)"
2405:201:5803:f05d:e142:a0c5:3b42:165f - - [09/Sep/2026:14:20:01 +0200] "POST /xmlrpc.php HTTP/1.1" 200 441 "-" "Jetpack by WordPress.com"
2405:201:5803:f05d:e142:a0c5:3b42:165f - - [09/Sep/2026:14:20:12 +0200] "POST /xmlrpc.php HTTP/1.1" 200 441 "-" "Jetpack by WordPress.com (Jetpack 12.0; WordPress 6.3)"
2405:201:5803:f05d:e142:a0c5:3b42:165f - - [09/Sep/2026:14:20:23 +0200] "POST /xmlrpc.php HTTP/1.1" 200 441 "-" "WordPress.com; https://wordpress.com"
185.43.220.19 - - [09/Sep/2026:14:20:38 +0200] "POST /wp-cron.php?doing_wp_cron=1788956438.7432179450988769531250 HTTP/1.1" 200 - "-" "WordPress/7.1; https://fonbetrus.com"
2405:201:5803:f05d:e142:a0c5:3b42:165f - - [09/Sep/2026:14:20:33 +0200] "POST /xmlrpc.php HTTP/1.1" 200 441 "-" "Jetpack by WordPress.com"
2405:201:5803:f05d:e142:a0c5:3b42:165f - - [09/Sep/2026:14:20:44 +0200] "POST /xmlrpc.php HTTP/1.1" 200 441 "-" "Jetpack by WordPress.com"
2405:201:5803:f05d:e142:a0c5:3b42:165f - - [09/Sep/2026:14:20:55 +0200] "POST /xmlrpc.php HTTP/1.1" 200 441 "-" "Jetpack by WordPress.com"
2405:201:5803:f05d:e142:a0c5:3b42:165f - - [09/Sep/2026:14:21:05 +0200] "POST /xmlrpc.php HTTP/1.1" 200 441 "-" "WordPress.com; https://wordpress.com"
2405:201:5803:f05d:e142:a0c5:3b42:165f - - [09/Sep/2026:14:21:16 +0200] "POST /xmlrpc.php HTTP/1.1" 200 441 "-" "Jetpack by WordPress.com (Jetpack 12.1; WordPress 6.4)"
2405:201:5803:f05d:e142:a0c5:3b42:165f - - [09/Sep/2026:14:21:27 +0200] "POST /xmlrpc.php HTTP/1.1" 503 - "-" "Jetpack/12.0; WordPress/6.3; http://site30102024.com"
2405:201:5803:f05d:e142:a0c5:3b42:165f - - [09/Sep/2026:14:21:38 +0200] "POST /xmlrpc.php HTTP/1.1" 503 - "-" "Jetpack/12.0; WordPress/6.2; http://site92629047.com"
2405:201:5803:f05d:e142:a0c5:3b42:165f - - [09/Sep/2026:14:21:49 +0200] "POST /xmlrpc.php HTTP/1.1" 503 - "-" "WordPress.com; https://wordpress.com"
2405:201:5803:f05d:e142:a0c5:3b42:165f - - [09/Sep/2026:14:22:00 +0200] "POST /xmlrpc.php HTTP/1.1" 503 - "-" "Jetpack by WordPress.com"
2405:201:5803:f05d:e142:a0c5:3b42:165f - - [09/Sep/2026:14:22:10 +0200] "POST /xmlrpc.php HTTP/1.1" 200 441 "-" "Jetpack/12.1; WordPress/6.1; http://site11098949.com"
2405:201:5803:f05d:e142:a0c5:3b42:165f - - [09/Sep/2026:14:22:22 +0200] "POST /xmlrpc.php HTTP/1.1" 200 441 "-" "Jetpack/13.0; WordPress/6.2; http://site20094370.com"
2405:201:5803:f05d:e142:a0c5:3b42:165f - - [09/Sep/2026:14:22:31 +0200] "POST /xmlrpc.php HTTP/1.1" 200 441 "-" "WordPress.com; https://wordpress.com"
2405:201:5803:f05d:e142:a0c5:3b42:165f - - [09/Sep/2026:14:22:45 +0200] "POST /xmlrpc.php HTTP/1.1" 200 441 "-" "WordPress.com; https://wordpress.com"
2405:201:5803:f05d:e142:a0c5:3b42:165f - - [09/Sep/2026:14:22:52 +0200] "POST /xmlrpc.php HTTP/1.1" 200 441 "-" "Jetpack by WordPress.com"
178.246.133.32 - - [09/Sep/2026:14:26:14 +0200] "GET / HTTP/1.1" 302 - "https://www.google.com/" "Mozilla/5.0 (Linux; Android 10; K) AppleWebKit/537.36 (KHTML, like Gecko) Chrome/152.0.0.0 Mobile Safari/537.36"
95.10.135.132 - - [09/Sep/2026:14:26:23 +0200] "GET / HTTP/1.1" 302 - "https://www.google.com/" "Mozilla/5.0 (Linux; Android 10; K) AppleWebKit/537.36 (KHTML, like Gecko) Chrome/152.0.0.0 Mobile Safari/537.36"
185.43.220.19 - - [09/Sep/2026:14:27:50 +0200] "POST /wp-cron.php?doing_wp_cron=1788956869.8329210281372070312500 HTTP/1.1" 200 - "-" "WordPress/7.1; https://fonbetrus.com"
91.92.243.251 - - [09/Sep/2026:14:27:45 +0200] "POST /wp-login.php HTTP/1.1" 302 - "-" "Mozilla/5.0"
185.43.220.19 - - [09/Sep/2026:14:28:50 +0200] "POST /wp-cron.php?doing_wp_cron=1788956930.6266360282897949218750 HTTP/1.1" 200 - "-" "WordPress/7.1; https://fonbetrus.com"
92.43.82.91 - - [09/Sep/2026:14:28:42 +0200] "GET /wp-login.php HTTP/1.1" 302 - "-" "Mozilla/5.0 (Macintosh; Intel Mac OS X 10_15_7) AppleWebKit/537.36 (KHTML, like Gecko) Chrome/146.0.0.0 Safari/537.36"
185.43.220.19 - - [09/Sep/2026:14:29:52 +0200] "POST /wp-cron.php?doing_wp_cron=1788956992.4245541095733642578125 HTTP/1.1" 200 - "-" "WordPress/7.1; https://fonbetrus.com"
38.248.91.9 - - [09/Sep/2026:14:29:48 +0200] "POST /wp-login.php HTTP/1.1" 302 - "-" "Mozilla/5.0"
144.31.53.229 - - [09/Sep/2026:14:30:08 +0200] "GET / HTTP/1.1" 302 - "-" "Mozilla/5.0 (Windows NT 10.0; Win64; x64) AppleWebKit/537.36 (KHTML, like Gecko) Chrome/131.0.0.0 Safari/537.36"
46.106.127.145 - - [09/Sep/2026:14:31:09 +0200] "GET / HTTP/1.1" 302 - "https://www.google.com/" "Mozilla/5.0 (Linux; Android 10; K) AppleWebKit/537.36 (KHTML, like Gecko) Chrome/152.0.0.0 Mobile Safari/537.36"
91.92.243.251 - - [09/Sep/2026:14:39:24 +0200] "POST /wp-login.php HTTP/1.1" 503 468 "-" "Mozilla/5.0"
95.108.213.105 - - [09/Sep/2026:14:40:12 +0200] "GET /robots.txt HTTP/1.1" 304 - "-" "Mozilla/5.0 (compatible; YandexBot/3.0; +http://yandex.com/bots)"
185.43.220.19 - - [09/Sep/2026:14:40:16 +0200] "POST /wp-cron.php?doing_wp_cron=1788957616.7290430068969726562500 HTTP/1.1" 200 - "-" "WordPress/7.1; https://fonbetrus.com"
213.180.203.87 - - [09/Sep/2026:14:40:13 +0200] "GET /sport-stavki-bk-fonbet/fonbet-sportivnyie-stavki-2/ HTTP/1.1" 200 20848 "-" "Mozilla/5.0 (compatible; YandexBot/3.0; +http://yandex.com/bots) AppleWebKit/537.36 (KHTML, like Gecko) Chrome/108.0.0.0"
88.246.199.238 - - [09/Sep/2026:14:43:36 +0200] "GET / HTTP/1.1" 302 - "https://www.google.com/" "Mozilla/5.0 (Linux; Android 10; K) AppleWebKit/537.36 (KHTML, like Gecko) Chrome/152.0.0.0 Mobile Safari/537.36"
2a02:598:96:8a00::b00:24c - - [09/Sep/2026:14:44:26 +0200] "GET /robots.txt HTTP/1.1" 200 93 "-" "Mozilla/5.0 (compatible; SeznamBot/4.0; +https://o-seznam.cz/napoveda/vyhledavani/en/seznambot-crawler/)"
2a02:598:96:8a00::b00:24c - - [09/Sep/2026:14:44:26 +0200] "GET /?author=1 HTTP/1.1" 503 - "-" "Mozilla/5.0 (compatible; SeznamBot/4.0; +https://o-seznam.cz/napoveda/vyhledavani/en/seznambot-crawler/)"
185.43.220.19 - - [09/Sep/2026:14:51:06 +0200] "POST /wp-cron.php?doing_wp_cron=1788958266.7624590396881103515625 HTTP/1.1" 200 - "-" "WordPress/7.1; https://fonbetrus.com"
91.92.243.251 - - [09/Sep/2026:14:51:03 +0200] "POST /wp-login.php HTTP/1.1" 302 - "-" "Mozilla/5.0"
5.46.193.216 - - [09/Sep/2026:14:58:27 +0200] "GET / HTTP/1.1" 302 - "https://www.google.com/" "Mozilla/5.0 (Linux; Android 10; K) AppleWebKit/537.36 (KHTML, like Gecko) Chrome/152.0.0.0 Mobile Safari/537.36"
79.127.141.99 - - [09/Sep/2026:14:59:32 +0200] "GET / HTTP/1.1" 302 - "https://www.google.com/" "Mozilla/5.0 (iPhone; CPU iPhone OS 18_7 like Mac OS X) AppleWebKit/605.1.15 (KHTML, like Gecko) Version/26.6.1 Mobile/15E148 Safari/604.1"
43.173.132.115 - - [09/Sep/2026:14:59:35 +0200] "GET /robots.txt HTTP/1.1" 304 - "-" "Mozilla/5.0 (Windows NT 10.0; Win64; x64) AppleWebKit/537.36 (KHTML, like Gecko) Chrome/131.0.0.0 Safari/537.36"
216.73.216.90 - - [09/Sep/2026:15:00:04 +0200] "GET /robots.txt HTTP/1.1" 304 - "-" "Mozilla/5.0 AppleWebKit/537.36 (KHTML, like Gecko; compatible; ClaudeBot/1.0; [email protected])"
216.73.216.90 - - [09/Sep/2026:15:00:05 +0200] "GET /index.php/sitemap.xml HTTP/1.1" 503 - "-" "Mozilla/5.0 AppleWebKit/537.36 (KHTML, like Gecko; compatible; ClaudeBot/1.0; [email protected])"
2a01:4f9:c013:aaeb::1 - - [09/Sep/2026:15:01:32 +0200] "GET / HTTP/1.1" 302 - "-" "Zabbix"
185.43.220.19 - - [09/Sep/2026:15:02:49 +0200] "POST /wp-cron.php?doing_wp_cron=1788958969.4275860786437988281250 HTTP/1.1" 200 - "-" "WordPress/7.1; https://fonbetrus.com"
91.92.243.251 - - [09/Sep/2026:15:02:46 +0200] "POST /wp-login.php HTTP/1.1" 302 - "-" "Mozilla/5.0"
185.43.220.19 - - [09/Sep/2026:15:04:07 +0200] "POST /wp-cron.php?doing_wp_cron=1788959047.5868248939514160156250 HTTP/1.1" 200 - "-" "WordPress/7.1; https://fonbetrus.com"
38.248.91.9 - - [09/Sep/2026:15:04:04 +0200] "POST /wp-login.php HTTP/1.1" 302 - "-" "Mozilla/5.0"
125.163.153.251 - - [09/Sep/2026:15:06:36 +0200] "GET /wp-login.php HTTP/1.1" 503 468 "-" "Mozilla/5.0 (X11; Linux x86_64) AppleWebKit/537.36 (KHTML, like Gecko) Chrome/146.0.0.0 Safari/537.36"
125.163.153.251 - - [09/Sep/2026:15:06:42 +0200] "GET /wp-login.php HTTP/1.1" 503 468 "-" "Mozilla/5.0 (X11; Linux x86_64) AppleWebKit/537.36 (KHTML, like Gecko) Chrome/146.0.0.0 Safari/537.36"
185.43.220.19 - - [09/Sep/2026:15:06:51 +0200] "POST /wp-cron.php?doing_wp_cron=1788959211.7265670299530029296875 HTTP/1.1" 200 - "-" "WordPress/7.1; https://fonbetrus.com"
125.163.153.251 - - [09/Sep/2026:15:06:48 +0200] "GET /wp-json/wp/v2/users/me HTTP/1.1" 302 - "-" "Mozilla/5.0 (X11; Linux x86_64) AppleWebKit/537.36 (KHTML, like Gecko) Chrome/146.0.0.0 Safari/537.36"
185.43.220.19 - - [09/Sep/2026:15:14:37 +0200] "POST /wp-cron.php?doing_wp_cron=1788959677.6274960041046142578125 HTTP/1.1" 200 - "-" "WordPress/7.1; https://fonbetrus.com"
91.92.243.251 - - [09/Sep/2026:15:14:30 +0200] "POST /wp-login.php HTTP/1.1" 302 - "-" "Mozilla/5.0"
185.43.220.19 - - [09/Sep/2026:15:19:28 +0200] "POST /wp-cron.php?doing_wp_cron=1788959968.7258970737457275390625 HTTP/1.1" 200 - "-" "WordPress/7.1; https://fonbetrus.com"
94.154.43.135 - - [09/Sep/2026:15:19:24 +0200] "GET /.env.local HTTP/1.1" 302 - "-" "Mozilla/5.0 (Windows NT 10.0; Win64; x64) AppleWebKit/537.36 (KHTML, like Gecko) Chrome/147.0.0.0 Safari/537.36"
5.24.233.90 - - [09/Sep/2026:15:25:31 +0200] "GET / HTTP/1.1" 302 - "https://www.google.de/" "Mozilla/5.0 (iPhone; CPU iPhone OS 18_3_2 like Mac OS X) AppleWebKit/605.1.15 (KHTML, like Gecko) Version/18.3.1 Mobile/15E148 Safari/604.1"
185.43.220.19 - - [09/Sep/2026:15:26:12 +0200] "POST /wp-cron.php?doing_wp_cron=1788960372.7278139591217041015625 HTTP/1.1" 200 - "-" "WordPress/7.1; https://fonbetrus.com"
91.92.243.251 - - [09/Sep/2026:15:26:09 +0200] "POST /wp-login.php HTTP/1.1" 302 - "-" "Mozilla/5.0"
185.43.220.19 - - [09/Sep/2026:15:28:13 +0200] "POST /wp-cron.php?doing_wp_cron=1788960493.7346189022064208984375 HTTP/1.1" 200 - "-" "WordPress/7.1; https://fonbetrus.com"
216.73.216.90 - - [09/Sep/2026:15:28:08 +0200] "GET /index.php/sitemap.xml HTTP/1.1" 200 20848 "-" "Mozilla/5.0 AppleWebKit/537.36 (KHTML, like Gecko; compatible; ClaudeBot/1.0; [email protected])"
104.194.148.86 - - [09/Sep/2026:15:29:55 +0200] "GET / HTTP/1.1" 200 - "-" "Mozilla/5.0 (Macintosh; Intel Mac OS X 13_6_1) AppleWebKit/605.1.15 (KHTML, like Gecko) Version/17.1 Safari/605.1.15"
34.175.43.141 - - [09/Sep/2026:15:30:18 +0200] "GET / HTTP/1.1" 200 - "-" "Mozilla/5.0 (Macintosh; Intel Mac OS X 10_15_7) AppleWebKit/537.36 (KHTML, like Gecko) Chrome/131.0.0.0 Safari/537.36"
34.175.43.141 - - [09/Sep/2026:15:30:18 +0200] "GET /.git/config HTTP/1.1" 200 - "-" "Mozilla/5.0 (Macintosh; Intel Mac OS X 10_15_7) AppleWebKit/537.36 (KHTML, like Gecko) Chrome/131.0.0.0 Safari/537.36"
34.175.43.141 - - [09/Sep/2026:15:30:19 +0200] "POST / HTTP/1.1" 200 - "-" "Mozilla/5.0 (Macintosh; Intel Mac OS X 10_15_7) AppleWebKit/537.36 (KHTML, like Gecko) Chrome/131.0.0.0 Safari/537.36"
34.175.43.141 - - [09/Sep/2026:15:30:19 +0200] "GET /.env HTTP/1.1" 200 - "-" "Mozilla/5.0 (Macintosh; Intel Mac OS X 10_15_7) AppleWebKit/537.36 (KHTML, like Gecko) Chrome/131.0.0.0 Safari/537.36"
34.175.43.141 - - [09/Sep/2026:15:30:19 +0200] "GET /.env.local HTTP/1.1" 200 - "-" "Mozilla/5.0 (Macintosh; Intel Mac OS X 10_15_7) AppleWebKit/537.36 (KHTML, like Gecko) Chrome/131.0.0.0 Safari/537.36"
34.175.43.141 - - [09/Sep/2026:15:30:19 +0200] "GET /.env.production HTTP/1.1" 200 - "-" "Mozilla/5.0 (Macintosh; Intel Mac OS X 10_15_7) AppleWebKit/537.36 (KHTML, like Gecko) Chrome/131.0.0.0 Safari/537.36"
34.175.43.141 - - [09/Sep/2026:15:30:20 +0200] "GET /.env.staging HTTP/1.1" 200 - "-" "Mozilla/5.0 (Macintosh; Intel Mac OS X 10_15_7) AppleWebKit/537.36 (KHTML, like Gecko) Chrome/131.0.0.0 Safari/537.36"
34.175.43.141 - - [09/Sep/2026:15:30:20 +0200] "GET /.env.development HTTP/1.1" 200 - "-" "Mozilla/5.0 (Macintosh; Intel Mac OS X 10_15_7) AppleWebKit/537.36 (KHTML, like Gecko) Chrome/131.0.0.0 Safari/537.36"
34.175.43.141 - - [09/Sep/2026:15:30:20 +0200] "GET /.env.test HTTP/1.1" 200 - "-" "Mozilla/5.0 (Macintosh; Intel Mac OS X 10_15_7) AppleWebKit/537.36 (KHTML, like Gecko) Chrome/131.0.0.0 Safari/537.36"
34.175.43.141 - - [09/Sep/2026:15:30:20 +0200] "GET /.env.remote HTTP/1.1" 200 - "-" "Mozilla/5.0 (Macintosh; Intel Mac OS X 10_15_7) AppleWebKit/537.36 (KHTML, like Gecko) Chrome/131.0.0.0 Safari/537.36"
34.175.43.141 - - [09/Sep/2026:15:30:21 +0200] "GET /.env.bak HTTP/1.1" 200 - "-" "Mozilla/5.0 (Macintosh; Intel Mac OS X 10_15_7) AppleWebKit/537.36 (KHTML, like Gecko) Chrome/131.0.0.0 Safari/537.36"
34.175.43.141 - - [09/Sep/2026:15:30:21 +0200] "GET /.env.backup HTTP/1.1" 200 - "-" "Mozilla/5.0 (Macintosh; Intel Mac OS X 10_15_7) AppleWebKit/537.36 (KHTML, like Gecko) Chrome/131.0.0.0 Safari/537.36"
34.175.43.141 - - [09/Sep/2026:15:30:21 +0200] "GET /.env.save HTTP/1.1" 200 - "-" "Mozilla/5.0 (Macintosh; Intel Mac OS X 10_15_7) AppleWebKit/537.36 (KHTML, like Gecko) Chrome/131.0.0.0 Safari/537.36"
34.175.43.141 - - [09/Sep/2026:15:30:21 +0200] "GET /.env.old HTTP/1.1" 200 - "-" "Mozilla/5.0 (Macintosh; Intel Mac OS X 10_15_7) AppleWebKit/537.36 (KHTML, like Gecko) Chrome/131.0.0.0 Safari/537.36"
34.175.43.141 - - [09/Sep/2026:15:30:21 +0200] "GET /.env.sample HTTP/1.1" 200 - "-" "Mozilla/5.0 (Macintosh; Intel Mac OS X 10_15_7) AppleWebKit/537.36 (KHTML, like Gecko) Chrome/131.0.0.0 Safari/537.36"
34.175.43.141 - - [09/Sep/2026:15:30:22 +0200] "GET /.env.example HTTP/1.1" 200 - "-" "Mozilla/5.0 (Macintosh; Intel Mac OS X 10_15_7) AppleWebKit/537.36 (KHTML, like Gecko) Chrome/131.0.0.0 Safari/537.36"
34.175.43.141 - - [09/Sep/2026:15:30:22 +0200] "GET /.env.dev HTTP/1.1" 200 - "-" "Mozilla/5.0 (Macintosh; Intel Mac OS X 10_15_7) AppleWebKit/537.36 (KHTML, like Gecko) Chrome/131.0.0.0 Safari/537.36"
34.175.43.141 - - [09/Sep/2026:15:30:22 +0200] "GET /.env.prod HTTP/1.1" 200 - "-" "Mozilla/5.0 (Macintosh; Intel Mac OS X 10_15_7) AppleWebKit/537.36 (KHTML, like Gecko) Chrome/131.0.0.0 Safari/537.36"
34.175.43.141 - - [09/Sep/2026:15:30:22 +0200] "GET /.env.stage HTTP/1.1" 200 - "-" "Mozilla/5.0 (Macintosh; Intel Mac OS X 10_15_7) AppleWebKit/537.36 (KHTML, like Gecko) Chrome/131.0.0.0 Safari/537.36"
34.175.43.141 - - [09/Sep/2026:15:30:22 +0200] "GET /.env.ci HTTP/1.1" 200 - "-" "Mozilla/5.0 (Macintosh; Intel Mac OS X 10_15_7) AppleWebKit/537.36 (KHTML, like Gecko) Chrome/131.0.0.0 Safari/537.36"
34.175.43.141 - - [09/Sep/2026:15:30:23 +0200] "GET /.env.docker HTTP/1.1" 200 - "-" "Mozilla/5.0 (Macintosh; Intel Mac OS X 10_15_7) AppleWebKit/537.36 (KHTML, like Gecko) Chrome/131.0.0.0 Safari/537.36"
34.175.43.141 - - [09/Sep/2026:15:30:23 +0200] "GET /.env.live HTTP/1.1" 200 - "-" "Mozilla/5.0 (Macintosh; Intel Mac OS X 10_15_7) AppleWebKit/537.36 (KHTML, like Gecko) Chrome/131.0.0.0 Safari/537.36"
34.175.43.141 - - [09/Sep/2026:15:30:23 +0200] "GET /.env.preprod HTTP/1.1" 200 - "-" "Mozilla/5.0 (Macintosh; Intel Mac OS X 10_15_7) AppleWebKit/537.36 (KHTML, like Gecko) Chrome/131.0.0.0 Safari/537.36"
34.175.43.141 - - [09/Sep/2026:15:30:23 +0200] "GET /.env.uat HTTP/1.1" 200 - "-" "Mozilla/5.0 (Macintosh; Intel Mac OS X 10_15_7) AppleWebKit/537.36 (KHTML, like Gecko) Chrome/131.0.0.0 Safari/537.36"
34.175.43.141 - - [09/Sep/2026:15:30:23 +0200] "GET /.env.dist HTTP/1.1" 200 - "-" "Mozilla/5.0 (Macintosh; Intel Mac OS X 10_15_7) AppleWebKit/537.36 (KHTML, like Gecko) Chrome/131.0.0.0 Safari/537.36"
34.175.43.141 - - [09/Sep/2026:15:30:24 +0200] "GET /.env.swp HTTP/1.1" 200 - "-" "Mozilla/5.0 (Macintosh; Intel Mac OS X 10_15_7) AppleWebKit/537.36 (KHTML, like Gecko) Chrome/131.0.0.0 Safari/537.36"
34.175.43.141 - - [09/Sep/2026:15:30:24 +0200] "GET /.env~ HTTP/1.1" 200 - "-" "Mozilla/5.0 (Macintosh; Intel Mac OS X 10_15_7) AppleWebKit/537.36 (KHTML, like Gecko) Chrome/131.0.0.0 Safari/537.36"
34.175.43.141 - - [09/Sep/2026:15:30:24 +0200] "GET /.env1 HTTP/1.1" 200 - "-" "Mozilla/5.0 (Macintosh; Intel Mac OS X 10_15_7) AppleWebKit/537.36 (KHTML, like Gecko) Chrome/131.0.0.0 Safari/537.36"
34.175.43.141 - - [09/Sep/2026:15:30:25 +0200] "GET /.env2 HTTP/1.1" 200 - "-" "Mozilla/5.0 (Macintosh; Intel Mac OS X 10_15_7) AppleWebKit/537.36 (KHTML, like Gecko) Chrome/131.0.0.0 Safari/537.36"
34.175.43.141 - - [09/Sep/2026:15:30:25 +0200] "GET /.env_copy HTTP/1.1" 200 - "-" "Mozilla/5.0 (Macintosh; Intel Mac OS X 10_15_7) AppleWebKit/537.36 (KHTML, like Gecko) Chrome/131.0.0.0 Safari/537.36"
34.175.43.141 - - [09/Sep/2026:15:30:25 +0200] "GET /.env.txt HTTP/1.1" 200 - "-" "Mozilla/5.0 (Macintosh; Intel Mac OS X 10_15_7) AppleWebKit/537.36 (KHTML, like Gecko) Chrome/131.0.0.0 Safari/537.36"
34.175.43.141 - - [09/Sep/2026:15:30:25 +0200] "GET /.env.json HTTP/1.1" 200 - "-" "Mozilla/5.0 (Macintosh; Intel Mac OS X 10_15_7) AppleWebKit/537.36 (KHTML, like Gecko) Chrome/131.0.0.0 Safari/537.36"
34.175.43.141 - - [09/Sep/2026:15:30:25 +0200] "GET /.env.yaml HTTP/1.1" 200 - "-" "Mozilla/5.0 (Macintosh; Intel Mac OS X 10_15_7) AppleWebKit/537.36 (KHTML, like Gecko) Chrome/131.0.0.0 Safari/537.36"
34.175.43.141 - - [09/Sep/2026:15:30:26 +0200] "GET /.env.yml HTTP/1.1" 200 - "-" "Mozilla/5.0 (Macintosh; Intel Mac OS X 10_15_7) AppleWebKit/537.36 (KHTML, like Gecko) Chrome/131.0.0.0 Safari/537.36"
34.175.43.141 - - [09/Sep/2026:15:30:26 +0200] "GET /app/.env HTTP/1.1" 200 - "-" "Mozilla/5.0 (Macintosh; Intel Mac OS X 10_15_7) AppleWebKit/537.36 (KHTML, like Gecko) Chrome/131.0.0.0 Safari/537.36"
34.175.43.141 - - [09/Sep/2026:15:30:26 +0200] "GET /apps/.env HTTP/1.1" 200 - "-" "Mozilla/5.0 (Macintosh; Intel Mac OS X 10_15_7) AppleWebKit/537.36 (KHTML, like Gecko) Chrome/131.0.0.0 Safari/537.36"
34.175.43.141 - - [09/Sep/2026:15:30:26 +0200] "GET /api/.env HTTP/1.1" 200 - "-" "Mozilla/5.0 (Macintosh; Intel Mac OS X 10_15_7) AppleWebKit/537.36 (KHTML, like Gecko) Chrome/131.0.0.0 Safari/537.36"
34.175.43.141 - - [09/Sep/2026:15:30:26 +0200] "GET /web/.env HTTP/1.1" 200 - "-" "Mozilla/5.0 (Macintosh; Intel Mac OS X 10_15_7) AppleWebKit/537.36 (KHTML, like Gecko) Chrome/131.0.0.0 Safari/537.36"
34.175.43.141 - - [09/Sep/2026:15:30:26 +0200] "GET /site/.env HTTP/1.1" 200 - "-" "Mozilla/5.0 (Macintosh; Intel Mac OS X 10_15_7) AppleWebKit/537.36 (KHTML, like Gecko) Chrome/131.0.0.0 Safari/537.36"
34.175.43.141 - - [09/Sep/2026:15:30:27 +0200] "GET /public/.env HTTP/1.1" 200 - "-" "Mozilla/5.0 (Macintosh; Intel Mac OS X 10_15_7) AppleWebKit/537.36 (KHTML, like Gecko) Chrome/131.0.0.0 Safari/537.36"
34.175.43.141 - - [09/Sep/2026:15:30:27 +0200] "GET /admin/.env HTTP/1.1" 200 - "-" "Mozilla/5.0 (Macintosh; Intel Mac OS X 10_15_7) AppleWebKit/537.36 (KHTML, like Gecko) Chrome/131.0.0.0 Safari/537.36"
34.175.43.141 - - [09/Sep/2026:15:30:27 +0200] "GET /backend/.env HTTP/1.1" 200 - "-" "Mozilla/5.0 (Macintosh; Intel Mac OS X 10_15_7) AppleWebKit/537.36 (KHTML, like Gecko) Chrome/131.0.0.0 Safari/537.36"
34.175.43.141 - - [09/Sep/2026:15:30:27 +0200] "GET /server/.env HTTP/1.1" 200 - "-" "Mozilla/5.0 (Macintosh; Intel Mac OS X 10_15_7) AppleWebKit/537.36 (KHTML, like Gecko) Chrome/131.0.0.0 Safari/537.36"
34.175.43.141 - - [09/Sep/2026:15:30:27 +0200] "GET /frontend/.env HTTP/1.1" 200 - "-" "Mozilla/5.0 (Macintosh; Intel Mac OS X 10_15_7) AppleWebKit/537.36 (KHTML, like Gecko) Chrome/131.0.0.0 Safari/537.36"
34.175.43.141 - - [09/Sep/2026:15:30:27 +0200] "GET /src/.env HTTP/1.1" 200 - "-" "Mozilla/5.0 (Macintosh; Intel Mac OS X 10_15_7) AppleWebKit/537.36 (KHTML, like Gecko) Chrome/131.0.0.0 Safari/537.36"
34.175.43.141 - - [09/Sep/2026:15:30:28 +0200] "GET /core/.env HTTP/1.1" 200 - "-" "Mozilla/5.0 (Macintosh; Intel Mac OS X 10_15_7) AppleWebKit/537.36 (KHTML, like Gecko) Chrome/131.0.0.0 Safari/537.36"
34.175.43.141 - - [09/Sep/2026:15:30:28 +0200] "GET /core/app/.env HTTP/1.1" 200 - "-" "Mozilla/5.0 (Macintosh; Intel Mac OS X 10_15_7) AppleWebKit/537.36 (KHTML, like Gecko) Chrome/131.0.0.0 Safari/537.36"
34.175.43.141 - - [09/Sep/2026:15:30:28 +0200] "GET /config/.env HTTP/1.1" 200 - "-" "Mozilla/5.0 (Macintosh; Intel Mac OS X 10_15_7) AppleWebKit/537.36 (KHTML, like Gecko) Chrome/131.0.0.0 Safari/537.36"
34.175.43.141 - - [09/Sep/2026:15:30:28 +0200] "GET /private/.env HTTP/1.1" 200 - "-" "Mozilla/5.0 (Macintosh; Intel Mac OS X 10_15_7) AppleWebKit/537.36 (KHTML, like Gecko) Chrome/131.0.0.0 Safari/537.36"
34.175.43.141 - - [09/Sep/2026:15:30:28 +0200] "GET /application/.env HTTP/1.1" 200 - "-" "Mozilla/5.0 (Macintosh; Intel Mac OS X 10_15_7) AppleWebKit/537.36 (KHTML, like Gecko) Chrome/131.0.0.0 Safari/537.36"
34.175.43.141 - - [09/Sep/2026:15:30:29 +0200] "GET /bootstrap/.env HTTP/1.1" 200 - "-" "Mozilla/5.0 (Macintosh; Intel Mac OS X 10_15_7) AppleWebKit/537.36 (KHTML, like Gecko) Chrome/131.0.0.0 Safari/537.36"
34.175.43.141 - - [09/Sep/2026:15:30:29 +0200] "GET /database/.env HTTP/1.1" 200 - "-" "Mozilla/5.0 (Macintosh; Intel Mac OS X 10_15_7) AppleWebKit/537.36 (KHTML, like Gecko) Chrome/131.0.0.0 Safari/537.36"
34.175.43.141 - - [09/Sep/2026:15:30:29 +0200] "GET /storage/.env HTTP/1.1" 200 - "-" "Mozilla/5.0 (Macintosh; Intel Mac OS X 10_15_7) AppleWebKit/537.36 (KHTML, like Gecko) Chrome/131.0.0.0 Safari/537.36"
34.175.43.141 - - [09/Sep/2026:15:30:29 +0200] "GET /var/www/.env HTTP/1.1" 200 - "-" "Mozilla/5.0 (Macintosh; Intel Mac OS X 10_15_7) AppleWebKit/537.36 (KHTML, like Gecko) Chrome/131.0.0.0 Safari/537.36"
34.175.43.141 - - [09/Sep/2026:15:30:29 +0200] "GET /var/www/html/.env HTTP/1.1" 200 - "-" "Mozilla/5.0 (Macintosh; Intel Mac OS X 10_15_7) AppleWebKit/537.36 (KHTML, like Gecko) Chrome/131.0.0.0 Safari/537.36"
34.175.43.141 - - [09/Sep/2026:15:30:29 +0200] "GET /current/.env HTTP/1.1" 200 - "-" "Mozilla/5.0 (Macintosh; Intel Mac OS X 10_15_7) AppleWebKit/537.36 (KHTML, like Gecko) Chrome/131.0.0.0 Safari/537.36"
34.175.43.141 - - [09/Sep/2026:15:30:30 +0200] "GET /release/.env HTTP/1.1" 200 - "-" "Mozilla/5.0 (Macintosh; Intel Mac OS X 10_15_7) AppleWebKit/537.36 (KHTML, like Gecko) Chrome/131.0.0.0 Safari/537.36"
34.175.43.141 - - [09/Sep/2026:15:30:30 +0200] "GET /releases/.env HTTP/1.1" 200 - "-" "Mozilla/5.0 (Macintosh; Intel Mac OS X 10_15_7) AppleWebKit/537.36 (KHTML, like Gecko) Chrome/131.0.0.0 Safari/537.36"
34.175.43.141 - - [09/Sep/2026:15:30:30 +0200] "GET /shared/.env HTTP/1.1" 200 - "-" "Mozilla/5.0 (Macintosh; Intel Mac OS X 10_15_7) AppleWebKit/537.36 (KHTML, like Gecko) Chrome/131.0.0.0 Safari/537.36"
34.175.43.141 - - [09/Sep/2026:15:30:30 +0200] "GET /deploy/.env HTTP/1.1" 200 - "-" "Mozilla/5.0 (Macintosh; Intel Mac OS X 10_15_7) AppleWebKit/537.36 (KHTML, like Gecko) Chrome/131.0.0.0 Safari/537.36"
34.175.43.141 - - [09/Sep/2026:15:30:31 +0200] "GET /build/.env HTTP/1.1" 200 - "-" "Mozilla/5.0 (Macintosh; Intel Mac OS X 10_15_7) AppleWebKit/537.36 (KHTML, like Gecko) Chrome/131.0.0.0 Safari/537.36"
34.175.43.141 - - [09/Sep/2026:15:30:31 +0200] "GET /dist/.env HTTP/1.1" 200 - "-" "Mozilla/5.0 (Macintosh; Intel Mac OS X 10_15_7) AppleWebKit/537.36 (KHTML, like Gecko) Chrome/131.0.0.0 Safari/537.36"
34.175.43.141 - - [09/Sep/2026:15:30:31 +0200] "GET /public_html/.env HTTP/1.1" 200 - "-" "Mozilla/5.0 (Macintosh; Intel Mac OS X 10_15_7) AppleWebKit/537.36 (KHTML, like Gecko) Chrome/131.0.0.0 Safari/537.36"
34.175.43.141 - - [09/Sep/2026:15:30:31 +0200] "GET /htdocs/.env HTTP/1.1" 200 - "-" "Mozilla/5.0 (Macintosh; Intel Mac OS X 10_15_7) AppleWebKit/537.36 (KHTML, like Gecko) Chrome/131.0.0.0 Safari/537.36"
34.175.43.141 - - [09/Sep/2026:15:30:32 +0200] "GET /www/.env HTTP/1.1" 200 - "-" "Mozilla/5.0 (Macintosh; Intel Mac OS X 10_15_7) AppleWebKit/537.36 (KHTML, like Gecko) Chrome/131.0.0.0 Safari/537.36"
34.175.43.141 - - [09/Sep/2026:15:30:32 +0200] "GET /html/.env HTTP/1.1" 200 - "-" "Mozilla/5.0 (Macintosh; Intel Mac OS X 10_15_7) AppleWebKit/537.36 (KHTML, like Gecko) Chrome/131.0.0.0 Safari/537.36"
34.175.43.141 - - [09/Sep/2026:15:30:32 +0200] "GET /live/.env HTTP/1.1" 200 - "-" "Mozilla/5.0 (Macintosh; Intel Mac OS X 10_15_7) AppleWebKit/537.36 (KHTML, like Gecko) Chrome/131.0.0.0 Safari/537.36"
34.175.43.141 - - [09/Sep/2026:15:30:33 +0200] "GET /prod/.env HTTP/1.1" 200 - "-" "Mozilla/5.0 (Macintosh; Intel Mac OS X 10_15_7) AppleWebKit/537.36 (KHTML, like Gecko) Chrome/131.0.0.0 Safari/537.36"
34.175.43.141 - - [09/Sep/2026:15:30:33 +0200] "GET /dev/.env HTTP/1.1" 200 - "-" "Mozilla/5.0 (Macintosh; Intel Mac OS X 10_15_7) AppleWebKit/537.36 (KHTML, like Gecko) Chrome/131.0.0.0 Safari/537.36"
34.175.43.141 - - [09/Sep/2026:15:30:33 +0200] "GET /staging/.env HTTP/1.1" 200 - "-" "Mozilla/5.0 (Macintosh; Intel Mac OS X 10_15_7) AppleWebKit/537.36 (KHTML, like Gecko) Chrome/131.0.0.0 Safari/537.36"
34.175.43.141 - - [09/Sep/2026:15:30:33 +0200] "GET /opt/.env HTTP/1.1" 200 - "-" "Mozilla/5.0 (Macintosh; Intel Mac OS X 10_15_7) AppleWebKit/537.36 (KHTML, like Gecko) Chrome/131.0.0.0 Safari/537.36"
34.175.43.141 - - [09/Sep/2026:15:30:34 +0200] "GET /laravel/.env HTTP/1.1" 200 - "-" "Mozilla/5.0 (Macintosh; Intel Mac OS X 10_15_7) AppleWebKit/537.36 (KHTML, like Gecko) Chrome/131.0.0.0 Safari/537.36"
34.175.43.141 - - [09/Sep/2026:15:30:34 +0200] "GET /symfony/.env HTTP/1.1" 200 - "-" "Mozilla/5.0 (Macintosh; Intel Mac OS X 10_15_7) AppleWebKit/537.36 (KHTML, like Gecko) Chrome/131.0.0.0 Safari/537.36"
34.175.43.141 - - [09/Sep/2026:15:30:34 +0200] "GET /wordpress/.env HTTP/1.1" 200 - "-" "Mozilla/5.0 (Macintosh; Intel Mac OS X 10_15_7) AppleWebKit/537.36 (KHTML, like Gecko) Chrome/131.0.0.0 Safari/537.36"
34.175.43.141 - - [09/Sep/2026:15:30:35 +0200] "GET /wp/.env HTTP/1.1" 200 - "-" "Mozilla/5.0 (Macintosh; Intel Mac OS X 10_15_7) AppleWebKit/537.36 (KHTML, like Gecko) Chrome/131.0.0.0 Safari/537.36"
34.175.43.141 - - [09/Sep/2026:15:30:35 +0200] "GET /cms/.env HTTP/1.1" 200 - "-" "Mozilla/5.0 (Macintosh; Intel Mac OS X 10_15_7) AppleWebKit/537.36 (KHTML, like Gecko) Chrome/131.0.0.0 Safari/537.36"
34.175.43.141 - - [09/Sep/2026:15:30:35 +0200] "GET /drupal/.env HTTP/1.1" 200 - "-" "Mozilla/5.0 (Macintosh; Intel Mac OS X 10_15_7) AppleWebKit/537.36 (KHTML, like Gecko) Chrome/131.0.0.0 Safari/537.36"
34.175.43.141 - - [09/Sep/2026:15:30:35 +0200] "GET /joomla/.env HTTP/1.1" 200 - "-" "Mozilla/5.0 (Macintosh; Intel Mac OS X 10_15_7) AppleWebKit/537.36 (KHTML, like Gecko) Chrome/131.0.0.0 Safari/537.36"
34.175.43.141 - - [09/Sep/2026:15:30:35 +0200] "GET /magento/.env HTTP/1.1" 200 - "-" "Mozilla/5.0 (Macintosh; Intel Mac OS X 10_15_7) AppleWebKit/537.36 (KHTML, like Gecko) Chrome/131.0.0.0 Safari/537.36"
34.175.43.141 - - [09/Sep/2026:15:30:35 +0200] "GET /shopify/.env HTTP/1.1" 200 - "-" "Mozilla/5.0 (Macintosh; Intel Mac OS X 10_15_7) AppleWebKit/537.36 (KHTML, like Gecko) Chrome/131.0.0.0 Safari/537.36"
34.175.43.141 - - [09/Sep/2026:15:30:36 +0200] "GET /prestashop/.env HTTP/1.1" 200 - "-" "Mozilla/5.0 (Macintosh; Intel Mac OS X 10_15_7) AppleWebKit/537.36 (KHTML, like Gecko) Chrome/131.0.0.0 Safari/537.36"
34.175.43.141 - - [09/Sep/2026:15:30:36 +0200] "GET /codeigniter/.env HTTP/1.1" 200 - "-" "Mozilla/5.0 (Macintosh; Intel Mac OS X 10_15_7) AppleWebKit/537.36 (KHTML, like Gecko) Chrome/131.0.0.0 Safari/537.36"
34.175.43.141 - - [09/Sep/2026:15:30:36 +0200] "GET /cakephp/.env HTTP/1.1" 200 - "-" "Mozilla/5.0 (Macintosh; Intel Mac OS X 10_15_7) AppleWebKit/537.36 (KHTML, like Gecko) Chrome/131.0.0.0 Safari/537.36"
34.175.43.141 - - [09/Sep/2026:15:30:36 +0200] "GET /zend/.env HTTP/1.1" 200 - "-" "Mozilla/5.0 (Macintosh; Intel Mac OS X 10_15_7) AppleWebKit/537.36 (KHTML, like Gecko) Chrome/131.0.0.0 Safari/537.36"
34.175.43.141 - - [09/Sep/2026:15:30:36 +0200] "GET /yii/.env HTTP/1.1" 200 - "-" "Mozilla/5.0 (Macintosh; Intel Mac OS X 10_15_7) AppleWebKit/537.36 (KHTML, like Gecko) Chrome/131.0.0.0 Safari/537.36"
34.175.43.141 - - [09/Sep/2026:15:30:37 +0200] "GET /laravel5/.env HTTP/1.1" 200 - "-" "Mozilla/5.0 (Macintosh; Intel Mac OS X 10_15_7) AppleWebKit/537.36 (KHTML, like Gecko) Chrome/131.0.0.0 Safari/537.36"
34.175.43.141 - - [09/Sep/2026:15:30:37 +0200] "GET /v1/.env HTTP/1.1" 200 - "-" "Mozilla/5.0 (Macintosh; Intel Mac OS X 10_15_7) AppleWebKit/537.36 (KHTML, like Gecko) Chrome/131.0.0.0 Safari/537.36"
34.175.43.141 - - [09/Sep/2026:15:30:37 +0200] "GET /v2/.env HTTP/1.1" 200 - "-" "Mozilla/5.0 (Macintosh; Intel Mac OS X 10_15_7) AppleWebKit/537.36 (KHTML, like Gecko) Chrome/131.0.0.0 Safari/537.36"
34.175.43.141 - - [09/Sep/2026:15:30:38 +0200] "GET /v3/.env HTTP/1.1" 200 - "-" "Mozilla/5.0 (Macintosh; Intel Mac OS X 10_15_7) AppleWebKit/537.36 (KHTML, like Gecko) Chrome/131.0.0.0 Safari/537.36"
34.175.43.141 - - [09/Sep/2026:15:30:38 +0200] "GET /api/v1/.env HTTP/1.1" 200 - "-" "Mozilla/5.0 (Macintosh; Intel Mac OS X 10_15_7) AppleWebKit/537.36 (KHTML, like Gecko) Chrome/131.0.0.0 Safari/537.36"
34.175.43.141 - - [09/Sep/2026:15:30:38 +0200] "GET /api/v2/.env HTTP/1.1" 200 - "-" "Mozilla/5.0 (Macintosh; Intel Mac OS X 10_15_7) AppleWebKit/537.36 (KHTML, like Gecko) Chrome/131.0.0.0 Safari/537.36"
34.175.43.141 - - [09/Sep/2026:15:30:38 +0200] "GET /rest/.env HTTP/1.1" 200 - "-" "Mozilla/5.0 (Macintosh; Intel Mac OS X 10_15_7) AppleWebKit/537.36 (KHTML, like Gecko) Chrome/131.0.0.0 Safari/537.36"
34.175.43.141 - - [09/Sep/2026:15:30:38 +0200] "GET /graphql/.env HTTP/1.1" 200 - "-" "Mozilla/5.0 (Macintosh; Intel Mac OS X 10_15_7) AppleWebKit/537.36 (KHTML, like Gecko) Chrome/131.0.0.0 Safari/537.36"
34.175.43.141 - - [09/Sep/2026:15:30:38 +0200] "GET /gateway/.env HTTP/1.1" 200 - "-" "Mozilla/5.0 (Macintosh; Intel Mac OS X 10_15_7) AppleWebKit/537.36 (KHTML, like Gecko) Chrome/131.0.0.0 Safari/537.36"
34.175.43.141 - - [09/Sep/2026:15:30:39 +0200] "GET /microservice/.env HTTP/1.1" 200 - "-" "Mozilla/5.0 (Macintosh; Intel Mac OS X 10_15_7) AppleWebKit/537.36 (KHTML, like Gecko) Chrome/131.0.0.0 Safari/537.36"
34.175.43.141 - - [09/Sep/2026:15:30:39 +0200] "GET /service/.env HTTP/1.1" 200 - "-" "Mozilla/5.0 (Macintosh; Intel Mac OS X 10_15_7) AppleWebKit/537.36 (KHTML, like Gecko) Chrome/131.0.0.0 Safari/537.36"
34.175.43.141 - - [09/Sep/2026:15:30:39 +0200] "GET /api/v3/.env HTTP/1.1" 200 - "-" "Mozilla/5.0 (Macintosh; Intel Mac OS X 10_15_7) AppleWebKit/537.36 (KHTML, like Gecko) Chrome/131.0.0.0 Safari/537.36"
34.175.43.141 - - [09/Sep/2026:15:30:40 +0200] "GET /api/dev/.env HTTP/1.1" 200 - "-" "Mozilla/5.0 (Macintosh; Intel Mac OS X 10_15_7) AppleWebKit/537.36 (KHTML, like Gecko) Chrome/131.0.0.0 Safari/537.36"
34.175.43.141 - - [09/Sep/2026:15:30:40 +0200] "GET /api/staging/.env HTTP/1.1" 200 - "-" "Mozilla/5.0 (Macintosh; Intel Mac OS X 10_15_7) AppleWebKit/537.36 (KHTML, like Gecko) Chrome/131.0.0.0 Safari/537.36"
34.175.43.141 - - [09/Sep/2026:15:30:40 +0200] "GET /vendor/.env HTTP/1.1" 200 - "-" "Mozilla/5.0 (Macintosh; Intel Mac OS X 10_15_7) AppleWebKit/537.36 (KHTML, like Gecko) Chrome/131.0.0.0 Safari/537.36"
34.175.43.141 - - [09/Sep/2026:15:30:40 +0200] "GET /lib/.env HTTP/1.1" 200 - "-" "Mozilla/5.0 (Macintosh; Intel Mac OS X 10_15_7) AppleWebKit/537.36 (KHTML, like Gecko) Chrome/131.0.0.0 Safari/537.36"
34.175.43.141 - - [09/Sep/2026:15:30:40 +0200] "GET /resources/.env HTTP/1.1" 200 - "-" "Mozilla/5.0 (Macintosh; Intel Mac OS X 10_15_7) AppleWebKit/537.36 (KHTML, like Gecko) Chrome/131.0.0.0 Safari/537.36"
34.175.43.141 - - [09/Sep/2026:15:30:41 +0200] "GET /assets/.env HTTP/1.1" 200 - "-" "Mozilla/5.0 (Macintosh; Intel Mac OS X 10_15_7) AppleWebKit/537.36 (KHTML, like Gecko) Chrome/131.0.0.0 Safari/537.36"
34.175.43.141 - - [09/Sep/2026:15:30:41 +0200] "GET /uploads/.env HTTP/1.1" 200 - "-" "Mozilla/5.0 (Macintosh; Intel Mac OS X 10_15_7) AppleWebKit/537.36 (KHTML, like Gecko) Chrome/131.0.0.0 Safari/537.36"
34.175.43.141 - - [09/Sep/2026:15:30:41 +0200] "GET /internal/.env HTTP/1.1" 200 - "-" "Mozilla/5.0 (Macintosh; Intel Mac OS X 10_15_7) AppleWebKit/537.36 (KHTML, like Gecko) Chrome/131.0.0.0 Safari/537.36"
34.175.43.141 - - [09/Sep/2026:15:30:42 +0200] "GET /tools/.env HTTP/1.1" 200 - "-" "Mozilla/5.0 (Macintosh; Intel Mac OS X 10_15_7) AppleWebKit/537.36 (KHTML, like Gecko) Chrome/131.0.0.0 Safari/537.36"
34.175.43.141 - - [09/Sep/2026:15:30:42 +0200] "GET /scripts/.env HTTP/1.1" 200 - "-" "Mozilla/5.0 (Macintosh; Intel Mac OS X 10_15_7) AppleWebKit/537.36 (KHTML, like Gecko) Chrome/131.0.0.0 Safari/537.36"
34.175.43.141 - - [09/Sep/2026:15:30:42 +0200] "GET /bin/.env HTTP/1.1" 200 - "-" "Mozilla/5.0 (Macintosh; Intel Mac OS X 10_15_7) AppleWebKit/537.36 (KHTML, like Gecko) Chrome/131.0.0.0 Safari/537.36"
34.175.43.141 - - [09/Sep/2026:15:30:42 +0200] "GET /sbin/.env HTTP/1.1" 200 - "-" "Mozilla/5.0 (Macintosh; Intel Mac OS X 10_15_7) AppleWebKit/537.36 (KHTML, like Gecko) Chrome/131.0.0.0 Safari/537.36"
34.175.43.141 - - [09/Sep/2026:15:30:43 +0200] "GET /local/.env HTTP/1.1" 200 - "-" "Mozilla/5.0 (Macintosh; Intel Mac OS X 10_15_7) AppleWebKit/537.36 (KHTML, like Gecko) Chrome/131.0.0.0 Safari/537.36"
34.175.43.141 - - [09/Sep/2026:15:30:43 +0200] "GET /portal/.env HTTP/1.1" 200 - "-" "Mozilla/5.0 (Macintosh; Intel Mac OS X 10_15_7) AppleWebKit/537.36 (KHTML, like Gecko) Chrome/131.0.0.0 Safari/537.36"
34.175.43.141 - - [09/Sep/2026:15:30:43 +0200] "GET /dashboard/.env HTTP/1.1" 200 - "-" "Mozilla/5.0 (Macintosh; Intel Mac OS X 10_15_7) AppleWebKit/537.36 (KHTML, like Gecko) Chrome/131.0.0.0 Safari/537.36"
34.175.43.141 - - [09/Sep/2026:15:30:43 +0200] "GET /panel/.env HTTP/1.1" 200 - "-" "Mozilla/5.0 (Macintosh; Intel Mac OS X 10_15_7) AppleWebKit/537.36 (KHTML, like Gecko) Chrome/131.0.0.0 Safari/537.36"
34.175.43.141 - - [09/Sep/2026:15:30:44 +0200] "GET /crm/.env HTTP/1.1" 200 - "-" "Mozilla/5.0 (Macintosh; Intel Mac OS X 10_15_7) AppleWebKit/537.36 (KHTML, like Gecko) Chrome/131.0.0.0 Safari/537.36"
34.175.43.141 - - [09/Sep/2026:15:30:44 +0200] "GET /erp/.env HTTP/1.1" 200 - "-" "Mozilla/5.0 (Macintosh; Intel Mac OS X 10_15_7) AppleWebKit/537.36 (KHTML, like Gecko) Chrome/131.0.0.0 Safari/537.36"
