169.58.198.243 - - [09/Sep/2026:16:07:14 +0200] "GET /wp-content/plugins/fix/up.php HTTP/1.1" 503 468 "www.google.com" "Mozlila/5.0 (Linux; Android 7.0; SM-G892A Bulid/NRD90M; wv) AppleWebKit/537.36 (KHTML, like Gecko) Version/4.0 Chrome/60.0.3112.107 Moblie Safari/537.36"
185.43.220.19 - - [09/Sep/2026:16:07:28 +0200] "POST /wp-cron.php?doing_wp_cron=1788962848.8486299514770507812500 HTTP/1.1" 200 - "-" "WordPress/6.9.4; http://melbet.su"
169.58.198.243 - - [09/Sep/2026:16:07:24 +0200] "GET /wp-content/plugins/ph-file-manager/wp-file.php HTTP/1.1" 404 36645 "www.google.com" "Mozlila/5.0 (Linux; Android 7.0; SM-G892A Bulid/NRD90M; wv) AppleWebKit/537.36 (KHTML, like Gecko) Version/4.0 Chrome/60.0.3112.107 Moblie Safari/537.36"
169.58.198.243 - - [09/Sep/2026:16:07:58 +0200] "GET /wp-content/plugins/root-file-manager/wp-file.php HTTP/1.1" 404 36653 "www.google.com" "Mozlila/5.0 (Linux; Android 7.0; SM-G892A Bulid/NRD90M; wv) AppleWebKit/537.36 (KHTML, like Gecko) Version/4.0 Chrome/60.0.3112.107 Moblie Safari/537.36"
185.95.156.182 - - [09/Sep/2026:16:08:00 +0200] "GET /wp-json/ HTTP/1.1" 200 620108 "-" "Mozilla/5.0 (Windows NT 10.0; Win64; x64) AppleWebKit/537.36"
185.43.220.19 - - [09/Sep/2026:16:08:36 +0200] "POST /wp-cron.php?doing_wp_cron=1788962916.9266850948333740234375 HTTP/1.1" 200 - "-" "WordPress/6.9.4; http://melbet.su"
169.58.198.243 - - [09/Sep/2026:16:08:31 +0200] "GET /wp-content/plugins/wp-help/mini.php HTTP/1.1" 404 36601 "www.google.com" "Mozlila/5.0 (Linux; Android 7.0; SM-G892A Bulid/NRD90M; wv) AppleWebKit/537.36 (KHTML, like Gecko) Version/4.0 Chrome/60.0.3112.107 Moblie Safari/537.36"
169.58.198.243 - - [09/Sep/2026:16:09:05 +0200] "GET /wp-content/themes/travel/issue.php HTTP/1.1" 404 36597 "www.google.com" "Mozlila/5.0 (Linux; Android 7.0; SM-G892A Bulid/NRD90M; wv) AppleWebKit/537.36 (KHTML, like Gecko) Version/4.0 Chrome/60.0.3112.107 Moblie Safari/537.36"
31.171.101.71 - - [09/Sep/2026:16:09:21 +0200] "GET / HTTP/1.1" 302 - "-" "Mozilla/5.0 (Linux; Android 5.0.2; SAMSUNG SM-T550 Build/LRX22G) AppleWebKit/537.36 (KHTML, like Gecko) SamsungBrowser/3.3 Chrome/38.0.2125.102 Safari/537.36"
185.43.220.19 - - [09/Sep/2026:16:09:32 +0200] "POST /wp-cron.php?doing_wp_cron=1788962972.2325770854949951171875 HTTP/1.1" 200 - "-" "WordPress/6.9.4; http://melbet.su"
188.166.243.123 - - [09/Sep/2026:16:09:26 +0200] "GET //images/images/cache.php HTTP/1.1" 301 - "www.google.com" "Mozlila/5.0 (Linux; Android 7.0; SM-G892A Bulid/NRD90M; wv) AppleWebKit/537.36 (KHTML, like Gecko) Version/4.0 Chrome/60.0.3112.107 Moblie Safari/537.36"
188.166.243.123 - - [09/Sep/2026:16:09:32 +0200] "GET /images/images/cache.php HTTP/1.1" 404 36549 "www.google.com" "Mozlila/5.0 (Linux; Android 7.0; SM-G892A Bulid/NRD90M; wv) AppleWebKit/537.36 (KHTML, like Gecko) Version/4.0 Chrome/60.0.3112.107 Moblie Safari/537.36"
188.166.243.123 - - [09/Sep/2026:16:09:42 +0200] "GET //cgi-bin/cgi-bin/cgi-bin/cgi-bin/cache.php HTTP/1.1" 301 - "www.google.com" "Mozlila/5.0 (Linux; Android 7.0; SM-G892A Bulid/NRD90M; wv) AppleWebKit/537.36 (KHTML, like Gecko) Version/4.0 Chrome/60.0.3112.107 Moblie Safari/537.36"
169.58.198.243 - - [09/Sep/2026:16:09:42 +0200] "GET /wp-content/themes/jaida/lang.php HTTP/1.1" 404 36589 "www.google.com" "Mozlila/5.0 (Linux; Android 7.0; SM-G892A Bulid/NRD90M; wv) AppleWebKit/537.36 (KHTML, like Gecko) Version/4.0 Chrome/60.0.3112.107 Moblie Safari/537.36"
188.166.243.123 - - [09/Sep/2026:16:09:45 +0200] "GET /cgi-bin/cgi-bin/cgi-bin/cgi-bin/cache.php HTTP/1.1" 404 36629 "www.google.com" "Mozlila/5.0 (Linux; Android 7.0; SM-G892A Bulid/NRD90M; wv) AppleWebKit/537.36 (KHTML, like Gecko) Version/4.0 Chrome/60.0.3112.107 Moblie Safari/537.36"
188.166.243.123 - - [09/Sep/2026:16:09:51 +0200] "GET //images/images/images/images/images/images/images/images/cache.php HTTP/1.1" 301 - "www.google.com" "Mozlila/5.0 (Linux; Android 7.0; SM-G892A Bulid/NRD90M; wv) AppleWebKit/537.36 (KHTML, like Gecko) Version/4.0 Chrome/60.0.3112.107 Moblie Safari/537.36"
188.166.243.123 - - [09/Sep/2026:16:09:55 +0200] "GET /images/images/images/images/images/images/images/images/cache.php HTTP/1.1" 404 36741 "www.google.com" "Mozlila/5.0 (Linux; Android 7.0; SM-G892A Bulid/NRD90M; wv) AppleWebKit/537.36 (KHTML, like Gecko) Version/4.0 Chrome/60.0.3112.107 Moblie Safari/537.36"
185.43.220.19 - - [09/Sep/2026:16:10:18 +0200] "POST /wp-cron.php?doing_wp_cron=1788963018.7322070598602294921875 HTTP/1.1" 200 - "-" "WordPress/6.9.4; http://melbet.su"
188.166.243.123 - - [09/Sep/2026:16:10:14 +0200] "GET //images/images/images/images/images/images/images/cache.php HTTP/1.1" 301 - "www.google.com" "Mozlila/5.0 (Linux; Android 7.0; SM-G892A Bulid/NRD90M; wv) AppleWebKit/537.36 (KHTML, like Gecko) Version/4.0 Chrome/60.0.3112.107 Moblie Safari/537.36"
31.171.101.35 - - [09/Sep/2026:16:10:25 +0200] "GET / HTTP/1.1" 302 - "-" "Mozilla/5.0 (X11; Linux i686; rv:115.0) Gecko/20100101 Firefox/115.0"
188.166.243.123 - - [09/Sep/2026:16:10:19 +0200] "GET /images/images/images/images/images/images/images/cache.php HTTP/1.1" 404 36709 "www.google.com" "Mozlila/5.0 (Linux; Android 7.0; SM-G892A Bulid/NRD90M; wv) AppleWebKit/537.36 (KHTML, like Gecko) Version/4.0 Chrome/60.0.3112.107 Moblie Safari/537.36"
188.166.243.123 - - [09/Sep/2026:16:10:37 +0200] "GET //images/images/images/images/images/images/cache.php HTTP/1.1" 301 - "www.google.com" "Mozlila/5.0 (Linux; Android 7.0; SM-G892A Bulid/NRD90M; wv) AppleWebKit/537.36 (KHTML, like Gecko) Version/4.0 Chrome/60.0.3112.107 Moblie Safari/537.36"
188.166.243.123 - - [09/Sep/2026:16:10:41 +0200] "GET /images/images/images/images/images/images/cache.php HTTP/1.1" 404 36677 "www.google.com" "Mozlila/5.0 (Linux; Android 7.0; SM-G892A Bulid/NRD90M; wv) AppleWebKit/537.36 (KHTML, like Gecko) Version/4.0 Chrome/60.0.3112.107 Moblie Safari/537.36"
188.166.243.123 - - [09/Sep/2026:16:10:54 +0200] "GET //images/images/images/images/images/cache.php HTTP/1.1" 301 - "www.google.com" "Mozlila/5.0 (Linux; Android 7.0; SM-G892A Bulid/NRD90M; wv) AppleWebKit/537.36 (KHTML, like Gecko) Version/4.0 Chrome/60.0.3112.107 Moblie Safari/537.36"
188.166.243.123 - - [09/Sep/2026:16:10:58 +0200] "GET /images/images/images/images/images/cache.php HTTP/1.1" 404 36645 "www.google.com" "Mozlila/5.0 (Linux; Android 7.0; SM-G892A Bulid/NRD90M; wv) AppleWebKit/537.36 (KHTML, like Gecko) Version/4.0 Chrome/60.0.3112.107 Moblie Safari/537.36"
188.166.243.123 - - [09/Sep/2026:16:11:17 +0200] "GET //images/images/images/images/cache.php HTTP/1.1" 404 274 "www.google.com" "Mozlila/5.0 (Linux; Android 7.0; SM-G892A Bulid/NRD90M; wv) AppleWebKit/537.36 (KHTML, like Gecko) Version/4.0 Chrome/60.0.3112.107 Moblie Safari/537.36"
185.43.220.19 - - [09/Sep/2026:16:14:33 +0200] "POST /wp-cron.php?doing_wp_cron=1788963272.9319911003112792968750 HTTP/1.1" 200 - "-" "WordPress/6.9.4; http://melbet.su"
142.111.152.16 - - [09/Sep/2026:16:14:26 +0200] "POST /wp-login.php HTTP/1.1" 200 13937 "-" "Mozilla/5.0 (Windows NT 10.0; Win64; x64) AppleWebKit/537.36 Chrome/129.0.0.0 Safari/537.36"
142.111.152.21 - - [09/Sep/2026:16:14:26 +0200] "POST /wp-login.php HTTP/1.1" 200 13937 "-" "Mozilla/5.0 (Windows NT 10.0; Win64; x64) AppleWebKit/537.36 Chrome/129.0.0.0 Safari/537.36"
34.75.202.90 - - [09/Sep/2026:16:14:46 +0200] "GET /.git/config HTTP/1.1" 404 36497 "-" "Mozilla/5.0 (Windows NT 10.0; Win64; x64) AppleWebKit/537.36 (KHTML, like Gecko) Chrome/128.0.0.0 Safari/537.36"
34.75.202.90 - - [09/Sep/2026:16:14:47 +0200] "GET /.git/config HTTP/1.1" 404 36497 "-" "Mozilla/5.0 (Windows NT 10.0; Win64; x64) AppleWebKit/537.36 (KHTML, like Gecko) Chrome/128.0.0.0 Safari/537.36"
31.171.101.109 - - [09/Sep/2026:16:16:19 +0200] "GET / HTTP/1.1" 302 - "-" "Mozilla/5.0 (Linux; Android 12; SM-X906C Build/QP1A.190711.020; wv) AppleWebKit/537.36 (KHTML, like Gecko) Version/4.0 Chrome/80.0.3987.119 Mobile Safari/537.36"
31.171.101.149 - - [09/Sep/2026:16:18:10 +0200] "GET / HTTP/1.1" 302 - "-" "Mozilla/5.0 (Macintosh; Intel Mac OS X 13.6; rv:109.0) Gecko/20100101 Firefox/118.0"
31.171.100.36 - - [09/Sep/2026:16:18:11 +0200] "GET / HTTP/1.1" 302 - "-" "Mozilla/5.0 (iPhone14,3; U; CPU iPhone OS 15_0 like Mac OS X) AppleWebKit/602.1.50 (KHTML, like Gecko) Version/10.0 Mobile/19A346 Safari/602.1"
185.43.220.19 - - [09/Sep/2026:16:18:56 +0200] "POST /wp-cron.php?doing_wp_cron=1788963535.9493680000305175781250 HTTP/1.1" 200 - "-" "WordPress/6.9.4; http://melbet.su"
94.154.35.236 - - [09/Sep/2026:16:18:51 +0200] "GET /11.zip HTTP/1.1" 404 36473 "-" "Mozilla/5.0 (Windows NT 10.0; Win64; x64) AppleWebKit/537.36 (KHTML, like Gecko) Chrome/101.0.4951.67 Safari/537.36"
216.73.216.26 - - [09/Sep/2026:16:19:57 +0200] "GET /robots.txt HTTP/1.1" 304 - "-" "Mozilla/5.0 AppleWebKit/537.36 (KHTML, like Gecko; compatible; ClaudeBot/1.0; [email protected])"
185.43.220.19 - - [09/Sep/2026:16:20:03 +0200] "POST /wp-cron.php?doing_wp_cron=1788963603.4403059482574462890625 HTTP/1.1" 200 - "-" "WordPress/6.9.4; http://melbet.su"
216.73.216.26 - - [09/Sep/2026:16:19:57 +0200] "GET /index.php/sitemap.xml HTTP/1.1" 200 604 "-" "Mozilla/5.0 AppleWebKit/537.36 (KHTML, like Gecko; compatible; ClaudeBot/1.0; [email protected])"
185.43.220.19 - - [09/Sep/2026:16:21:05 +0200] "POST /wp-cron.php?doing_wp_cron=1788963665.5348329544067382812500 HTTP/1.1" 200 - "-" "WordPress/6.9.4; http://melbet.su"
114.119.139.207 - - [09/Sep/2026:16:20:58 +0200] "GET /kabinet-igroka-melbet/ HTTP/1.1" 200 59298 "http://melbet.su/" "Mozilla/5.0 (Linux; Android 7.0;) AppleWebKit/537.36 (HTML, like Gecko) Mobile Safari/537.36 (compatible; PetalBot;+https://webmaster.petalsearch.com/site/petalbot)"
173.254.29.175 - - [09/Sep/2026:16:21:02 +0200] "GET /wp-login.php HTTP/1.1" 200 13444 "-" "Mozilla/5.0 (X11; Linux x86_64) AppleWebKit/537.36 (KHTML, like Gecko) Chrome/148.0.0.0 Safari/537.36"
173.254.29.175 - - [09/Sep/2026:16:21:11 +0200] "POST /wp-login.php HTTP/1.1" 200 13954 "https://melbet.su/wp-login.php" "Mozilla/5.0 (X11; Linux x86_64) AppleWebKit/537.36 (KHTML, like Gecko) Chrome/148.0.0.0 Safari/537.36"
142.111.152.119 - - [09/Sep/2026:16:25:24 +0200] "POST /wp-login.php HTTP/1.1" 503 - "-" "Mozilla/5.0 (Windows NT 10.0; Win64; rv:143.0) Gecko/20100101 Firefox/143.0"
185.43.220.19 - - [09/Sep/2026:16:25:41 +0200] "POST /wp-cron.php?doing_wp_cron=1788963941.0366160869598388671875 HTTP/1.1" 200 - "-" "WordPress/6.9.4; http://melbet.su"
155.2.215.19 - - [09/Sep/2026:16:25:24 +0200] "POST /wp-login.php HTTP/1.1" 302 - "-" "Mozilla/5.0 (Windows NT 10.0; Win64; x64) AppleWebKit/537.36 Chrome/129.0.0.0 Safari/537.36"
47.79.16.197 - - [09/Sep/2026:16:26:06 +0200] "POST /wp-admin/admin-ajax.php HTTP/1.1" 400 1 "-" "Mozilla/5.0 (Windows NT 10.0; Win64; x64) AppleWebKit/537.36 (KHTML, like Gecko) Chrome/131.0.0.0 Safari/537.36"
47.79.16.197 - - [09/Sep/2026:16:26:12 +0200] "POST /wp-admin/admin-ajax.php HTTP/1.1" 400 1 "-" "Mozilla/5.0 (Windows NT 10.0; Win64; x64) AppleWebKit/537.36 (KHTML, like Gecko) Chrome/131.0.0.0 Safari/537.36"
185.43.220.19 - - [09/Sep/2026:16:26:40 +0200] "POST /wp-cron.php?doing_wp_cron=1788964000.7322061061859130859375 HTTP/1.1" 200 - "-" "WordPress/6.9.4; http://melbet.su"
162.241.244.118 - - [09/Sep/2026:16:26:33 +0200] "GET /wp-login.php HTTP/1.1" 200 13444 "-" "Mozilla/5.0 (Macintosh; Intel Mac OS X 10_15_7) AppleWebKit/537.36 (KHTML, like Gecko) Chrome/148.0.0.0 Safari/537.36"
162.241.244.118 - - [09/Sep/2026:16:26:41 +0200] "POST /wp-login.php HTTP/1.1" 200 13954 "https://melbet.su/wp-login.php" "Mozilla/5.0 (Macintosh; Intel Mac OS X 10_15_7) AppleWebKit/537.36 (KHTML, like Gecko) Chrome/148.0.0.0 Safari/537.36"
162.241.244.118 - - [09/Sep/2026:16:26:48 +0200] "GET /wp-json/wp/v2/users/me HTTP/1.1" 401 163 "-" "Mozilla/5.0 (Macintosh; Intel Mac OS X 10_15_7) AppleWebKit/537.36 (KHTML, like Gecko) Chrome/148.0.0.0 Safari/537.36"
31.171.100.31 - - [09/Sep/2026:16:31:20 +0200] "GET / HTTP/1.1" 302 - "-" "Mozilla/5.0 (Linux; Android 12; SM-X906C Build/QP1A.190711.020; wv) AppleWebKit/537.36 (KHTML, like Gecko) Version/4.0 Chrome/80.0.3987.119 Mobile Safari/537.36"
31.171.100.200 - - [09/Sep/2026:16:33:29 +0200] "GET / HTTP/1.1" 302 - "-" "Mozilla/5.0 (X11; Fedora; Linux x86_64; rv:115.0) Gecko/20100101 Firefox/115.0"
185.43.220.19 - - [09/Sep/2026:16:36:26 +0200] "POST /wp-cron.php?doing_wp_cron=1788964586.7329840660095214843750 HTTP/1.1" 200 - "-" "WordPress/6.9.4; http://melbet.su"
155.2.215.28 - - [09/Sep/2026:16:36:23 +0200] "POST /wp-login.php HTTP/1.1" 200 13937 "-" "Mozilla/5.0 (Macintosh; Intel Mac OS X 10_15_7) AppleWebKit/605.1.15 Version/17.0 Safari/605.1.15"
185.43.220.19 - - [09/Sep/2026:16:36:27 +0200] "POST /wp-cron.php?doing_wp_cron=1788964587.0445039272308349609375 HTTP/1.1" 200 - "-" "WordPress/6.9.4; http://melbet.su"
142.111.152.215 - - [09/Sep/2026:16:36:24 +0200] "POST /wp-login.php HTTP/1.1" 200 13937 "-" "Mozilla/5.0 (Macintosh; Intel Mac OS X 10_15_7) AppleWebKit/605.1.15 Version/17.0 Safari/605.1.15"
20.205.45.36 - - [09/Sep/2026:16:37:22 +0200] "GET / HTTP/1.1" 302 - "-" "Mozilla/5.0 (Windows NT 10.0; Win64; x64) AppleWebKit/537.36 (KHTML, like Gecko) Chrome/120.0.0.0 Safari/537.36"
185.43.220.19 - - [09/Sep/2026:16:40:05 +0200] "POST /wp-cron.php?doing_wp_cron=1788964805.5318460464477539062500 HTTP/1.1" 200 - "-" "WordPress/6.9.4; http://melbet.su"
45.12.3.104 - - [09/Sep/2026:16:40:03 +0200] "GET //images/images/cache.php HTTP/1.1" 301 - "-" "Mozilla/5.0 (Windows NT 10.0; Win64; x64; rv:81.0) Gecko/20100101 Firefox/81.0"
114.119.137.237 - - [09/Sep/2026:16:40:08 +0200] "GET /stavki-melbet HTTP/1.1" 301 - "http://melbet.su/stavki-na-nhl" "Mozilla/5.0 (Linux; Android 7.0;) AppleWebKit/537.36 (HTML, like Gecko) Mobile Safari/537.36 (compatible; PetalBot;+https://webmaster.petalsearch.com/site/petalbot)"
185.43.220.19 - - [09/Sep/2026:16:40:18 +0200] "POST /wp-cron.php?doing_wp_cron=1788964818.4336149692535400390625 HTTP/1.1" 200 - "-" "WordPress/6.9.4; http://melbet.su"
114.119.137.237 - - [09/Sep/2026:16:40:12 +0200] "GET /stavki-melbet/ HTTP/1.1" 200 56733 "http://melbet.su/stavki-na-nhl" "Mozilla/5.0 (Linux; Android 7.0;) AppleWebKit/537.36 (HTML, like Gecko) Mobile Safari/537.36 (compatible; PetalBot;+https://webmaster.petalsearch.com/site/petalbot)"
114.119.137.237 - - [09/Sep/2026:16:41:31 +0200] "GET /ekspress-stavki-v-melbet HTTP/1.1" 503 468 "http://melbet.su/stavki-na-nhl" "Mozilla/5.0 (Linux; Android 7.0;) AppleWebKit/537.36 (HTML, like Gecko) Mobile Safari/537.36 (compatible; PetalBot;+https://webmaster.petalsearch.com/site/petalbot)"
2a02:27ac::2e4 - - [09/Sep/2026:16:43:22 +0200] "GET / HTTP/1.1" 302 - "-" "Mozilla/5.0 (X11; Linux x86_64; rv:134.0) Gecko/20100101 Firefox/134.0 antizapret.prostovpn.org anti-censorship tester"
2a02:27ac::2e4 - - [09/Sep/2026:16:43:23 +0200] "GET / HTTP/1.1" 302 - "-" "Mozilla/5.0 (X11; Linux x86_64; rv:134.0) Gecko/20100101 Firefox/134.0 antizapret.prostovpn.org anti-censorship tester"
185.43.220.19 - - [09/Sep/2026:16:45:15 +0200] "POST /wp-cron.php?doing_wp_cron=1788965115.7313740253448486328125 HTTP/1.1" 200 - "-" "WordPress/6.9.4; http://melbet.su"
162.241.203.67 - - [09/Sep/2026:16:45:07 +0200] "GET /wp-login.php HTTP/1.1" 200 13444 "-" "Mozilla/5.0 (Macintosh; Intel Mac OS X 10_15_7) AppleWebKit/537.36 (KHTML, like Gecko) Chrome/150.0.0.0 Safari/537.36"
162.241.203.67 - - [09/Sep/2026:16:45:16 +0200] "POST /wp-login.php HTTP/1.1" 200 13954 "https://melbet.su/wp-login.php" "Mozilla/5.0 (Macintosh; Intel Mac OS X 10_15_7) AppleWebKit/537.36 (KHTML, like Gecko) Chrome/150.0.0.0 Safari/537.36"
162.241.203.67 - - [09/Sep/2026:16:45:22 +0200] "GET /wp-json/wp/v2/users/me HTTP/1.1" 401 163 "-" "Mozilla/5.0 (Macintosh; Intel Mac OS X 10_15_7) AppleWebKit/537.36 (KHTML, like Gecko) Chrome/150.0.0.0 Safari/537.36"
31.171.100.142 - - [09/Sep/2026:16:45:44 +0200] "GET / HTTP/1.1" 302 - "-" "Mozilla/5.0 (iPhone; CPU iPhone OS 12_0 like Mac OS X) AppleWebKit/605.1.15 (KHTML, like Gecko) Version/12.0 Mobile/15E148 Safari/604.1"
185.43.220.19 - - [09/Sep/2026:16:47:42 +0200] "POST /wp-cron.php?doing_wp_cron=1788965262.3465700149536132812500 HTTP/1.1" 200 - "-" "WordPress/6.9.4; http://melbet.su"
155.2.215.24 - - [09/Sep/2026:16:47:39 +0200] "POST /wp-login.php HTTP/1.1" 200 13937 "-" "Mozilla/5.0 (Windows NT 10.0; Win64; x64) AppleWebKit/537.36 Chrome/129.0.0.0 Safari/537.36"
185.43.220.19 - - [09/Sep/2026:16:47:43 +0200] "POST /wp-cron.php?doing_wp_cron=1788965262.8425478935241699218750 HTTP/1.1" 200 - "-" "WordPress/6.9.4; http://melbet.su"
142.111.152.28 - - [09/Sep/2026:16:47:40 +0200] "POST /wp-login.php HTTP/1.1" 200 13937 "-" "Mozilla/5.0 (Windows NT 10.0; Win64; x64) AppleWebKit/537.36 Chrome/129.0.0.0 Safari/537.36"
94.154.35.236 - - [09/Sep/2026:16:47:46 +0200] "GET /111.zip HTTP/1.1" 404 36477 "-" "Mozilla/5.0 (Windows NT 10.0; Win64; x64) AppleWebKit/537.36 (KHTML, like Gecko) Chrome/101.0.4951.67 Safari/537.36"
185.43.220.19 - - [09/Sep/2026:16:52:01 +0200] "POST /wp-cron.php?doing_wp_cron=1788965521.5129408836364746093750 HTTP/1.1" 200 - "-" "WordPress/6.9.4; http://melbet.su"
178.120.51.155 - - [09/Sep/2026:16:52:00 +0200] "GET /wp-login.php HTTP/1.1" 200 13444 "-" "Mozilla/5.0 (Windows NT 10.0; Win64; x64) AppleWebKit/537.36 (KHTML, like Gecko) Chrome/151.0.0.0 Safari/537.36"
178.120.51.155 - - [09/Sep/2026:16:52:02 +0200] "POST /wp-login.php HTTP/1.1" 200 13936 "https://melbet.su/wp-login.php" "Mozilla/5.0 (Windows NT 10.0; Win64; x64) AppleWebKit/537.36 (KHTML, like Gecko) Chrome/151.0.0.0 Safari/537.36"
31.171.101.207 - - [09/Sep/2026:16:52:57 +0200] "GET / HTTP/1.1" 302 - "-" "Mozilla/5.0 (Windows NT 10.0; Win64; x64; rv:109.0) Gecko/20100101 Firefox/118.0"
205.210.31.3 - - [09/Sep/2026:16:55:12 +0200] "GET / HTTP/1.1" 302 - "-" "Hello from Palo Alto Networks, find out more about our scans in https://docs-cortex.paloaltonetworks.com/r/1/Cortex-Xpanse/Scanning-activity"
185.43.220.19 - - [09/Sep/2026:16:59:03 +0200] "POST /wp-cron.php?doing_wp_cron=1788965943.6357591152191162109375 HTTP/1.1" 200 - "-" "WordPress/6.9.4; http://melbet.su"
142.111.152.130 - - [09/Sep/2026:16:58:59 +0200] "POST /wp-login.php HTTP/1.1" 200 13937 "-" "Mozilla/5.0 (Windows NT 10.0; Win64; rv:143.0) Gecko/20100101 Firefox/143.0"
142.111.152.116 - - [09/Sep/2026:16:58:59 +0200] "POST /wp-login.php HTTP/1.1" 200 13937 "-" "Mozilla/5.0 (Windows NT 10.0; Win64; rv:143.0) Gecko/20100101 Firefox/143.0"
31.171.100.128 - - [09/Sep/2026:17:00:17 +0200] "GET / HTTP/1.1" 302 - "-" "Mozilla/5.0 (iPhone; CPU iPhone OS 13_6 like Mac OS X) AppleWebKit/605.1.15 (KHTML, like Gecko) FxiOS/118.0 Mobile/15E148 Safari/605.1.15"
212.83.174.154 - - [09/Sep/2026:17:00:24 +0200] "HEAD / HTTP/1.1" 302 - "-" "Mozilla/5.0 (compatible; PingAdmin.Ru/1.1; +http://pingadmin.ru/)"
185.43.220.19 - - [09/Sep/2026:17:07:04 +0200] "POST /wp-cron.php?doing_wp_cron=1788966424.4512300491333007812500 HTTP/1.1" 200 - "-" "WordPress/6.9.4; http://melbet.su"
34.31.203.120 - - [09/Sep/2026:17:07:02 +0200] "HEAD /kontaktyi HTTP/1.1" 301 - "-" "Mozilla/5.0 AppleWebKit/537.36 (KHTML, like Gecko); compatible; ShapBot/0.1.0"
34.31.203.120 - - [09/Sep/2026:17:07:04 +0200] "GET /kontaktyi HTTP/1.1" 301 - "-" "Mozilla/5.0 AppleWebKit/537.36 (KHTML, like Gecko); compatible; ShapBot/0.1.0"
185.43.220.19 - - [09/Sep/2026:17:10:07 +0200] "POST /wp-cron.php?doing_wp_cron=1788966606.8437149524688720703125 HTTP/1.1" 200 - "-" "WordPress/6.9.4; http://melbet.su"
142.111.152.112 - - [09/Sep/2026:17:10:05 +0200] "POST /wp-login.php HTTP/1.1" 200 13937 "-" "Mozilla/5.0 (Windows NT 10.0; Win64; rv:143.0) Gecko/20100101 Firefox/143.0"
142.111.152.120 - - [09/Sep/2026:17:10:05 +0200] "POST /wp-login.php HTTP/1.1" 200 13937 "-" "Mozilla/5.0 (Windows NT 10.0; Win64; rv:143.0) Gecko/20100101 Firefox/143.0"
31.171.101.34 - - [09/Sep/2026:17:15:44 +0200] "GET / HTTP/1.1" 302 - "-" "Mozilla/5.0 (X11; Linux i686; rv:115.0) Gecko/20100101 Firefox/115.0"
185.43.220.19 - - [09/Sep/2026:17:15:49 +0200] "POST /wp-cron.php?doing_wp_cron=1788966949.9001660346984863281250 HTTP/1.1" 200 - "-" "WordPress/6.9.4; http://melbet.su"
94.154.35.236 - - [09/Sep/2026:17:15:48 +0200] "GET /1111.zip HTTP/1.1" 404 36481 "-" "Mozilla/5.0 (Windows NT 10.0; Win64; x64) AppleWebKit/537.36 (KHTML, like Gecko) Chrome/101.0.4951.67 Safari/537.36"
31.171.100.231 - - [09/Sep/2026:17:19:09 +0200] "GET / HTTP/1.1" 302 - "-" "Mozilla/5.0 (X11; Linux x86_64; rv:109.0) Gecko/20100101 Firefox/118.0"
185.43.220.19 - - [09/Sep/2026:17:19:15 +0200] "GET /.well-known/acme-challenge/W92R-YZG1DCBC1CNFW2ZHCWVA1XZ1PU9 HTTP/1.1" 200 64 "-" "Cpanel-HTTP-Client/1.0"
185.43.220.19 - - [09/Sep/2026:17:19:16 +0200] "GET /.well-known/acme-challenge/7I7REHS1JU5PHZT61L0PVZCUI1Y0RR44 HTTP/1.1" 200 64 "-" "Cpanel-HTTP-Client/1.0"
185.43.220.19 - - [09/Sep/2026:17:19:16 +0200] "GET /.well-known/acme-challenge/7NBBUJMM0F-E4EJ4D23KD1Y6IE1BTXFS HTTP/1.1" 200 64 "-" "Cpanel-HTTP-Client/1.0"
185.43.220.19 - - [09/Sep/2026:17:19:16 +0200] "GET /.well-known/acme-challenge/9256BPI3D0XU7M19KOJRPLUDEEVYKWD- HTTP/1.1" 200 64 "-" "Cpanel-HTTP-Client/1.0"
31.171.101.155 - - [09/Sep/2026:17:19:25 +0200] "GET / HTTP/1.1" 302 - "-" "Mozilla/5.0 (Linux x86_64; rv:115.0) Gecko/20100101 Firefox/115.0"
31.171.101.126 - - [09/Sep/2026:17:21:04 +0200] "GET / HTTP/1.1" 302 - "-" "Mozilla/5.0 (iPhone; CPU iPhone OS 13_6 like Mac OS X) AppleWebKit/605.1.15 (KHTML, like Gecko) FxiOS/118.0 Mobile/15E148 Safari/605.1.15"
185.43.220.19 - - [09/Sep/2026:17:21:18 +0200] "POST /wp-cron.php?doing_wp_cron=1788967278.2318310737609863281250 HTTP/1.1" 200 - "-" "WordPress/6.9.4; http://melbet.su"
142.111.152.16 - - [09/Sep/2026:17:21:13 +0200] "POST /wp-login.php HTTP/1.1" 200 13937 "-" "Mozilla/5.0 (Windows NT 10.0; Win64; x64) AppleWebKit/537.36 Chrome/129.0.0.0 Safari/537.36"
142.111.152.113 - - [09/Sep/2026:17:21:13 +0200] "POST /wp-login.php HTTP/1.1" 200 13937 "-" "Mozilla/5.0 (Windows NT 10.0; Win64; x64) AppleWebKit/537.36 Chrome/129.0.0.0 Safari/537.36"
31.171.100.188 - - [09/Sep/2026:17:30:01 +0200] "GET / HTTP/1.1" 302 - "-" "Mozilla/5.0 (Macintosh; Intel Mac OS X 13.6; rv:109.0) Gecko/20100101 Firefox/118.0"
185.43.220.19 - - [09/Sep/2026:17:32:40 +0200] "POST /wp-cron.php?doing_wp_cron=1788967960.5454220771789550781250 HTTP/1.1" 200 - "-" "WordPress/6.9.4; http://melbet.su"
142.111.152.18 - - [09/Sep/2026:17:32:38 +0200] "POST /wp-login.php HTTP/1.1" 200 13937 "-" "Mozilla/5.0 (Windows NT 10.0; Win64; rv:143.0) Gecko/20100101 Firefox/143.0"
185.43.220.19 - - [09/Sep/2026:17:32:41 +0200] "POST /wp-cron.php?doing_wp_cron=1788967961.5419619083404541015625 HTTP/1.1" 200 - "-" "WordPress/6.9.4; http://melbet.su"
142.111.152.21 - - [09/Sep/2026:17:32:38 +0200] "POST /wp-login.php HTTP/1.1" 200 13937 "-" "Mozilla/5.0 (Windows NT 10.0; Win64; x64) AppleWebKit/537.36 Chrome/129.0.0.0 Safari/537.36"
185.43.220.19 - - [09/Sep/2026:17:33:25 +0200] "POST /wp-cron.php?doing_wp_cron=1788968004.8441429138183593750000 HTTP/1.1" 200 - "-" "WordPress/6.9.4; http://melbet.su"
183.83.172.107 - - [09/Sep/2026:17:33:22 +0200] "POST /xmlrpc.php HTTP/1.1" 200 441 "-" "Jetpack by WordPress.com (Jetpack 12.1; WordPress 6.3)"
183.83.172.107 - - [09/Sep/2026:17:33:32 +0200] "POST /xmlrpc.php HTTP/1.1" 200 441 "-" "Jetpack by WordPress.com"
183.83.172.107 - - [09/Sep/2026:17:33:43 +0200] "POST /xmlrpc.php HTTP/1.1" 200 441 "-" "WordPress.com; https://wordpress.com"
183.83.172.107 - - [09/Sep/2026:17:33:53 +0200] "POST /xmlrpc.php HTTP/1.1" 200 441 "-" "WordPress.com; https://wordpress.com"
183.83.172.107 - - [09/Sep/2026:17:34:04 +0200] "POST /xmlrpc.php HTTP/1.1" 200 441 "-" "Jetpack by WordPress.com"
183.83.172.107 - - [09/Sep/2026:17:34:15 +0200] "POST /xmlrpc.php HTTP/1.1" 200 441 "-" "Jetpack/12.1; WordPress/6.1; http://site53203946.com"
185.43.220.19 - - [09/Sep/2026:17:34:28 +0200] "POST /wp-cron.php?doing_wp_cron=1788968068.5278809070587158203125 HTTP/1.1" 200 - "-" "WordPress/6.9.4; http://melbet.su"
183.83.172.107 - - [09/Sep/2026:17:34:25 +0200] "POST /xmlrpc.php HTTP/1.1" 200 441 "-" "Jetpack by WordPress.com (Jetpack 12.5; WordPress 6.4)"
183.83.172.107 - - [09/Sep/2026:17:34:36 +0200] "POST /xmlrpc.php HTTP/1.1" 200 441 "-" "WordPress.com; https://wordpress.com"
183.83.172.107 - - [09/Sep/2026:17:34:46 +0200] "POST /xmlrpc.php HTTP/1.1" 200 441 "-" "WordPress.com; https://wordpress.com"
183.83.172.107 - - [09/Sep/2026:17:34:57 +0200] "POST /xmlrpc.php HTTP/1.1" 200 441 "-" "Jetpack by WordPress.com (Jetpack 12.1; WordPress 6.4)"
183.83.172.107 - - [09/Sep/2026:17:35:08 +0200] "POST /xmlrpc.php HTTP/1.1" 200 441 "-" "Jetpack by WordPress.com (Jetpack 12.0; WordPress 6.2)"
185.43.220.19 - - [09/Sep/2026:17:35:20 +0200] "POST /wp-cron.php?doing_wp_cron=1788968120.5490438938140869140625 HTTP/1.1" 200 - "-" "WordPress/6.9.4; http://melbet.su"
183.83.172.107 - - [09/Sep/2026:17:35:18 +0200] "POST /xmlrpc.php HTTP/1.1" 200 441 "-" "WordPress.com; https://wordpress.com"
183.83.172.107 - - [09/Sep/2026:17:35:29 +0200] "POST /xmlrpc.php HTTP/1.1" 200 441 "-" "Jetpack by WordPress.com (Jetpack 12.5; WordPress 6.4)"
183.83.172.107 - - [09/Sep/2026:17:35:40 +0200] "POST /xmlrpc.php HTTP/1.1" 200 441 "-" "Jetpack by WordPress.com (Jetpack 12.1; WordPress 6.3)"
183.83.172.107 - - [09/Sep/2026:17:35:50 +0200] "POST /xmlrpc.php HTTP/1.1" 200 441 "-" "WordPress.com; https://wordpress.com"
183.83.172.107 - - [09/Sep/2026:17:36:01 +0200] "POST /xmlrpc.php HTTP/1.1" 200 441 "-" "Jetpack by WordPress.com (Jetpack 12.0; WordPress 6.3)"
183.83.172.107 - - [09/Sep/2026:17:36:12 +0200] "POST /xmlrpc.php HTTP/1.1" 200 441 "-" "Jetpack by WordPress.com (Jetpack 12.5; WordPress 6.1)"
185.43.220.19 - - [09/Sep/2026:17:36:24 +0200] "POST /wp-cron.php?doing_wp_cron=1788968184.5250871181488037109375 HTTP/1.1" 200 - "-" "WordPress/6.9.4; http://melbet.su"
183.83.172.107 - - [09/Sep/2026:17:36:22 +0200] "POST /xmlrpc.php HTTP/1.1" 200 441 "-" "Jetpack by WordPress.com"
183.83.172.107 - - [09/Sep/2026:17:36:33 +0200] "POST /xmlrpc.php HTTP/1.1" 200 441 "-" "Jetpack/12.1; WordPress/6.2; http://site44367281.com"
183.83.172.107 - - [09/Sep/2026:17:36:43 +0200] "POST /xmlrpc.php HTTP/1.1" 200 441 "-" "Jetpack by WordPress.com (Jetpack 13.0; WordPress 6.3)"
183.83.172.107 - - [09/Sep/2026:17:36:54 +0200] "POST /xmlrpc.php HTTP/1.1" 200 441 "-" "Jetpack by WordPress.com (Jetpack 12.5; WordPress 6.1)"
183.83.172.107 - - [09/Sep/2026:17:37:05 +0200] "POST /xmlrpc.php HTTP/1.1" 200 441 "-" "Jetpack by WordPress.com"
183.83.172.107 - - [09/Sep/2026:17:37:15 +0200] "POST /xmlrpc.php HTTP/1.1" 200 441 "-" "Jetpack by WordPress.com"
185.43.220.19 - - [09/Sep/2026:17:37:28 +0200] "POST /wp-cron.php?doing_wp_cron=1788968248.5638151168823242187500 HTTP/1.1" 200 - "-" "WordPress/6.9.4; http://melbet.su"
183.83.172.107 - - [09/Sep/2026:17:37:26 +0200] "POST /xmlrpc.php HTTP/1.1" 200 441 "-" "Jetpack by WordPress.com (Jetpack 12.5; WordPress 6.3)"
183.83.172.107 - - [09/Sep/2026:17:37:37 +0200] "POST /xmlrpc.php HTTP/1.1" 200 441 "-" "WordPress.com; https://wordpress.com"
183.83.172.107 - - [09/Sep/2026:17:37:47 +0200] "POST /xmlrpc.php HTTP/1.1" 200 441 "-" "Jetpack/12.0; WordPress/6.4; http://site59177880.com"
183.83.172.107 - - [09/Sep/2026:17:37:58 +0200] "POST /xmlrpc.php HTTP/1.1" 200 441 "-" "Jetpack by WordPress.com"
183.83.172.107 - - [09/Sep/2026:17:38:08 +0200] "POST /xmlrpc.php HTTP/1.1" 200 441 "-" "Jetpack/12.1; WordPress/6.1; http://site48472398.com"
185.43.220.19 - - [09/Sep/2026:17:38:20 +0200] "POST /wp-cron.php?doing_wp_cron=1788968300.3372979164123535156250 HTTP/1.1" 200 - "-" "WordPress/6.9.4; http://melbet.su"
183.83.172.107 - - [09/Sep/2026:17:38:19 +0200] "POST /xmlrpc.php HTTP/1.1" 200 441 "-" "Jetpack/13.0; WordPress/6.3; http://site24595528.com"
183.83.172.107 - - [09/Sep/2026:17:38:30 +0200] "POST /xmlrpc.php HTTP/1.1" 200 441 "-" "Jetpack/13.0; WordPress/6.1; http://site48754819.com"
183.83.172.107 - - [09/Sep/2026:17:38:40 +0200] "POST /xmlrpc.php HTTP/1.1" 200 441 "-" "WordPress.com; https://wordpress.com"
183.83.172.107 - - [09/Sep/2026:17:38:51 +0200] "POST /xmlrpc.php HTTP/1.1" 200 441 "-" "WordPress.com; https://wordpress.com"
183.83.172.107 - - [09/Sep/2026:17:39:02 +0200] "POST /xmlrpc.php HTTP/1.1" 200 441 "-" "WordPress.com; https://wordpress.com"
183.83.172.107 - - [09/Sep/2026:17:39:12 +0200] "POST /xmlrpc.php HTTP/1.1" 200 441 "-" "Jetpack by WordPress.com (Jetpack 13.0; WordPress 6.2)"
185.43.220.19 - - [09/Sep/2026:17:39:26 +0200] "POST /wp-cron.php?doing_wp_cron=1788968366.7411189079284667968750 HTTP/1.1" 200 - "-" "WordPress/6.9.4; http://melbet.su"
183.83.172.107 - - [09/Sep/2026:17:39:23 +0200] "POST /xmlrpc.php HTTP/1.1" 200 441 "-" "Jetpack/12.0; WordPress/6.4; http://site46875192.com"
183.83.172.107 - - [09/Sep/2026:17:39:34 +0200] "POST /xmlrpc.php HTTP/1.1" 200 441 "-" "Jetpack/12.5; WordPress/6.4; http://site64058705.com"
183.83.172.107 - - [09/Sep/2026:17:39:44 +0200] "POST /xmlrpc.php HTTP/1.1" 200 441 "-" "Jetpack/13.0; WordPress/6.2; http://site48291951.com"
183.83.172.107 - - [09/Sep/2026:17:39:55 +0200] "POST /xmlrpc.php HTTP/1.1" 200 441 "-" "WordPress.com; https://wordpress.com"
183.83.172.107 - - [09/Sep/2026:17:40:06 +0200] "POST /xmlrpc.php HTTP/1.1" 200 441 "-" "WordPress.com; https://wordpress.com"
183.83.172.107 - - [09/Sep/2026:17:40:16 +0200] "POST /xmlrpc.php HTTP/1.1" 200 441 "-" "WordPress.com; https://wordpress.com"
185.43.220.19 - - [09/Sep/2026:17:40:29 +0200] "POST /wp-cron.php?doing_wp_cron=1788968429.4635119438171386718750 HTTP/1.1" 200 - "-" "WordPress/6.9.4; http://melbet.su"
183.83.172.107 - - [09/Sep/2026:17:40:27 +0200] "POST /xmlrpc.php HTTP/1.1" 200 441 "-" "Jetpack by WordPress.com (Jetpack 12.5; WordPress 6.2)"
183.83.172.107 - - [09/Sep/2026:17:40:38 +0200] "POST /xmlrpc.php HTTP/1.1" 200 441 "-" "WordPress.com; https://wordpress.com"
183.83.172.107 - - [09/Sep/2026:17:40:48 +0200] "POST /xmlrpc.php HTTP/1.1" 200 441 "-" "Jetpack/12.5; WordPress/6.4; http://site89191648.com"
183.83.172.107 - - [09/Sep/2026:17:40:59 +0200] "POST /xmlrpc.php HTTP/1.1" 200 441 "-" "Jetpack/12.5; WordPress/6.1; http://site99928250.com"
183.83.172.107 - - [09/Sep/2026:17:41:10 +0200] "POST /xmlrpc.php HTTP/1.1" 200 441 "-" "Jetpack by WordPress.com"
185.43.220.19 - - [09/Sep/2026:17:41:22 +0200] "POST /wp-cron.php?doing_wp_cron=1788968482.5377988815307617187500 HTTP/1.1" 200 - "-" "WordPress/6.9.4; http://melbet.su"
183.83.172.107 - - [09/Sep/2026:17:41:20 +0200] "POST /xmlrpc.php HTTP/1.1" 200 441 "-" "WordPress.com; https://wordpress.com"
183.83.172.107 - - [09/Sep/2026:17:41:31 +0200] "POST /xmlrpc.php HTTP/1.1" 200 441 "-" "Jetpack/13.0; WordPress/6.2; http://site59181036.com"
183.83.172.107 - - [09/Sep/2026:17:41:41 +0200] "POST /xmlrpc.php HTTP/1.1" 200 441 "-" "Jetpack by WordPress.com"
183.83.172.107 - - [09/Sep/2026:17:41:52 +0200] "POST /xmlrpc.php HTTP/1.1" 200 441 "-" "Jetpack by WordPress.com (Jetpack 13.0; WordPress 6.1)"
183.83.172.107 - - [09/Sep/2026:17:42:03 +0200] "POST /xmlrpc.php HTTP/1.1" 200 441 "-" "Jetpack by WordPress.com"
183.83.172.107 - - [09/Sep/2026:17:42:13 +0200] "POST /xmlrpc.php HTTP/1.1" 200 441 "-" "WordPress.com; https://wordpress.com"
185.43.220.19 - - [09/Sep/2026:17:42:28 +0200] "POST /wp-cron.php?doing_wp_cron=1788968547.8361070156097412109375 HTTP/1.1" 200 - "-" "WordPress/6.9.4; http://melbet.su"
183.83.172.107 - - [09/Sep/2026:17:42:24 +0200] "POST /xmlrpc.php HTTP/1.1" 200 441 "-" "Jetpack by WordPress.com (Jetpack 13.0; WordPress 6.1)"
183.83.172.107 - - [09/Sep/2026:17:42:35 +0200] "POST /xmlrpc.php HTTP/1.1" 200 441 "-" "Jetpack/12.1; WordPress/6.4; http://site51974976.com"
183.83.172.107 - - [09/Sep/2026:17:42:45 +0200] "POST /xmlrpc.php HTTP/1.1" 200 441 "-" "Jetpack by WordPress.com"
31.171.100.153 - - [09/Sep/2026:17:42:51 +0200] "GET / HTTP/1.1" 302 - "-" "Mozilla/5.0 (X11; Linux x86_64; rv:10.0) Gecko/20100101 Firefox/10.0"
183.83.172.107 - - [09/Sep/2026:17:42:56 +0200] "POST /xmlrpc.php HTTP/1.1" 200 441 "-" "WordPress.com; https://wordpress.com"
183.83.172.107 - - [09/Sep/2026:17:43:06 +0200] "POST /xmlrpc.php HTTP/1.1" 200 441 "-" "Jetpack by WordPress.com"
94.154.35.236 - - [09/Sep/2026:17:43:11 +0200] "GET /11111.zip HTTP/1.1" 404 36485 "-" "Mozilla/5.0 (Windows NT 10.0; Win64; x64) AppleWebKit/537.36 (KHTML, like Gecko) Chrome/101.0.4951.67 Safari/537.36"
185.43.220.19 - - [09/Sep/2026:17:43:18 +0200] "POST /wp-cron.php?doing_wp_cron=1788968598.3636128902435302734375 HTTP/1.1" 200 - "-" "WordPress/6.9.4; http://melbet.su"
183.83.172.107 - - [09/Sep/2026:17:43:17 +0200] "POST /xmlrpc.php HTTP/1.1" 200 441 "-" "Jetpack/12.1; WordPress/6.1; http://site13329873.com"
183.83.172.107 - - [09/Sep/2026:17:43:28 +0200] "POST /xmlrpc.php HTTP/1.1" 200 441 "-" "Jetpack by WordPress.com (Jetpack 13.0; WordPress 6.2)"
183.83.172.107 - - [09/Sep/2026:17:43:38 +0200] "POST /xmlrpc.php HTTP/1.1" 200 441 "-" "WordPress.com; https://wordpress.com"
142.111.152.215 - - [09/Sep/2026:17:43:39 +0200] "POST /wp-login.php HTTP/1.1" 200 13937 "-" "Mozilla/5.0 (Macintosh; Intel Mac OS X 10_15_7) AppleWebKit/605.1.15 Version/17.0 Safari/605.1.15"
142.111.152.115 - - [09/Sep/2026:17:43:39 +0200] "POST /wp-login.php HTTP/1.1" 200 13937 "-" "Mozilla/5.0 (Windows NT 10.0; Win64; x64) AppleWebKit/537.36 Chrome/129.0.0.0 Safari/537.36"
183.83.172.107 - - [09/Sep/2026:17:43:49 +0200] "POST /xmlrpc.php HTTP/1.1" 200 441 "-" "Jetpack by WordPress.com (Jetpack 12.1; WordPress 6.2)"
183.83.172.107 - - [09/Sep/2026:17:44:00 +0200] "POST /xmlrpc.php HTTP/1.1" 200 441 "-" "Jetpack by WordPress.com (Jetpack 13.0; WordPress 6.3)"
183.83.172.107 - - [09/Sep/2026:17:44:10 +0200] "POST /xmlrpc.php HTTP/1.1" 200 441 "-" "Jetpack by WordPress.com (Jetpack 12.0; WordPress 6.1)"
185.43.220.19 - - [09/Sep/2026:17:44:25 +0200] "POST /wp-cron.php?doing_wp_cron=1788968665.2312738895416259765625 HTTP/1.1" 200 - "-" "WordPress/6.9.4; http://melbet.su"
183.83.172.107 - - [09/Sep/2026:17:44:21 +0200] "POST /xmlrpc.php HTTP/1.1" 200 441 "-" "Jetpack by WordPress.com"
183.83.172.107 - - [09/Sep/2026:17:44:32 +0200] "POST /xmlrpc.php HTTP/1.1" 200 441 "-" "Jetpack by WordPress.com (Jetpack 12.1; WordPress 6.2)"
183.83.172.107 - - [09/Sep/2026:17:44:42 +0200] "POST /xmlrpc.php HTTP/1.1" 200 441 "-" "Jetpack/12.5; WordPress/6.2; http://site45052667.com"
183.83.172.107 - - [09/Sep/2026:17:44:53 +0200] "POST /xmlrpc.php HTTP/1.1" 200 441 "-" "Jetpack by WordPress.com"
183.83.172.107 - - [09/Sep/2026:17:45:04 +0200] "POST /xmlrpc.php HTTP/1.1" 200 441 "-" "WordPress.com; https://wordpress.com"
183.83.172.107 - - [09/Sep/2026:17:45:14 +0200] "POST /xmlrpc.php HTTP/1.1" 200 441 "-" "Jetpack/12.0; WordPress/6.3; http://site20035123.com"
185.43.220.19 - - [09/Sep/2026:17:45:26 +0200] "POST /wp-cron.php?doing_wp_cron=1788968726.2679340839385986328125 HTTP/1.1" 200 - "-" "WordPress/6.9.4; http://melbet.su"
183.83.172.107 - - [09/Sep/2026:17:45:25 +0200] "POST /xmlrpc.php HTTP/1.1" 200 441 "-" "WordPress.com; https://wordpress.com"
183.83.172.107 - - [09/Sep/2026:17:45:36 +0200] "POST /xmlrpc.php HTTP/1.1" 200 441 "-" "Jetpack/12.0; WordPress/6.4; http://site96716972.com"
183.83.172.107 - - [09/Sep/2026:17:45:46 +0200] "POST /xmlrpc.php HTTP/1.1" 200 441 "-" "Jetpack by WordPress.com"
183.83.172.107 - - [09/Sep/2026:17:45:57 +0200] "POST /xmlrpc.php HTTP/1.1" 200 441 "-" "WordPress.com; https://wordpress.com"
183.83.172.107 - - [09/Sep/2026:17:46:08 +0200] "POST /xmlrpc.php HTTP/1.1" 200 441 "-" "WordPress.com; https://wordpress.com"
185.43.220.19 - - [09/Sep/2026:17:46:22 +0200] "POST /wp-cron.php?doing_wp_cron=1788968782.4401810169219970703125 HTTP/1.1" 200 - "-" "WordPress/6.9.4; http://melbet.su"
183.83.172.107 - - [09/Sep/2026:17:46:18 +0200] "POST /xmlrpc.php HTTP/1.1" 200 441 "-" "Jetpack by WordPress.com (Jetpack 12.0; WordPress 6.1)"
183.83.172.107 - - [09/Sep/2026:17:46:29 +0200] "POST /xmlrpc.php HTTP/1.1" 200 441 "-" "WordPress.com; https://wordpress.com"
183.83.172.107 - - [09/Sep/2026:17:46:40 +0200] "POST /xmlrpc.php HTTP/1.1" 200 441 "-" "Jetpack by WordPress.com (Jetpack 13.0; WordPress 6.4)"
183.83.172.107 - - [09/Sep/2026:17:46:51 +0200] "POST /xmlrpc.php HTTP/1.1" 200 441 "-" "Jetpack by WordPress.com (Jetpack 12.0; WordPress 6.4)"
183.83.172.107 - - [09/Sep/2026:17:47:01 +0200] "POST /xmlrpc.php HTTP/1.1" 200 441 "-" "Jetpack by WordPress.com (Jetpack 12.0; WordPress 6.1)"
183.83.172.107 - - [09/Sep/2026:17:47:12 +0200] "POST /xmlrpc.php HTTP/1.1" 200 441 "-" "Jetpack/13.0; WordPress/6.1; http://site45555206.com"
185.43.220.19 - - [09/Sep/2026:17:47:25 +0200] "POST /wp-cron.php?doing_wp_cron=1788968845.1313049793243408203125 HTTP/1.1" 200 - "-" "WordPress/6.9.4; http://melbet.su"
183.83.172.107 - - [09/Sep/2026:17:47:22 +0200] "POST /xmlrpc.php HTTP/1.1" 200 441 "-" "Jetpack/12.0; WordPress/6.4; http://site68953049.com"
183.83.172.107 - - [09/Sep/2026:17:47:33 +0200] "POST /xmlrpc.php HTTP/1.1" 200 441 "-" "Jetpack by WordPress.com"
183.83.172.107 - - [09/Sep/2026:17:47:43 +0200] "POST /xmlrpc.php HTTP/1.1" 200 441 "-" "WordPress.com; https://wordpress.com"
183.83.172.107 - - [09/Sep/2026:17:47:54 +0200] "POST /xmlrpc.php HTTP/1.1" 200 441 "-" "Jetpack by WordPress.com (Jetpack 12.1; WordPress 6.1)"
183.83.172.107 - - [09/Sep/2026:17:48:04 +0200] "POST /xmlrpc.php HTTP/1.1" 200 441 "-" "Jetpack/12.0; WordPress/6.3; http://site21463125.com"
183.83.172.107 - - [09/Sep/2026:17:48:14 +0200] "POST /xmlrpc.php HTTP/1.1" 200 441 "-" "Jetpack by WordPress.com"
185.43.220.19 - - [09/Sep/2026:17:48:26 +0200] "POST /wp-cron.php?doing_wp_cron=1788968905.8379180431365966796875 HTTP/1.1" 200 - "-" "WordPress/6.9.4; http://melbet.su"
185.95.156.182 - - [09/Sep/2026:17:48:22 +0200] "GET /wp-login.php HTTP/1.1" 200 13444 "-" "Mozilla/5.0 (Windows NT 10.0; Win64; x64) AppleWebKit/537.36"
183.83.172.107 - - [09/Sep/2026:17:48:25 +0200] "POST /xmlrpc.php HTTP/1.1" 200 441 "-" "Jetpack/12.0; WordPress/6.3; http://site55660549.com"
183.83.172.107 - - [09/Sep/2026:17:48:35 +0200] "POST /xmlrpc.php HTTP/1.1" 200 441 "-" "Jetpack by WordPress.com"
183.83.172.107 - - [09/Sep/2026:17:48:46 +0200] "POST /xmlrpc.php HTTP/1.1" 200 441 "-" "Jetpack/12.1; WordPress/6.3; http://site81248012.com"
183.83.172.107 - - [09/Sep/2026:17:48:56 +0200] "POST /xmlrpc.php HTTP/1.1" 200 441 "-" "Jetpack by WordPress.com (Jetpack 12.1; WordPress 6.2)"
183.83.172.107 - - [09/Sep/2026:17:49:07 +0200] "POST /xmlrpc.php HTTP/1.1" 200 441 "-" "Jetpack by WordPress.com"
185.43.220.19 - - [09/Sep/2026:17:49:22 +0200] "POST /wp-cron.php?doing_wp_cron=1788968961.8387060165405273437500 HTTP/1.1" 200 - "-" "WordPress/6.9.4; http://melbet.su"
183.83.172.107 - - [09/Sep/2026:17:49:17 +0200] "POST /xmlrpc.php HTTP/1.1" 200 441 "-" "WordPress.com; https://wordpress.com"
183.83.172.107 - - [09/Sep/2026:17:49:28 +0200] "POST /xmlrpc.php HTTP/1.1" 200 441 "-" "Jetpack by WordPress.com"
183.83.172.107 - - [09/Sep/2026:17:49:38 +0200] "POST /xmlrpc.php HTTP/1.1" 200 441 "-" "Jetpack by WordPress.com"
183.83.172.107 - - [09/Sep/2026:17:49:49 +0200] "POST /xmlrpc.php HTTP/1.1" 200 441 "-" "Jetpack by WordPress.com (Jetpack 12.0; WordPress 6.3)"
183.83.172.107 - - [09/Sep/2026:17:49:59 +0200] "POST /xmlrpc.php HTTP/1.1" 200 441 "-" "Jetpack by WordPress.com (Jetpack 12.1; WordPress 6.1)"
183.83.172.107 - - [09/Sep/2026:17:50:10 +0200] "POST /xmlrpc.php HTTP/1.1" 200 441 "-" "WordPress.com; https://wordpress.com"
185.43.220.19 - - [09/Sep/2026:17:50:24 +0200] "POST /wp-cron.php?doing_wp_cron=1788969024.2747309207916259765625 HTTP/1.1" 200 - "-" "WordPress/6.9.4; http://melbet.su"
183.83.172.107 - - [09/Sep/2026:17:50:20 +0200] "POST /xmlrpc.php HTTP/1.1" 200 441 "-" "Jetpack by WordPress.com"
183.83.172.107 - - [09/Sep/2026:17:50:31 +0200] "POST /xmlrpc.php HTTP/1.1" 200 441 "-" "WordPress.com; https://wordpress.com"
183.83.172.107 - - [09/Sep/2026:17:50:41 +0200] "POST /xmlrpc.php HTTP/1.1" 200 441 "-" "WordPress.com; https://wordpress.com"
183.83.172.107 - - [09/Sep/2026:17:50:52 +0200] "POST /xmlrpc.php HTTP/1.1" 200 441 "-" "WordPress.com; https://wordpress.com"
183.83.172.107 - - [09/Sep/2026:17:51:02 +0200] "POST /xmlrpc.php HTTP/1.1" 200 441 "-" "Jetpack by WordPress.com"
185.43.220.19 - - [09/Sep/2026:17:51:18 +0200] "POST /wp-cron.php?doing_wp_cron=1788969078.1295781135559082031250 HTTP/1.1" 200 - "-" "WordPress/6.9.4; http://melbet.su"
183.83.172.107 - - [09/Sep/2026:17:51:13 +0200] "POST /xmlrpc.php HTTP/1.1" 200 441 "-" "Jetpack/12.5; WordPress/6.4; http://site97769091.com"
183.83.172.107 - - [09/Sep/2026:17:51:23 +0200] "POST /xmlrpc.php HTTP/1.1" 200 441 "-" "Jetpack/13.0; WordPress/6.2; http://site12249636.com"
183.83.172.107 - - [09/Sep/2026:17:51:34 +0200] "POST /xmlrpc.php HTTP/1.1" 200 441 "-" "Jetpack by WordPress.com (Jetpack 12.0; WordPress 6.3)"
183.83.172.107 - - [09/Sep/2026:17:51:44 +0200] "POST /xmlrpc.php HTTP/1.1" 404 36489 "-" "Jetpack by WordPress.com (Jetpack 12.1; WordPress 6.3)"
183.83.172.107 - - [09/Sep/2026:17:51:55 +0200] "POST /xmlrpc.php HTTP/1.1" 200 441 "-" "Jetpack by WordPress.com (Jetpack 12.5; WordPress 6.4)"
183.83.172.107 - - [09/Sep/2026:17:52:05 +0200] "POST /xmlrpc.php HTTP/1.1" 200 441 "-" "Jetpack/13.0; WordPress/6.4; http://site18990727.com"
185.43.220.19 - - [09/Sep/2026:17:52:20 +0200] "POST /wp-cron.php?doing_wp_cron=1788969140.3305039405822753906250 HTTP/1.1" 200 - "-" "WordPress/6.9.4; http://melbet.su"
183.83.172.107 - - [09/Sep/2026:17:52:15 +0200] "POST /xmlrpc.php HTTP/1.1" 200 441 "-" "Jetpack/12.5; WordPress/6.3; http://site31463257.com"
183.83.172.107 - - [09/Sep/2026:17:52:26 +0200] "POST /xmlrpc.php HTTP/1.1" 200 441 "-" "Jetpack by WordPress.com"
183.83.172.107 - - [09/Sep/2026:17:52:36 +0200] "POST /xmlrpc.php HTTP/1.1" 200 441 "-" "Jetpack by WordPress.com"
183.83.172.107 - - [09/Sep/2026:17:52:47 +0200] "POST /xmlrpc.php HTTP/1.1" 200 441 "-" "Jetpack by WordPress.com"
183.83.172.107 - - [09/Sep/2026:17:52:58 +0200] "POST /xmlrpc.php HTTP/1.1" 200 441 "-" "Jetpack/12.0; WordPress/6.3; http://site90001883.com"
183.83.172.107 - - [09/Sep/2026:17:53:08 +0200] "POST /xmlrpc.php HTTP/1.1" 200 441 "-" "WordPress.com; https://wordpress.com"
185.43.220.19 - - [09/Sep/2026:17:53:23 +0200] "POST /wp-cron.php?doing_wp_cron=1788969203.4271140098571777343750 HTTP/1.1" 200 - "-" "WordPress/6.9.4; http://melbet.su"
183.83.172.107 - - [09/Sep/2026:17:53:19 +0200] "POST /xmlrpc.php HTTP/1.1" 200 441 "-" "WordPress.com; https://wordpress.com"
183.83.172.107 - - [09/Sep/2026:17:53:30 +0200] "POST /xmlrpc.php HTTP/1.1" 200 441 "-" "WordPress.com; https://wordpress.com"
183.83.172.107 - - [09/Sep/2026:17:53:40 +0200] "POST /xmlrpc.php HTTP/1.1" 200 441 "-" "Jetpack by WordPress.com (Jetpack 12.1; WordPress 6.2)"
183.83.172.107 - - [09/Sep/2026:17:53:51 +0200] "POST /xmlrpc.php HTTP/1.1" 200 441 "-" "Jetpack/12.5; WordPress/6.4; http://site81150544.com"
183.83.172.107 - - [09/Sep/2026:17:54:01 +0200] "POST /xmlrpc.php HTTP/1.1" 200 441 "-" "Jetpack by WordPress.com (Jetpack 13.0; WordPress 6.2)"
183.83.172.107 - - [09/Sep/2026:17:54:12 +0200] "POST /xmlrpc.php HTTP/1.1" 503 - "-" "Jetpack by WordPress.com (Jetpack 12.1; WordPress 6.4)"
183.83.172.107 - - [09/Sep/2026:17:54:23 +0200] "POST /xmlrpc.php HTTP/1.1" 503 - "-" "Jetpack by WordPress.com (Jetpack 12.5; WordPress 6.3)"
185.43.220.19 - - [09/Sep/2026:17:54:52 +0200] "POST /wp-cron.php?doing_wp_cron=1788969292.1371018886566162109375 HTTP/1.1" 200 - "-" "WordPress/6.9.4; http://melbet.su"
183.83.172.107 - - [09/Sep/2026:17:54:33 +0200] "POST /xmlrpc.php HTTP/1.1" 503 36489 "-" "WordPress.com; https://wordpress.com"
183.83.172.107 - - [09/Sep/2026:17:54:44 +0200] "POST /xmlrpc.php HTTP/1.1" 200 441 "-" "Jetpack by WordPress.com"
183.83.172.107 - - [09/Sep/2026:17:54:55 +0200] "POST /xmlrpc.php HTTP/1.1" 200 441 "-" "WordPress.com; https://wordpress.com"
183.83.172.107 - - [09/Sep/2026:17:55:05 +0200] "POST /xmlrpc.php HTTP/1.1" 200 441 "-" "Jetpack by WordPress.com"
185.43.220.19 - - [09/Sep/2026:17:55:19 +0200] "POST /wp-cron.php?doing_wp_cron=1788969319.4375829696655273437500 HTTP/1.1" 200 - "-" "WordPress/6.9.4; http://melbet.su"
183.83.172.107 - - [09/Sep/2026:17:55:16 +0200] "POST /xmlrpc.php HTTP/1.1" 200 441 "-" "WordPress.com; https://wordpress.com"
183.83.172.107 - - [09/Sep/2026:17:55:26 +0200] "POST /xmlrpc.php HTTP/1.1" 200 441 "-" "Jetpack/12.5; WordPress/6.4; http://site72553215.com"
31.171.101.209 - - [09/Sep/2026:17:55:28 +0200] "GET / HTTP/1.1" 302 - "-" "Mozilla/5.0 (iPhone13,2; U; CPU iPhone OS 14_0 like Mac OS X) AppleWebKit/602.1.50 (KHTML, like Gecko) Version/10.0 Mobile/15E148 Safari/602.1"
183.83.172.107 - - [09/Sep/2026:17:55:37 +0200] "POST /xmlrpc.php HTTP/1.1" 200 441 "-" "Jetpack by WordPress.com"
183.83.172.107 - - [09/Sep/2026:17:55:48 +0200] "POST /xmlrpc.php HTTP/1.1" 200 441 "-" "Jetpack by WordPress.com (Jetpack 12.5; WordPress 6.3)"
183.83.172.107 - - [09/Sep/2026:17:55:58 +0200] "POST /xmlrpc.php HTTP/1.1" 503 - "-" "Jetpack/12.0; WordPress/6.3; http://site51120315.com"
183.83.172.107 - - [09/Sep/2026:17:56:09 +0200] "POST /xmlrpc.php HTTP/1.1" 503 - "-" "Jetpack by WordPress.com"
183.83.172.107 - - [09/Sep/2026:17:56:20 +0200] "POST /xmlrpc.php HTTP/1.1" 503 - "-" "Jetpack by WordPress.com (Jetpack 12.0; WordPress 6.1)"
183.83.172.107 - - [09/Sep/2026:17:56:30 +0200] "POST /xmlrpc.php HTTP/1.1" 503 - "-" "Jetpack/13.0; WordPress/6.2; http://site40244174.com"
183.83.172.107 - - [09/Sep/2026:17:56:41 +0200] "POST /xmlrpc.php HTTP/1.1" 503 - "-" "Jetpack/12.0; WordPress/6.4; http://site32665388.com"
183.83.172.107 - - [09/Sep/2026:17:56:52 +0200] "POST /xmlrpc.php HTTP/1.1" 503 - "-" "Jetpack by WordPress.com"
183.83.172.107 - - [09/Sep/2026:17:57:02 +0200] "POST /xmlrpc.php HTTP/1.1" 404 36489 "-" "WordPress.com; https://wordpress.com"
183.83.172.107 - - [09/Sep/2026:17:57:23 +0200] "POST /xmlrpc.php HTTP/1.1" 200 441 "-" "Jetpack/12.1; WordPress/6.3; http://site94235277.com"
183.83.172.107 - - [09/Sep/2026:17:57:13 +0200] "POST /xmlrpc.php HTTP/1.1" 404 36489 "-" "Jetpack/13.0; WordPress/6.4; http://site31687771.com"
183.83.172.107 - - [09/Sep/2026:17:57:34 +0200] "POST /xmlrpc.php HTTP/1.1" 200 441 "-" "Jetpack/12.0; WordPress/6.1; http://site31762088.com"
183.83.172.107 - - [09/Sep/2026:17:57:45 +0200] "POST /xmlrpc.php HTTP/1.1" 200 441 "-" "Jetpack by WordPress.com"
185.43.220.19 - - [09/Sep/2026:17:57:57 +0200] "POST /wp-cron.php?doing_wp_cron=1788969477.8582758903503417968750 HTTP/1.1" 200 - "-" "WordPress/6.9.4; http://melbet.su"
183.83.172.107 - - [09/Sep/2026:17:57:55 +0200] "POST /xmlrpc.php HTTP/1.1" 200 441 "-" "Jetpack/12.0; WordPress/6.3; http://site83448976.com"
183.83.172.107 - - [09/Sep/2026:17:58:06 +0200] "POST /xmlrpc.php HTTP/1.1" 200 441 "-" "Jetpack by WordPress.com"
185.43.220.19 - - [09/Sep/2026:17:58:18 +0200] "POST /wp-cron.php?doing_wp_cron=1788969498.1652140617370605468750 HTTP/1.1" 200 - "-" "WordPress/6.9.4; http://melbet.su"
183.83.172.107 - - [09/Sep/2026:17:58:17 +0200] "POST /xmlrpc.php HTTP/1.1" 200 441 "-" "Jetpack/12.5; WordPress/6.1; http://site98963791.com"
183.83.172.107 - - [09/Sep/2026:17:58:27 +0200] "POST /xmlrpc.php HTTP/1.1" 200 441 "-" "Jetpack by WordPress.com (Jetpack 13.0; WordPress 6.1)"
183.83.172.107 - - [09/Sep/2026:17:58:38 +0200] "POST /xmlrpc.php HTTP/1.1" 200 441 "-" "Jetpack by WordPress.com (Jetpack 13.0; WordPress 6.3)"
183.83.172.107 - - [09/Sep/2026:17:58:49 +0200] "POST /xmlrpc.php HTTP/1.1" 200 441 "-" "WordPress.com; https://wordpress.com"
183.83.172.107 - - [09/Sep/2026:17:58:59 +0200] "POST /xmlrpc.php HTTP/1.1" 200 441 "-" "WordPress.com; https://wordpress.com"
31.171.101.101 - - [09/Sep/2026:17:59:07 +0200] "GET / HTTP/1.1" 302 - "-" "Mozilla/5.0 (Linux; Android 11; Lenovo YT-J706X) AppleWebKit/537.36 (KHTML, like Gecko) Chrome/96.0.4664.45 Safari/537.36"
183.83.172.107 - - [09/Sep/2026:17:59:10 +0200] "POST /xmlrpc.php HTTP/1.1" 200 441 "-" "WordPress.com; https://wordpress.com"
185.43.220.19 - - [09/Sep/2026:17:59:28 +0200] "POST /wp-cron.php?doing_wp_cron=1788969567.5294699668884277343750 HTTP/1.1" 200 - "-" "WordPress/6.9.4; http://melbet.su"
183.83.172.107 - - [09/Sep/2026:17:59:21 +0200] "POST /xmlrpc.php HTTP/1.1" 200 441 "-" "WordPress.com; https://wordpress.com"
183.83.172.107 - - [09/Sep/2026:17:59:31 +0200] "POST /xmlrpc.php HTTP/1.1" 200 441 "-" "Jetpack by WordPress.com"
183.83.172.107 - - [09/Sep/2026:17:59:42 +0200] "POST /xmlrpc.php HTTP/1.1" 200 441 "-" "Jetpack by WordPress.com"
212.83.174.154 - - [09/Sep/2026:18:00:24 +0200] "HEAD / HTTP/1.1" 302 - "-" "Mozilla/5.0 (compatible; PingAdmin.Ru/1.1; +http://pingadmin.ru/)"
31.171.101.135 - - [09/Sep/2026:18:03:42 +0200] "GET / HTTP/1.1" 302 - "-" "Mozilla/5.0 (iPhone; CPU iPhone OS 13_6 like Mac OS X) AppleWebKit/605.1.15 (KHTML, like Gecko) FxiOS/118.0 Mobile/15E148 Safari/605.1.15"
31.171.101.97 - - [09/Sep/2026:18:05:30 +0200] "GET / HTTP/1.1" 302 - "-" "Mozilla/5.0 (X11; Fedora; Linux x86_64; rv:115.0) Gecko/20100101 Firefox/115.0"
31.171.100.203 - - [09/Sep/2026:18:05:59 +0200] "GET / HTTP/1.1" 302 - "-" "Mozilla/5.0 (X11; Linux i686; rv:115.0) Gecko/20100101 Firefox/115.0"
185.43.220.19 - - [09/Sep/2026:18:10:06 +0200] "POST /wp-cron.php?doing_wp_cron=1788970206.6323809623718261718750 HTTP/1.1" 200 - "-" "WordPress/6.9.4; http://melbet.su"
94.154.35.236 - - [09/Sep/2026:18:10:00 +0200] "GET /2.zip HTTP/1.1" 404 36469 "-" "Mozilla/5.0 (Windows NT 10.0; Win64; x64) AppleWebKit/537.36 (KHTML, like Gecko) Chrome/101.0.4951.67 Safari/537.36"
185.43.220.19 - - [09/Sep/2026:18:12:46 +0200] "POST /wp-cron.php?doing_wp_cron=1788970366.7304649353027343750000 HTTP/1.1" 200 - "-" "WordPress/6.9.4; http://melbet.su"
138.117.123.20 - - [09/Sep/2026:18:12:42 +0200] "POST /xmlrpc.php HTTP/1.1" 200 441 "-" "WordPress.com; https://wordpress.com"
