| Server IP : 104.21.20.151 / Your IP : 216.73.216.217 Web Server : Apache System : Linux sr32.hostlife.net 6.12.0-124.52.3.el10_1.x86_64 #1 SMP PREEMPT_DYNAMIC Sat May 2 09:06:54 EDT 2026 x86_64 User : golfb689 ( 1071) PHP Version : 7.4.33 Disable Function : NONE MySQL : OFF | cURL : ON | WGET : ON | Perl : ON | Python : OFF | Sudo : OFF | Pkexec : OFF Directory : /home/golfb689/access-logs/ |
Upload File : |
8.217.145.188 - - [09/Sep/2026:14:10:04 +0200] "GET / HTTP/1.1" 302 - "-" "Mozilla/5.0 (Windows NT 10.0; Win64; x64) AppleWebKit/537.36 (KHTML, like Gecko) Chrome/120.0.0.0 Safari/537.36"
185.43.220.19 - - [09/Sep/2026:14:11:07 +0200] "POST /wp-cron.php?doing_wp_cron=1788955867.5462009906768798828125 HTTP/1.1" 200 - "-" "WordPress/6.9.4; http://melbet.su"
114.119.133.1 - - [09/Sep/2026:14:11:03 +0200] "GET /stavki-na-formulu-1 HTTP/1.1" 301 - "http://melbet.su/stavki-na-nhl" "Mozilla/5.0 (Linux; Android 7.0;) AppleWebKit/537.36 (HTML, like Gecko) Mobile Safari/537.36 (compatible; PetalBot;+https://webmaster.petalsearch.com/site/petalbot)"
114.119.133.1 - - [09/Sep/2026:14:11:08 +0200] "GET /stavki-na-formulu-1/ HTTP/1.1" 200 104511 "http://melbet.su/stavki-na-nhl" "Mozilla/5.0 (Linux; Android 7.0;) AppleWebKit/537.36 (HTML, like Gecko) Mobile Safari/537.36 (compatible; PetalBot;+https://webmaster.petalsearch.com/site/petalbot)"
31.171.101.56 - - [09/Sep/2026:14:11:50 +0200] "GET / HTTP/1.1" 302 - "-" "Mozilla/5.0 (Linux; Android 12; SM-X906C Build/QP1A.190711.020; wv) AppleWebKit/537.36 (KHTML, like Gecko) Version/4.0 Chrome/80.0.3987.119 Mobile Safari/537.36"
185.43.220.19 - - [09/Sep/2026:14:12:30 +0200] "POST /wp-cron.php?doing_wp_cron=1788955950.1315040588378906250000 HTTP/1.1" 200 - "-" "WordPress/6.9.4; http://melbet.su"
114.119.153.97 - - [09/Sep/2026:14:12:27 +0200] "GET /bonusyi-na-sayte-melbet HTTP/1.1" 301 - "http://melbet.su/stavki-na-nhl" "Mozilla/5.0 (Linux; Android 7.0;) AppleWebKit/537.36 (HTML, like Gecko) Mobile Safari/537.36 (compatible; PetalBot;+https://webmaster.petalsearch.com/site/petalbot)"
114.119.153.97 - - [09/Sep/2026:14:12:30 +0200] "GET /bonusyi-na-sayte-melbet/ HTTP/1.1" 200 60892 "http://melbet.su/stavki-na-nhl" "Mozilla/5.0 (Linux; Android 7.0;) AppleWebKit/537.36 (HTML, like Gecko) Mobile Safari/537.36 (compatible; PetalBot;+https://webmaster.petalsearch.com/site/petalbot)"
185.43.220.19 - - [09/Sep/2026:14:13:37 +0200] "POST /wp-cron.php?doing_wp_cron=1788956017.9301910400390625000000 HTTP/1.1" 200 - "-" "WordPress/6.9.4; http://melbet.su"
142.111.152.119 - - [09/Sep/2026:14:13:35 +0200] "POST /wp-login.php HTTP/1.1" 200 13937 "-" "Mozilla/5.0 (Macintosh; Intel Mac OS X 10_15_7) AppleWebKit/605.1.15 Version/17.0 Safari/605.1.15"
142.111.152.117 - - [09/Sep/2026:14:13:35 +0200] "POST /wp-login.php HTTP/1.1" 200 13937 "-" "Mozilla/5.0 (Windows NT 10.0; Win64; x64) AppleWebKit/537.36 Chrome/129.0.0.0 Safari/537.36"
83.99.225.55 - - [09/Sep/2026:14:14:08 +0200] "POST /wp-login.php HTTP/1.1" 200 13937 "https://melbet.su.livebookmakers.net/wp-login.php" "Mozilla/5.0 (Macintosh; Intel Mac OS X 10_15_7) AppleWebKit/537.36 (KHTML, like Gecko) Chrome/152.0.0.0 Safari/537.36"
185.43.220.19 - - [09/Sep/2026:14:17:45 +0200] "POST /wp-cron.php?doing_wp_cron=1788956265.6324129104614257812500 HTTP/1.1" 200 - "-" "WordPress/6.9.4; http://melbet.su"
119.18.48.242 - - [09/Sep/2026:14:17:39 +0200] "GET /wp-login.php HTTP/1.1" 200 13444 "-" "Mozilla/5.0 (Windows NT 10.0; Win64; x64) AppleWebKit/537.36 (KHTML, like Gecko) Chrome/149.0.0.0 Safari/537.36"
119.18.48.242 - - [09/Sep/2026:14:17:46 +0200] "POST /wp-login.php HTTP/1.1" 200 13954 "https://melbet.su/wp-login.php" "Mozilla/5.0 (Windows NT 10.0; Win64; x64) AppleWebKit/537.36 (KHTML, like Gecko) Chrome/149.0.0.0 Safari/537.36"
185.43.220.19 - - [09/Sep/2026:14:19:18 +0200] "GET /.well-known/acme-challenge/LA_FG7UHYRE_HS8QER96ZVQR_-8S857U HTTP/1.1" 200 64 "-" "Cpanel-HTTP-Client/1.0"
185.43.220.19 - - [09/Sep/2026:14:19:18 +0200] "GET /.well-known/acme-challenge/-QPBF14DEDX1S3OH-IU6TF74MGZ6VUNW HTTP/1.1" 200 64 "-" "Cpanel-HTTP-Client/1.0"
185.43.220.19 - - [09/Sep/2026:14:19:19 +0200] "GET /.well-known/acme-challenge/PCXDTYTXS_TQXEKHV4KBR85_Q1_PGLJM HTTP/1.1" 200 64 "-" "Cpanel-HTTP-Client/1.0"
185.43.220.19 - - [09/Sep/2026:14:19:19 +0200] "GET /.well-known/acme-challenge/ITNT-2N8CUE0SVOPC5X7DX9FO8XOV84D HTTP/1.1" 200 64 "-" "Cpanel-HTTP-Client/1.0"
31.171.101.36 - - [09/Sep/2026:14:19:30 +0200] "GET / HTTP/1.1" 302 - "-" "Mozilla/5.0 (Linux; Android 5.0.2; SAMSUNG SM-T550 Build/LRX22G) AppleWebKit/537.36 (KHTML, like Gecko) SamsungBrowser/3.3 Chrome/38.0.2125.102 Safari/537.36"
31.171.101.198 - - [09/Sep/2026:14:21:40 +0200] "GET / HTTP/1.1" 302 - "-" "Mozilla/5.0 (Linux; Android 5.0.2; SAMSUNG SM-T550 Build/LRX22G) AppleWebKit/537.36 (KHTML, like Gecko) SamsungBrowser/3.3 Chrome/38.0.2125.102 Safari/537.36"
185.43.220.19 - - [09/Sep/2026:14:22:29 +0200] "POST /wp-cron.php?doing_wp_cron=1788956549.3241019248962402343750 HTTP/1.1" 200 - "-" "WordPress/6.9.4; http://melbet.su"
216.73.216.26 - - [09/Sep/2026:14:22:25 +0200] "GET /index.php/sitemap.xml HTTP/1.1" 200 605 "-" "Mozilla/5.0 AppleWebKit/537.36 (KHTML, like Gecko; compatible; ClaudeBot/1.0; [email protected])"
220.181.108.90 - - [09/Sep/2026:14:22:59 +0200] "GET /stavki-na-hokkey-v-melbet/ HTTP/1.1" 200 60652 "-" "Mozilla/5.0 (compatible; Baiduspider/2.0; +http://www.baidu.com/search/spider.html)"
116.179.37.132 - - [09/Sep/2026:14:23:12 +0200] "GET /wp-content/uploads/2019/02/Stavki-na-hokkey-v-Melbet-1024x407.png HTTP/1.1" 404 36725 "http://melbet.su/stavki-na-hokkey-v-melbet/" "Mozilla/5.0 (compatible; Baiduspider-render/2.0; +http://www.baidu.com/search/spider.html)"
43.130.132.195 - - [09/Sep/2026:14:24:09 +0200] "GET / HTTP/1.1" 302 - "-" "Mozilla/5.0 (Macintosh; Intel Mac OS X 10_15_7) AppleWebKit/537.36 (KHTML, like Gecko) Chrome/146.0.0.0 Safari/537.36"
155.2.215.31 - - [09/Sep/2026:14:24:36 +0200] "POST /wp-login.php HTTP/1.1" 200 13937 "-" "Mozilla/5.0 (Windows NT 10.0; Win64; x64) AppleWebKit/537.36 Chrome/129.0.0.0 Safari/537.36"
185.43.220.19 - - [09/Sep/2026:14:24:44 +0200] "POST /wp-cron.php?doing_wp_cron=1788956684.0252070426940917968750 HTTP/1.1" 200 - "-" "WordPress/6.9.4; http://melbet.su"
142.111.152.120 - - [09/Sep/2026:14:24:36 +0200] "POST /wp-login.php HTTP/1.1" 200 13937 "-" "Mozilla/5.0 (Windows NT 10.0; Win64; rv:143.0) Gecko/20100101 Firefox/143.0"
31.171.100.129 - - [09/Sep/2026:14:26:17 +0200] "GET / HTTP/1.1" 302 - "-" "Mozilla/5.0 (iPad; CPU OS 13_6 like Mac OS X) AppleWebKit/605.1.15 (KHTML, like Gecko) FxiOS/118.0 Mobile/15E148 Safari/605.1.15"
31.171.100.5 - - [09/Sep/2026:14:28:09 +0200] "GET / HTTP/1.1" 302 - "-" "Mozilla/5.0 (Linux; Android 12; SM-X906C Build/QP1A.190711.020; wv) AppleWebKit/537.36 (KHTML, like Gecko) Version/4.0 Chrome/80.0.3987.119 Mobile Safari/537.36"
185.43.220.19 - - [09/Sep/2026:14:30:46 +0200] "POST /wp-cron.php?doing_wp_cron=1788957045.9426500797271728515625 HTTP/1.1" 200 - "-" "WordPress/6.9.4; http://melbet.su"
94.154.35.236 - - [09/Sep/2026:14:30:40 +0200] "GET /%D0%B1%D0%B5%D0%BA%D0%B0%D0%BF.zip HTTP/1.1" 404 36585 "-" "Mozilla/5.0 (Windows NT 10.0; Win64; x64) AppleWebKit/537.36 (KHTML, like Gecko) Chrome/101.0.4951.67 Safari/537.36"
185.43.220.19 - - [09/Sep/2026:14:31:54 +0200] "POST /wp-cron.php?doing_wp_cron=1788957114.5314459800720214843750 HTTP/1.1" 200 - "-" "WordPress/6.9.4; http://melbet.su"
34.26.250.138 - - [09/Sep/2026:14:31:49 +0200] "GET /.git/config HTTP/1.1" 404 36497 "-" "Mozilla/5.0 (Windows NT 10.0; Win64; x64) AppleWebKit/537.36 (KHTML, like Gecko) Chrome/128.0.0.0 Safari/537.36"
34.26.250.138 - - [09/Sep/2026:14:31:49 +0200] "GET /.git/config HTTP/1.1" 404 36497 "-" "Mozilla/5.0 (Windows NT 10.0; Win64; x64) AppleWebKit/537.36 (KHTML, like Gecko) Chrome/128.0.0.0 Safari/537.36"
185.43.220.19 - - [09/Sep/2026:14:34:23 +0200] "POST /wp-cron.php?doing_wp_cron=1788957263.0284929275512695312500 HTTP/1.1" 200 - "-" "WordPress/6.9.4; http://melbet.su"
185.95.156.182 - - [09/Sep/2026:14:34:16 +0200] "GET /wp-json/ HTTP/1.1" 200 620108 "-" "Mozilla/5.0 (Windows NT 10.0; Win64; x64) AppleWebKit/537.36"
185.95.156.182 - - [09/Sep/2026:14:34:17 +0200] "GET /wp-login.php HTTP/1.1" 200 13444 "-" "Mozilla/5.0 (Windows NT 10.0; Win64; x64) AppleWebKit/537.36"
155.2.215.17 - - [09/Sep/2026:14:35:50 +0200] "POST /wp-login.php HTTP/1.1" 302 - "-" "Mozilla/5.0 (Macintosh; Intel Mac OS X 10_15_7) AppleWebKit/605.1.15 Version/17.0 Safari/605.1.15"
142.111.152.109 - - [09/Sep/2026:14:35:50 +0200] "POST /wp-login.php HTTP/1.1" 302 - "-" "Mozilla/5.0 (Windows NT 10.0; Win64; rv:143.0) Gecko/20100101 Firefox/143.0"
43.128.156.124 - - [09/Sep/2026:14:36:35 +0200] "GET / HTTP/1.1" 302 - "-" "Mozilla/5.0 (iPhone; CPU iPhone OS 13_2_3 like Mac OS X) AppleWebKit/605.1.15 (KHTML, like Gecko) Version/13.0.3 Mobile/15E148 Safari/604.1"
185.43.220.19 - - [09/Sep/2026:14:38:22 +0200] "POST /wp-cron.php?doing_wp_cron=1788957502.5426781177520751953125 HTTP/1.1" 200 - "-" "WordPress/6.9.4; http://melbet.su"
94.154.43.125 - - [09/Sep/2026:14:38:19 +0200] "GET /.env.local HTTP/1.1" 404 36489 "-" "Mozilla/5.0 (Windows NT 10.0; Win64; x64) AppleWebKit/537.36 (KHTML, like Gecko) Chrome/147.0.0.0 Safari/537.36"
2a0f:ed01:c28b:95ca:4d5c:21e6:c5a2:5f91 - - [09/Sep/2026:14:41:04 +0200] "GET / HTTP/1.1" 302 - "https://www.google.com/" "Mozilla/5.0 (Linux; Android 10; K) AppleWebKit/537.36 (KHTML, like Gecko) Chrome/149.0.0.0 Mobile Safari/537.36"
49.234.192.248 - - [09/Sep/2026:14:43:11 +0200] "GET / HTTP/1.1" 302 - "-" "Mozilla/5.0 (iPhone; CPU iPhone OS 13_2_3 like Mac OS X) AppleWebKit/605.1.15 (KHTML, like Gecko) Version/13.0.3 Mobile/15E148 Safari/604.1"
31.171.100.52 - - [09/Sep/2026:14:44:03 +0200] "GET / HTTP/1.1" 302 - "-" "Mozilla/5.0 (iPad; CPU OS 13_6 like Mac OS X) AppleWebKit/605.1.15 (KHTML, like Gecko) FxiOS/118.0 Mobile/15E148 Safari/605.1.15"
185.43.220.19 - - [09/Sep/2026:14:46:57 +0200] "POST /wp-cron.php?doing_wp_cron=1788958017.5308189392089843750000 HTTP/1.1" 200 - "-" "WordPress/6.9.4; http://melbet.su"
142.111.152.19 - - [09/Sep/2026:14:46:53 +0200] "POST /wp-login.php HTTP/1.1" 200 13937 "-" "Mozilla/5.0 (Windows NT 10.0; Win64; x64) AppleWebKit/537.36 Chrome/129.0.0.0 Safari/537.36"
155.2.215.34 - - [09/Sep/2026:14:46:53 +0200] "POST /wp-login.php HTTP/1.1" 200 13937 "-" "Mozilla/5.0 (Windows NT 10.0; Win64; x64) AppleWebKit/537.36 Chrome/129.0.0.0 Safari/537.36"
31.171.100.12 - - [09/Sep/2026:14:48:07 +0200] "GET / HTTP/1.1" 302 - "-" "Mozilla/5.0 (X11; CrOS x86_64 8172.45.0) AppleWebKit/537.36 (KHTML, like Gecko) Chrome/51.0.2704.64 Safari/537.36"
196.171.16.187 - - [09/Sep/2026:14:47:46 +0200] "POST /xmlrpc.php HTTP/1.1" 503 - "-" "WordPress.com; https://wordpress.com"
196.171.16.187 - - [09/Sep/2026:14:47:56 +0200] "POST /xmlrpc.php HTTP/1.1" 503 - "-" "Jetpack by WordPress.com (Jetpack 12.1; WordPress 6.1)"
196.171.16.187 - - [09/Sep/2026:14:48:07 +0200] "POST /xmlrpc.php HTTP/1.1" 503 - "-" "WordPress.com; https://wordpress.com"
185.43.220.19 - - [09/Sep/2026:14:48:36 +0200] "POST /wp-cron.php?doing_wp_cron=1788958116.3250310420989990234375 HTTP/1.1" 200 - "-" "WordPress/6.9.4; http://melbet.su"
196.171.16.187 - - [09/Sep/2026:14:48:28 +0200] "POST /xmlrpc.php HTTP/1.1" 200 441 "-" "WordPress.com; https://wordpress.com"
196.171.16.187 - - [09/Sep/2026:14:48:17 +0200] "POST /xmlrpc.php HTTP/1.1" 404 36489 "-" "WordPress.com; https://wordpress.com"
196.171.16.187 - - [09/Sep/2026:14:48:38 +0200] "POST /xmlrpc.php HTTP/1.1" 200 441 "-" "Jetpack by WordPress.com"
196.171.16.187 - - [09/Sep/2026:14:48:48 +0200] "POST /xmlrpc.php HTTP/1.1" 200 441 "-" "Jetpack by WordPress.com (Jetpack 12.5; WordPress 6.2)"
196.171.16.187 - - [09/Sep/2026:14:48:59 +0200] "POST /xmlrpc.php HTTP/1.1" 200 441 "-" "Jetpack by WordPress.com (Jetpack 12.1; WordPress 6.4)"
196.171.16.187 - - [09/Sep/2026:14:49:09 +0200] "POST /xmlrpc.php HTTP/1.1" 200 441 "-" "Jetpack by WordPress.com"
185.43.220.19 - - [09/Sep/2026:14:49:21 +0200] "POST /wp-cron.php?doing_wp_cron=1788958161.0429520606994628906250 HTTP/1.1" 200 - "-" "WordPress/6.9.4; http://melbet.su"
196.171.16.187 - - [09/Sep/2026:14:49:20 +0200] "POST /xmlrpc.php HTTP/1.1" 200 441 "-" "WordPress.com; https://wordpress.com"
196.171.16.187 - - [09/Sep/2026:14:49:30 +0200] "POST /xmlrpc.php HTTP/1.1" 200 441 "-" "Jetpack by WordPress.com"
196.171.16.187 - - [09/Sep/2026:14:49:41 +0200] "POST /xmlrpc.php HTTP/1.1" 200 441 "-" "Jetpack/13.0; WordPress/6.4; http://site12842342.com"
196.171.16.187 - - [09/Sep/2026:14:49:51 +0200] "POST /xmlrpc.php HTTP/1.1" 200 441 "-" "WordPress.com; https://wordpress.com"
196.171.16.187 - - [09/Sep/2026:14:50:02 +0200] "POST /xmlrpc.php HTTP/1.1" 200 441 "-" "WordPress.com; https://wordpress.com"
196.171.16.187 - - [09/Sep/2026:14:50:12 +0200] "POST /xmlrpc.php HTTP/1.1" 200 441 "-" "Jetpack by WordPress.com (Jetpack 13.0; WordPress 6.2)"
31.171.100.139 - - [09/Sep/2026:14:50:14 +0200] "GET / HTTP/1.1" 302 - "-" "Mozilla/5.0 (X11; Ubuntu; Linux x86_64; rv:115.0) Gecko/20100101 Firefox/115.0"
185.43.220.19 - - [09/Sep/2026:14:50:25 +0200] "POST /wp-cron.php?doing_wp_cron=1788958225.4652709960937500000000 HTTP/1.1" 200 - "-" "WordPress/6.9.4; http://melbet.su"
196.171.16.187 - - [09/Sep/2026:14:50:23 +0200] "POST /xmlrpc.php HTTP/1.1" 200 441 "-" "Jetpack by WordPress.com"
196.171.16.187 - - [09/Sep/2026:14:50:33 +0200] "POST /xmlrpc.php HTTP/1.1" 200 441 "-" "WordPress.com; https://wordpress.com"
196.171.16.187 - - [09/Sep/2026:14:50:44 +0200] "POST /xmlrpc.php HTTP/1.1" 200 441 "-" "WordPress.com; https://wordpress.com"
196.171.16.187 - - [09/Sep/2026:14:50:54 +0200] "POST /xmlrpc.php HTTP/1.1" 200 441 "-" "Jetpack/12.1; WordPress/6.3; http://site16060478.com"
196.171.16.187 - - [09/Sep/2026:14:51:05 +0200] "POST /xmlrpc.php HTTP/1.1" 200 441 "-" "WordPress.com; https://wordpress.com"
46.221.252.209 - - [09/Sep/2026:14:51:07 +0200] "GET / HTTP/1.1" 302 - "https://www.google.com/" "Mozilla/5.0 (iPhone; CPU iPhone OS 18_7 like Mac OS X) AppleWebKit/605.1.15 (KHTML, like Gecko) Version/18.7.5 Mobile/15E148 Safari/604.1"
196.171.16.187 - - [09/Sep/2026:14:51:15 +0200] "POST /xmlrpc.php HTTP/1.1" 200 441 "-" "Jetpack/12.5; WordPress/6.3; http://site85386237.com"
185.43.220.19 - - [09/Sep/2026:14:51:27 +0200] "POST /wp-cron.php?doing_wp_cron=1788958287.7275209426879882812500 HTTP/1.1" 200 - "-" "WordPress/6.9.4; http://melbet.su"
196.171.16.187 - - [09/Sep/2026:14:51:26 +0200] "POST /xmlrpc.php HTTP/1.1" 200 441 "-" "Jetpack/13.0; WordPress/6.3; http://site70210179.com"
196.171.16.187 - - [09/Sep/2026:14:51:36 +0200] "POST /xmlrpc.php HTTP/1.1" 200 441 "-" "WordPress.com; https://wordpress.com"
196.171.16.187 - - [09/Sep/2026:14:51:47 +0200] "POST /xmlrpc.php HTTP/1.1" 200 441 "-" "Jetpack by WordPress.com"
196.171.16.187 - - [09/Sep/2026:14:51:57 +0200] "POST /xmlrpc.php HTTP/1.1" 200 441 "-" "Jetpack by WordPress.com (Jetpack 12.1; WordPress 6.1)"
196.171.16.187 - - [09/Sep/2026:14:52:08 +0200] "POST /xmlrpc.php HTTP/1.1" 200 441 "-" "Jetpack by WordPress.com (Jetpack 13.0; WordPress 6.2)"
185.43.220.19 - - [09/Sep/2026:14:52:23 +0200] "POST /wp-cron.php?doing_wp_cron=1788958343.6347410678863525390625 HTTP/1.1" 200 - "-" "WordPress/6.9.4; http://melbet.su"
196.171.16.187 - - [09/Sep/2026:14:52:18 +0200] "POST /xmlrpc.php HTTP/1.1" 200 441 "-" "Jetpack by WordPress.com (Jetpack 12.5; WordPress 6.4)"
196.171.16.187 - - [09/Sep/2026:14:52:29 +0200] "POST /xmlrpc.php HTTP/1.1" 200 441 "-" "WordPress.com; https://wordpress.com"
196.171.16.187 - - [09/Sep/2026:14:52:39 +0200] "POST /xmlrpc.php HTTP/1.1" 200 441 "-" "Jetpack/12.1; WordPress/6.1; http://site48932769.com"
196.171.16.187 - - [09/Sep/2026:14:52:49 +0200] "POST /xmlrpc.php HTTP/1.1" 200 441 "-" "WordPress.com; https://wordpress.com"
196.171.16.187 - - [09/Sep/2026:14:53:00 +0200] "POST /xmlrpc.php HTTP/1.1" 200 441 "-" "Jetpack by WordPress.com (Jetpack 12.0; WordPress 6.2)"
196.171.16.187 - - [09/Sep/2026:14:53:10 +0200] "POST /xmlrpc.php HTTP/1.1" 200 441 "-" "Jetpack by WordPress.com"
185.43.220.19 - - [09/Sep/2026:14:53:23 +0200] "POST /wp-cron.php?doing_wp_cron=1788958403.2426049709320068359375 HTTP/1.1" 200 - "-" "WordPress/6.9.4; http://melbet.su"
196.171.16.187 - - [09/Sep/2026:14:53:21 +0200] "POST /xmlrpc.php HTTP/1.1" 200 441 "-" "Jetpack by WordPress.com (Jetpack 12.1; WordPress 6.3)"
196.171.16.187 - - [09/Sep/2026:14:53:31 +0200] "POST /xmlrpc.php HTTP/1.1" 200 441 "-" "Jetpack by WordPress.com (Jetpack 12.5; WordPress 6.2)"
196.171.16.187 - - [09/Sep/2026:14:53:42 +0200] "POST /xmlrpc.php HTTP/1.1" 200 441 "-" "Jetpack/12.1; WordPress/6.3; http://site74681798.com"
31.171.100.38 - - [09/Sep/2026:14:53:49 +0200] "GET / HTTP/1.1" 302 - "-" "Mozilla/5.0 (iPad; CPU OS 13_6 like Mac OS X) AppleWebKit/605.1.15 (KHTML, like Gecko) FxiOS/118.0 Mobile/15E148 Safari/605.1.15"
196.171.16.187 - - [09/Sep/2026:14:53:52 +0200] "POST /xmlrpc.php HTTP/1.1" 200 441 "-" "Jetpack by WordPress.com"
196.171.16.187 - - [09/Sep/2026:14:54:03 +0200] "POST /xmlrpc.php HTTP/1.1" 200 441 "-" "Jetpack by WordPress.com (Jetpack 12.1; WordPress 6.3)"
196.171.16.187 - - [09/Sep/2026:14:54:13 +0200] "POST /xmlrpc.php HTTP/1.1" 200 441 "-" "WordPress.com; https://wordpress.com"
185.43.220.19 - - [09/Sep/2026:14:54:27 +0200] "POST /wp-cron.php?doing_wp_cron=1788958467.3327898979187011718750 HTTP/1.1" 200 - "-" "WordPress/6.9.4; http://melbet.su"
196.171.16.187 - - [09/Sep/2026:14:54:24 +0200] "POST /xmlrpc.php HTTP/1.1" 200 441 "-" "Jetpack/12.1; WordPress/6.3; http://site58271288.com"
196.171.16.187 - - [09/Sep/2026:14:54:34 +0200] "POST /xmlrpc.php HTTP/1.1" 200 441 "-" "Jetpack by WordPress.com"
196.171.16.187 - - [09/Sep/2026:14:54:45 +0200] "POST /xmlrpc.php HTTP/1.1" 200 441 "-" "Jetpack by WordPress.com (Jetpack 13.0; WordPress 6.3)"
196.171.16.187 - - [09/Sep/2026:14:54:55 +0200] "POST /xmlrpc.php HTTP/1.1" 200 441 "-" "Jetpack/12.1; WordPress/6.1; http://site88173336.com"
196.171.16.187 - - [09/Sep/2026:14:55:06 +0200] "POST /xmlrpc.php HTTP/1.1" 200 441 "-" "WordPress.com; https://wordpress.com"
185.43.220.19 - - [09/Sep/2026:14:55:18 +0200] "POST /wp-cron.php?doing_wp_cron=1788958518.8299119472503662109375 HTTP/1.1" 200 - "-" "WordPress/6.9.4; http://melbet.su"
196.171.16.187 - - [09/Sep/2026:14:55:16 +0200] "POST /xmlrpc.php HTTP/1.1" 200 441 "-" "Jetpack by WordPress.com (Jetpack 12.1; WordPress 6.2)"
196.171.16.187 - - [09/Sep/2026:14:55:27 +0200] "POST /xmlrpc.php HTTP/1.1" 200 441 "-" "Jetpack by WordPress.com (Jetpack 12.0; WordPress 6.2)"
196.171.16.187 - - [09/Sep/2026:14:55:37 +0200] "POST /xmlrpc.php HTTP/1.1" 404 36489 "-" "WordPress.com; https://wordpress.com"
196.171.16.187 - - [09/Sep/2026:14:55:48 +0200] "POST /xmlrpc.php HTTP/1.1" 200 441 "-" "Jetpack by WordPress.com"
196.171.16.187 - - [09/Sep/2026:14:55:58 +0200] "POST /xmlrpc.php HTTP/1.1" 200 441 "-" "Jetpack by WordPress.com"
196.171.16.187 - - [09/Sep/2026:14:56:09 +0200] "POST /xmlrpc.php HTTP/1.1" 200 441 "-" "Jetpack/13.0; WordPress/6.1; http://site57939984.com"
185.43.220.19 - - [09/Sep/2026:14:56:26 +0200] "POST /wp-cron.php?doing_wp_cron=1788958586.1326799392700195312500 HTTP/1.1" 200 - "-" "WordPress/6.9.4; http://melbet.su"
196.171.16.187 - - [09/Sep/2026:14:56:19 +0200] "POST /xmlrpc.php HTTP/1.1" 200 441 "-" "Jetpack by WordPress.com"
196.171.16.187 - - [09/Sep/2026:14:56:30 +0200] "POST /xmlrpc.php HTTP/1.1" 200 441 "-" "Jetpack by WordPress.com"
196.171.16.187 - - [09/Sep/2026:14:56:41 +0200] "POST /xmlrpc.php HTTP/1.1" 200 441 "-" "WordPress.com; https://wordpress.com"
196.171.16.187 - - [09/Sep/2026:14:56:51 +0200] "POST /xmlrpc.php HTTP/1.1" 200 441 "-" "Jetpack by WordPress.com"
196.171.16.187 - - [09/Sep/2026:14:57:01 +0200] "POST /xmlrpc.php HTTP/1.1" 200 441 "-" "Jetpack by WordPress.com (Jetpack 12.1; WordPress 6.3)"
94.154.35.236 - - [09/Sep/2026:14:57:03 +0200] "GET /%D0%B1%D0%B5%D0%BA.zip HTTP/1.1" 404 36537 "-" "Mozilla/5.0 (Windows NT 10.0; Win64; x64) AppleWebKit/537.36 (KHTML, like Gecko) Chrome/101.0.4951.67 Safari/537.36"
196.171.16.187 - - [09/Sep/2026:14:57:12 +0200] "POST /xmlrpc.php HTTP/1.1" 200 441 "-" "Jetpack/12.0; WordPress/6.4; http://site95192397.com"
185.43.220.19 - - [09/Sep/2026:14:57:29 +0200] "POST /wp-cron.php?doing_wp_cron=1788958649.5384991168975830078125 HTTP/1.1" 200 - "-" "WordPress/6.9.4; http://melbet.su"
196.171.16.187 - - [09/Sep/2026:14:57:22 +0200] "POST /xmlrpc.php HTTP/1.1" 200 441 "-" "Jetpack/13.0; WordPress/6.4; http://site17635147.com"
196.171.16.187 - - [09/Sep/2026:14:57:33 +0200] "POST /xmlrpc.php HTTP/1.1" 200 441 "-" "Jetpack by WordPress.com (Jetpack 12.0; WordPress 6.2)"
196.171.16.187 - - [09/Sep/2026:14:57:44 +0200] "POST /xmlrpc.php HTTP/1.1" 200 441 "-" "Jetpack by WordPress.com (Jetpack 13.0; WordPress 6.4)"
196.171.16.187 - - [09/Sep/2026:14:57:54 +0200] "POST /xmlrpc.php HTTP/1.1" 200 441 "-" "Jetpack by WordPress.com (Jetpack 12.5; WordPress 6.1)"
142.111.152.114 - - [09/Sep/2026:14:58:03 +0200] "POST /wp-login.php HTTP/1.1" 200 13937 "-" "Mozilla/5.0 (Windows NT 10.0; Win64; x64) AppleWebKit/537.36 Chrome/129.0.0.0 Safari/537.36"
155.2.215.19 - - [09/Sep/2026:14:58:03 +0200] "POST /wp-login.php HTTP/1.1" 200 13937 "-" "Mozilla/5.0 (Macintosh; Intel Mac OS X 10_15_7) AppleWebKit/605.1.15 Version/17.0 Safari/605.1.15"
196.171.16.187 - - [09/Sep/2026:14:58:04 +0200] "POST /xmlrpc.php HTTP/1.1" 200 441 "-" "Jetpack by WordPress.com (Jetpack 12.5; WordPress 6.3)"
196.171.16.187 - - [09/Sep/2026:14:58:15 +0200] "POST /xmlrpc.php HTTP/1.1" 200 441 "-" "Jetpack/12.1; WordPress/6.1; http://site44505105.com"
196.171.16.187 - - [09/Sep/2026:14:58:25 +0200] "POST /xmlrpc.php HTTP/1.1" 200 441 "-" "WordPress.com; https://wordpress.com"
185.43.220.19 - - [09/Sep/2026:14:58:40 +0200] "POST /wp-cron.php?doing_wp_cron=1788958720.1389980316162109375000 HTTP/1.1" 200 - "-" "WordPress/6.9.4; http://melbet.su"
196.171.16.187 - - [09/Sep/2026:14:58:36 +0200] "POST /xmlrpc.php HTTP/1.1" 200 441 "-" "Jetpack by WordPress.com (Jetpack 12.1; WordPress 6.2)"
196.171.16.187 - - [09/Sep/2026:14:58:46 +0200] "POST /xmlrpc.php HTTP/1.1" 200 441 "-" "Jetpack by WordPress.com (Jetpack 13.0; WordPress 6.3)"
196.171.16.187 - - [09/Sep/2026:14:58:57 +0200] "POST /xmlrpc.php HTTP/1.1" 200 441 "-" "WordPress.com; https://wordpress.com"
196.171.16.187 - - [09/Sep/2026:14:59:07 +0200] "POST /xmlrpc.php HTTP/1.1" 503 - "-" "Jetpack/12.5; WordPress/6.4; http://site68981570.com"
196.171.16.187 - - [09/Sep/2026:14:59:18 +0200] "POST /xmlrpc.php HTTP/1.1" 503 - "-" "Jetpack by WordPress.com"
196.171.16.187 - - [09/Sep/2026:14:59:28 +0200] "POST /xmlrpc.php HTTP/1.1" 503 - "-" "WordPress.com; https://wordpress.com"
59.148.149.121 - - [09/Sep/2026:14:59:37 +0200] "GET /wp-login.php HTTP/1.1" 503 - "-" "Mozilla/5.0 (Macintosh; Intel Mac OS X 10_15_7) AppleWebKit/537.36 (KHTML, like Gecko) Chrome/151.0.0.0 Safari/537.36"
196.171.16.187 - - [09/Sep/2026:14:59:39 +0200] "POST /xmlrpc.php HTTP/1.1" 503 - "-" "Jetpack by WordPress.com (Jetpack 13.0; WordPress 6.1)"
59.148.149.121 - - [09/Sep/2026:14:59:41 +0200] "GET /wp-login.php HTTP/1.1" 503 - "-" "Mozilla/5.0 (Macintosh; Intel Mac OS X 10_15_7) AppleWebKit/537.36 (KHTML, like Gecko) Chrome/151.0.0.0 Safari/537.36"
59.148.149.121 - - [09/Sep/2026:14:59:45 +0200] "GET /wp-login.php HTTP/1.1" 503 - "-" "Mozilla/5.0 (Macintosh; Intel Mac OS X 10_15_7) AppleWebKit/537.36 (KHTML, like Gecko) Chrome/151.0.0.0 Safari/537.36"
196.171.16.187 - - [09/Sep/2026:14:59:49 +0200] "POST /xmlrpc.php HTTP/1.1" 503 - "-" "Jetpack by WordPress.com (Jetpack 12.5; WordPress 6.1)"
196.171.16.187 - - [09/Sep/2026:15:00:00 +0200] "POST /xmlrpc.php HTTP/1.1" 503 - "-" "Jetpack/12.1; WordPress/6.1; http://site87129913.com"
196.171.16.187 - - [09/Sep/2026:15:00:10 +0200] "POST /xmlrpc.php HTTP/1.1" 503 - "-" "Jetpack by WordPress.com (Jetpack 13.0; WordPress 6.4)"
212.83.174.154 - - [09/Sep/2026:15:00:23 +0200] "HEAD / HTTP/1.1" 302 - "-" "Mozilla/5.0 (compatible; PingAdmin.Ru/1.1; +http://pingadmin.ru/)"
196.171.16.187 - - [09/Sep/2026:15:00:21 +0200] "POST /xmlrpc.php HTTP/1.1" 503 - "-" "Jetpack by WordPress.com"
31.171.100.54 - - [09/Sep/2026:15:00:36 +0200] "GET / HTTP/1.1" 503 468 "-" "Mozilla/5.0 (X11; Ubuntu; Linux x86_64; rv:115.0) Gecko/20100101 Firefox/115.0"
196.171.16.187 - - [09/Sep/2026:15:00:31 +0200] "POST /xmlrpc.php HTTP/1.1" 503 - "-" "Jetpack by WordPress.com"
196.171.16.187 - - [09/Sep/2026:15:00:42 +0200] "POST /xmlrpc.php HTTP/1.1" 503 - "-" "Jetpack/13.0; WordPress/6.3; http://site82017994.com"
196.171.16.187 - - [09/Sep/2026:15:00:52 +0200] "POST /xmlrpc.php HTTP/1.1" 503 - "-" "WordPress.com; https://wordpress.com"
196.171.16.187 - - [09/Sep/2026:15:01:03 +0200] "POST /xmlrpc.php HTTP/1.1" 503 - "-" "WordPress.com; https://wordpress.com"
196.171.16.187 - - [09/Sep/2026:15:01:13 +0200] "POST /xmlrpc.php HTTP/1.1" 503 - "-" "Jetpack by WordPress.com"
196.171.16.187 - - [09/Sep/2026:15:01:23 +0200] "POST /xmlrpc.php HTTP/1.1" 503 - "-" "Jetpack by WordPress.com"
196.171.16.187 - - [09/Sep/2026:15:01:34 +0200] "POST /xmlrpc.php HTTP/1.1" 503 - "-" "WordPress.com; https://wordpress.com"
196.171.16.187 - - [09/Sep/2026:15:01:44 +0200] "POST /xmlrpc.php HTTP/1.1" 503 - "-" "Jetpack by WordPress.com"
196.171.16.187 - - [09/Sep/2026:15:01:55 +0200] "POST /xmlrpc.php HTTP/1.1" 503 - "-" "WordPress.com; https://wordpress.com"
196.171.16.187 - - [09/Sep/2026:15:02:05 +0200] "POST /xmlrpc.php HTTP/1.1" 503 - "-" "Jetpack by WordPress.com"
185.43.220.19 - - [09/Sep/2026:15:02:18 +0200] "POST /wp-cron.php?doing_wp_cron=1788958938.2400159835815429687500 HTTP/1.1" 200 - "-" "WordPress/6.9.4; http://melbet.su"
196.171.16.187 - - [09/Sep/2026:15:02:16 +0200] "POST /xmlrpc.php HTTP/1.1" 200 441 "-" "Jetpack by WordPress.com (Jetpack 12.0; WordPress 6.3)"
196.171.16.187 - - [09/Sep/2026:15:02:26 +0200] "POST /xmlrpc.php HTTP/1.1" 200 441 "-" "Jetpack by WordPress.com (Jetpack 12.5; WordPress 6.1)"
196.171.16.187 - - [09/Sep/2026:15:02:37 +0200] "POST /xmlrpc.php HTTP/1.1" 404 36489 "-" "Jetpack by WordPress.com (Jetpack 13.0; WordPress 6.3)"
196.171.16.187 - - [09/Sep/2026:15:02:47 +0200] "POST /xmlrpc.php HTTP/1.1" 200 441 "-" "Jetpack by WordPress.com"
185.43.220.19 - - [09/Sep/2026:15:03:00 +0200] "POST /wp-cron.php?doing_wp_cron=1788958980.4416348934173583984375 HTTP/1.1" 200 - "-" "WordPress/6.9.4; http://melbet.su"
196.171.16.187 - - [09/Sep/2026:15:02:58 +0200] "POST /xmlrpc.php HTTP/1.1" 200 441 "-" "Jetpack/13.0; WordPress/6.1; http://site93486498.com"
196.171.16.187 - - [09/Sep/2026:15:03:08 +0200] "POST /xmlrpc.php HTTP/1.1" 200 441 "-" "Jetpack by WordPress.com"
185.43.220.19 - - [09/Sep/2026:15:03:20 +0200] "POST /wp-cron.php?doing_wp_cron=1788959000.5604910850524902343750 HTTP/1.1" 200 - "-" "WordPress/6.9.4; http://melbet.su"
196.171.16.187 - - [09/Sep/2026:15:03:19 +0200] "POST /xmlrpc.php HTTP/1.1" 200 441 "-" "Jetpack by WordPress.com (Jetpack 12.1; WordPress 6.1)"
196.171.16.187 - - [09/Sep/2026:15:03:29 +0200] "POST /xmlrpc.php HTTP/1.1" 200 441 "-" "Jetpack by WordPress.com"
196.171.16.187 - - [09/Sep/2026:15:03:39 +0200] "POST /xmlrpc.php HTTP/1.1" 200 441 "-" "Jetpack/12.1; WordPress/6.3; http://site70223511.com"
31.171.100.239 - - [09/Sep/2026:15:03:50 +0200] "GET / HTTP/1.1" 302 - "-" "Mozilla/5.0 (iPod touch; CPU iPhone OS 13_6 like Mac OS X) AppleWebKit/604.5.6 (KHTML, like Gecko) FxiOS/118.0 Mobile/15E148 Safari/605.1.15"
196.171.16.187 - - [09/Sep/2026:15:03:50 +0200] "POST /xmlrpc.php HTTP/1.1" 200 441 "-" "Jetpack by WordPress.com"
196.171.16.187 - - [09/Sep/2026:15:04:00 +0200] "POST /xmlrpc.php HTTP/1.1" 200 441 "-" "Jetpack/12.1; WordPress/6.4; http://site35506624.com"
196.171.16.187 - - [09/Sep/2026:15:04:11 +0200] "POST /xmlrpc.php HTTP/1.1" 200 441 "-" "Jetpack/12.1; WordPress/6.4; http://site53994000.com"
31.171.100.131 - - [09/Sep/2026:15:04:20 +0200] "GET / HTTP/1.1" 302 - "-" "Mozilla/5.0 (X11; CrOS x86_64 8172.45.0) AppleWebKit/537.36 (KHTML, like Gecko) Chrome/51.0.2704.64 Safari/537.36"
185.43.220.19 - - [09/Sep/2026:15:04:26 +0200] "POST /wp-cron.php?doing_wp_cron=1788959066.2500360012054443359375 HTTP/1.1" 200 - "-" "WordPress/6.9.4; http://melbet.su"
196.171.16.187 - - [09/Sep/2026:15:04:21 +0200] "POST /xmlrpc.php HTTP/1.1" 200 441 "-" "Jetpack by WordPress.com"
31.171.101.251 - - [09/Sep/2026:15:04:27 +0200] "GET / HTTP/1.1" 302 - "-" "Mozilla/5.0 (iPhone; CPU iPhone OS 13_6 like Mac OS X) AppleWebKit/605.1.15 (KHTML, like Gecko) FxiOS/118.0 Mobile/15E148 Safari/605.1.15"
196.171.16.187 - - [09/Sep/2026:15:04:32 +0200] "POST /xmlrpc.php HTTP/1.1" 200 441 "-" "Jetpack by WordPress.com"
196.171.16.187 - - [09/Sep/2026:15:04:42 +0200] "POST /xmlrpc.php HTTP/1.1" 200 441 "-" "Jetpack by WordPress.com"
196.171.16.187 - - [09/Sep/2026:15:04:53 +0200] "POST /xmlrpc.php HTTP/1.1" 200 441 "-" "Jetpack by WordPress.com (Jetpack 12.5; WordPress 6.1)"
196.171.16.187 - - [09/Sep/2026:15:05:03 +0200] "POST /xmlrpc.php HTTP/1.1" 200 441 "-" "WordPress.com; https://wordpress.com"
185.43.220.19 - - [09/Sep/2026:15:05:36 +0200] "POST /wp-cron.php?doing_wp_cron=1788959136.5265491008758544921875 HTTP/1.1" 200 - "-" "WordPress/6.9.4; http://melbet.su"
196.171.16.187 - - [09/Sep/2026:15:05:14 +0200] "POST /xmlrpc.php HTTP/1.1" 200 441 "-" "Jetpack by WordPress.com"
196.171.16.187 - - [09/Sep/2026:15:05:35 +0200] "POST /xmlrpc.php HTTP/1.1" 200 441 "-" "Jetpack/12.1; WordPress/6.4; http://site19527069.com"
196.171.16.187 - - [09/Sep/2026:15:05:25 +0200] "POST /xmlrpc.php HTTP/1.1" 200 441 "-" "Jetpack by WordPress.com"
196.171.16.187 - - [09/Sep/2026:15:05:45 +0200] "POST /xmlrpc.php HTTP/1.1" 200 441 "-" "Jetpack by WordPress.com"
76.65.42.110 - - [09/Sep/2026:15:05:48 +0200] "POST /wp-login.php HTTP/1.1" 200 13937 "https://melbet.su.livebookmakers.net/wp-login.php" "Mozilla/5.0 (X11; Linux x86_64) AppleWebKit/537.36 (KHTML, like Gecko) Chrome/146.0.0.0 Safari/537.36"
196.171.16.187 - - [09/Sep/2026:15:05:56 +0200] "POST /xmlrpc.php HTTP/1.1" 200 441 "-" "WordPress.com; https://wordpress.com"
31.171.101.48 - - [09/Sep/2026:15:06:03 +0200] "GET / HTTP/1.1" 302 - "-" "Mozilla/5.0 (Linux; Android 5.0.2; SAMSUNG SM-T550 Build/LRX22G) AppleWebKit/537.36 (KHTML, like Gecko) SamsungBrowser/3.3 Chrome/38.0.2125.102 Safari/537.36"
196.171.16.187 - - [09/Sep/2026:15:06:06 +0200] "POST /xmlrpc.php HTTP/1.1" 200 441 "-" "WordPress.com; https://wordpress.com"
185.43.220.19 - - [09/Sep/2026:15:06:21 +0200] "POST /wp-cron.php?doing_wp_cron=1788959180.8432838916778564453125 HTTP/1.1" 200 - "-" "WordPress/6.9.4; http://melbet.su"
196.171.16.187 - - [09/Sep/2026:15:06:17 +0200] "POST /xmlrpc.php HTTP/1.1" 200 441 "-" "Jetpack by WordPress.com (Jetpack 13.0; WordPress 6.4)"
196.171.16.187 - - [09/Sep/2026:15:06:27 +0200] "POST /xmlrpc.php HTTP/1.1" 200 441 "-" "Jetpack by WordPress.com (Jetpack 12.0; WordPress 6.2)"
196.171.16.187 - - [09/Sep/2026:15:06:38 +0200] "POST /xmlrpc.php HTTP/1.1" 200 441 "-" "Jetpack/12.5; WordPress/6.2; http://site98435417.com"
196.171.16.187 - - [09/Sep/2026:15:06:48 +0200] "POST /xmlrpc.php HTTP/1.1" 200 441 "-" "Jetpack by WordPress.com (Jetpack 12.5; WordPress 6.2)"
196.171.16.187 - - [09/Sep/2026:15:06:59 +0200] "POST /xmlrpc.php HTTP/1.1" 200 441 "-" "WordPress.com; https://wordpress.com"
196.171.16.187 - - [09/Sep/2026:15:07:09 +0200] "POST /xmlrpc.php HTTP/1.1" 200 441 "-" "WordPress.com; https://wordpress.com"
185.43.220.19 - - [09/Sep/2026:15:07:21 +0200] "POST /wp-cron.php?doing_wp_cron=1788959241.5593290328979492187500 HTTP/1.1" 200 - "-" "WordPress/6.9.4; http://melbet.su"
196.171.16.187 - - [09/Sep/2026:15:07:19 +0200] "POST /xmlrpc.php HTTP/1.1" 200 441 "-" "Jetpack/12.1; WordPress/6.2; http://site19792214.com"
196.171.16.187 - - [09/Sep/2026:15:07:30 +0200] "POST /xmlrpc.php HTTP/1.1" 404 36489 "-" "Jetpack by WordPress.com (Jetpack 12.0; WordPress 6.4)"
196.171.16.187 - - [09/Sep/2026:15:07:41 +0200] "POST /xmlrpc.php HTTP/1.1" 200 441 "-" "Jetpack by WordPress.com"
196.171.16.187 - - [09/Sep/2026:15:07:51 +0200] "POST /xmlrpc.php HTTP/1.1" 200 441 "-" "Jetpack/12.0; WordPress/6.2; http://site99691291.com"
196.171.16.187 - - [09/Sep/2026:15:08:01 +0200] "POST /xmlrpc.php HTTP/1.1" 200 441 "-" "Jetpack by WordPress.com (Jetpack 12.1; WordPress 6.1)"
196.171.16.187 - - [09/Sep/2026:15:08:12 +0200] "POST /xmlrpc.php HTTP/1.1" 200 441 "-" "WordPress.com; https://wordpress.com"
196.171.16.187 - - [09/Sep/2026:15:08:22 +0200] "POST /xmlrpc.php HTTP/1.1" 503 - "-" "Jetpack/12.5; WordPress/6.3; http://site44970148.com"
196.171.16.187 - - [09/Sep/2026:15:08:33 +0200] "POST /xmlrpc.php HTTP/1.1" 503 - "-" "WordPress.com; https://wordpress.com"
185.43.220.19 - - [09/Sep/2026:15:08:45 +0200] "POST /wp-cron.php?doing_wp_cron=1788959325.6463630199432373046875 HTTP/1.1" 200 - "-" "WordPress/6.9.4; http://melbet.su"
196.171.16.187 - - [09/Sep/2026:15:08:43 +0200] "POST /xmlrpc.php HTTP/1.1" 200 441 "-" "WordPress.com; https://wordpress.com"
196.171.16.187 - - [09/Sep/2026:15:08:54 +0200] "POST /xmlrpc.php HTTP/1.1" 200 441 "-" "Jetpack by WordPress.com"
196.171.16.187 - - [09/Sep/2026:15:09:04 +0200] "POST /xmlrpc.php HTTP/1.1" 200 441 "-" "WordPress.com; https://wordpress.com"
142.111.152.111 - - [09/Sep/2026:15:09:06 +0200] "POST /wp-login.php HTTP/1.1" 200 13937 "-" "Mozilla/5.0 (Macintosh; Intel Mac OS X 10_15_7) AppleWebKit/605.1.15 Version/17.0 Safari/605.1.15"
142.111.152.130 - - [09/Sep/2026:15:09:06 +0200] "POST /wp-login.php HTTP/1.1" 200 13937 "-" "Mozilla/5.0 (Macintosh; Intel Mac OS X 10_15_7) AppleWebKit/605.1.15 Version/17.0 Safari/605.1.15"
196.171.16.187 - - [09/Sep/2026:15:09:15 +0200] "POST /xmlrpc.php HTTP/1.1" 200 441 "-" "Jetpack/12.1; WordPress/6.4; http://site23989016.com"
185.43.220.19 - - [09/Sep/2026:15:09:27 +0200] "POST /wp-cron.php?doing_wp_cron=1788959367.3431720733642578125000 HTTP/1.1" 200 - "-" "WordPress/6.9.4; http://melbet.su"
196.171.16.187 - - [09/Sep/2026:15:09:25 +0200] "POST /xmlrpc.php HTTP/1.1" 200 441 "-" "Jetpack/12.0; WordPress/6.1; http://site57066310.com"
196.171.16.187 - - [09/Sep/2026:15:09:36 +0200] "POST /xmlrpc.php HTTP/1.1" 200 441 "-" "Jetpack by WordPress.com"
196.171.16.187 - - [09/Sep/2026:15:09:46 +0200] "POST /xmlrpc.php HTTP/1.1" 200 441 "-" "Jetpack by WordPress.com"
196.171.16.187 - - [09/Sep/2026:15:09:57 +0200] "POST /xmlrpc.php HTTP/1.1" 200 441 "-" "Jetpack by WordPress.com (Jetpack 13.0; WordPress 6.3)"
196.171.16.187 - - [09/Sep/2026:15:10:07 +0200] "POST /xmlrpc.php HTTP/1.1" 200 441 "-" "Jetpack/12.1; WordPress/6.4; http://site53764985.com"
185.43.220.19 - - [09/Sep/2026:15:10:21 +0200] "POST /wp-cron.php?doing_wp_cron=1788959421.2437679767608642578125 HTTP/1.1" 200 - "-" "WordPress/6.9.4; http://melbet.su"
196.171.16.187 - - [09/Sep/2026:15:10:17 +0200] "POST /xmlrpc.php HTTP/1.1" 200 441 "-" "Jetpack/12.5; WordPress/6.2; http://site66685396.com"
196.171.16.187 - - [09/Sep/2026:15:10:28 +0200] "POST /xmlrpc.php HTTP/1.1" 200 441 "-" "Jetpack by WordPress.com (Jetpack 12.0; WordPress 6.4)"
196.171.16.187 - - [09/Sep/2026:15:10:38 +0200] "POST /xmlrpc.php HTTP/1.1" 200 441 "-" "Jetpack by WordPress.com"
196.171.16.187 - - [09/Sep/2026:15:10:49 +0200] "POST /xmlrpc.php HTTP/1.1" 200 441 "-" "Jetpack/12.1; WordPress/6.1; http://site47254058.com"
196.171.16.187 - - [09/Sep/2026:15:10:59 +0200] "POST /xmlrpc.php HTTP/1.1" 200 441 "-" "Jetpack/12.0; WordPress/6.4; http://site63848017.com"
114.119.137.237 - - [09/Sep/2026:15:11:00 +0200] "GET /stavki-na-rpl-v-melbet HTTP/1.1" 301 - "http://melbet.su/stavki-na-nhl" "Mozilla/5.0 (Linux; Android 7.0;) AppleWebKit/537.36 (HTML, like Gecko) Mobile Safari/537.36 (compatible; PetalBot;+https://webmaster.petalsearch.com/site/petalbot)"
114.119.137.237 - - [09/Sep/2026:15:11:03 +0200] "GET /stavki-na-rpl-v-melbet/ HTTP/1.1" 200 64083 "http://melbet.su/stavki-na-nhl" "Mozilla/5.0 (Linux; Android 7.0;) AppleWebKit/537.36 (HTML, like Gecko) Mobile Safari/537.36 (compatible; PetalBot;+https://webmaster.petalsearch.com/site/petalbot)"
196.171.16.187 - - [09/Sep/2026:15:11:10 +0200] "POST /xmlrpc.php HTTP/1.1" 200 441 "-" "Jetpack by WordPress.com"
185.43.220.19 - - [09/Sep/2026:15:11:24 +0200] "POST /wp-cron.php?doing_wp_cron=1788959484.0305330753326416015625 HTTP/1.1" 200 - "-" "WordPress/6.9.4; http://melbet.su"
196.171.16.187 - - [09/Sep/2026:15:11:20 +0200] "POST /xmlrpc.php HTTP/1.1" 200 441 "-" "Jetpack by WordPress.com (Jetpack 12.5; WordPress 6.2)"
196.171.16.187 - - [09/Sep/2026:15:11:31 +0200] "POST /xmlrpc.php HTTP/1.1" 200 441 "-" "Jetpack/12.0; WordPress/6.1; http://site65691711.com"
196.171.16.187 - - [09/Sep/2026:15:11:41 +0200] "POST /xmlrpc.php HTTP/1.1" 200 441 "-" "Jetpack by WordPress.com (Jetpack 13.0; WordPress 6.3)"
196.171.16.187 - - [09/Sep/2026:15:11:52 +0200] "POST /xmlrpc.php HTTP/1.1" 200 441 "-" "Jetpack/12.5; WordPress/6.1; http://site52069138.com"
196.171.16.187 - - [09/Sep/2026:15:12:02 +0200] "POST /xmlrpc.php HTTP/1.1" 200 441 "-" "WordPress.com; https://wordpress.com"
196.171.16.187 - - [09/Sep/2026:15:12:13 +0200] "POST /xmlrpc.php HTTP/1.1" 200 441 "-" "Jetpack by WordPress.com (Jetpack 12.5; WordPress 6.3)"
185.43.220.19 - - [09/Sep/2026:15:12:28 +0200] "POST /wp-cron.php?doing_wp_cron=1788959548.5255770683288574218750 HTTP/1.1" 200 - "-" "WordPress/6.9.4; http://melbet.su"
196.171.16.187 - - [09/Sep/2026:15:12:23 +0200] "POST /xmlrpc.php HTTP/1.1" 200 441 "-" "Jetpack/13.0; WordPress/6.4; http://site65111649.com"
196.171.16.187 - - [09/Sep/2026:15:12:34 +0200] "POST /xmlrpc.php HTTP/1.1" 200 441 "-" "Jetpack by WordPress.com (Jetpack 13.0; WordPress 6.2)"
196.171.16.187 - - [09/Sep/2026:15:12:44 +0200] "POST /xmlrpc.php HTTP/1.1" 200 441 "-" "Jetpack/12.0; WordPress/6.3; http://site71185877.com"
196.171.16.187 - - [09/Sep/2026:15:12:55 +0200] "POST /xmlrpc.php HTTP/1.1" 200 441 "-" "Jetpack by WordPress.com"
196.171.16.187 - - [09/Sep/2026:15:13:05 +0200] "POST /xmlrpc.php HTTP/1.1" 200 441 "-" "Jetpack/12.0; WordPress/6.3; http://site90395079.com"
196.171.16.187 - - [09/Sep/2026:15:13:16 +0200] "POST /xmlrpc.php HTTP/1.1" 503 - "-" "WordPress.com; https://wordpress.com"
185.43.220.19 - - [09/Sep/2026:15:13:35 +0200] "POST /wp-cron.php?doing_wp_cron=1788959615.5295848846435546875000 HTTP/1.1" 200 - "-" "WordPress/6.9.4; http://melbet.su"
196.171.16.187 - - [09/Sep/2026:15:13:27 +0200] "POST /xmlrpc.php HTTP/1.1" 200 441 "-" "Jetpack/12.1; WordPress/6.3; http://site66848925.com"
196.171.16.187 - - [09/Sep/2026:15:13:37 +0200] "POST /xmlrpc.php HTTP/1.1" 200 441 "-" "Jetpack/12.5; WordPress/6.2; http://site23994783.com"
196.171.16.187 - - [09/Sep/2026:15:13:48 +0200] "POST /xmlrpc.php HTTP/1.1" 200 441 "-" "WordPress.com; https://wordpress.com"
31.171.101.41 - - [09/Sep/2026:15:19:23 +0200] "GET / HTTP/1.1" 302 - "-" "Mozilla/5.0 (X11; Linux i686; rv:115.0) Gecko/20100101 Firefox/115.0"
155.2.215.35 - - [09/Sep/2026:15:20:10 +0200] "POST /wp-login.php HTTP/1.1" 200 13937 "-" "Mozilla/5.0 (Windows NT 10.0; Win64; x64) AppleWebKit/537.36 Chrome/129.0.0.0 Safari/537.36"
185.43.220.19 - - [09/Sep/2026:15:20:13 +0200] "POST /wp-cron.php?doing_wp_cron=1788960013.3278710842132568359375 HTTP/1.1" 200 - "-" "WordPress/6.9.4; http://melbet.su"
142.111.152.116 - - [09/Sep/2026:15:20:10 +0200] "POST /wp-login.php HTTP/1.1" 200 13937 "-" "Mozilla/5.0 (Windows NT 10.0; Win64; rv:143.0) Gecko/20100101 Firefox/143.0"
185.43.220.19 - - [09/Sep/2026:15:23:41 +0200] "POST /wp-cron.php?doing_wp_cron=1788960221.3252990245819091796875 HTTP/1.1" 200 - "-" "WordPress/6.9.4; http://melbet.su"
94.154.35.236 - - [09/Sep/2026:15:23:37 +0200] "GET /public.zip HTTP/1.1" 404 36489 "-" "Mozilla/5.0 (Windows NT 10.0; Win64; x64) AppleWebKit/537.36 (KHTML, like Gecko) Chrome/101.0.4951.67 Safari/537.36"
31.171.100.151 - - [09/Sep/2026:15:25:18 +0200] "GET / HTTP/1.1" 302 - "-" "Mozilla/5.0 (Windows NT 10.0; Win64; x64; rv:109.0) Gecko/20100101 Firefox/118.0"
150.242.254.78 - - [09/Sep/2026:15:26:29 +0200] "GET / HTTP/1.1" 302 - "-" "Mozilla/5.0 (compatible; ecommerce-platform-research-crawl/1.0; +contact: this is a one-time academic/market-research crawl of public homepages)"
31.171.100.46 - - [09/Sep/2026:15:30:55 +0200] "GET / HTTP/1.1" 302 - "-" "Mozilla/5.0 (Linux; Android 5.0.2; SAMSUNG SM-T550 Build/LRX22G) AppleWebKit/537.36 (KHTML, like Gecko) SamsungBrowser/3.3 Chrome/38.0.2125.102 Safari/537.36"
185.43.220.19 - - [09/Sep/2026:15:31:13 +0200] "POST /wp-cron.php?doing_wp_cron=1788960673.2321469783782958984375 HTTP/1.1" 200 - "-" "WordPress/6.9.4; http://melbet.su"
142.111.152.19 - - [09/Sep/2026:15:31:10 +0200] "POST /wp-login.php HTTP/1.1" 200 13937 "-" "Mozilla/5.0 (Windows NT 10.0; Win64; rv:143.0) Gecko/20100101 Firefox/143.0"
155.2.215.32 - - [09/Sep/2026:15:31:10 +0200] "POST /wp-login.php HTTP/1.1" 200 13937 "-" "Mozilla/5.0 (Windows NT 10.0; Win64; rv:143.0) Gecko/20100101 Firefox/143.0"
31.171.100.136 - - [09/Sep/2026:15:35:13 +0200] "GET / HTTP/1.1" 302 - "-" "Mozilla/5.0 (iPod touch; CPU iPhone OS 13_6 like Mac OS X) AppleWebKit/604.5.6 (KHTML, like Gecko) FxiOS/118.0 Mobile/15E148 Safari/605.1.15"
31.171.101.235 - - [09/Sep/2026:15:36:11 +0200] "GET / HTTP/1.1" 302 - "-" "Mozilla/5.0 (iPod touch; CPU iPhone OS 13_6 like Mac OS X) AppleWebKit/604.5.6 (KHTML, like Gecko) FxiOS/118.0 Mobile/15E148 Safari/605.1.15"
185.43.220.19 - - [09/Sep/2026:15:39:22 +0200] "POST /wp-cron.php?doing_wp_cron=1788961162.1303520202636718750000 HTTP/1.1" 200 - "-" "WordPress/6.9.4; http://melbet.su"
62.60.130.247 - - [09/Sep/2026:15:39:16 +0200] "GET //images/images/cache.php HTTP/1.1" 301 - "www.google.com" "Mozlila/5.0 (Linux; Android 7.0; SM-G892A Bulid/NRD90M; wv) AppleWebKit/537.36 (KHTML, like Gecko) Version/4.0 Chrome/60.0.3112.107 Moblie Safari/537.36"
62.60.130.247 - - [09/Sep/2026:15:39:22 +0200] "GET /images/images/cache.php HTTP/1.1" 404 36549 "www.google.com" "Mozlila/5.0 (Linux; Android 7.0; SM-G892A Bulid/NRD90M; wv) AppleWebKit/537.36 (KHTML, like Gecko) Version/4.0 Chrome/60.0.3112.107 Moblie Safari/537.36"
62.60.130.247 - - [09/Sep/2026:15:39:30 +0200] "GET //assets/images/images/cache.php HTTP/1.1" 301 - "www.google.com" "Mozlila/5.0 (Linux; Android 7.0; SM-G892A Bulid/NRD90M; wv) AppleWebKit/537.36 (KHTML, like Gecko) Version/4.0 Chrome/60.0.3112.107 Moblie Safari/537.36"
62.60.130.247 - - [09/Sep/2026:15:39:36 +0200] "GET /assets/images/images/cache.php HTTP/1.1" 404 36581 "www.google.com" "Mozlila/5.0 (Linux; Android 7.0; SM-G892A Bulid/NRD90M; wv) AppleWebKit/537.36 (KHTML, like Gecko) Version/4.0 Chrome/60.0.3112.107 Moblie Safari/537.36"
62.60.130.247 - - [09/Sep/2026:15:39:47 +0200] "GET //cgi-bin/cgi-bin/cgi-bin/cgi-bin/cache.php HTTP/1.1" 301 - "www.google.com" "Mozlila/5.0 (Linux; Android 7.0; SM-G892A Bulid/NRD90M; wv) AppleWebKit/537.36 (KHTML, like Gecko) Version/4.0 Chrome/60.0.3112.107 Moblie Safari/537.36"
31.171.101.212 - - [09/Sep/2026:15:39:57 +0200] "GET / HTTP/1.1" 302 - "-" "Mozilla/5.0 (Windows NT 10.0; Win64; x64) AppleWebKit/537.36 (KHTML, like Gecko) Chrome/42.0.2311.135 Safari/537.36 Edge/12.246"
62.60.130.247 - - [09/Sep/2026:15:39:53 +0200] "GET /cgi-bin/cgi-bin/cgi-bin/cgi-bin/cache.php HTTP/1.1" 404 36629 "www.google.com" "Mozlila/5.0 (Linux; Android 7.0; SM-G892A Bulid/NRD90M; wv) AppleWebKit/537.36 (KHTML, like Gecko) Version/4.0 Chrome/60.0.3112.107 Moblie Safari/537.36"
62.60.130.247 - - [09/Sep/2026:15:40:00 +0200] "GET //images/images/images/images/images/images/images/images/cache.php HTTP/1.1" 301 - "www.google.com" "Mozlila/5.0 (Linux; Android 7.0; SM-G892A Bulid/NRD90M; wv) AppleWebKit/537.36 (KHTML, like Gecko) Version/4.0 Chrome/60.0.3112.107 Moblie Safari/537.36"
62.60.130.247 - - [09/Sep/2026:15:40:03 +0200] "GET /images/images/images/images/images/images/images/images/cache.php HTTP/1.1" 404 36741 "www.google.com" "Mozlila/5.0 (Linux; Android 7.0; SM-G892A Bulid/NRD90M; wv) AppleWebKit/537.36 (KHTML, like Gecko) Version/4.0 Chrome/60.0.3112.107 Moblie Safari/537.36"
185.43.220.19 - - [09/Sep/2026:15:42:09 +0200] "POST /wp-cron.php?doing_wp_cron=1788961329.0327289104461669921875 HTTP/1.1" 200 - "-" "WordPress/6.9.4; http://melbet.su"
142.111.152.117 - - [09/Sep/2026:15:42:02 +0200] "POST /wp-login.php HTTP/1.1" 200 13937 "-" "Mozilla/5.0 (Macintosh; Intel Mac OS X 10_15_7) AppleWebKit/605.1.15 Version/17.0 Safari/605.1.15"
185.43.220.19 - - [09/Sep/2026:15:42:09 +0200] "POST /wp-cron.php?doing_wp_cron=1788961329.4269630908966064453125 HTTP/1.1" 200 - "-" "WordPress/6.9.4; http://melbet.su"
142.111.152.17 - - [09/Sep/2026:15:42:02 +0200] "POST /wp-login.php HTTP/1.1" 200 13937 "-" "Mozilla/5.0 (Windows NT 10.0; Win64; rv:143.0) Gecko/20100101 Firefox/143.0"
2001:41d0:8:ca15:: - - [09/Sep/2026:15:46:05 +0200] "GET / HTTP/1.1" 302 - "-" "Mozilla/5.0 (compatible; GeniusDataBot/1.0; +https://geniusdata.com)"
185.43.220.19 - - [09/Sep/2026:15:46:14 +0200] "POST /wp-cron.php?doing_wp_cron=1788961574.2365350723266601562500 HTTP/1.1" 200 - "-" "WordPress/6.9.4; http://melbet.su"
114.119.146.37 - - [09/Sep/2026:15:46:08 +0200] "GET /cobachi-bega-v-melbet/ HTTP/1.1" 200 58410 "http://melbet.su/" "Mozilla/5.0 (Linux; Android 7.0;) AppleWebKit/537.36 (HTML, like Gecko) Mobile Safari/537.36 (compatible; PetalBot;+https://webmaster.petalsearch.com/site/petalbot)"
31.171.100.118 - - [09/Sep/2026:15:47:31 +0200] "GET / HTTP/1.1" 302 - "-" "Mozilla/5.0 (Windows NT 10.0; Win64; x64; rv:109.0) Gecko/20100101 Firefox/118.0"
31.171.101.180 - - [09/Sep/2026:15:48:29 +0200] "GET / HTTP/1.1" 302 - "-" "Mozilla/5.0 (X11; Ubuntu; Linux i686; rv:109.0) Gecko/20100101 Firefox/118.0"
185.43.220.19 - - [09/Sep/2026:15:50:54 +0200] "POST /wp-cron.php?doing_wp_cron=1788961854.0290200710296630859375 HTTP/1.1" 200 - "-" "WordPress/6.9.4; http://melbet.su"
94.154.35.236 - - [09/Sep/2026:15:50:50 +0200] "GET /1.zip HTTP/1.1" 404 36469 "-" "Mozilla/5.0 (Windows NT 10.0; Win64; x64) AppleWebKit/537.36 (KHTML, like Gecko) Chrome/101.0.4951.67 Safari/537.36"
155.2.215.26 - - [09/Sep/2026:15:52:48 +0200] "POST /wp-login.php HTTP/1.1" 200 13937 "-" "Mozilla/5.0 (Windows NT 10.0; Win64; x64) AppleWebKit/537.36 Chrome/129.0.0.0 Safari/537.36"
185.43.220.19 - - [09/Sep/2026:15:52:55 +0200] "POST /wp-cron.php?doing_wp_cron=1788961975.3281700611114501953125 HTTP/1.1" 200 - "-" "WordPress/6.9.4; http://melbet.su"
142.111.152.108 - - [09/Sep/2026:15:52:48 +0200] "POST /wp-login.php HTTP/1.1" 200 13937 "-" "Mozilla/5.0 (Windows NT 10.0; Win64; x64) AppleWebKit/537.36 Chrome/129.0.0.0 Safari/537.36"
31.171.101.128 - - [09/Sep/2026:15:54:46 +0200] "GET / HTTP/1.1" 302 - "-" "Mozilla/5.0 (X11; Ubuntu; Linux x86_64; rv:115.0) Gecko/20100101 Firefox/115.0"
185.43.220.19 - - [09/Sep/2026:15:55:46 +0200] "POST /wp-cron.php?doing_wp_cron=1788962146.4365339279174804687500 HTTP/1.1" 200 - "-" "WordPress/6.9.4; http://melbet.su"
2a0e:cd41:7d76:89a6:faf0:82ff:fea4:371e - - [09/Sep/2026:15:55:41 +0200] "GET /kontaktyi/ HTTP/1.1" 200 53259 "http://melbet.su/kontaktyi/" "Mozilla/5.0 (Windows NT 10.0; Win64; x64) AppleWebKit/537.36 (KHTML, like Gecko) Chrome/131.0.0.0 Safari/537.36 Avast/131.0.0.0"
45.66.42.181 - - [09/Sep/2026:15:55:42 +0200] "GET /wp-login.php HTTP/1.1" 200 13444 "-" "Mozilla/5.0 (X11; Linux x86_64) AppleWebKit/537.36 (KHTML, like Gecko) Chrome/152.0.0.0 Safari/537.36"
45.66.42.181 - - [09/Sep/2026:15:55:47 +0200] "POST /wp-login.php HTTP/1.1" 200 13936 "https://melbet.su/wp-login.php" "Mozilla/5.0 (X11; Linux x86_64) AppleWebKit/537.36 (KHTML, like Gecko) Chrome/152.0.0.0 Safari/537.36"
2a0e:cd41:7d76:89a6:faf0:82ff:fea4:371e - - [09/Sep/2026:15:55:54 +0200] "POST /kontaktyi/ HTTP/1.1" 200 52780 "http://melbet.su/kontaktyi/" "Mozilla/5.0 (Windows NT 10.0; Win64; x64) AppleWebKit/537.36 (KHTML, like Gecko) Chrome/131.0.0.0 Safari/537.36 Avast/131.0.0.0"
185.43.220.19 - - [09/Sep/2026:15:56:50 +0200] "POST /wp-cron.php?doing_wp_cron=1788962210.6431510448455810546875 HTTP/1.1" 200 - "-" "WordPress/6.9.4; https://melbet.su"
212.83.174.154 - - [09/Sep/2026:16:00:25 +0200] "HEAD / HTTP/1.1" 302 - "-" "Mozilla/5.0 (compatible; PingAdmin.Ru/1.1; +http://pingadmin.ru/)"
185.43.220.19 - - [09/Sep/2026:16:03:37 +0200] "POST /wp-cron.php?doing_wp_cron=1788962617.8464729785919189453125 HTTP/1.1" 200 - "-" "WordPress/6.9.4; http://melbet.su"
142.111.152.26 - - [09/Sep/2026:16:03:34 +0200] "POST /wp-login.php HTTP/1.1" 200 13937 "-" "Mozilla/5.0 (Windows NT 10.0; Win64; x64) AppleWebKit/537.36 Chrome/129.0.0.0 Safari/537.36"
155.2.215.30 - - [09/Sep/2026:16:03:34 +0200] "POST /wp-login.php HTTP/1.1" 200 13937 "-" "Mozilla/5.0 (Macintosh; Intel Mac OS X 10_15_7) AppleWebKit/605.1.15 Version/17.0 Safari/605.1.15"
104.219.251.64 - - [09/Sep/2026:16:03:55 +0200] "GET /wp-login.php HTTP/1.1" 200 13444 "-" "Mozilla/5.0 (Windows NT 10.0; Win64; x64) AppleWebKit/537.36 (KHTML, like Gecko) Chrome/150.0.0.0 Safari/537.36"
104.219.251.64 - - [09/Sep/2026:16:03:56 +0200] "POST /wp-login.php HTTP/1.1" 200 13954 "https://melbet.su/wp-login.php" "Mozilla/5.0 (Windows NT 10.0; Win64; x64) AppleWebKit/537.36 (KHTML, like Gecko) Chrome/150.0.0.0 Safari/537.36"
185.43.220.19 - - [09/Sep/2026:16:06:15 +0200] "POST /wp-cron.php?doing_wp_cron=1788962774.9340789318084716796875 HTTP/1.1" 200 - "-" "WordPress/6.9.4; http://melbet.su"
169.58.198.243 - - [09/Sep/2026:16:06:07 +0200] "GET /wp-content/plugins/shell/about.php HTTP/1.1" 404 36597 "www.google.com" "Mozlila/5.0 (Linux; Android 7.0; SM-G892A Bulid/NRD90M; wv) AppleWebKit/537.36 (KHTML, like Gecko) Version/4.0 Chrome/60.0.3112.107 Moblie Safari/537.36"
169.58.198.243 - - [09/Sep/2026:16:06:37 +0200] "GET /wp-content/plugins/pwnd/pwnd.php HTTP/1.1" 404 36589 "www.google.com" "Mozlila/5.0 (Linux; Android 7.0; SM-G892A Bulid/NRD90M; wv) AppleWebKit/537.36 (KHTML, like Gecko) Version/4.0 Chrome/60.0.3112.107 Moblie Safari/537.36"
