216.73.216.26 - - [09/Sep/2026:18:17:07 +0200] "GET /index.php/sitemap.xml HTTP/1.1" 301 - "-" "Mozilla/5.0 AppleWebKit/537.36 (KHTML, like Gecko; compatible; ClaudeBot/1.0; [email protected])"
185.43.220.19 - - [09/Sep/2026:18:20:25 +0200] "POST /wp-cron.php?doing_wp_cron=1788970825.7385139465332031250000 HTTP/1.1" 200 - "-" "WordPress/6.9.4; http://melbet.su"
2804:2e4c:2002:7200:79b3:5811:b078:ecd6 - - [09/Sep/2026:18:20:22 +0200] "POST /xmlrpc.php HTTP/1.1" 200 441 "-" "Jetpack by WordPress.com"
2804:2e4c:2002:7200:79b3:5811:b078:ecd6 - - [09/Sep/2026:18:20:32 +0200] "POST /xmlrpc.php HTTP/1.1" 200 441 "-" "WordPress.com; https://wordpress.com"
2804:2e4c:2002:7200:79b3:5811:b078:ecd6 - - [09/Sep/2026:18:20:43 +0200] "POST /xmlrpc.php HTTP/1.1" 200 441 "-" "Jetpack by WordPress.com"
2804:2e4c:2002:7200:79b3:5811:b078:ecd6 - - [09/Sep/2026:18:20:54 +0200] "POST /xmlrpc.php HTTP/1.1" 200 441 "-" "Jetpack/12.5; WordPress/6.1; http://site10564396.com"
2804:2e4c:2002:7200:79b3:5811:b078:ecd6 - - [09/Sep/2026:18:21:04 +0200] "POST /xmlrpc.php HTTP/1.1" 200 441 "-" "Jetpack by WordPress.com (Jetpack 13.0; WordPress 6.1)"
185.43.220.19 - - [09/Sep/2026:18:21:19 +0200] "POST /wp-cron.php?doing_wp_cron=1788970879.1399540901184082031250 HTTP/1.1" 200 - "-" "WordPress/6.9.4; http://melbet.su"
2804:2e4c:2002:7200:79b3:5811:b078:ecd6 - - [09/Sep/2026:18:21:15 +0200] "POST /xmlrpc.php HTTP/1.1" 200 441 "-" "Jetpack/12.0; WordPress/6.3; http://site30672772.com"
66.249.73.200 - - [09/Sep/2026:18:21:28 +0200] "GET /robots.txt HTTP/1.1" 304 - "-" "Mozilla/5.0 (compatible; Googlebot/2.1; +http://www.google.com/bot.html)"
2804:2e4c:2002:7200:79b3:5811:b078:ecd6 - - [09/Sep/2026:18:21:26 +0200] "POST /xmlrpc.php HTTP/1.1" 200 441 "-" "Jetpack by WordPress.com (Jetpack 13.0; WordPress 6.3)"
66.249.73.200 - - [09/Sep/2026:18:21:29 +0200] "GET /ads.txt HTTP/1.1" 404 36477 "-" "Mozilla/5.0 (compatible; Googlebot/2.1; +http://www.google.com/bot.html)"
2804:2e4c:2002:7200:79b3:5811:b078:ecd6 - - [09/Sep/2026:18:21:36 +0200] "POST /xmlrpc.php HTTP/1.1" 200 441 "-" "WordPress.com; https://wordpress.com"
2804:2e4c:2002:7200:79b3:5811:b078:ecd6 - - [09/Sep/2026:18:21:47 +0200] "POST /xmlrpc.php HTTP/1.1" 200 441 "-" "Jetpack/12.5; WordPress/6.2; http://site76498692.com"
2804:2e4c:2002:7200:79b3:5811:b078:ecd6 - - [09/Sep/2026:18:21:57 +0200] "POST /xmlrpc.php HTTP/1.1" 200 441 "-" "Jetpack/13.0; WordPress/6.2; http://site43574310.com"
2804:2e4c:2002:7200:79b3:5811:b078:ecd6 - - [09/Sep/2026:18:22:08 +0200] "POST /xmlrpc.php HTTP/1.1" 200 441 "-" "Jetpack by WordPress.com (Jetpack 12.5; WordPress 6.3)"
185.43.220.19 - - [09/Sep/2026:18:22:23 +0200] "POST /wp-cron.php?doing_wp_cron=1788970943.2253720760345458984375 HTTP/1.1" 200 - "-" "WordPress/6.9.4; http://melbet.su"
2804:2e4c:2002:7200:79b3:5811:b078:ecd6 - - [09/Sep/2026:18:22:19 +0200] "POST /xmlrpc.php HTTP/1.1" 200 441 "-" "Jetpack by WordPress.com (Jetpack 12.5; WordPress 6.1)"
2804:2e4c:2002:7200:79b3:5811:b078:ecd6 - - [09/Sep/2026:18:22:29 +0200] "POST /xmlrpc.php HTTP/1.1" 200 441 "-" "WordPress.com; https://wordpress.com"
2804:2e4c:2002:7200:79b3:5811:b078:ecd6 - - [09/Sep/2026:18:22:40 +0200] "POST /xmlrpc.php HTTP/1.1" 200 441 "-" "Jetpack by WordPress.com (Jetpack 12.0; WordPress 6.1)"
2804:2e4c:2002:7200:79b3:5811:b078:ecd6 - - [09/Sep/2026:18:22:50 +0200] "POST /xmlrpc.php HTTP/1.1" 200 441 "-" "WordPress.com; https://wordpress.com"
2804:2e4c:2002:7200:79b3:5811:b078:ecd6 - - [09/Sep/2026:18:23:01 +0200] "POST /xmlrpc.php HTTP/1.1" 200 441 "-" "Jetpack/12.1; WordPress/6.3; http://site30225159.com"
2804:2e4c:2002:7200:79b3:5811:b078:ecd6 - - [09/Sep/2026:18:23:12 +0200] "POST /xmlrpc.php HTTP/1.1" 200 441 "-" "Jetpack by WordPress.com"
185.43.220.19 - - [09/Sep/2026:18:23:26 +0200] "POST /wp-cron.php?doing_wp_cron=1788971006.6414439678192138671875 HTTP/1.1" 200 - "-" "WordPress/6.9.4; http://melbet.su"
2804:2e4c:2002:7200:79b3:5811:b078:ecd6 - - [09/Sep/2026:18:23:22 +0200] "POST /xmlrpc.php HTTP/1.1" 200 441 "-" "Jetpack/12.0; WordPress/6.2; http://site80899374.com"
2804:2e4c:2002:7200:79b3:5811:b078:ecd6 - - [09/Sep/2026:18:23:33 +0200] "POST /xmlrpc.php HTTP/1.1" 200 441 "-" "Jetpack/12.0; WordPress/6.1; http://site26293788.com"
2804:2e4c:2002:7200:79b3:5811:b078:ecd6 - - [09/Sep/2026:18:23:44 +0200] "POST /xmlrpc.php HTTP/1.1" 200 441 "-" "Jetpack by WordPress.com"
2804:2e4c:2002:7200:79b3:5811:b078:ecd6 - - [09/Sep/2026:18:23:54 +0200] "POST /xmlrpc.php HTTP/1.1" 200 441 "-" "Jetpack/12.5; WordPress/6.1; http://site57167555.com"
2804:2e4c:2002:7200:79b3:5811:b078:ecd6 - - [09/Sep/2026:18:24:05 +0200] "POST /xmlrpc.php HTTP/1.1" 200 441 "-" "Jetpack by WordPress.com"
2804:2e4c:2002:7200:79b3:5811:b078:ecd6 - - [09/Sep/2026:18:24:15 +0200] "POST /xmlrpc.php HTTP/1.1" 503 - "-" "Jetpack by WordPress.com (Jetpack 12.1; WordPress 6.4)"
185.43.220.19 - - [09/Sep/2026:18:24:35 +0200] "POST /wp-cron.php?doing_wp_cron=1788971074.8319029808044433593750 HTTP/1.1" 200 - "-" "WordPress/6.9.4; http://melbet.su"
2804:2e4c:2002:7200:79b3:5811:b078:ecd6 - - [09/Sep/2026:18:24:26 +0200] "POST /xmlrpc.php HTTP/1.1" 503 - "-" "Jetpack by WordPress.com"
2804:2e4c:2002:7200:79b3:5811:b078:ecd6 - - [09/Sep/2026:18:24:37 +0200] "POST /xmlrpc.php HTTP/1.1" 200 441 "-" "Jetpack by WordPress.com"
31.171.101.28 - - [09/Sep/2026:18:24:51 +0200] "GET / HTTP/1.1" 302 - "-" "Mozilla/5.0 (Linux; Android 12; SM-X906C Build/QP1A.190711.020; wv) AppleWebKit/537.36 (KHTML, like Gecko) Version/4.0 Chrome/80.0.3987.119 Mobile Safari/537.36"
2804:2e4c:2002:7200:79b3:5811:b078:ecd6 - - [09/Sep/2026:18:24:47 +0200] "POST /xmlrpc.php HTTP/1.1" 200 441 "-" "Jetpack by WordPress.com"
2804:2e4c:2002:7200:79b3:5811:b078:ecd6 - - [09/Sep/2026:18:24:58 +0200] "POST /xmlrpc.php HTTP/1.1" 200 441 "-" "Jetpack/12.5; WordPress/6.3; http://site53475722.com"
2804:2e4c:2002:7200:79b3:5811:b078:ecd6 - - [09/Sep/2026:18:25:09 +0200] "POST /xmlrpc.php HTTP/1.1" 200 441 "-" "Jetpack/13.0; WordPress/6.2; http://site26152913.com"
2804:2e4c:2002:7200:79b3:5811:b078:ecd6 - - [09/Sep/2026:18:25:19 +0200] "POST /xmlrpc.php HTTP/1.1" 200 441 "-" "Jetpack/12.1; WordPress/6.1; http://site72375170.com"
185.43.220.19 - - [09/Sep/2026:18:25:35 +0200] "POST /wp-cron.php?doing_wp_cron=1788971135.1304318904876708984375 HTTP/1.1" 200 - "-" "WordPress/6.9.4; http://melbet.su"
2804:2e4c:2002:7200:79b3:5811:b078:ecd6 - - [09/Sep/2026:18:25:30 +0200] "POST /xmlrpc.php HTTP/1.1" 200 441 "-" "Jetpack/12.1; WordPress/6.2; http://site27276226.com"
2804:2e4c:2002:7200:79b3:5811:b078:ecd6 - - [09/Sep/2026:18:25:40 +0200] "POST /xmlrpc.php HTTP/1.1" 200 441 "-" "Jetpack by WordPress.com"
2804:2e4c:2002:7200:79b3:5811:b078:ecd6 - - [09/Sep/2026:18:25:51 +0200] "POST /xmlrpc.php HTTP/1.1" 200 441 "-" "Jetpack/12.0; WordPress/6.2; http://site87401486.com"
2804:2e4c:2002:7200:79b3:5811:b078:ecd6 - - [09/Sep/2026:18:26:02 +0200] "POST /xmlrpc.php HTTP/1.1" 200 441 "-" "WordPress.com; https://wordpress.com"
2804:2e4c:2002:7200:79b3:5811:b078:ecd6 - - [09/Sep/2026:18:26:12 +0200] "POST /xmlrpc.php HTTP/1.1" 200 441 "-" "Jetpack by WordPress.com (Jetpack 12.0; WordPress 6.2)"
185.43.220.19 - - [09/Sep/2026:18:26:24 +0200] "POST /wp-cron.php?doing_wp_cron=1788971184.4648609161376953125000 HTTP/1.1" 200 - "-" "WordPress/6.9.4; http://melbet.su"
2804:2e4c:2002:7200:79b3:5811:b078:ecd6 - - [09/Sep/2026:18:26:23 +0200] "POST /xmlrpc.php HTTP/1.1" 200 441 "-" "WordPress.com; https://wordpress.com"
2804:2e4c:2002:7200:79b3:5811:b078:ecd6 - - [09/Sep/2026:18:26:33 +0200] "POST /xmlrpc.php HTTP/1.1" 200 441 "-" "Jetpack by WordPress.com (Jetpack 12.5; WordPress 6.3)"
2804:2e4c:2002:7200:79b3:5811:b078:ecd6 - - [09/Sep/2026:18:26:44 +0200] "POST /xmlrpc.php HTTP/1.1" 200 441 "-" "Jetpack by WordPress.com"
2804:2e4c:2002:7200:79b3:5811:b078:ecd6 - - [09/Sep/2026:18:26:55 +0200] "POST /xmlrpc.php HTTP/1.1" 200 441 "-" "Jetpack by WordPress.com"
2804:2e4c:2002:7200:79b3:5811:b078:ecd6 - - [09/Sep/2026:18:27:05 +0200] "POST /xmlrpc.php HTTP/1.1" 200 441 "-" "WordPress.com; https://wordpress.com"
2804:2e4c:2002:7200:79b3:5811:b078:ecd6 - - [09/Sep/2026:18:27:16 +0200] "POST /xmlrpc.php HTTP/1.1" 200 441 "-" "WordPress.com; https://wordpress.com"
185.43.220.19 - - [09/Sep/2026:18:27:28 +0200] "POST /wp-cron.php?doing_wp_cron=1788971248.1271231174468994140625 HTTP/1.1" 200 - "-" "WordPress/6.9.4; http://melbet.su"
2804:2e4c:2002:7200:79b3:5811:b078:ecd6 - - [09/Sep/2026:18:27:26 +0200] "POST /xmlrpc.php HTTP/1.1" 200 441 "-" "Jetpack by WordPress.com (Jetpack 12.0; WordPress 6.2)"
2804:2e4c:2002:7200:79b3:5811:b078:ecd6 - - [09/Sep/2026:18:27:37 +0200] "POST /xmlrpc.php HTTP/1.1" 200 441 "-" "Jetpack by WordPress.com"
2804:2e4c:2002:7200:79b3:5811:b078:ecd6 - - [09/Sep/2026:18:27:48 +0200] "POST /xmlrpc.php HTTP/1.1" 200 441 "-" "Jetpack/13.0; WordPress/6.2; http://site17215256.com"
2804:2e4c:2002:7200:79b3:5811:b078:ecd6 - - [09/Sep/2026:18:27:58 +0200] "POST /xmlrpc.php HTTP/1.1" 200 441 "-" "Jetpack by WordPress.com (Jetpack 12.5; WordPress 6.4)"
2804:2e4c:2002:7200:79b3:5811:b078:ecd6 - - [09/Sep/2026:18:28:09 +0200] "POST /xmlrpc.php HTTP/1.1" 200 441 "-" "Jetpack by WordPress.com (Jetpack 12.1; WordPress 6.1)"
185.43.220.19 - - [09/Sep/2026:18:28:21 +0200] "POST /wp-cron.php?doing_wp_cron=1788971301.5794410705566406250000 HTTP/1.1" 200 - "-" "WordPress/6.9.4; http://melbet.su"
2804:2e4c:2002:7200:79b3:5811:b078:ecd6 - - [09/Sep/2026:18:28:20 +0200] "POST /xmlrpc.php HTTP/1.1" 200 441 "-" "WordPress.com; https://wordpress.com"
2804:2e4c:2002:7200:79b3:5811:b078:ecd6 - - [09/Sep/2026:18:28:31 +0200] "POST /xmlrpc.php HTTP/1.1" 200 441 "-" "Jetpack/12.5; WordPress/6.4; http://site73036704.com"
2804:2e4c:2002:7200:79b3:5811:b078:ecd6 - - [09/Sep/2026:18:28:41 +0200] "POST /xmlrpc.php HTTP/1.1" 200 441 "-" "Jetpack/13.0; WordPress/6.3; http://site30836695.com"
2804:2e4c:2002:7200:79b3:5811:b078:ecd6 - - [09/Sep/2026:18:28:52 +0200] "POST /xmlrpc.php HTTP/1.1" 200 441 "-" "Jetpack by WordPress.com"
2804:2e4c:2002:7200:79b3:5811:b078:ecd6 - - [09/Sep/2026:18:29:02 +0200] "POST /xmlrpc.php HTTP/1.1" 200 441 "-" "WordPress.com; https://wordpress.com"
2804:2e4c:2002:7200:79b3:5811:b078:ecd6 - - [09/Sep/2026:18:29:13 +0200] "POST /xmlrpc.php HTTP/1.1" 200 441 "-" "Jetpack by WordPress.com"
185.43.220.19 - - [09/Sep/2026:18:29:26 +0200] "POST /wp-cron.php?doing_wp_cron=1788971366.0256929397583007812500 HTTP/1.1" 200 - "-" "WordPress/6.9.4; http://melbet.su"
2804:2e4c:2002:7200:79b3:5811:b078:ecd6 - - [09/Sep/2026:18:29:24 +0200] "POST /xmlrpc.php HTTP/1.1" 200 441 "-" "Jetpack by WordPress.com (Jetpack 12.0; WordPress 6.4)"
2804:2e4c:2002:7200:79b3:5811:b078:ecd6 - - [09/Sep/2026:18:29:34 +0200] "POST /xmlrpc.php HTTP/1.1" 200 441 "-" "Jetpack by WordPress.com (Jetpack 12.0; WordPress 6.4)"
2804:2e4c:2002:7200:79b3:5811:b078:ecd6 - - [09/Sep/2026:18:29:45 +0200] "POST /xmlrpc.php HTTP/1.1" 200 441 "-" "WordPress.com; https://wordpress.com"
31.171.100.236 - - [09/Sep/2026:18:29:55 +0200] "GET / HTTP/1.1" 302 - "-" "Mozilla/5.0 (Linux; Android 12; SM-X906C Build/QP1A.190711.020; wv) AppleWebKit/537.36 (KHTML, like Gecko) Version/4.0 Chrome/80.0.3987.119 Mobile Safari/537.36"
2804:2e4c:2002:7200:79b3:5811:b078:ecd6 - - [09/Sep/2026:18:29:56 +0200] "POST /xmlrpc.php HTTP/1.1" 200 441 "-" "Jetpack by WordPress.com"
192.185.131.115 - - [09/Sep/2026:18:30:00 +0200] "GET /wp-login.php HTTP/1.1" 200 13444 "-" "Mozilla/5.0 (X11; Linux x86_64) AppleWebKit/537.36 (KHTML, like Gecko) Chrome/149.0.0.0 Safari/537.36"
192.185.131.115 - - [09/Sep/2026:18:30:02 +0200] "POST /wp-login.php HTTP/1.1" 200 13954 "https://melbet.su/wp-login.php" "Mozilla/5.0 (X11; Linux x86_64) AppleWebKit/537.36 (KHTML, like Gecko) Chrome/149.0.0.0 Safari/537.36"
2804:2e4c:2002:7200:79b3:5811:b078:ecd6 - - [09/Sep/2026:18:30:06 +0200] "POST /xmlrpc.php HTTP/1.1" 200 441 "-" "Jetpack by WordPress.com (Jetpack 13.0; WordPress 6.3)"
185.43.220.19 - - [09/Sep/2026:18:30:20 +0200] "POST /wp-cron.php?doing_wp_cron=1788971420.8444890975952148437500 HTTP/1.1" 200 - "-" "WordPress/6.9.4; http://melbet.su"
2804:2e4c:2002:7200:79b3:5811:b078:ecd6 - - [09/Sep/2026:18:30:17 +0200] "POST /xmlrpc.php HTTP/1.1" 200 441 "-" "Jetpack/13.0; WordPress/6.2; http://site61911967.com"
2804:2e4c:2002:7200:79b3:5811:b078:ecd6 - - [09/Sep/2026:18:30:27 +0200] "POST /xmlrpc.php HTTP/1.1" 200 441 "-" "WordPress.com; https://wordpress.com"
2804:2e4c:2002:7200:79b3:5811:b078:ecd6 - - [09/Sep/2026:18:30:38 +0200] "POST /xmlrpc.php HTTP/1.1" 200 441 "-" "Jetpack by WordPress.com"
2804:2e4c:2002:7200:79b3:5811:b078:ecd6 - - [09/Sep/2026:18:30:49 +0200] "POST /xmlrpc.php HTTP/1.1" 200 441 "-" "Jetpack/12.0; WordPress/6.1; http://site92607483.com"
2804:2e4c:2002:7200:79b3:5811:b078:ecd6 - - [09/Sep/2026:18:30:59 +0200] "POST /xmlrpc.php HTTP/1.1" 200 441 "-" "Jetpack/12.0; WordPress/6.2; http://site90322886.com"
2804:2e4c:2002:7200:79b3:5811:b078:ecd6 - - [09/Sep/2026:18:31:10 +0200] "POST /xmlrpc.php HTTP/1.1" 200 441 "-" "Jetpack/13.0; WordPress/6.2; http://site79594342.com"
185.43.220.19 - - [09/Sep/2026:18:31:23 +0200] "POST /wp-cron.php?doing_wp_cron=1788971483.3435289859771728515625 HTTP/1.1" 200 - "-" "WordPress/6.9.4; http://melbet.su"
2804:2e4c:2002:7200:79b3:5811:b078:ecd6 - - [09/Sep/2026:18:31:20 +0200] "POST /xmlrpc.php HTTP/1.1" 200 441 "-" "Jetpack/12.0; WordPress/6.1; http://site82719227.com"
52.167.144.67 - - [09/Sep/2026:18:31:31 +0200] "GET /robots.txt HTTP/1.1" 304 - "-" "Mozilla/5.0 AppleWebKit/537.36 (KHTML, like Gecko; compatible; bingbot/2.0; +http://www.bing.com/bingbot.htm) Chrome/116.0.1938.76 Safari/537.36"
2804:2e4c:2002:7200:79b3:5811:b078:ecd6 - - [09/Sep/2026:18:31:31 +0200] "POST /xmlrpc.php HTTP/1.1" 200 441 "-" "Jetpack/13.0; WordPress/6.3; http://site26782320.com"
2804:2e4c:2002:7200:79b3:5811:b078:ecd6 - - [09/Sep/2026:18:31:42 +0200] "POST /xmlrpc.php HTTP/1.1" 200 441 "-" "Jetpack by WordPress.com"
2804:2e4c:2002:7200:79b3:5811:b078:ecd6 - - [09/Sep/2026:18:31:52 +0200] "POST /xmlrpc.php HTTP/1.1" 200 441 "-" "Jetpack/12.5; WordPress/6.4; http://site15326356.com"
2804:2e4c:2002:7200:79b3:5811:b078:ecd6 - - [09/Sep/2026:18:32:03 +0200] "POST /xmlrpc.php HTTP/1.1" 200 441 "-" "Jetpack by WordPress.com (Jetpack 13.0; WordPress 6.4)"
2804:2e4c:2002:7200:79b3:5811:b078:ecd6 - - [09/Sep/2026:18:32:14 +0200] "POST /xmlrpc.php HTTP/1.1" 200 441 "-" "Jetpack/12.0; WordPress/6.2; http://site60265196.com"
185.43.220.19 - - [09/Sep/2026:18:32:26 +0200] "POST /wp-cron.php?doing_wp_cron=1788971546.7821750640869140625000 HTTP/1.1" 200 - "-" "WordPress/6.9.4; http://melbet.su"
2804:2e4c:2002:7200:79b3:5811:b078:ecd6 - - [09/Sep/2026:18:32:24 +0200] "POST /xmlrpc.php HTTP/1.1" 200 441 "-" "WordPress.com; https://wordpress.com"
2804:2e4c:2002:7200:79b3:5811:b078:ecd6 - - [09/Sep/2026:18:32:35 +0200] "POST /xmlrpc.php HTTP/1.1" 200 441 "-" "Jetpack/12.1; WordPress/6.4; http://site40458850.com"
2804:2e4c:2002:7200:79b3:5811:b078:ecd6 - - [09/Sep/2026:18:32:46 +0200] "POST /xmlrpc.php HTTP/1.1" 200 441 "-" "Jetpack by WordPress.com"
2804:2e4c:2002:7200:79b3:5811:b078:ecd6 - - [09/Sep/2026:18:32:56 +0200] "POST /xmlrpc.php HTTP/1.1" 200 441 "-" "Jetpack by WordPress.com"
2804:2e4c:2002:7200:79b3:5811:b078:ecd6 - - [09/Sep/2026:18:33:07 +0200] "POST /xmlrpc.php HTTP/1.1" 200 441 "-" "WordPress.com; https://wordpress.com"
185.43.220.19 - - [09/Sep/2026:18:33:20 +0200] "POST /wp-cron.php?doing_wp_cron=1788971600.9274220466613769531250 HTTP/1.1" 200 - "-" "WordPress/6.9.4; http://melbet.su"
2804:2e4c:2002:7200:79b3:5811:b078:ecd6 - - [09/Sep/2026:18:33:17 +0200] "POST /xmlrpc.php HTTP/1.1" 200 441 "-" "Jetpack by WordPress.com (Jetpack 12.5; WordPress 6.2)"
2804:2e4c:2002:7200:79b3:5811:b078:ecd6 - - [09/Sep/2026:18:33:28 +0200] "POST /xmlrpc.php HTTP/1.1" 200 441 "-" "Jetpack by WordPress.com"
2804:2e4c:2002:7200:79b3:5811:b078:ecd6 - - [09/Sep/2026:18:33:38 +0200] "POST /xmlrpc.php HTTP/1.1" 200 441 "-" "WordPress.com; https://wordpress.com"
2804:2e4c:2002:7200:79b3:5811:b078:ecd6 - - [09/Sep/2026:18:33:49 +0200] "POST /xmlrpc.php HTTP/1.1" 200 441 "-" "Jetpack by WordPress.com"
2804:2e4c:2002:7200:79b3:5811:b078:ecd6 - - [09/Sep/2026:18:34:00 +0200] "POST /xmlrpc.php HTTP/1.1" 200 441 "-" "Jetpack by WordPress.com"
2804:2e4c:2002:7200:79b3:5811:b078:ecd6 - - [09/Sep/2026:18:34:10 +0200] "POST /xmlrpc.php HTTP/1.1" 200 441 "-" "Jetpack/12.0; WordPress/6.2; http://site48838211.com"
185.43.220.19 - - [09/Sep/2026:18:34:25 +0200] "POST /wp-cron.php?doing_wp_cron=1788971664.9294309616088867187500 HTTP/1.1" 200 - "-" "WordPress/6.9.4; http://melbet.su"
2804:2e4c:2002:7200:79b3:5811:b078:ecd6 - - [09/Sep/2026:18:34:21 +0200] "POST /xmlrpc.php HTTP/1.1" 200 441 "-" "Jetpack by WordPress.com (Jetpack 12.1; WordPress 6.2)"
2804:2e4c:2002:7200:79b3:5811:b078:ecd6 - - [09/Sep/2026:18:34:31 +0200] "POST /xmlrpc.php HTTP/1.1" 200 441 "-" "Jetpack by WordPress.com"
2804:2e4c:2002:7200:79b3:5811:b078:ecd6 - - [09/Sep/2026:18:34:42 +0200] "POST /xmlrpc.php HTTP/1.1" 200 441 "-" "Jetpack/12.1; WordPress/6.3; http://site17769532.com"
2804:2e4c:2002:7200:79b3:5811:b078:ecd6 - - [09/Sep/2026:18:34:53 +0200] "POST /xmlrpc.php HTTP/1.1" 200 441 "-" "Jetpack/12.0; WordPress/6.1; http://site71081596.com"
2804:2e4c:2002:7200:79b3:5811:b078:ecd6 - - [09/Sep/2026:18:35:03 +0200] "POST /xmlrpc.php HTTP/1.1" 200 441 "-" "Jetpack by WordPress.com (Jetpack 12.0; WordPress 6.4)"
2804:2e4c:2002:7200:79b3:5811:b078:ecd6 - - [09/Sep/2026:18:35:14 +0200] "POST /xmlrpc.php HTTP/1.1" 200 441 "-" "WordPress.com; https://wordpress.com"
185.43.220.19 - - [09/Sep/2026:18:35:27 +0200] "POST /wp-cron.php?doing_wp_cron=1788971727.5256719589233398437500 HTTP/1.1" 200 - "-" "WordPress/6.9.4; http://melbet.su"
2804:2e4c:2002:7200:79b3:5811:b078:ecd6 - - [09/Sep/2026:18:35:24 +0200] "POST /xmlrpc.php HTTP/1.1" 200 441 "-" "Jetpack by WordPress.com (Jetpack 12.5; WordPress 6.3)"
2804:2e4c:2002:7200:79b3:5811:b078:ecd6 - - [09/Sep/2026:18:35:35 +0200] "POST /xmlrpc.php HTTP/1.1" 200 441 "-" "WordPress.com; https://wordpress.com"
2804:2e4c:2002:7200:79b3:5811:b078:ecd6 - - [09/Sep/2026:18:35:46 +0200] "POST /xmlrpc.php HTTP/1.1" 200 441 "-" "Jetpack by WordPress.com"
2804:2e4c:2002:7200:79b3:5811:b078:ecd6 - - [09/Sep/2026:18:35:56 +0200] "POST /xmlrpc.php HTTP/1.1" 200 441 "-" "Jetpack/12.0; WordPress/6.3; http://site49911518.com"
2804:2e4c:2002:7200:79b3:5811:b078:ecd6 - - [09/Sep/2026:18:36:07 +0200] "POST /xmlrpc.php HTTP/1.1" 200 441 "-" "WordPress.com; https://wordpress.com"
185.43.220.19 - - [09/Sep/2026:18:36:21 +0200] "POST /wp-cron.php?doing_wp_cron=1788971781.0395500659942626953125 HTTP/1.1" 200 - "-" "WordPress/6.9.4; http://melbet.su"
2804:2e4c:2002:7200:79b3:5811:b078:ecd6 - - [09/Sep/2026:18:36:18 +0200] "POST /xmlrpc.php HTTP/1.1" 200 441 "-" "Jetpack by WordPress.com (Jetpack 12.1; WordPress 6.4)"
114.119.141.100 - - [09/Sep/2026:18:36:25 +0200] "GET /robots.txt HTTP/1.1" 304 - "https://melbet.su/robots.txt" "Mozilla/5.0 (compatible;PetalBot;+https://webmaster.petalsearch.com/site/petalbot)"
2804:2e4c:2002:7200:79b3:5811:b078:ecd6 - - [09/Sep/2026:18:36:28 +0200] "POST /xmlrpc.php HTTP/1.1" 200 441 "-" "Jetpack by WordPress.com (Jetpack 12.0; WordPress 6.2)"
2804:2e4c:2002:7200:79b3:5811:b078:ecd6 - - [09/Sep/2026:18:36:39 +0200] "POST /xmlrpc.php HTTP/1.1" 200 441 "-" "WordPress.com; https://wordpress.com"
2804:2e4c:2002:7200:79b3:5811:b078:ecd6 - - [09/Sep/2026:18:36:50 +0200] "POST /xmlrpc.php HTTP/1.1" 200 441 "-" "Jetpack by WordPress.com"
94.154.35.236 - - [09/Sep/2026:18:37:00 +0200] "GET /22.zip HTTP/1.1" 404 36473 "-" "Mozilla/5.0 (Windows NT 10.0; Win64; x64) AppleWebKit/537.36 (KHTML, like Gecko) Chrome/101.0.4951.67 Safari/537.36"
2804:2e4c:2002:7200:79b3:5811:b078:ecd6 - - [09/Sep/2026:18:37:00 +0200] "POST /xmlrpc.php HTTP/1.1" 200 441 "-" "Jetpack by WordPress.com"
2804:2e4c:2002:7200:79b3:5811:b078:ecd6 - - [09/Sep/2026:18:37:11 +0200] "POST /xmlrpc.php HTTP/1.1" 200 441 "-" "Jetpack by WordPress.com"
185.43.220.19 - - [09/Sep/2026:18:37:24 +0200] "POST /wp-cron.php?doing_wp_cron=1788971844.1268908977508544921875 HTTP/1.1" 200 - "-" "WordPress/6.9.4; http://melbet.su"
2804:2e4c:2002:7200:79b3:5811:b078:ecd6 - - [09/Sep/2026:18:37:22 +0200] "POST /xmlrpc.php HTTP/1.1" 200 441 "-" "Jetpack/12.5; WordPress/6.2; http://site15636641.com"
2804:2e4c:2002:7200:79b3:5811:b078:ecd6 - - [09/Sep/2026:18:37:32 +0200] "POST /xmlrpc.php HTTP/1.1" 200 441 "-" "Jetpack/12.1; WordPress/6.2; http://site59639040.com"
2804:2e4c:2002:7200:79b3:5811:b078:ecd6 - - [09/Sep/2026:18:37:43 +0200] "POST /xmlrpc.php HTTP/1.1" 200 441 "-" "WordPress.com; https://wordpress.com"
2804:2e4c:2002:7200:79b3:5811:b078:ecd6 - - [09/Sep/2026:18:37:53 +0200] "POST /xmlrpc.php HTTP/1.1" 200 441 "-" "Jetpack by WordPress.com (Jetpack 13.0; WordPress 6.2)"
2804:2e4c:2002:7200:79b3:5811:b078:ecd6 - - [09/Sep/2026:18:38:04 +0200] "POST /xmlrpc.php HTTP/1.1" 200 441 "-" "Jetpack by WordPress.com (Jetpack 12.1; WordPress 6.2)"
2804:2e4c:2002:7200:79b3:5811:b078:ecd6 - - [09/Sep/2026:18:38:15 +0200] "POST /xmlrpc.php HTTP/1.1" 200 441 "-" "Jetpack by WordPress.com (Jetpack 12.1; WordPress 6.3)"
185.43.220.19 - - [09/Sep/2026:18:38:29 +0200] "POST /wp-cron.php?doing_wp_cron=1788971909.5430510044097900390625 HTTP/1.1" 200 - "-" "WordPress/6.9.4; http://melbet.su"
2804:2e4c:2002:7200:79b3:5811:b078:ecd6 - - [09/Sep/2026:18:38:25 +0200] "POST /xmlrpc.php HTTP/1.1" 200 441 "-" "Jetpack by WordPress.com (Jetpack 12.5; WordPress 6.2)"
2804:2e4c:2002:7200:79b3:5811:b078:ecd6 - - [09/Sep/2026:18:38:36 +0200] "POST /xmlrpc.php HTTP/1.1" 200 441 "-" "Jetpack by WordPress.com (Jetpack 12.5; WordPress 6.3)"
31.171.101.198 - - [09/Sep/2026:18:38:44 +0200] "GET / HTTP/1.1" 302 - "-" "Mozilla/5.0 (X11; Fedora; Linux x86_64; rv:115.0) Gecko/20100101 Firefox/115.0"
2804:2e4c:2002:7200:79b3:5811:b078:ecd6 - - [09/Sep/2026:18:38:46 +0200] "POST /xmlrpc.php HTTP/1.1" 200 441 "-" "Jetpack/12.5; WordPress/6.3; http://site49712037.com"
2804:2e4c:2002:7200:79b3:5811:b078:ecd6 - - [09/Sep/2026:18:38:57 +0200] "POST /xmlrpc.php HTTP/1.1" 200 441 "-" "WordPress.com; https://wordpress.com"
2804:2e4c:2002:7200:79b3:5811:b078:ecd6 - - [09/Sep/2026:18:39:08 +0200] "POST /xmlrpc.php HTTP/1.1" 200 441 "-" "Jetpack by WordPress.com (Jetpack 12.5; WordPress 6.2)"
2604:a880:400:d1:0:4:6dd9:a001 - - [09/Sep/2026:18:39:12 +0200] "GET /wp-json/wp/v2/users/me HTTP/1.1" 401 163 "-" "Mozilla/5.0 (Macintosh; Intel Mac OS X 10_15_7) AppleWebKit/537.36 (KHTML, like Gecko) Chrome/146.0.0.0 Safari/537.36"
185.43.220.19 - - [09/Sep/2026:18:39:23 +0200] "POST /wp-cron.php?doing_wp_cron=1788971963.3354918956756591796875 HTTP/1.1" 200 - "-" "WordPress/6.9.4; http://melbet.su"
2804:2e4c:2002:7200:79b3:5811:b078:ecd6 - - [09/Sep/2026:18:39:18 +0200] "POST /xmlrpc.php HTTP/1.1" 200 441 "-" "WordPress.com; https://wordpress.com"
2804:2e4c:2002:7200:79b3:5811:b078:ecd6 - - [09/Sep/2026:18:39:29 +0200] "POST /xmlrpc.php HTTP/1.1" 200 441 "-" "WordPress.com; https://wordpress.com"
2804:2e4c:2002:7200:79b3:5811:b078:ecd6 - - [09/Sep/2026:18:39:40 +0200] "POST /xmlrpc.php HTTP/1.1" 200 441 "-" "WordPress.com; https://wordpress.com"
2804:2e4c:2002:7200:79b3:5811:b078:ecd6 - - [09/Sep/2026:18:39:50 +0200] "POST /xmlrpc.php HTTP/1.1" 200 441 "-" "Jetpack by WordPress.com (Jetpack 12.0; WordPress 6.2)"
2804:2e4c:2002:7200:79b3:5811:b078:ecd6 - - [09/Sep/2026:18:40:01 +0200] "POST /xmlrpc.php HTTP/1.1" 200 441 "-" "Jetpack/12.5; WordPress/6.2; http://site53902361.com"
2804:2e4c:2002:7200:79b3:5811:b078:ecd6 - - [09/Sep/2026:18:40:11 +0200] "POST /xmlrpc.php HTTP/1.1" 200 441 "-" "WordPress.com; https://wordpress.com"
185.43.220.19 - - [09/Sep/2026:18:40:29 +0200] "POST /wp-cron.php?doing_wp_cron=1788972028.9347109794616699218750 HTTP/1.1" 200 - "-" "WordPress/6.9.4; http://melbet.su"
2804:2e4c:2002:7200:79b3:5811:b078:ecd6 - - [09/Sep/2026:18:40:22 +0200] "POST /xmlrpc.php HTTP/1.1" 200 441 "-" "Jetpack/12.5; WordPress/6.2; http://site81697598.com"
2804:2e4c:2002:7200:79b3:5811:b078:ecd6 - - [09/Sep/2026:18:40:33 +0200] "POST /xmlrpc.php HTTP/1.1" 200 441 "-" "Jetpack by WordPress.com"
81.162.200.108 - - [09/Sep/2026:18:40:36 +0200] "POST /xmlrpc.php HTTP/1.1" 200 441 "-" "WordPress.com; https://wordpress.com"
2804:2e4c:2002:7200:79b3:5811:b078:ecd6 - - [09/Sep/2026:18:40:43 +0200] "POST /xmlrpc.php HTTP/1.1" 200 441 "-" "WordPress.com; https://wordpress.com"
81.162.200.108 - - [09/Sep/2026:18:40:47 +0200] "POST /xmlrpc.php HTTP/1.1" 200 441 "-" "Jetpack by WordPress.com (Jetpack 12.5; WordPress 6.4)"
2804:2e4c:2002:7200:79b3:5811:b078:ecd6 - - [09/Sep/2026:18:40:54 +0200] "POST /xmlrpc.php HTTP/1.1" 200 441 "-" "WordPress.com; https://wordpress.com"
81.162.200.108 - - [09/Sep/2026:18:40:59 +0200] "POST /xmlrpc.php HTTP/1.1" 200 441 "-" "Jetpack by WordPress.com (Jetpack 13.0; WordPress 6.3)"
2804:2e4c:2002:7200:79b3:5811:b078:ecd6 - - [09/Sep/2026:18:41:05 +0200] "POST /xmlrpc.php HTTP/1.1" 200 441 "-" "Jetpack/12.0; WordPress/6.1; http://site37762208.com"
81.162.200.108 - - [09/Sep/2026:18:41:11 +0200] "POST /xmlrpc.php HTTP/1.1" 200 441 "-" "Jetpack/12.0; WordPress/6.1; http://site45409151.com"
185.43.220.19 - - [09/Sep/2026:18:41:18 +0200] "POST /wp-cron.php?doing_wp_cron=1788972078.1288099288940429687500 HTTP/1.1" 200 - "-" "WordPress/6.9.4; http://melbet.su"
2804:2e4c:2002:7200:79b3:5811:b078:ecd6 - - [09/Sep/2026:18:41:15 +0200] "POST /xmlrpc.php HTTP/1.1" 200 441 "-" "Jetpack by WordPress.com"
81.162.200.108 - - [09/Sep/2026:18:41:22 +0200] "POST /xmlrpc.php HTTP/1.1" 200 441 "-" "Jetpack by WordPress.com"
2804:2e4c:2002:7200:79b3:5811:b078:ecd6 - - [09/Sep/2026:18:41:26 +0200] "POST /xmlrpc.php HTTP/1.1" 200 441 "-" "Jetpack by WordPress.com (Jetpack 12.0; WordPress 6.1)"
81.162.200.108 - - [09/Sep/2026:18:41:33 +0200] "POST /xmlrpc.php HTTP/1.1" 200 441 "-" "Jetpack by WordPress.com (Jetpack 12.1; WordPress 6.4)"
31.171.100.122 - - [09/Sep/2026:18:41:40 +0200] "GET / HTTP/1.1" 302 - "-" "Mozilla/5.0 (Windows NT 10.0; Win64; x64; rv:109.0) Gecko/20100101 Firefox/118.0"
2804:2e4c:2002:7200:79b3:5811:b078:ecd6 - - [09/Sep/2026:18:41:37 +0200] "POST /xmlrpc.php HTTP/1.1" 200 441 "-" "Jetpack by WordPress.com (Jetpack 12.5; WordPress 6.3)"
81.162.200.108 - - [09/Sep/2026:18:41:44 +0200] "POST /xmlrpc.php HTTP/1.1" 200 441 "-" "WordPress.com; https://wordpress.com"
2804:2e4c:2002:7200:79b3:5811:b078:ecd6 - - [09/Sep/2026:18:41:47 +0200] "POST /xmlrpc.php HTTP/1.1" 200 441 "-" "Jetpack/12.1; WordPress/6.4; http://site71268399.com"
31.171.101.148 - - [09/Sep/2026:18:42:06 +0200] "GET / HTTP/1.1" 302 - "-" "Mozilla/5.0 (Linux x86_64; rv:115.0) Gecko/20100101 Firefox/115.0"
2804:2e4c:2002:7200:79b3:5811:b078:ecd6 - - [09/Sep/2026:18:41:58 +0200] "POST /xmlrpc.php HTTP/1.1" 200 441 "-" "WordPress.com; https://wordpress.com"
81.162.200.108 - - [09/Sep/2026:18:41:55 +0200] "POST /xmlrpc.php HTTP/1.1" 503 - "-" "Jetpack by WordPress.com"
185.43.220.19 - - [09/Sep/2026:18:42:20 +0200] "POST /wp-cron.php?doing_wp_cron=1788972140.0340819358825683593750 HTTP/1.1" 200 - "-" "WordPress/6.9.4; http://melbet.su"
2804:2e4c:2002:7200:79b3:5811:b078:ecd6 - - [09/Sep/2026:18:42:09 +0200] "POST /xmlrpc.php HTTP/1.1" 200 441 "-" "Jetpack by WordPress.com"
81.162.200.108 - - [09/Sep/2026:18:42:06 +0200] "POST /xmlrpc.php HTTP/1.1" 503 - "-" "Jetpack by WordPress.com (Jetpack 12.0; WordPress 6.1)"
81.162.200.108 - - [09/Sep/2026:18:42:18 +0200] "POST /xmlrpc.php HTTP/1.1" 404 36489 "-" "WordPress.com; https://wordpress.com"
81.162.200.108 - - [09/Sep/2026:18:42:29 +0200] "POST /xmlrpc.php HTTP/1.1" 200 441 "-" "Jetpack/13.0; WordPress/6.1; http://site91673070.com"
2804:2e4c:2002:7200:79b3:5811:b078:ecd6 - - [09/Sep/2026:18:42:30 +0200] "POST /xmlrpc.php HTTP/1.1" 200 441 "-" "Jetpack by WordPress.com (Jetpack 12.5; WordPress 6.3)"
2804:2e4c:2002:7200:79b3:5811:b078:ecd6 - - [09/Sep/2026:18:42:19 +0200] "POST /xmlrpc.php HTTP/1.1" 404 36489 "-" "Jetpack/12.1; WordPress/6.4; http://site53460526.com"
81.162.200.108 - - [09/Sep/2026:18:42:40 +0200] "POST /xmlrpc.php HTTP/1.1" 200 441 "-" "WordPress.com; https://wordpress.com"
2804:2e4c:2002:7200:79b3:5811:b078:ecd6 - - [09/Sep/2026:18:42:40 +0200] "POST /xmlrpc.php HTTP/1.1" 200 441 "-" "Jetpack by WordPress.com (Jetpack 13.0; WordPress 6.2)"
2804:2e4c:2002:7200:79b3:5811:b078:ecd6 - - [09/Sep/2026:18:42:51 +0200] "POST /xmlrpc.php HTTP/1.1" 200 441 "-" "Jetpack by WordPress.com"
81.162.200.108 - - [09/Sep/2026:18:42:51 +0200] "POST /xmlrpc.php HTTP/1.1" 200 441 "-" "Jetpack/13.0; WordPress/6.2; http://site45278362.com"
2804:2e4c:2002:7200:79b3:5811:b078:ecd6 - - [09/Sep/2026:18:43:01 +0200] "POST /xmlrpc.php HTTP/1.1" 200 441 "-" "Jetpack by WordPress.com"
81.162.200.108 - - [09/Sep/2026:18:43:02 +0200] "POST /xmlrpc.php HTTP/1.1" 200 441 "-" "WordPress.com; https://wordpress.com"
2804:2e4c:2002:7200:79b3:5811:b078:ecd6 - - [09/Sep/2026:18:43:12 +0200] "POST /xmlrpc.php HTTP/1.1" 200 441 "-" "Jetpack by WordPress.com (Jetpack 12.0; WordPress 6.1)"
81.162.200.108 - - [09/Sep/2026:18:43:14 +0200] "POST /xmlrpc.php HTTP/1.1" 200 441 "-" "Jetpack by WordPress.com (Jetpack 13.0; WordPress 6.1)"
185.43.220.19 - - [09/Sep/2026:18:43:25 +0200] "POST /wp-cron.php?doing_wp_cron=1788972205.3374269008636474609375 HTTP/1.1" 200 - "-" "WordPress/6.9.4; http://melbet.su"
2804:2e4c:2002:7200:79b3:5811:b078:ecd6 - - [09/Sep/2026:18:43:23 +0200] "POST /xmlrpc.php HTTP/1.1" 200 441 "-" "Jetpack by WordPress.com"
81.162.200.108 - - [09/Sep/2026:18:43:25 +0200] "POST /xmlrpc.php HTTP/1.1" 200 441 "-" "Jetpack by WordPress.com"
2804:2e4c:2002:7200:79b3:5811:b078:ecd6 - - [09/Sep/2026:18:43:33 +0200] "POST /xmlrpc.php HTTP/1.1" 200 441 "-" "WordPress.com; https://wordpress.com"
81.162.200.108 - - [09/Sep/2026:18:43:36 +0200] "POST /xmlrpc.php HTTP/1.1" 200 441 "-" "WordPress.com; https://wordpress.com"
2804:2e4c:2002:7200:79b3:5811:b078:ecd6 - - [09/Sep/2026:18:43:44 +0200] "POST /xmlrpc.php HTTP/1.1" 200 441 "-" "Jetpack by WordPress.com (Jetpack 12.1; WordPress 6.1)"
81.162.200.108 - - [09/Sep/2026:18:43:48 +0200] "POST /xmlrpc.php HTTP/1.1" 200 441 "-" "WordPress.com; https://wordpress.com"
2804:2e4c:2002:7200:79b3:5811:b078:ecd6 - - [09/Sep/2026:18:43:55 +0200] "POST /xmlrpc.php HTTP/1.1" 200 441 "-" "Jetpack/13.0; WordPress/6.3; http://site30676122.com"
81.162.200.108 - - [09/Sep/2026:18:43:59 +0200] "POST /xmlrpc.php HTTP/1.1" 200 441 "-" "WordPress.com; https://wordpress.com"
2804:2e4c:2002:7200:79b3:5811:b078:ecd6 - - [09/Sep/2026:18:44:05 +0200] "POST /xmlrpc.php HTTP/1.1" 200 441 "-" "WordPress.com; https://wordpress.com"
81.162.200.108 - - [09/Sep/2026:18:44:10 +0200] "POST /xmlrpc.php HTTP/1.1" 200 441 "-" "WordPress.com; https://wordpress.com"
185.43.220.19 - - [09/Sep/2026:18:44:21 +0200] "POST /wp-cron.php?doing_wp_cron=1788972261.1326310634613037109375 HTTP/1.1" 200 - "-" "WordPress/6.9.4; http://melbet.su"
2804:2e4c:2002:7200:79b3:5811:b078:ecd6 - - [09/Sep/2026:18:44:16 +0200] "POST /xmlrpc.php HTTP/1.1" 200 441 "-" "WordPress.com; https://wordpress.com"
81.162.200.108 - - [09/Sep/2026:18:44:21 +0200] "POST /xmlrpc.php HTTP/1.1" 200 441 "-" "Jetpack/12.1; WordPress/6.2; http://site59999001.com"
2804:2e4c:2002:7200:79b3:5811:b078:ecd6 - - [09/Sep/2026:18:44:26 +0200] "POST /xmlrpc.php HTTP/1.1" 200 441 "-" "Jetpack by WordPress.com (Jetpack 12.0; WordPress 6.2)"
81.162.200.108 - - [09/Sep/2026:18:44:32 +0200] "POST /xmlrpc.php HTTP/1.1" 200 441 "-" "Jetpack by WordPress.com (Jetpack 12.5; WordPress 6.2)"
2804:2e4c:2002:7200:79b3:5811:b078:ecd6 - - [09/Sep/2026:18:44:37 +0200] "POST /xmlrpc.php HTTP/1.1" 200 441 "-" "WordPress.com; https://wordpress.com"
81.162.200.108 - - [09/Sep/2026:18:44:43 +0200] "POST /xmlrpc.php HTTP/1.1" 200 441 "-" "Jetpack/12.0; WordPress/6.2; http://site37883556.com"
2804:2e4c:2002:7200:79b3:5811:b078:ecd6 - - [09/Sep/2026:18:44:48 +0200] "POST /xmlrpc.php HTTP/1.1" 200 441 "-" "Jetpack/12.5; WordPress/6.4; http://site81520372.com"
81.162.200.108 - - [09/Sep/2026:18:44:54 +0200] "POST /xmlrpc.php HTTP/1.1" 200 441 "-" "Jetpack by WordPress.com"
185.95.156.182 - - [09/Sep/2026:18:44:55 +0200] "GET /wp-login.php HTTP/1.1" 200 13444 "-" "Mozilla/5.0 (Windows NT 10.0; Win64; x64) AppleWebKit/537.36"
2804:2e4c:2002:7200:79b3:5811:b078:ecd6 - - [09/Sep/2026:18:44:58 +0200] "POST /xmlrpc.php HTTP/1.1" 200 441 "-" "Jetpack/13.0; WordPress/6.4; http://site43948810.com"
81.162.200.108 - - [09/Sep/2026:18:45:06 +0200] "POST /xmlrpc.php HTTP/1.1" 200 441 "-" "Jetpack by WordPress.com (Jetpack 12.1; WordPress 6.3)"
2804:2e4c:2002:7200:79b3:5811:b078:ecd6 - - [09/Sep/2026:18:45:09 +0200] "POST /xmlrpc.php HTTP/1.1" 200 441 "-" "Jetpack by WordPress.com (Jetpack 13.0; WordPress 6.1)"
185.43.220.19 - - [09/Sep/2026:18:45:20 +0200] "POST /wp-cron.php?doing_wp_cron=1788972320.3312149047851562500000 HTTP/1.1" 200 - "-" "WordPress/6.9.4; http://melbet.su"
81.162.200.108 - - [09/Sep/2026:18:45:17 +0200] "POST /xmlrpc.php HTTP/1.1" 200 441 "-" "Jetpack by WordPress.com"
2804:2e4c:2002:7200:79b3:5811:b078:ecd6 - - [09/Sep/2026:18:45:20 +0200] "POST /xmlrpc.php HTTP/1.1" 200 441 "-" "Jetpack/12.1; WordPress/6.2; http://site51149613.com"
81.162.200.108 - - [09/Sep/2026:18:45:28 +0200] "POST /xmlrpc.php HTTP/1.1" 200 441 "-" "Jetpack by WordPress.com (Jetpack 12.1; WordPress 6.1)"
2804:2e4c:2002:7200:79b3:5811:b078:ecd6 - - [09/Sep/2026:18:45:30 +0200] "POST /xmlrpc.php HTTP/1.1" 200 441 "-" "Jetpack by WordPress.com"
81.162.200.108 - - [09/Sep/2026:18:45:40 +0200] "POST /xmlrpc.php HTTP/1.1" 200 441 "-" "Jetpack by WordPress.com"
2804:2e4c:2002:7200:79b3:5811:b078:ecd6 - - [09/Sep/2026:18:45:41 +0200] "POST /xmlrpc.php HTTP/1.1" 200 441 "-" "Jetpack by WordPress.com"
81.162.200.108 - - [09/Sep/2026:18:45:51 +0200] "POST /xmlrpc.php HTTP/1.1" 200 441 "-" "Jetpack/12.1; WordPress/6.3; http://site21020969.com"
2804:2e4c:2002:7200:79b3:5811:b078:ecd6 - - [09/Sep/2026:18:45:52 +0200] "POST /xmlrpc.php HTTP/1.1" 200 441 "-" "Jetpack/12.0; WordPress/6.1; http://site97799030.com"
81.162.200.108 - - [09/Sep/2026:18:46:02 +0200] "POST /xmlrpc.php HTTP/1.1" 200 441 "-" "Jetpack by WordPress.com (Jetpack 12.0; WordPress 6.1)"
2804:2e4c:2002:7200:79b3:5811:b078:ecd6 - - [09/Sep/2026:18:46:02 +0200] "POST /xmlrpc.php HTTP/1.1" 200 441 "-" "Jetpack/12.5; WordPress/6.2; http://site16905247.com"
2804:2e4c:2002:7200:79b3:5811:b078:ecd6 - - [09/Sep/2026:18:46:13 +0200] "POST /xmlrpc.php HTTP/1.1" 200 441 "-" "Jetpack/12.5; WordPress/6.1; http://site60798053.com"
81.162.200.108 - - [09/Sep/2026:18:46:13 +0200] "POST /xmlrpc.php HTTP/1.1" 200 441 "-" "Jetpack by WordPress.com"
185.43.220.19 - - [09/Sep/2026:18:46:26 +0200] "POST /wp-cron.php?doing_wp_cron=1788972386.0430560111999511718750 HTTP/1.1" 200 - "-" "WordPress/6.9.4; http://melbet.su"
2804:2e4c:2002:7200:79b3:5811:b078:ecd6 - - [09/Sep/2026:18:46:24 +0200] "POST /xmlrpc.php HTTP/1.1" 200 441 "-" "WordPress.com; https://wordpress.com"
81.162.200.108 - - [09/Sep/2026:18:46:24 +0200] "POST /xmlrpc.php HTTP/1.1" 200 441 "-" "Jetpack/12.1; WordPress/6.2; http://site46224010.com"
2804:2e4c:2002:7200:79b3:5811:b078:ecd6 - - [09/Sep/2026:18:46:34 +0200] "POST /xmlrpc.php HTTP/1.1" 200 441 "-" "Jetpack/12.1; WordPress/6.1; http://site35797474.com"
81.162.200.108 - - [09/Sep/2026:18:46:36 +0200] "POST /xmlrpc.php HTTP/1.1" 200 441 "-" "WordPress.com; https://wordpress.com"
2804:2e4c:2002:7200:79b3:5811:b078:ecd6 - - [09/Sep/2026:18:46:45 +0200] "POST /xmlrpc.php HTTP/1.1" 200 441 "-" "Jetpack by WordPress.com (Jetpack 12.1; WordPress 6.3)"
81.162.200.108 - - [09/Sep/2026:18:46:47 +0200] "POST /xmlrpc.php HTTP/1.1" 200 441 "-" "Jetpack by WordPress.com"
81.162.200.108 - - [09/Sep/2026:18:46:58 +0200] "POST /xmlrpc.php HTTP/1.1" 200 441 "-" "Jetpack by WordPress.com (Jetpack 12.5; WordPress 6.4)"
81.162.200.108 - - [09/Sep/2026:18:47:09 +0200] "POST /xmlrpc.php HTTP/1.1" 200 441 "-" "Jetpack by WordPress.com (Jetpack 12.0; WordPress 6.2)"
185.43.220.19 - - [09/Sep/2026:18:47:24 +0200] "POST /wp-cron.php?doing_wp_cron=1788972443.8350689411163330078125 HTTP/1.1" 200 - "-" "WordPress/6.9.4; http://melbet.su"
81.162.200.108 - - [09/Sep/2026:18:47:20 +0200] "POST /xmlrpc.php HTTP/1.1" 200 441 "-" "WordPress.com; https://wordpress.com"
81.162.200.108 - - [09/Sep/2026:18:47:31 +0200] "POST /xmlrpc.php HTTP/1.1" 200 441 "-" "Jetpack/12.5; WordPress/6.4; http://site63053627.com"
81.162.200.108 - - [09/Sep/2026:18:47:42 +0200] "POST /xmlrpc.php HTTP/1.1" 200 441 "-" "Jetpack by WordPress.com (Jetpack 12.5; WordPress 6.2)"
81.162.200.108 - - [09/Sep/2026:18:47:54 +0200] "POST /xmlrpc.php HTTP/1.1" 200 441 "-" "Jetpack/13.0; WordPress/6.2; http://site54794266.com"
217.160.104.233 - - [09/Sep/2026:18:47:57 +0200] "GET /wp-admin/css/ HTTP/1.1" 404 36501 "binance.com" "Mozilla/5.0 (Windows NT 10.0; Win64; x64) AppleWebKit/537.36 (KHTML, like Gecko) Chrome/90.0.4430.85 Safari/537.36"
217.160.104.233 - - [09/Sep/2026:18:48:01 +0200] "GET /.well-known/ HTTP/1.1" 404 36493 "binance.com" "Mozilla/5.0 (Windows NT 10.0; Win64; x64) AppleWebKit/537.36 (KHTML, like Gecko) Chrome/90.0.4430.85 Safari/537.36"
81.162.200.108 - - [09/Sep/2026:18:48:05 +0200] "POST /xmlrpc.php HTTP/1.1" 200 441 "-" "Jetpack by WordPress.com"
31.171.101.58 - - [09/Sep/2026:18:48:07 +0200] "GET / HTTP/1.1" 302 - "-" "Mozilla/5.0 (Linux; Android 12; SM-X906C Build/QP1A.190711.020; wv) AppleWebKit/537.36 (KHTML, like Gecko) Version/4.0 Chrome/80.0.3987.119 Mobile Safari/537.36"
217.160.104.233 - - [09/Sep/2026:18:48:06 +0200] "GET /sites/default/files/ HTTP/1.1" 404 36533 "binance.com" "Mozilla/5.0 (Windows NT 10.0; Win64; x64) AppleWebKit/537.36 (KHTML, like Gecko) Chrome/90.0.4430.85 Safari/537.36"
217.160.104.233 - - [09/Sep/2026:18:48:11 +0200] "GET /admin/controller/extension/extension/ HTTP/1.1" 404 36605 "binance.com" "Mozilla/5.0 (Windows NT 10.0; Win64; x64) AppleWebKit/537.36 (KHTML, like Gecko) Chrome/90.0.4430.85 Safari/537.36"
185.43.220.19 - - [09/Sep/2026:18:48:18 +0200] "POST /wp-cron.php?doing_wp_cron=1788972498.2481560707092285156250 HTTP/1.1" 200 - "-" "WordPress/6.9.4; http://melbet.su"
217.160.104.233 - - [09/Sep/2026:18:48:15 +0200] "GET /uploads/ HTTP/1.1" 404 36477 "binance.com" "Mozilla/5.0 (Windows NT 10.0; Win64; x64) AppleWebKit/537.36 (KHTML, like Gecko) Chrome/90.0.4430.85 Safari/537.36"
81.162.200.108 - - [09/Sep/2026:18:48:16 +0200] "POST /xmlrpc.php HTTP/1.1" 200 441 "-" "Jetpack/12.0; WordPress/6.3; http://site97116398.com"
217.160.104.233 - - [09/Sep/2026:18:48:21 +0200] "GET /images/ HTTP/1.1" 404 36473 "binance.com" "Mozilla/5.0 (Windows NT 10.0; Win64; x64) AppleWebKit/537.36 (KHTML, like Gecko) Chrome/90.0.4430.85 Safari/537.36"
217.160.104.233 - - [09/Sep/2026:18:48:26 +0200] "GET /files/ HTTP/1.1" 404 36469 "binance.com" "Mozilla/5.0 (Windows NT 10.0; Win64; x64) AppleWebKit/537.36 (KHTML, like Gecko) Chrome/90.0.4430.85 Safari/537.36"
81.162.200.108 - - [09/Sep/2026:18:48:27 +0200] "POST /xmlrpc.php HTTP/1.1" 200 441 "-" "Jetpack/13.0; WordPress/6.3; http://site22654752.com"
81.162.200.108 - - [09/Sep/2026:18:48:39 +0200] "POST /xmlrpc.php HTTP/1.1" 200 441 "-" "WordPress.com; https://wordpress.com"
81.162.200.108 - - [09/Sep/2026:18:48:50 +0200] "POST /xmlrpc.php HTTP/1.1" 200 441 "-" "WordPress.com; https://wordpress.com"
34.21.184.235 - - [09/Sep/2026:18:48:57 +0200] "GET / HTTP/1.1" 302 - "-" "Mozilla/5.0 (Macintosh; Intel Mac OS X 10_15_7) AppleWebKit/537.36 (KHTML, like Gecko) Chrome/131.0.0.0 Safari/537.36"
34.21.184.235 - - [09/Sep/2026:18:49:00 +0200] "GET /.git/config HTTP/1.1" 404 36497 "-" "Mozilla/5.0 (Macintosh; Intel Mac OS X 10_15_7) AppleWebKit/537.36 (KHTML, like Gecko) Chrome/131.0.0.0 Safari/537.36"
81.162.200.108 - - [09/Sep/2026:18:49:01 +0200] "POST /xmlrpc.php HTTP/1.1" 200 441 "-" "Jetpack by WordPress.com (Jetpack 12.1; WordPress 6.4)"
34.21.184.235 - - [09/Sep/2026:18:49:05 +0200] "POST / HTTP/1.1" 302 - "-" "Mozilla/5.0 (Macintosh; Intel Mac OS X 10_15_7) AppleWebKit/537.36 (KHTML, like Gecko) Chrome/131.0.0.0 Safari/537.36"
34.21.184.235 - - [09/Sep/2026:18:49:07 +0200] "GET /.env HTTP/1.1" 404 36465 "-" "Mozilla/5.0 (Macintosh; Intel Mac OS X 10_15_7) AppleWebKit/537.36 (KHTML, like Gecko) Chrome/131.0.0.0 Safari/537.36"
34.21.184.235 - - [09/Sep/2026:18:49:12 +0200] "GET /.env.local HTTP/1.1" 404 36489 "-" "Mozilla/5.0 (Macintosh; Intel Mac OS X 10_15_7) AppleWebKit/537.36 (KHTML, like Gecko) Chrome/131.0.0.0 Safari/537.36"
81.162.200.108 - - [09/Sep/2026:18:49:12 +0200] "POST /xmlrpc.php HTTP/1.1" 200 441 "-" "Jetpack/12.1; WordPress/6.3; http://site69553332.com"
185.43.220.19 - - [09/Sep/2026:18:49:19 +0200] "POST /wp-cron.php?doing_wp_cron=1788972559.7450819015502929687500 HTTP/1.1" 200 - "-" "WordPress/6.9.4; http://melbet.su"
34.21.184.235 - - [09/Sep/2026:18:49:17 +0200] "GET /.env.production HTTP/1.1" 404 36509 "-" "Mozilla/5.0 (Macintosh; Intel Mac OS X 10_15_7) AppleWebKit/537.36 (KHTML, like Gecko) Chrome/131.0.0.0 Safari/537.36"
34.21.184.235 - - [09/Sep/2026:18:49:20 +0200] "GET /.env.staging HTTP/1.1" 404 36497 "-" "Mozilla/5.0 (Macintosh; Intel Mac OS X 10_15_7) AppleWebKit/537.36 (KHTML, like Gecko) Chrome/131.0.0.0 Safari/537.36"
81.162.200.108 - - [09/Sep/2026:18:49:23 +0200] "POST /xmlrpc.php HTTP/1.1" 200 441 "-" "Jetpack by WordPress.com (Jetpack 12.0; WordPress 6.1)"
34.21.184.235 - - [09/Sep/2026:18:49:27 +0200] "GET /.env.development HTTP/1.1" 404 36513 "-" "Mozilla/5.0 (Macintosh; Intel Mac OS X 10_15_7) AppleWebKit/537.36 (KHTML, like Gecko) Chrome/131.0.0.0 Safari/537.36"
34.21.184.235 - - [09/Sep/2026:18:49:34 +0200] "GET /.env.test HTTP/1.1" 404 36485 "-" "Mozilla/5.0 (Macintosh; Intel Mac OS X 10_15_7) AppleWebKit/537.36 (KHTML, like Gecko) Chrome/131.0.0.0 Safari/537.36"
81.162.200.108 - - [09/Sep/2026:18:49:34 +0200] "POST /xmlrpc.php HTTP/1.1" 200 441 "-" "WordPress.com; https://wordpress.com"
34.21.184.235 - - [09/Sep/2026:18:49:37 +0200] "GET /.env.remote HTTP/1.1" 404 36493 "-" "Mozilla/5.0 (Macintosh; Intel Mac OS X 10_15_7) AppleWebKit/537.36 (KHTML, like Gecko) Chrome/131.0.0.0 Safari/537.36"
34.21.184.235 - - [09/Sep/2026:18:49:42 +0200] "GET /.env.bak HTTP/1.1" 404 36481 "-" "Mozilla/5.0 (Macintosh; Intel Mac OS X 10_15_7) AppleWebKit/537.36 (KHTML, like Gecko) Chrome/131.0.0.0 Safari/537.36"
34.21.184.235 - - [09/Sep/2026:18:49:46 +0200] "GET /.env.backup HTTP/1.1" 404 36493 "-" "Mozilla/5.0 (Macintosh; Intel Mac OS X 10_15_7) AppleWebKit/537.36 (KHTML, like Gecko) Chrome/131.0.0.0 Safari/537.36"
81.162.200.108 - - [09/Sep/2026:18:49:46 +0200] "POST /xmlrpc.php HTTP/1.1" 200 441 "-" "WordPress.com; https://wordpress.com"
34.21.184.235 - - [09/Sep/2026:18:49:53 +0200] "GET /.env.save HTTP/1.1" 404 36485 "-" "Mozilla/5.0 (Macintosh; Intel Mac OS X 10_15_7) AppleWebKit/537.36 (KHTML, like Gecko) Chrome/131.0.0.0 Safari/537.36"
34.21.184.235 - - [09/Sep/2026:18:49:59 +0200] "GET /.env.old HTTP/1.1" 404 36481 "-" "Mozilla/5.0 (Macintosh; Intel Mac OS X 10_15_7) AppleWebKit/537.36 (KHTML, like Gecko) Chrome/131.0.0.0 Safari/537.36"
81.162.200.108 - - [09/Sep/2026:18:50:00 +0200] "POST /xmlrpc.php HTTP/1.1" 200 441 "-" "Jetpack by WordPress.com"
34.21.184.235 - - [09/Sep/2026:18:50:06 +0200] "GET /.env.sample HTTP/1.1" 404 36493 "-" "Mozilla/5.0 (Macintosh; Intel Mac OS X 10_15_7) AppleWebKit/537.36 (KHTML, like Gecko) Chrome/131.0.0.0 Safari/537.36"
34.21.184.235 - - [09/Sep/2026:18:50:11 +0200] "GET /.env.example HTTP/1.1" 404 36497 "-" "Mozilla/5.0 (Macintosh; Intel Mac OS X 10_15_7) AppleWebKit/537.36 (KHTML, like Gecko) Chrome/131.0.0.0 Safari/537.36"
34.21.184.235 - - [09/Sep/2026:18:50:19 +0200] "GET /.env.dev HTTP/1.1" 503 468 "-" "Mozilla/5.0 (Macintosh; Intel Mac OS X 10_15_7) AppleWebKit/537.36 (KHTML, like Gecko) Chrome/131.0.0.0 Safari/537.36"
81.162.200.108 - - [09/Sep/2026:18:50:19 +0200] "POST /xmlrpc.php HTTP/1.1" 200 441 "-" "WordPress.com; https://wordpress.com"
185.43.220.19 - - [09/Sep/2026:18:50:25 +0200] "POST /wp-cron.php?doing_wp_cron=1788972624.2279169559478759765625 HTTP/1.1" 200 - "-" "WordPress/6.9.4; http://melbet.su"
34.21.184.235 - - [09/Sep/2026:18:50:25 +0200] "GET /.env.prod HTTP/1.1" 404 36485 "-" "Mozilla/5.0 (Macintosh; Intel Mac OS X 10_15_7) AppleWebKit/537.36 (KHTML, like Gecko) Chrome/131.0.0.0 Safari/537.36"
81.162.200.108 - - [09/Sep/2026:18:50:30 +0200] "POST /xmlrpc.php HTTP/1.1" 200 441 "-" "Jetpack/12.1; WordPress/6.1; http://site74449962.com"
34.21.184.235 - - [09/Sep/2026:18:50:31 +0200] "GET /.env.stage HTTP/1.1" 404 36489 "-" "Mozilla/5.0 (Macintosh; Intel Mac OS X 10_15_7) AppleWebKit/537.36 (KHTML, like Gecko) Chrome/131.0.0.0 Safari/537.36"
34.21.184.235 - - [09/Sep/2026:18:50:38 +0200] "GET /.env.ci HTTP/1.1" 404 36477 "-" "Mozilla/5.0 (Macintosh; Intel Mac OS X 10_15_7) AppleWebKit/537.36 (KHTML, like Gecko) Chrome/131.0.0.0 Safari/537.36"
81.162.200.108 - - [09/Sep/2026:18:50:42 +0200] "POST /xmlrpc.php HTTP/1.1" 200 441 "-" "WordPress.com; https://wordpress.com"
34.21.184.235 - - [09/Sep/2026:18:50:45 +0200] "GET /.env.docker HTTP/1.1" 404 36493 "-" "Mozilla/5.0 (Macintosh; Intel Mac OS X 10_15_7) AppleWebKit/537.36 (KHTML, like Gecko) Chrome/131.0.0.0 Safari/537.36"
34.21.184.235 - - [09/Sep/2026:18:50:52 +0200] "GET /.env.live HTTP/1.1" 404 36485 "-" "Mozilla/5.0 (Macintosh; Intel Mac OS X 10_15_7) AppleWebKit/537.36 (KHTML, like Gecko) Chrome/131.0.0.0 Safari/537.36"
81.162.200.108 - - [09/Sep/2026:18:50:53 +0200] "POST /xmlrpc.php HTTP/1.1" 200 441 "-" "Jetpack by WordPress.com (Jetpack 12.1; WordPress 6.4)"
34.21.184.235 - - [09/Sep/2026:18:50:58 +0200] "GET /.env.preprod HTTP/1.1" 404 36497 "-" "Mozilla/5.0 (Macintosh; Intel Mac OS X 10_15_7) AppleWebKit/537.36 (KHTML, like Gecko) Chrome/131.0.0.0 Safari/537.36"
34.21.184.235 - - [09/Sep/2026:18:51:04 +0200] "GET /.env.uat HTTP/1.1" 404 36481 "-" "Mozilla/5.0 (Macintosh; Intel Mac OS X 10_15_7) AppleWebKit/537.36 (KHTML, like Gecko) Chrome/131.0.0.0 Safari/537.36"
81.162.200.108 - - [09/Sep/2026:18:51:06 +0200] "POST /xmlrpc.php HTTP/1.1" 200 441 "-" "Jetpack/12.0; WordPress/6.1; http://site96115241.com"
34.21.184.235 - - [09/Sep/2026:18:51:09 +0200] "GET /.env.dist HTTP/1.1" 404 36485 "-" "Mozilla/5.0 (Macintosh; Intel Mac OS X 10_15_7) AppleWebKit/537.36 (KHTML, like Gecko) Chrome/131.0.0.0 Safari/537.36"
185.43.220.19 - - [09/Sep/2026:18:51:20 +0200] "POST /wp-cron.php?doing_wp_cron=1788972680.0366389751434326171875 HTTP/1.1" 200 - "-" "WordPress/6.9.4; http://melbet.su"
34.21.184.235 - - [09/Sep/2026:18:51:15 +0200] "GET /.env.swp HTTP/1.1" 404 36481 "-" "Mozilla/5.0 (Macintosh; Intel Mac OS X 10_15_7) AppleWebKit/537.36 (KHTML, like Gecko) Chrome/131.0.0.0 Safari/537.36"
81.162.200.108 - - [09/Sep/2026:18:51:17 +0200] "POST /xmlrpc.php HTTP/1.1" 200 441 "-" "Jetpack/13.0; WordPress/6.3; http://site77407241.com"
34.21.184.235 - - [09/Sep/2026:18:51:20 +0200] "GET /.env~ HTTP/1.1" 404 36469 "-" "Mozilla/5.0 (Macintosh; Intel Mac OS X 10_15_7) AppleWebKit/537.36 (KHTML, like Gecko) Chrome/131.0.0.0 Safari/537.36"
81.162.200.108 - - [09/Sep/2026:18:51:28 +0200] "POST /xmlrpc.php HTTP/1.1" 200 441 "-" "Jetpack by WordPress.com"
34.21.184.235 - - [09/Sep/2026:18:51:29 +0200] "GET /app/.env HTTP/1.1" 404 36485 "-" "Mozilla/5.0 (Macintosh; Intel Mac OS X 10_15_7) AppleWebKit/537.36 (KHTML, like Gecko) Chrome/131.0.0.0 Safari/537.36"
66.249.73.195 - - [09/Sep/2026:18:51:29 +0200] "GET /ads.txt HTTP/1.1" 404 36477 "-" "Mozilla/5.0 (compatible; Googlebot/2.1; +http://www.google.com/bot.html)"
34.21.184.235 - - [09/Sep/2026:18:51:36 +0200] "GET /apps/.env HTTP/1.1" 404 36489 "-" "Mozilla/5.0 (Macintosh; Intel Mac OS X 10_15_7) AppleWebKit/537.36 (KHTML, like Gecko) Chrome/131.0.0.0 Safari/537.36"
81.162.200.108 - - [09/Sep/2026:18:51:40 +0200] "POST /xmlrpc.php HTTP/1.1" 200 441 "-" "Jetpack by WordPress.com (Jetpack 12.5; WordPress 6.3)"
34.21.184.235 - - [09/Sep/2026:18:51:42 +0200] "GET /api/.env HTTP/1.1" 404 36485 "-" "Mozilla/5.0 (Macintosh; Intel Mac OS X 10_15_7) AppleWebKit/537.36 (KHTML, like Gecko) Chrome/131.0.0.0 Safari/537.36"
34.21.184.235 - - [09/Sep/2026:18:51:46 +0200] "GET /web/.env HTTP/1.1" 404 36485 "-" "Mozilla/5.0 (Macintosh; Intel Mac OS X 10_15_7) AppleWebKit/537.36 (KHTML, like Gecko) Chrome/131.0.0.0 Safari/537.36"
34.21.184.235 - - [09/Sep/2026:18:51:48 +0200] "GET /site/.env HTTP/1.1" 404 36489 "-" "Mozilla/5.0 (Macintosh; Intel Mac OS X 10_15_7) AppleWebKit/537.36 (KHTML, like Gecko) Chrome/131.0.0.0 Safari/537.36"
31.171.101.18 - - [09/Sep/2026:18:51:52 +0200] "GET / HTTP/1.1" 302 - "-" "Mozilla/5.0 (Linux x86_64; rv:115.0) Gecko/20100101 Firefox/115.0"
81.162.200.108 - - [09/Sep/2026:18:51:51 +0200] "POST /xmlrpc.php HTTP/1.1" 200 441 "-" "Jetpack by WordPress.com"
34.21.184.235 - - [09/Sep/2026:18:51:51 +0200] "GET /public/.env HTTP/1.1" 404 36497 "-" "Mozilla/5.0 (Macintosh; Intel Mac OS X 10_15_7) AppleWebKit/537.36 (KHTML, like Gecko) Chrome/131.0.0.0 Safari/537.36"
34.21.184.235 - - [09/Sep/2026:18:51:55 +0200] "GET /admin/.env HTTP/1.1" 404 36493 "-" "Mozilla/5.0 (Macintosh; Intel Mac OS X 10_15_7) AppleWebKit/537.36 (KHTML, like Gecko) Chrome/131.0.0.0 Safari/537.36"
34.21.184.235 - - [09/Sep/2026:18:51:58 +0200] "GET /backend/.env HTTP/1.1" 404 36501 "-" "Mozilla/5.0 (Macintosh; Intel Mac OS X 10_15_7) AppleWebKit/537.36 (KHTML, like Gecko) Chrome/131.0.0.0 Safari/537.36"
81.162.200.108 - - [09/Sep/2026:18:52:02 +0200] "POST /xmlrpc.php HTTP/1.1" 200 441 "-" "WordPress.com; https://wordpress.com"
34.21.184.235 - - [09/Sep/2026:18:52:02 +0200] "GET /server/.env HTTP/1.1" 404 36497 "-" "Mozilla/5.0 (Macintosh; Intel Mac OS X 10_15_7) AppleWebKit/537.36 (KHTML, like Gecko) Chrome/131.0.0.0 Safari/537.36"
34.21.184.235 - - [09/Sep/2026:18:52:09 +0200] "GET /frontend/.env HTTP/1.1" 404 36505 "-" "Mozilla/5.0 (Macintosh; Intel Mac OS X 10_15_7) AppleWebKit/537.36 (KHTML, like Gecko) Chrome/131.0.0.0 Safari/537.36"
