| Server IP : 172.67.193.39 / Your IP : 216.73.216.217 Web Server : Apache System : Linux sr32.hostlife.net 6.12.0-124.52.3.el10_1.x86_64 #1 SMP PREEMPT_DYNAMIC Sat May 2 09:06:54 EDT 2026 x86_64 User : golfb689 ( 1071) PHP Version : 7.4.33 Disable Function : NONE MySQL : OFF | cURL : ON | WGET : ON | Perl : ON | Python : OFF | Sudo : OFF | Pkexec : OFF Directory : /home/golfb689/access-logs/ |
Upload File : |
185.43.220.19 - - [09/Sep/2026:14:28:34 +0200] "POST /wp-cron.php?doing_wp_cron=1788956913.8409368991851806640625 HTTP/1.1" 200 - "-" "WordPress/7.1; https://topbukmekers.ru"
94.154.35.236 - - [09/Sep/2026:14:28:29 +0200] "HEAD /%D0%B1%D0%B5%D0%BA%D0%B0%D0%BF.zip HTTP/1.1" 302 - "-" "Mozilla/5.0 (Windows NT 10.0; Win64; x64) AppleWebKit/537.36 (KHTML, like Gecko) Chrome/101.0.4951.67 Safari/537.36"
185.43.220.19 - - [09/Sep/2026:14:49:16 +0200] "POST /wp-cron.php?doing_wp_cron=1788958156.5246949195861816406250 HTTP/1.1" 200 - "-" "WordPress/7.1; https://topbukmekers.ru"
51.89.69.40 - - [09/Sep/2026:14:49:15 +0200] "GET /zerkalo-bk-zenit/ HTTP/1.1" 200 20629 "-" "Mozilla/5.0 (compatible; AhrefsBot/7.0; +http://ahrefs.com/robot/)"
185.43.220.19 - - [09/Sep/2026:14:54:56 +0200] "POST /wp-cron.php?doing_wp_cron=1788958496.8248109817504882812500 HTTP/1.1" 200 - "-" "WordPress/7.1; https://topbukmekers.ru"
94.154.35.236 - - [09/Sep/2026:14:54:54 +0200] "HEAD /%D0%B1%D0%B5%D0%BA.zip HTTP/1.1" 302 - "-" "Mozilla/5.0 (Windows NT 10.0; Win64; x64) AppleWebKit/537.36 (KHTML, like Gecko) Chrome/101.0.4951.67 Safari/537.36"
212.83.174.154 - - [09/Sep/2026:15:01:23 +0200] "HEAD / HTTP/1.1" 302 - "-" "Mozilla/5.0 (compatible; PingAdmin.Ru/1.1; +http://pingadmin.ru/)"
106.54.62.156 - - [09/Sep/2026:15:08:05 +0200] "GET / HTTP/1.1" 302 - "-" "Mozilla/5.0 (iPhone; CPU iPhone OS 13_2_3 like Mac OS X) AppleWebKit/605.1.15 (KHTML, like Gecko) Version/13.0.3 Mobile/15E148 Safari/604.1"
198.235.24.52 - - [09/Sep/2026:15:08:44 +0200] "GET / HTTP/1.1" 302 - "-" "Hello from Palo Alto Networks, find out more about our scans in https://docs-cortex.paloaltonetworks.com/r/1/Cortex-Xpanse/Scanning-activity"
185.43.220.19 - - [09/Sep/2026:15:15:07 +0200] "POST /wp-cron.php?doing_wp_cron=1788959707.8277840614318847656250 HTTP/1.1" 200 - "-" "WordPress/7.1; https://topbukmekers.ru"
78.111.153.56 - - [09/Sep/2026:15:15:04 +0200] "GET /bukmekerskaya-kontora-bwin-chego-zhdat-betteru/ HTTP/1.0" 302 - "http://topbukmekers.ru/bukmekerskaya-kontora-bwin-chego-zhdat-betteru/" "Mozilla/5.0 (Windows NT 10.0; Win64; x64) AppleWebKit/537.36 (KHTML, like Gecko) Chrome/130.0.0.0 Safari/537.36"
185.43.220.19 - - [09/Sep/2026:15:21:30 +0200] "POST /wp-cron.php?doing_wp_cron=1788960090.2283101081848144531250 HTTP/1.1" 200 - "-" "WordPress/7.1; https://topbukmekers.ru"
94.154.35.236 - - [09/Sep/2026:15:21:26 +0200] "HEAD /public.zip HTTP/1.1" 302 - "-" "Mozilla/5.0 (Windows NT 10.0; Win64; x64) AppleWebKit/537.36 (KHTML, like Gecko) Chrome/101.0.4951.67 Safari/537.36"
35.201.135.19 - - [09/Sep/2026:15:47:59 +0200] "GET /.git/config HTTP/1.1" 302 - "-" "Mozilla/5.0 (Windows NT 10.0; Win64; x64) AppleWebKit/537.36 (KHTML, like Gecko) Chrome/128.0.0.0 Safari/537.36"
94.154.35.236 - - [09/Sep/2026:15:48:40 +0200] "HEAD /1.zip HTTP/1.1" 302 - "-" "Mozilla/5.0 (Windows NT 10.0; Win64; x64) AppleWebKit/537.36 (KHTML, like Gecko) Chrome/101.0.4951.67 Safari/537.36"
212.83.174.154 - - [09/Sep/2026:16:01:22 +0200] "HEAD / HTTP/1.1" 302 - "-" "Mozilla/5.0 (compatible; PingAdmin.Ru/1.1; +http://pingadmin.ru/)"
43.130.47.33 - - [09/Sep/2026:16:03:53 +0200] "GET / HTTP/1.1" 302 - "-" "Mozilla/5.0 (iPhone; CPU iPhone OS 13_2_3 like Mac OS X) AppleWebKit/605.1.15 (KHTML, like Gecko) Version/13.0.3 Mobile/15E148 Safari/604.1"
185.43.220.19 - - [09/Sep/2026:16:16:46 +0200] "POST /wp-cron.php?doing_wp_cron=1788963406.8366870880126953125000 HTTP/1.1" 200 - "-" "WordPress/7.1; https://topbukmekers.ru"
94.154.35.236 - - [09/Sep/2026:16:16:42 +0200] "HEAD /11.zip HTTP/1.1" 302 - "-" "Mozilla/5.0 (Windows NT 10.0; Win64; x64) AppleWebKit/537.36 (KHTML, like Gecko) Chrome/101.0.4951.67 Safari/537.36"
185.43.220.19 - - [09/Sep/2026:16:19:28 +0200] "POST /wp-cron.php?doing_wp_cron=1788963568.5290579795837402343750 HTTP/1.1" 200 - "-" "WordPress/7.1; https://topbukmekers.ru"
178.20.45.159 - - [09/Sep/2026:16:19:25 +0200] "GET /registratsiya-v-fonbet/ HTTP/1.0" 302 - "http://topbukmekers.ru/registratsiya-v-fonbet/" "Mozilla/5.0 (Windows NT 10.0; Win64; x64) AppleWebKit/537.36 (KHTML, like Gecko) Chrome/130.0.0.0 Safari/537.36 CCleaner/130.0.0.0"
185.43.220.19 - - [09/Sep/2026:16:45:39 +0200] "POST /wp-cron.php?doing_wp_cron=1788965138.9298739433288574218750 HTTP/1.1" 200 - "-" "WordPress/7.1; https://topbukmekers.ru"
94.154.35.236 - - [09/Sep/2026:16:45:30 +0200] "HEAD /111.zip HTTP/1.1" 302 - "-" "Mozilla/5.0 (Windows NT 10.0; Win64; x64) AppleWebKit/537.36 (KHTML, like Gecko) Chrome/101.0.4951.67 Safari/537.36"
43.155.140.157 - - [09/Sep/2026:16:46:44 +0200] "GET / HTTP/1.1" 302 - "-" "Mozilla/5.0 (iPhone; CPU iPhone OS 13_2_3 like Mac OS X) AppleWebKit/605.1.15 (KHTML, like Gecko) Version/13.0.3 Mobile/15E148 Safari/604.1"
212.83.174.154 - - [09/Sep/2026:17:01:28 +0200] "HEAD / HTTP/1.1" 302 - "-" "Mozilla/5.0 (compatible; PingAdmin.Ru/1.1; +http://pingadmin.ru/)"
185.43.220.19 - - [09/Sep/2026:17:13:41 +0200] "POST /wp-cron.php?doing_wp_cron=1788966821.2901089191436767578125 HTTP/1.1" 200 - "-" "WordPress/7.1; https://topbukmekers.ru"
94.154.35.236 - - [09/Sep/2026:17:13:39 +0200] "HEAD /1111.zip HTTP/1.1" 302 - "-" "Mozilla/5.0 (Windows NT 10.0; Win64; x64) AppleWebKit/537.36 (KHTML, like Gecko) Chrome/101.0.4951.67 Safari/537.36"
185.43.220.19 - - [09/Sep/2026:17:41:02 +0200] "POST /wp-cron.php?doing_wp_cron=1788968462.6039409637451171875000 HTTP/1.1" 200 - "-" "WordPress/7.1; https://topbukmekers.ru"
94.154.35.236 - - [09/Sep/2026:17:40:59 +0200] "HEAD /11111.zip HTTP/1.1" 302 - "-" "Mozilla/5.0 (Windows NT 10.0; Win64; x64) AppleWebKit/537.36 (KHTML, like Gecko) Chrome/101.0.4951.67 Safari/537.36"
212.83.174.154 - - [09/Sep/2026:18:01:25 +0200] "HEAD / HTTP/1.1" 302 - "-" "Mozilla/5.0 (compatible; PingAdmin.Ru/1.1; +http://pingadmin.ru/)"
94.154.35.236 - - [09/Sep/2026:18:07:49 +0200] "HEAD /2.zip HTTP/1.1" 503 - "-" "Mozilla/5.0 (Windows NT 10.0; Win64; x64) AppleWebKit/537.36 (KHTML, like Gecko) Chrome/101.0.4951.67 Safari/537.36"
51.81.103.242 - - [09/Sep/2026:18:24:08 +0200] "GET /robots.txt HTTP/1.1" 200 95 "-" "Mozilla/5.0 (compatible; AhrefsBot/7.0; +http://ahrefs.com/robot/)"
51.81.110.25 - - [09/Sep/2026:18:24:18 +0200] "GET /25-usd-bonus-ot-pari-match/ HTTP/1.1" 503 468 "-" "Mozilla/5.0 (compatible; AhrefsBot/7.0; +http://ahrefs.com/robot/)"
185.43.220.19 - - [09/Sep/2026:18:34:52 +0200] "POST /wp-cron.php?doing_wp_cron=1788971692.5249500274658203125000 HTTP/1.1" 200 - "-" "WordPress/7.1; https://topbukmekers.ru"
94.154.35.236 - - [09/Sep/2026:18:34:49 +0200] "HEAD /22.zip HTTP/1.1" 302 - "-" "Mozilla/5.0 (Windows NT 10.0; Win64; x64) AppleWebKit/537.36 (KHTML, like Gecko) Chrome/101.0.4951.67 Safari/537.36"
212.83.174.154 - - [09/Sep/2026:19:01:26 +0200] "HEAD / HTTP/1.1" 302 - "-" "Mozilla/5.0 (compatible; PingAdmin.Ru/1.1; +http://pingadmin.ru/)"
185.43.220.19 - - [09/Sep/2026:19:09:54 +0200] "POST /wp-cron.php?doing_wp_cron=1788973794.1261050701141357421875 HTTP/1.1" 200 - "-" "WordPress/7.1; https://topbukmekers.ru"
94.154.35.236 - - [09/Sep/2026:19:09:49 +0200] "HEAD /222.zip HTTP/1.1" 302 - "-" "Mozilla/5.0 (Windows NT 10.0; Win64; x64) AppleWebKit/537.36 (KHTML, like Gecko) Chrome/101.0.4951.67 Safari/537.36"
185.43.220.19 - - [09/Sep/2026:19:53:55 +0200] "POST /wp-cron.php?doing_wp_cron=1788976435.7076399326324462890625 HTTP/1.1" 200 - "-" "WordPress/7.1; https://topbukmekers.ru"
66.249.66.198 - - [09/Sep/2026:19:53:53 +0200] "GET / HTTP/1.1" 200 75170 "-" "Mozilla/5.0 (Linux; Android 6.0.1; Nexus 5X Build/MMB29P) AppleWebKit/537.36 (KHTML, like Gecko) Chrome/151.0.7922.173 Mobile Safari/537.36 (compatible; Googlebot/2.1; +http://www.google.com/bot.html)"
212.83.174.154 - - [09/Sep/2026:20:01:20 +0200] "HEAD / HTTP/1.1" 302 - "-" "Mozilla/5.0 (compatible; PingAdmin.Ru/1.1; +http://pingadmin.ru/)"
95.216.105.156 - - [09/Sep/2026:20:04:39 +0200] "GET / HTTP/1.0" 302 - "-" "Mozilla/5.0 (Windows NT 6.3; Win64; x64) AppleWebKit/537.36 (KHTML, like Gecko) Chrome/75.0.3770.100 Safari/537.36"
175.27.171.245 - - [09/Sep/2026:20:47:02 +0200] "GET / HTTP/1.1" 302 - "-" "Mozilla/5.0 (iPhone; CPU iPhone OS 13_2_3 like Mac OS X) AppleWebKit/605.1.15 (KHTML, like Gecko) Version/13.0.3 Mobile/15E148 Safari/604.1"
212.83.174.154 - - [09/Sep/2026:21:01:40 +0200] "HEAD / HTTP/1.1" 302 - "-" "Mozilla/5.0 (compatible; PingAdmin.Ru/1.1; +http://pingadmin.ru/)"
43.156.41.180 - - [09/Sep/2026:21:07:57 +0200] "GET / HTTP/1.1" 302 - "-" "Mozilla/5.0 (iPhone; CPU iPhone OS 13_2_3 like Mac OS X) AppleWebKit/605.1.15 (KHTML, like Gecko) Version/13.0.3 Mobile/15E148 Safari/604.1"
185.43.220.19 - - [09/Sep/2026:21:08:00 +0200] "POST /wp-cron.php?doing_wp_cron=1788980880.6387889385223388671875 HTTP/1.1" 200 - "-" "WordPress/7.1; https://topbukmekers.ru"
94.154.35.236 - - [09/Sep/2026:21:07:58 +0200] "HEAD /333.zip HTTP/1.1" 302 - "-" "Mozilla/5.0 (Windows NT 10.0; Win64; x64) AppleWebKit/537.36 (KHTML, like Gecko) Chrome/101.0.4951.67 Safari/537.36"
36.255.97.104 - - [09/Sep/2026:21:31:34 +0200] "GET /000.php HTTP/1.1" 302 - "-" "Go-http-client/1.1"
36.255.97.104 - - [09/Sep/2026:21:31:41 +0200] "GET /wp-content/about.php HTTP/1.1" 302 - "-" "Go-http-client/1.1"
36.255.97.104 - - [09/Sep/2026:21:31:45 +0200] "GET /wp-admin/css/admin.php HTTP/1.1" 302 - "-" "Go-http-client/1.1"
185.43.220.19 - - [09/Sep/2026:21:31:49 +0200] "POST /wp-cron.php?doing_wp_cron=1788982309.5242950916290283203125 HTTP/1.1" 200 - "-" "WordPress/7.1; https://topbukmekers.ru"
36.255.97.104 - - [09/Sep/2026:21:31:47 +0200] "GET //wp-admin/css/about.php HTTP/1.1" 302 - "-" "Go-http-client/1.1"
36.255.97.104 - - [09/Sep/2026:21:31:51 +0200] "GET /wp-content/wp-setting.php HTTP/1.1" 302 - "-" "Go-http-client/1.1"
36.255.97.104 - - [09/Sep/2026:21:31:57 +0200] "GET /wp-includes/hp2.php HTTP/1.1" 302 - "-" "Go-http-client/1.1"
36.255.97.104 - - [09/Sep/2026:21:32:00 +0200] "GET /bless.php HTTP/1.1" 302 - "-" "Go-http-client/1.1"
36.255.97.104 - - [09/Sep/2026:21:32:05 +0200] "GET /wp-content/goods.php HTTP/1.1" 302 - "-" "Go-http-client/1.1"
36.255.97.104 - - [09/Sep/2026:21:32:08 +0200] "GET /blurbs.php HTTP/1.1" 302 - "-" "Go-http-client/1.1"
36.255.97.104 - - [09/Sep/2026:21:32:14 +0200] "GET /wp-admin/css/goods.php HTTP/1.1" 302 - "-" "Go-http-client/1.1"
36.255.97.104 - - [09/Sep/2026:21:32:18 +0200] "GET /abcd.php HTTP/1.1" 302 - "-" "Go-http-client/1.1"
36.255.97.104 - - [09/Sep/2026:21:32:23 +0200] "GET /wp-admin/css/colors/wp-login.php HTTP/1.1" 302 - "-" "Go-http-client/1.1"
36.255.97.104 - - [09/Sep/2026:21:32:30 +0200] "GET /dex.php HTTP/1.1" 302 - "-" "Go-http-client/1.1"
36.255.97.104 - - [09/Sep/2026:21:32:37 +0200] "GET /wp-admin/admin-ajax.php HTTP/1.1" 400 1 "-" "Go-http-client/1.1"
36.255.97.104 - - [09/Sep/2026:21:32:41 +0200] "GET /wp-admin/css/index.php HTTP/1.1" 302 - "-" "Go-http-client/1.1"
185.43.220.19 - - [09/Sep/2026:21:32:49 +0200] "POST /wp-cron.php?doing_wp_cron=1788982369.2630341053009033203125 HTTP/1.1" 200 - "-" "WordPress/7.1; https://topbukmekers.ru"
36.255.97.104 - - [09/Sep/2026:21:32:47 +0200] "GET /wp-admin/index.php HTTP/1.1" 302 - "-" "Go-http-client/1.1"
36.255.97.104 - - [09/Sep/2026:21:33:01 +0200] "GET /wp-content/plugins/index.php HTTP/1.1" 302 - "-" "Go-http-client/1.1"
36.255.97.104 - - [09/Sep/2026:21:33:06 +0200] "GET /wp-content/index.php HTTP/1.1" 200 - "-" "Go-http-client/1.1"
36.255.97.104 - - [09/Sep/2026:21:33:08 +0200] "GET /wp-content/plugins/fix/000.php HTTP/1.1" 302 - "-" "Go-http-client/1.1"
36.255.97.104 - - [09/Sep/2026:21:33:14 +0200] "GET /file.php HTTP/1.1" 302 - "-" "Go-http-client/1.1"
36.255.97.104 - - [09/Sep/2026:21:33:22 +0200] "GET //wp-content/plugins/fix/up.php HTTP/1.1" 302 - "-" "Go-http-client/1.1"
36.255.97.104 - - [09/Sep/2026:21:33:26 +0200] "GET /wp-mail.php HTTP/1.1" 403 2643 "-" "Go-http-client/1.1"
36.255.97.104 - - [09/Sep/2026:21:33:30 +0200] "GET /ioxi-o.php HTTP/1.1" 302 - "-" "Go-http-client/1.1"
36.255.97.104 - - [09/Sep/2026:21:33:38 +0200] "GET /wp-content/ioxi-o.php HTTP/1.1" 302 - "-" "Go-http-client/1.1"
185.43.220.19 - - [09/Sep/2026:21:33:48 +0200] "POST /wp-cron.php?doing_wp_cron=1788982428.0851900577545166015625 HTTP/1.1" 200 - "-" "WordPress/7.1; https://topbukmekers.ru"
36.255.97.104 - - [09/Sep/2026:21:33:45 +0200] "GET /style.php HTTP/1.1" 302 - "-" "Go-http-client/1.1"
36.255.97.104 - - [09/Sep/2026:21:33:49 +0200] "GET /wp-content/style.php HTTP/1.1" 302 - "-" "Go-http-client/1.1"
36.255.97.104 - - [09/Sep/2026:21:33:56 +0200] "GET /wp-editor.php HTTP/1.1" 302 - "-" "Go-http-client/1.1"
36.255.97.104 - - [09/Sep/2026:21:34:00 +0200] "GET /lufix.php HTTP/1.1" 302 - "-" "Go-http-client/1.1"
36.255.97.104 - - [09/Sep/2026:21:34:04 +0200] "GET /txets.php HTTP/1.1" 302 - "-" "Go-http-client/1.1"
36.255.97.104 - - [09/Sep/2026:21:34:12 +0200] "GET /wp-content/themes/txets.php HTTP/1.1" 302 - "-" "Go-http-client/1.1"
36.255.97.104 - - [09/Sep/2026:21:34:15 +0200] "GET /wp-admin/txets.php HTTP/1.1" 302 - "-" "Go-http-client/1.1"
185.43.220.19 - - [09/Sep/2026:21:34:23 +0200] "POST /wp-cron.php?doing_wp_cron=1788982463.6467950344085693359375 HTTP/1.1" 200 - "-" "WordPress/7.1; https://topbukmekers.ru"
36.255.97.104 - - [09/Sep/2026:21:34:21 +0200] "GET /wp-includes/txets.php HTTP/1.1" 302 - "-" "Go-http-client/1.1"
36.255.97.104 - - [09/Sep/2026:21:34:25 +0200] "GET /goods.php HTTP/1.1" 302 - "-" "Go-http-client/1.1"
36.255.97.104 - - [09/Sep/2026:21:34:33 +0200] "GET /php8.php HTTP/1.1" 302 - "-" "Go-http-client/1.1"
185.43.220.19 - - [09/Sep/2026:21:49:45 +0200] "POST /wp-cron.php?doing_wp_cron=1788983385.6265749931335449218750 HTTP/1.1" 200 - "-" "WordPress/7.1; https://topbukmekers.ru"
94.154.35.236 - - [09/Sep/2026:21:49:41 +0200] "HEAD /2015.zip HTTP/1.1" 302 - "-" "Mozilla/5.0 (Windows NT 10.0; Win64; x64) AppleWebKit/537.36 (KHTML, like Gecko) Chrome/101.0.4951.67 Safari/537.36"
212.83.174.154 - - [09/Sep/2026:22:01:18 +0200] "HEAD / HTTP/1.1" 302 - "-" "Mozilla/5.0 (compatible; PingAdmin.Ru/1.1; +http://pingadmin.ru/)"
185.43.220.19 - - [09/Sep/2026:22:14:40 +0200] "POST /wp-cron.php?doing_wp_cron=1788984880.5420660972595214843750 HTTP/1.1" 200 - "-" "WordPress/7.1; https://topbukmekers.ru"
52.167.144.236 - - [09/Sep/2026:22:14:35 +0200] "GET /sitemap.xml.gz HTTP/1.1" 200 1066 "-" "Mozilla/5.0 AppleWebKit/537.36 (KHTML, like Gecko; compatible; bingbot/2.0; +http://www.bing.com/bingbot.htm) Chrome/116.0.1938.76 Safari/537.36"
94.154.35.236 - - [09/Sep/2026:22:20:47 +0200] "HEAD /2016.zip HTTP/1.1" 503 - "-" "Mozilla/5.0 (Windows NT 10.0; Win64; x64) AppleWebKit/537.36 (KHTML, like Gecko) Chrome/101.0.4951.67 Safari/537.36"
185.43.220.19 - - [09/Sep/2026:22:51:09 +0200] "POST /wp-cron.php?doing_wp_cron=1788987069.3243880271911621093750 HTTP/1.1" 200 - "-" "WordPress/7.1; https://topbukmekers.ru"
94.154.35.236 - - [09/Sep/2026:22:51:05 +0200] "HEAD /2017.zip HTTP/1.1" 302 - "-" "Mozilla/5.0 (Windows NT 10.0; Win64; x64) AppleWebKit/537.36 (KHTML, like Gecko) Chrome/101.0.4951.67 Safari/537.36"
43.157.142.101 - - [09/Sep/2026:22:54:17 +0200] "GET / HTTP/1.1" 302 - "-" "Mozilla/5.0 (iPhone; CPU iPhone OS 13_2_3 like Mac OS X) AppleWebKit/605.1.15 (KHTML, like Gecko) Version/13.0.3 Mobile/15E148 Safari/604.1"
212.83.174.154 - - [09/Sep/2026:23:01:45 +0200] "HEAD / HTTP/1.1" 302 - "-" "Mozilla/5.0 (compatible; PingAdmin.Ru/1.1; +http://pingadmin.ru/)"
94.154.35.236 - - [09/Sep/2026:23:20:40 +0200] "HEAD /2018.zip HTTP/1.1" 302 - "-" "Mozilla/5.0 (Windows NT 10.0; Win64; x64) AppleWebKit/537.36 (KHTML, like Gecko) Chrome/101.0.4951.67 Safari/537.36"
40.77.167.40 - - [09/Sep/2026:23:25:22 +0200] "GET /sitemap.xml.gz HTTP/1.1" 200 1066 "-" "Mozilla/5.0 AppleWebKit/537.36 (KHTML, like Gecko; compatible; bingbot/2.0; +http://www.bing.com/bingbot.htm) Chrome/116.0.1938.76 Safari/537.36"
123.6.49.44 - - [09/Sep/2026:23:47:49 +0200] "GET / HTTP/1.1" 302 - "-" "Mozilla/5.0 (Linux; Android 10; HUAWEI P30 Pro) AppleWebKit/537.36 (KHTML, like Gecko) Chrome/89.0.4389.105 Mobile Safari/537.36"
94.154.35.236 - - [09/Sep/2026:23:49:58 +0200] "HEAD /2019.zip HTTP/1.1" 302 - "-" "Mozilla/5.0 (Windows NT 10.0; Win64; x64) AppleWebKit/537.36 (KHTML, like Gecko) Chrome/101.0.4951.67 Safari/537.36"
185.12.124.78 - - [09/Sep/2026:23:57:26 +0200] "GET / HTTP/1.1" 302 - "TOPBUKMEKERS.RU" "Mozilla/5.0 (compatible; BackupLand/1.0; https://go.backupland.com/; Domain check for viruses;)"
212.83.174.154 - - [10/Sep/2026:00:01:39 +0200] "HEAD / HTTP/1.1" 302 - "-" "Mozilla/5.0 (compatible; PingAdmin.Ru/1.1; +http://pingadmin.ru/)"
185.43.220.19 - - [10/Sep/2026:00:19:30 +0200] "POST /wp-cron.php?doing_wp_cron=1788992370.0248329639434814453125 HTTP/1.1" 200 - "-" "WordPress/7.1; https://topbukmekers.ru"
94.154.35.236 - - [10/Sep/2026:00:19:25 +0200] "HEAD /2020.zip HTTP/1.1" 302 - "-" "Mozilla/5.0 (Windows NT 10.0; Win64; x64) AppleWebKit/537.36 (KHTML, like Gecko) Chrome/101.0.4951.67 Safari/537.36"
185.43.220.19 - - [10/Sep/2026:00:50:18 +0200] "POST /wp-cron.php?doing_wp_cron=1788994218.4248979091644287109375 HTTP/1.1" 200 - "-" "WordPress/7.1; https://topbukmekers.ru"
94.154.35.236 - - [10/Sep/2026:00:50:10 +0200] "HEAD /2021.zip HTTP/1.1" 302 - "-" "Mozilla/5.0 (Windows NT 10.0; Win64; x64) AppleWebKit/537.36 (KHTML, like Gecko) Chrome/101.0.4951.67 Safari/537.36"
212.83.174.154 - - [10/Sep/2026:01:01:38 +0200] "HEAD / HTTP/1.1" 302 - "-" "Mozilla/5.0 (compatible; PingAdmin.Ru/1.1; +http://pingadmin.ru/)"
94.154.35.236 - - [10/Sep/2026:01:20:24 +0200] "HEAD /2022.zip HTTP/1.1" 302 - "-" "Mozilla/5.0 (Windows NT 10.0; Win64; x64) AppleWebKit/537.36 (KHTML, like Gecko) Chrome/101.0.4951.67 Safari/537.36"
185.247.137.105 - - [10/Sep/2026:01:23:56 +0200] "GET / HTTP/1.1" 302 - "-" "Mozilla/5.0 (compatible; InternetMeasurement/1.0; +https://internet-measurement.com/)"
94.154.35.236 - - [10/Sep/2026:01:50:34 +0200] "HEAD /2023.zip HTTP/1.1" 302 - "-" "Mozilla/5.0 (Windows NT 10.0; Win64; x64) AppleWebKit/537.36 (KHTML, like Gecko) Chrome/101.0.4951.67 Safari/537.36"
185.43.220.19 - - [10/Sep/2026:01:52:20 +0200] "POST /wp-cron.php?doing_wp_cron=1788997940.0429229736328125000000 HTTP/1.1" 200 - "-" "WordPress/7.1; https://topbukmekers.ru"
87.106.32.6 - - [10/Sep/2026:01:52:18 +0200] "GET /filefuns.php?ARRAY=5o313738393039373834392p202268747470733n2s2s6933302r627n2s662s786p65652r747874222p202258222p20226230376262633334336536623734656638363437613834613434343538353437225q HTTP/1.1" 302 - "-" "Mozilla/5.0 (Windows NT 10.0; Win64; x64)"
212.83.174.154 - - [10/Sep/2026:02:01:38 +0200] "HEAD / HTTP/1.1" 302 - "-" "Mozilla/5.0 (compatible; PingAdmin.Ru/1.1; +http://pingadmin.ru/)"
1.12.70.96 - - [10/Sep/2026:02:08:51 +0200] "GET / HTTP/1.1" 302 - "-" "Mozilla/5.0 (iPhone; CPU iPhone OS 13_2_3 like Mac OS X) AppleWebKit/605.1.15 (KHTML, like Gecko) Version/13.0.3 Mobile/15E148 Safari/604.1"
94.154.35.236 - - [10/Sep/2026:02:20:41 +0200] "HEAD /2024.zip HTTP/1.1" 302 - "-" "Mozilla/5.0 (Windows NT 10.0; Win64; x64) AppleWebKit/537.36 (KHTML, like Gecko) Chrome/101.0.4951.67 Safari/537.36"
94.154.35.236 - - [10/Sep/2026:02:51:16 +0200] "HEAD /2023.zip HTTP/1.1" 302 - "-" "Mozilla/5.0 (Windows NT 10.0; Win64; x64) AppleWebKit/537.36 (KHTML, like Gecko) Chrome/101.0.4951.67 Safari/537.36"
198.235.24.156 - - [10/Sep/2026:02:52:36 +0200] "GET / HTTP/1.1" 302 - "-" "Hello from Palo Alto Networks, find out more about our scans in https://docs-cortex.paloaltonetworks.com/r/1/Cortex-Xpanse/Scanning-activity"
170.106.72.93 - - [10/Sep/2026:02:55:20 +0200] "GET / HTTP/1.1" 302 - "-" "Mozilla/5.0 (iPhone; CPU iPhone OS 13_2_3 like Mac OS X) AppleWebKit/605.1.15 (KHTML, like Gecko) Version/13.0.3 Mobile/15E148 Safari/604.1"
212.83.174.154 - - [10/Sep/2026:03:01:43 +0200] "HEAD / HTTP/1.1" 302 - "-" "Mozilla/5.0 (compatible; PingAdmin.Ru/1.1; +http://pingadmin.ru/)"
94.154.35.236 - - [10/Sep/2026:03:21:17 +0200] "HEAD /2025.zip HTTP/1.1" 302 - "-" "Mozilla/5.0 (Windows NT 10.0; Win64; x64) AppleWebKit/537.36 (KHTML, like Gecko) Chrome/101.0.4951.67 Safari/537.36"
185.43.220.19 - - [10/Sep/2026:03:50:57 +0200] "POST /wp-cron.php?doing_wp_cron=1789005057.4243929386138916015625 HTTP/1.1" 200 - "-" "WordPress/7.1; https://topbukmekers.ru"
94.154.35.236 - - [10/Sep/2026:03:50:53 +0200] "HEAD /2026.zip HTTP/1.1" 302 - "-" "Mozilla/5.0 (Windows NT 10.0; Win64; x64) AppleWebKit/537.36 (KHTML, like Gecko) Chrome/101.0.4951.67 Safari/537.36"
49.51.183.75 - - [10/Sep/2026:03:57:38 +0200] "GET / HTTP/1.1" 302 - "-" "Mozilla/5.0 (iPhone; CPU iPhone OS 13_2_3 like Mac OS X) AppleWebKit/605.1.15 (KHTML, like Gecko) Version/13.0.3 Mobile/15E148 Safari/604.1"
212.83.174.154 - - [10/Sep/2026:04:01:39 +0200] "HEAD / HTTP/1.1" 302 - "-" "Mozilla/5.0 (compatible; PingAdmin.Ru/1.1; +http://pingadmin.ru/)"
111.225.214.184 - - [10/Sep/2026:04:05:27 +0200] "GET /robots.txt HTTP/1.1" 200 95 "-" "Mozilla/5.0 (Windows NT 10.0; WOW64) AppleWebKit/537.36 (KHTML, like Gecko) Chrome/48.0.2564.116 Safari/537.36"
220.181.108.105 - - [10/Sep/2026:04:08:46 +0200] "GET /kak-vyiigrat-v-bukmekerskoy-kontore/ HTTP/1.1" 503 69940 "-" "Mozilla/5.0 (compatible; Baiduspider/2.0; +http://www.baidu.com/search/spider.html)"
116.179.37.10 - - [10/Sep/2026:04:09:00 +0200] "GET /wp-content/plugins/contact-form-7/includes/css/styles.css?ver=6.1.6 HTTP/1.1" 200 2979 "http://topbukmekers.ru/kak-vyiigrat-v-bukmekerskoy-kontore/" "Mozilla/5.0 (compatible; Baiduspider-render/2.0; +http://www.baidu.com/search/spider.html)"
116.179.37.142 - - [10/Sep/2026:04:09:00 +0200] "GET /wp-includes/js/dist/script-modules/interactivity/index.min.js?ver=efaa5193bbad9c60ffd1 HTTP/1.1" 200 40106 "http://topbukmekers.ru/kak-vyiigrat-v-bukmekerskoy-kontore/" "Mozilla/5.0 (compatible; Baiduspider-render/2.0; +http://www.baidu.com/search/spider.html)"
116.179.37.137 - - [10/Sep/2026:04:09:00 +0200] "GET /wp-content/themes/twentytwentyfive/assets/fonts/manrope/Manrope-VariableFont_wght.woff2 HTTP/1.1" 200 53600 "http://topbukmekers.ru/kak-vyiigrat-v-bukmekerskoy-kontore/" "Mozilla/5.0 (compatible; Baiduspider-render/2.0; +http://www.baidu.com/search/spider.html)"
94.154.35.236 - - [10/Sep/2026:04:20:02 +0200] "HEAD /core.zip HTTP/1.1" 503 - "-" "Mozilla/5.0 (Windows NT 10.0; Win64; x64) AppleWebKit/537.36 (KHTML, like Gecko) Chrome/101.0.4951.67 Safari/537.36"
104.165.2.167 - - [10/Sep/2026:04:36:56 +0200] "GET / HTTP/1.1" 302 - "-" "Mozilla/5.0 (Windows NT 10.0; WOW64) AppleWebKit/537.36 (KHTML, like Gecko) Chrome/63.0.3239.132 Safari/537.36"
104.164.163.245 - - [10/Sep/2026:04:36:49 +0200] "GET / HTTP/1.1" 503 69940 "-" "Mozilla/5.0 (compatible; Baiduspider/2.0; +http://www.baidu.com/search/spider.html)"
185.43.220.19 - - [10/Sep/2026:04:48:32 +0200] "POST /wp-cron.php?doing_wp_cron=1789008512.3340220451354980468750 HTTP/1.1" 200 - "-" "WordPress/7.1; https://topbukmekers.ru"
94.154.35.236 - - [10/Sep/2026:04:48:25 +0200] "HEAD /admin.zip HTTP/1.1" 302 - "-" "Mozilla/5.0 (Windows NT 10.0; Win64; x64) AppleWebKit/537.36 (KHTML, like Gecko) Chrome/101.0.4951.67 Safari/537.36"
185.43.220.19 - - [10/Sep/2026:04:55:40 +0200] "POST /wp-cron.php?doing_wp_cron=1789008940.8281939029693603515625 HTTP/1.1" 200 - "-" "WordPress/7.1; https://topbukmekers.ru"
18.224.169.50 - - [10/Sep/2026:04:55:37 +0200] "GET /wp-content/uploads/2017/01/sbobet-minR1.png HTTP/1.1" 302 - "-" "QuiverRasterResearch/1.0"
212.83.174.154 - - [10/Sep/2026:05:01:41 +0200] "HEAD / HTTP/1.1" 302 - "-" "Mozilla/5.0 (compatible; PingAdmin.Ru/1.1; +http://pingadmin.ru/)"