| Server IP : 104.21.20.151 / Your IP : 216.73.216.217 Web Server : Apache System : Linux sr32.hostlife.net 6.12.0-124.52.3.el10_1.x86_64 #1 SMP PREEMPT_DYNAMIC Sat May 2 09:06:54 EDT 2026 x86_64 User : golfb689 ( 1071) PHP Version : 7.4.33 Disable Function : NONE MySQL : OFF | cURL : ON | WGET : ON | Perl : ON | Python : OFF | Sudo : OFF | Pkexec : OFF Directory : /home/golfb689/access-logs/ |
Upload File : |
66.249.79.33 - - [09/Sep/2026:14:16:11 +0200] "GET /?o=fnhtq65b66xv8je HTTP/1.1" 200 20629 "-" "Mozilla/5.0 (Linux; Android 6.0.1; Nexus 5X Build/MMB29P) AppleWebKit/537.36 (KHTML, like Gecko) Chrome/151.0.7922.173 Mobile Safari/537.36 (compatible; Googlebot/2.1; +http://www.google.com/bot.html)"
66.249.79.32 - - [09/Sep/2026:14:18:13 +0200] "GET /?o=eouqf7ivvrigk4z_gkind14524030 HTTP/1.1" 200 20629 "-" "Mozilla/5.0 (Linux; Android 6.0.1; Nexus 5X Build/MMB29P) AppleWebKit/537.36 (KHTML, like Gecko) Chrome/151.0.7922.173 Mobile Safari/537.36 (compatible; Googlebot/2.1; +http://www.google.com/bot.html)"
66.249.79.32 - - [09/Sep/2026:14:26:32 +0200] "GET /?o=frjqgk7bwubx29s HTTP/1.1" 200 20629 "-" "Mozilla/5.0 (Linux; Android 6.0.1; Nexus 5X Build/MMB29P) AppleWebKit/537.36 (KHTML, like Gecko) Chrome/151.0.7922.173 Mobile Safari/537.36 (compatible; Googlebot/2.1; +http://www.google.com/bot.html)"
87.250.224.2 - - [09/Sep/2026:14:30:12 +0200] "GET /robots.txt HTTP/1.1" 200 95 "-" "Mozilla/5.0 (compatible; YandexBot/3.0; +http://yandex.com/bots)"
185.43.220.19 - - [09/Sep/2026:14:30:17 +0200] "POST /wp-cron.php?doing_wp_cron=1788957017.5335540771484375000000 HTTP/1.1" 200 - "-" "WordPress/7.1; https://topbukmekers.ru"
87.250.224.253 - - [09/Sep/2026:14:30:13 +0200] "GET /bukmekerskaya-kontora-favbet-chego-zhdat-betteru/ HTTP/1.1" 200 20629 "-" "Mozilla/5.0 (compatible; YandexBot/3.0; +http://yandex.com/bots)"
66.249.79.33 - - [09/Sep/2026:14:31:02 +0200] "GET /?o=f3jdgk7bwrbxz9s HTTP/1.1" 200 20629 "-" "Mozilla/5.0 (Linux; Android 6.0.1; Nexus 5X Build/MMB29P) AppleWebKit/537.36 (KHTML, like Gecko) Chrome/151.0.7922.173 Mobile Safari/537.36 (compatible; Googlebot/2.1; +http://www.google.com/bot.html)"
66.249.79.32 - - [09/Sep/2026:14:41:53 +0200] "GET /?o=ft3aogrb4b7h3ho HTTP/1.1" 200 20629 "-" "Mozilla/5.0 (Linux; Android 6.0.1; Nexus 5X Build/MMB29P) AppleWebKit/537.36 (KHTML, like Gecko) Chrome/151.0.7922.173 Mobile Safari/537.36 (compatible; Googlebot/2.1; +http://www.google.com/bot.html)"
199.45.154.118 - - [09/Sep/2026:14:42:05 +0200] "GET / HTTP/1.1" 302 - "-" "Mozilla/5.0 (compatible; CensysInspect/1.1; +https://about.censys.io/)"
66.249.79.37 - - [09/Sep/2026:14:46:07 +0200] "GET /?o=f2xeialby41b0bi HTTP/1.1" 200 20629 "-" "Mozilla/5.0 (Linux; Android 6.0.1; Nexus 5X Build/MMB29P) AppleWebKit/537.36 (KHTML, like Gecko) Chrome/151.0.7922.173 Mobile Safari/537.36 (compatible; GoogleOther)"
87.250.224.212 - - [09/Sep/2026:14:50:56 +0200] "GET /robots.txt HTTP/1.1" 200 95 "-" "Mozilla/5.0 (compatible; YandexBot/3.0; +http://yandex.com/bots)"
45.148.65.18 - - [09/Sep/2026:14:50:57 +0200] "GET / HTTP/1.1" 200 20629 "-" "Mozilla/5.0 (compatible; YandexBot/3.0; +http://yandex.com/bots)"
66.249.79.32 - - [09/Sep/2026:14:54:24 +0200] "GET /?o=ed9oumx7a6xvxje HTTP/1.1" 200 20629 "-" "Mozilla/5.0 (Linux; Android 6.0.1; Nexus 5X Build/MMB29P) AppleWebKit/537.36 (KHTML, like Gecko) Chrome/151.0.7922.173 Mobile Safari/537.36 (compatible; Googlebot/2.1; +http://www.google.com/bot.html)"
66.249.79.33 - - [09/Sep/2026:15:07:20 +0200] "GET /?o=fz8ehxwbx1omea5 HTTP/1.1" 200 20629 "-" "Mozilla/5.0 (Linux; Android 6.0.1; Nexus 5X Build/MMB29P) AppleWebKit/537.36 (KHTML, like Gecko) Chrome/151.0.7922.173 Mobile Safari/537.36 (compatible; Googlebot/2.1; +http://www.google.com/bot.html)"
66.249.79.37 - - [09/Sep/2026:15:07:23 +0200] "GET /?o=f1mdjnabz6e09cv HTTP/1.1" 200 20629 "-" "Mozilla/5.0 (Linux; Android 6.0.1; Nexus 5X Build/MMB29P) AppleWebKit/537.36 (KHTML, like Gecko) Chrome/151.0.7922.173 Mobile Safari/537.36 (compatible; Googlebot/2.1; +http://www.google.com/bot.html)"
66.249.79.32 - - [09/Sep/2026:15:10:30 +0200] "GET /?o=emmijnayz7akvkr HTTP/1.1" 200 20629 "-" "Mozilla/5.0 (Linux; Android 6.0.1; Nexus 5X Build/MMB29P) AppleWebKit/537.36 (KHTML, like Gecko) Chrome/151.0.7922.173 Mobile Safari/537.36 (compatible; Googlebot/2.1; +http://www.google.com/bot.html)"
216.73.216.150 - - [09/Sep/2026:15:20:18 +0200] "GET /robots.txt HTTP/1.1" 200 95 "-" "Mozilla/5.0 AppleWebKit/537.36 (KHTML, like Gecko; compatible; ClaudeBot/1.0; [email protected])"
185.43.220.19 - - [09/Sep/2026:15:20:25 +0200] "POST /wp-cron.php?doing_wp_cron=1788960024.9278259277343750000000 HTTP/1.1" 200 - "-" "WordPress/7.1; https://topbukmekers.ru"
216.73.216.150 - - [09/Sep/2026:15:20:19 +0200] "GET /index.php/sitemap.xml HTTP/1.1" 200 20629 "-" "Mozilla/5.0 AppleWebKit/537.36 (KHTML, like Gecko; compatible; ClaudeBot/1.0; [email protected])"
66.249.79.32 - - [09/Sep/2026:15:24:27 +0200] "GET /?o=fiqdzfebfu64fsn HTTP/1.1" 200 20629 "-" "Mozilla/5.0 (Linux; Android 6.0.1; Nexus 5X Build/MMB29P) AppleWebKit/537.36 (KHTML, like Gecko) Chrome/151.0.7922.173 Mobile Safari/537.36 (compatible; Googlebot/2.1; +http://www.google.com/bot.html)"
185.43.220.19 - - [09/Sep/2026:15:37:42 +0200] "POST /wp-cron.php?doing_wp_cron=1788961062.3245840072631835937500 HTTP/1.1" 200 - "-" "WordPress/7.1; https://topbukmekers.ru"
114.119.159.61 - - [09/Sep/2026:15:37:37 +0200] "GET /?page_id=2 HTTP/1.1" 200 76392 "https://topbukmekers.ru/?author=1" "Mozilla/5.0 (Linux; Android 7.0;) AppleWebKit/537.36 (HTML, like Gecko) Mobile Safari/537.36 (compatible; PetalBot;+https://webmaster.petalsearch.com/site/petalbot)"
66.249.79.32 - - [09/Sep/2026:15:41:04 +0200] "GET /?o=eef00s38gc31qpk HTTP/1.1" 200 20629 "-" "Mozilla/5.0 (Linux; Android 6.0.1; Nexus 5X Build/MMB29P) AppleWebKit/537.36 (KHTML, like Gecko) Chrome/151.0.7922.173 Mobile Safari/537.36 (compatible; Googlebot/2.1; +http://www.google.com/bot.html)"
185.43.220.19 - - [09/Sep/2026:15:43:02 +0200] "POST /wp-cron.php?doing_wp_cron=1788961382.6446800231933593750000 HTTP/1.1" 200 - "-" "WordPress/7.1; https://topbukmekers.ru"
86.127.211.110 - - [09/Sep/2026:15:42:57 +0200] "GET /wp-login.php HTTP/1.1" 200 13025 "-" "Mozilla/5.0 (X11; Linux x86_64) AppleWebKit/537.36 (KHTML, like Gecko) Chrome/150.0.0.0 Safari/537.36"
185.43.220.19 - - [09/Sep/2026:15:48:01 +0200] "POST /wp-cron.php?doing_wp_cron=1788961681.0287799835205078125000 HTTP/1.1" 200 - "-" "WordPress/7.1; https://topbukmekers.ru"
35.201.135.19 - - [09/Sep/2026:15:47:58 +0200] "GET /.git/config HTTP/1.1" 302 - "-" "Mozilla/5.0 (Windows NT 10.0; Win64; x64) AppleWebKit/537.36 (KHTML, like Gecko) Chrome/128.0.0.0 Safari/537.36"
66.249.79.37 - - [09/Sep/2026:15:48:03 +0200] "GET /?o=e889hxw4xhwi3ud HTTP/1.1" 200 20629 "-" "Mozilla/5.0 (Linux; Android 6.0.1; Nexus 5X Build/MMB29P) AppleWebKit/537.36 (KHTML, like Gecko) Chrome/151.0.7922.173 Mobile Safari/537.36 (compatible; Googlebot/2.1; +http://www.google.com/bot.html)"
66.249.79.37 - - [09/Sep/2026:15:59:38 +0200] "GET /?o=frvdswjb8vn9bl4 HTTP/1.1" 200 20629 "-" "Mozilla/5.0 (Linux; Android 6.0.1; Nexus 5X Build/MMB29P) AppleWebKit/537.36 (KHTML, like Gecko) Chrome/151.0.7922.173 Mobile Safari/537.36 (compatible; Googlebot/2.1; +http://www.google.com/bot.html)"
66.249.79.32 - - [09/Sep/2026:15:59:39 +0200] "GET /?o=e17k48v8ksv5k5c HTTP/1.1" 200 20629 "-" "Mozilla/5.0 (Linux; Android 6.0.1; Nexus 5X Build/MMB29P) AppleWebKit/537.36 (KHTML, like Gecko) Chrome/151.0.7922.173 Mobile Safari/537.36 (compatible; Googlebot/2.1; +http://www.google.com/bot.html)"
5.255.231.112 - - [09/Sep/2026:16:01:05 +0200] "GET /robots.txt HTTP/1.1" 200 95 "-" "Mozilla/5.0 (compatible; YandexBot/3.0; +http://yandex.com/bots)"
185.43.220.19 - - [09/Sep/2026:16:01:09 +0200] "POST /wp-cron.php?doing_wp_cron=1788962469.9352529048919677734375 HTTP/1.1" 200 - "-" "WordPress/7.1; https://topbukmekers.ru"
95.108.213.200 - - [09/Sep/2026:16:01:06 +0200] "GET /reyting-bukmekerskih-kontor-rossii/ HTTP/1.1" 200 20629 "-" "Mozilla/5.0 (compatible; YandexBot/3.0; +http://yandex.com/bots)"
66.249.79.33 - - [09/Sep/2026:16:07:25 +0200] "GET /?o=eut72ih3i2h33fy_gkind14524026 HTTP/1.1" 200 20629 "-" "Mozilla/5.0 (Linux; Android 6.0.1; Nexus 5X Build/MMB29P) AppleWebKit/537.36 (KHTML, like Gecko) Chrome/151.0.7922.173 Mobile Safari/537.36 (compatible; Googlebot/2.1; +http://www.google.com/bot.html)"
185.43.220.19 - - [09/Sep/2026:16:26:31 +0200] "POST /wp-cron.php?doing_wp_cron=1788963991.2256219387054443359375 HTTP/1.1" 200 - "-" "WordPress/7.1; https://topbukmekers.ru"
62.60.130.199 - - [09/Sep/2026:16:26:26 +0200] "GET /wp-login.php HTTP/1.1" 200 13025 "-" "Mozilla/5.0 (Windows NT 10.0; Win64; x64) AppleWebKit/537.36 (KHTML, like Gecko) Chrome/120.0.0.0 Safari/537.36"
62.60.130.199 - - [09/Sep/2026:16:26:31 +0200] "GET /?author=1 HTTP/1.1" 503 468 "-" "Mozilla/5.0 (Windows NT 10.0; Win64; x64; rv:121.0) Gecko/20100101 Firefox/121.0"
62.60.130.199 - - [09/Sep/2026:16:26:36 +0200] "GET /?author=2 HTTP/1.1" 503 468 "-" "Mozilla/5.0 (Macintosh; Intel Mac OS X 10_15_7) AppleWebKit/537.36 (KHTML, like Gecko) Chrome/120.0.0.0 Safari/537.36"
62.60.130.199 - - [09/Sep/2026:16:26:41 +0200] "GET /?author=3 HTTP/1.1" 503 468 "-" "Mozilla/5.0 (Windows NT 10.0; Win64; x64) AppleWebKit/537.36 (KHTML, like Gecko) Chrome/120.0.0.0 Safari/537.36"
62.60.130.199 - - [09/Sep/2026:16:26:46 +0200] "GET /?author=4 HTTP/1.1" 503 468 "-" "Mozilla/5.0 (Windows NT 10.0; Win64; x64) AppleWebKit/537.36 (KHTML, like Gecko) Chrome/120.0.0.0 Safari/537.36"
62.60.130.199 - - [09/Sep/2026:16:26:52 +0200] "GET /?author=5 HTTP/1.1" 404 61938 "-" "Mozilla/5.0 (Windows NT 11.0; Win64; x64) AppleWebKit/537.36 (KHTML, like Gecko) Chrome/121.0.0.0 Safari/537.36"
62.60.130.199 - - [09/Sep/2026:16:26:57 +0200] "GET /?author=6 HTTP/1.1" 404 61938 "-" "Mozilla/5.0 (X11; Linux x86_64) AppleWebKit/537.36 (KHTML, like Gecko) Chrome/120.0.0.0 Safari/537.36"
62.60.130.199 - - [09/Sep/2026:16:27:01 +0200] "GET /?author=7 HTTP/1.1" 404 61938 "-" "Mozilla/5.0 (Windows NT 10.0; Win64; x64) AppleWebKit/537.36 (KHTML, like Gecko) Chrome/120.0.0.0 Safari/537.36"
62.60.130.199 - - [09/Sep/2026:16:27:06 +0200] "GET /?author=8 HTTP/1.1" 404 61938 "-" "Mozilla/5.0 (Macintosh; Intel Mac OS X 10_15_7) AppleWebKit/537.36 (KHTML, like Gecko) Chrome/120.0.0.0 Safari/537.36"
62.60.130.199 - - [09/Sep/2026:16:27:10 +0200] "GET /?author=9 HTTP/1.1" 404 61938 "-" "Mozilla/5.0 (X11; Linux x86_64) AppleWebKit/537.36 (KHTML, like Gecko) Chrome/120.0.0.0 Safari/537.36"
62.60.130.199 - - [09/Sep/2026:16:27:12 +0200] "GET /?rest_route=/wp/v2/users&per_page=30&orderby=id&order=asc HTTP/1.1" 200 767 "-" "Mozilla/5.0 (Windows NT 10.0; Win64; x64; rv:121.0) Gecko/20100101 Firefox/121.0"
62.60.130.199 - - [09/Sep/2026:16:27:18 +0200] "GET /?feed=feed HTTP/1.1" 302 - "-" "Mozilla/5.0 (Windows NT 10.0; Win64; x64) AppleWebKit/537.36 (KHTML, like Gecko) Chrome/120.0.0.0 Safari/537.36"
62.60.130.199 - - [09/Sep/2026:16:27:18 +0200] "GET /?feed=rss HTTP/1.1" 302 - "-" "Mozilla/5.0 (Macintosh; Intel Mac OS X 10_15_7) AppleWebKit/537.36 (KHTML, like Gecko) Chrome/120.0.0.0 Safari/537.36"
62.60.130.199 - - [09/Sep/2026:16:27:19 +0200] "GET /?feed=rss2 HTTP/1.1" 302 - "-" "Mozilla/5.0 (Windows NT 10.0; Win64; x64; rv:121.0) Gecko/20100101 Firefox/121.0"
62.60.130.199 - - [09/Sep/2026:16:27:19 +0200] "GET /?feed=atom HTTP/1.1" 302 - "-" "Mozilla/5.0 (Windows NT 10.0; Win64; x64; rv:121.0) Gecko/20100101 Firefox/121.0"
66.249.79.37 - - [09/Sep/2026:16:28:42 +0200] "GET /?o=f8evn32b3ruskgb HTTP/1.1" 200 20629 "-" "Mozilla/5.0 (Linux; Android 6.0.1; Nexus 5X Build/MMB29P) AppleWebKit/537.36 (KHTML, like Gecko) Chrome/151.0.7922.173 Mobile Safari/537.36 (compatible; Googlebot/2.1; +http://www.google.com/bot.html)"
66.249.79.37 - - [09/Sep/2026:16:28:47 +0200] "GET /?o=eu09ldo41xomba5 HTTP/1.1" 200 20629 "-" "Mozilla/5.0 (Linux; Android 6.0.1; Nexus 5X Build/MMB29P) AppleWebKit/537.36 (KHTML, like Gecko) Chrome/151.0.7922.173 Mobile Safari/537.36 (compatible; Googlebot/2.1; +http://www.google.com/bot.html)"
66.249.79.32 - - [09/Sep/2026:16:35:38 +0200] "GET /?o=ebi13v64jf647sn HTTP/1.1" 200 20629 "-" "Mozilla/5.0 (Linux; Android 6.0.1; Nexus 5X Build/MMB29P) AppleWebKit/537.36 (KHTML, like Gecko) Chrome/151.0.7922.173 Mobile Safari/537.36 (compatible; Googlebot/2.1; +http://www.google.com/bot.html)"
66.249.79.32 - - [09/Sep/2026:16:40:28 +0200] "GET /?o=e5jegk73w47h7ho HTTP/1.1" 200 20629 "-" "Mozilla/5.0 (Linux; Android 6.0.1; Nexus 5X Build/MMB29P) AppleWebKit/537.36 (KHTML, like Gecko) Chrome/151.0.7922.173 Mobile Safari/537.36 (compatible; GoogleOther)"
185.43.220.19 - - [09/Sep/2026:16:43:55 +0200] "POST /wp-cron.php?doing_wp_cron=1788965035.6515491008758544921875 HTTP/1.1" 200 - "-" "WordPress/7.1; https://topbukmekers.ru"
45.131.193.204 - - [09/Sep/2026:16:43:53 +0200] "POST /wp-login.php HTTP/1.1" 200 13500 "-" "Mozilla/5.0 (Macintosh; Intel Mac OS X 10_15_7) AppleWebKit/605.1.15 Version/17.0 Safari/605.1.15"
45.131.193.207 - - [09/Sep/2026:17:00:14 +0200] "POST /wp-login.php HTTP/1.1" 503 - "-" "Mozilla/5.0 (Windows NT 10.0; Win64; rv:143.0) Gecko/20100101 Firefox/143.0"
198.235.24.16 - - [09/Sep/2026:17:00:50 +0200] "GET / HTTP/1.1" 302 - "-" "Hello from Palo Alto Networks, find out more about our scans in https://docs-cortex.paloaltonetworks.com/r/1/Cortex-Xpanse/Scanning-activity"
66.249.79.37 - - [09/Sep/2026:17:14:33 +0200] "GET /?o=ft3gogrb4w7hcho HTTP/1.1" 200 20629 "-" "Mozilla/5.0 (Linux; Android 6.0.1; Nexus 5X Build/MMB29P) AppleWebKit/537.36 (KHTML, like Gecko) Chrome/151.0.7922.173 Mobile Safari/537.36 (compatible; Googlebot/2.1; +http://www.google.com/bot.html)"
185.43.220.19 - - [09/Sep/2026:17:16:14 +0200] "POST /wp-cron.php?doing_wp_cron=1788966974.1584498882293701171875 HTTP/1.1" 200 - "-" "WordPress/7.1; https://topbukmekers.ru"
45.131.193.215 - - [09/Sep/2026:17:16:12 +0200] "POST /wp-login.php HTTP/1.1" 200 13500 "-" "Mozilla/5.0 (Windows NT 10.0; Win64; x64) AppleWebKit/537.36 Chrome/129.0.0.0 Safari/537.36"
66.249.79.37 - - [09/Sep/2026:17:18:38 +0200] "GET /?o=egkot9879t8uq6p HTTP/1.1" 200 20629 "-" "Mozilla/5.0 (Linux; Android 6.0.1; Nexus 5X Build/MMB29P) AppleWebKit/537.36 (KHTML, like Gecko) Chrome/151.0.7922.173 Mobile Safari/537.36 (compatible; Googlebot/2.1; +http://www.google.com/bot.html)"
216.73.216.150 - - [09/Sep/2026:17:21:24 +0200] "GET /robots.txt HTTP/1.1" 200 95 "-" "Mozilla/5.0 AppleWebKit/537.36 (KHTML, like Gecko; compatible; ClaudeBot/1.0; [email protected])"
185.43.220.19 - - [09/Sep/2026:17:21:36 +0200] "POST /wp-cron.php?doing_wp_cron=1788967295.9321761131286621093750 HTTP/1.1" 200 - "-" "WordPress/7.1; https://topbukmekers.ru"
216.73.216.150 - - [09/Sep/2026:17:21:24 +0200] "GET /index.php/sitemap.xml HTTP/1.1" 200 20629 "-" "Mozilla/5.0 AppleWebKit/537.36 (KHTML, like Gecko; compatible; ClaudeBot/1.0; [email protected])"
185.43.220.19 - - [09/Sep/2026:17:32:45 +0200] "POST /wp-cron.php?doing_wp_cron=1788967965.6307780742645263671875 HTTP/1.1" 200 - "-" "WordPress/7.1; https://topbukmekers.ru"
45.131.193.217 - - [09/Sep/2026:17:32:41 +0200] "POST /wp-login.php HTTP/1.1" 200 13500 "-" "Mozilla/5.0 (Windows NT 10.0; Win64; x64) AppleWebKit/537.36 Chrome/129.0.0.0 Safari/537.36"
185.43.220.19 - - [09/Sep/2026:17:37:14 +0200] "POST /wp-cron.php?doing_wp_cron=1788968234.0404520034790039062500 HTTP/1.1" 200 - "-" "WordPress/7.1; https://topbukmekers.ru"
109.164.52.156 - - [09/Sep/2026:17:37:11 +0200] "GET /wp-login.php HTTP/1.1" 200 13025 "-" "Mozilla/5.0 (X11; Linux x86_64) AppleWebKit/537.36 (KHTML, like Gecko) Chrome/149.0.0.0 Safari/537.36"
188.95.59.150 - - [09/Sep/2026:17:37:19 +0200] "POST /wp-login.php HTTP/1.1" 200 13493 "https://topbukmekers.ru/wp-login.php" "Mozilla/5.0 (X11; Linux x86_64) AppleWebKit/537.36 (KHTML, like Gecko) Chrome/149.0.0.0 Safari/537.36"
185.43.220.19 - - [09/Sep/2026:17:49:37 +0200] "POST /wp-cron.php?doing_wp_cron=1788968977.1365540027618408203125 HTTP/1.1" 200 - "-" "WordPress/7.1; https://topbukmekers.ru"
45.131.193.203 - - [09/Sep/2026:17:49:20 +0200] "POST /wp-login.php HTTP/1.1" 302 - "-" "Mozilla/5.0 (Macintosh; Intel Mac OS X 10_15_7) AppleWebKit/605.1.15 Version/17.0 Safari/605.1.15"
66.249.79.33 - - [09/Sep/2026:17:52:23 +0200] "GET /?o=enxjial7yulj172 HTTP/1.1" 200 20629 "-" "Mozilla/5.0 (Linux; Android 6.0.1; Nexus 5X Build/MMB29P) AppleWebKit/537.36 (KHTML, like Gecko) Chrome/151.0.7922.173 Mobile Safari/537.36 (compatible; Googlebot/2.1; +http://www.google.com/bot.html)"
66.249.79.32 - - [09/Sep/2026:17:52:24 +0200] "GET /?o=edzw8on1o8n9hl4 HTTP/1.1" 200 20629 "-" "Mozilla/5.0 (Linux; Android 6.0.1; Nexus 5X Build/MMB29P) AppleWebKit/537.36 (KHTML, like Gecko) Chrome/151.0.7922.173 Mobile Safari/537.36 (compatible; Googlebot/2.1; +http://www.google.com/bot.html)"
66.249.79.33 - - [09/Sep/2026:17:52:26 +0200] "GET /?o=fy8ahxwbxgom7a5 HTTP/1.1" 200 20629 "-" "Mozilla/5.0 (Linux; Android 6.0.1; Nexus 5X Build/MMB29P) AppleWebKit/537.36 (KHTML, like Gecko) Chrome/151.0.7922.173 Mobile Safari/537.36 (compatible; Googlebot/2.1; +http://www.google.com/bot.html)"
66.249.79.32 - - [09/Sep/2026:17:52:27 +0200] "GET /?o=etrwc4f3sofdr1w HTTP/1.1" 200 20629 "-" "Mozilla/5.0 (Linux; Android 6.0.1; Nexus 5X Build/MMB29P) AppleWebKit/537.36 (KHTML, like Gecko) Chrome/151.0.7922.173 Mobile Safari/537.36 (compatible; Googlebot/2.1; +http://www.google.com/bot.html)"
66.249.79.37 - - [09/Sep/2026:17:54:32 +0200] "GET /?o=egie3v62jf64jsn HTTP/1.1" 200 20629 "-" "Mozilla/5.0 (Linux; Android 6.0.1; Nexus 5X Build/MMB29P) AppleWebKit/537.36 (KHTML, like Gecko) Chrome/151.0.7922.173 Mobile Safari/537.36 (compatible; Googlebot/2.1; +http://www.google.com/bot.html)"
66.249.79.33 - - [09/Sep/2026:17:58:08 +0200] "GET /?o=ewh1q6576q5rr3m HTTP/1.1" 200 20629 "-" "Mozilla/5.0 (Linux; Android 6.0.1; Nexus 5X Build/MMB29P) AppleWebKit/537.36 (KHTML, like Gecko) Chrome/151.0.7922.173 Mobile Safari/537.36 (compatible; Googlebot/2.1; +http://www.google.com/bot.html)"
185.43.220.19 - - [09/Sep/2026:18:05:53 +0200] "POST /wp-cron.php?doing_wp_cron=1788969952.9350810050964355468750 HTTP/1.1" 200 - "-" "WordPress/7.1; https://topbukmekers.ru"
45.131.193.212 - - [09/Sep/2026:18:05:47 +0200] "POST /wp-login.php HTTP/1.1" 200 13500 "-" "Mozilla/5.0 (Macintosh; Intel Mac OS X 10_15_7) AppleWebKit/605.1.15 Version/17.0 Safari/605.1.15"
66.249.79.33 - - [09/Sep/2026:18:06:28 +0200] "GET /?o=fynawcbbcf311pk HTTP/1.1" 200 20629 "-" "Mozilla/5.0 (Linux; Android 6.0.1; Nexus 5X Build/MMB29P) AppleWebKit/537.36 (KHTML, like Gecko) Chrome/151.0.7922.173 Mobile Safari/537.36 (compatible; Googlebot/2.1; +http://www.google.com/bot.html)"
66.249.79.37 - - [09/Sep/2026:18:12:57 +0200] "GET /?o=e96zrju273us9gb HTTP/1.1" 200 20629 "-" "Mozilla/5.0 (Linux; Android 6.0.1; Nexus 5X Build/MMB29P) AppleWebKit/537.36 (KHTML, like Gecko) Chrome/151.0.7922.173 Mobile Safari/537.36 (compatible; Googlebot/2.1; +http://www.google.com/bot.html)"
66.249.79.33 - - [09/Sep/2026:18:18:23 +0200] "GET /?o=efn9wcbvcwbx79s HTTP/1.1" 200 20629 "-" "Mozilla/5.0 (Linux; Android 6.0.1; Nexus 5X Build/MMB29P) AppleWebKit/537.36 (KHTML, like Gecko) Chrome/151.0.7922.173 Mobile Safari/537.36 (compatible; Googlebot/2.1; +http://www.google.com/bot.html)"
66.249.79.32 - - [09/Sep/2026:18:19:06 +0200] "GET /?o=fsxkialby11bhbi HTTP/1.1" 200 20629 "-" "Mozilla/5.0 (Linux; Android 6.0.1; Nexus 5X Build/MMB29P) AppleWebKit/537.36 (KHTML, like Gecko) Chrome/151.0.7922.173 Mobile Safari/537.36 (compatible; Googlebot/2.1; +http://www.google.com/bot.html)"
185.43.220.19 - - [09/Sep/2026:18:21:59 +0200] "POST /wp-cron.php?doing_wp_cron=1788970919.2335350513458251953125 HTTP/1.1" 200 - "-" "WordPress/7.1; https://topbukmekers.ru"
45.131.193.213 - - [09/Sep/2026:18:21:50 +0200] "POST /wp-login.php HTTP/1.1" 200 13500 "-" "Mozilla/5.0 (Macintosh; Intel Mac OS X 10_15_7) AppleWebKit/605.1.15 Version/17.0 Safari/605.1.15"
182.138.158.67 - - [09/Sep/2026:18:23:55 +0200] "GET / HTTP/1.1" 302 - "-" "Mozilla/5.0 (Windows NT 10.0; Win64; x64; rv:122.0) Gecko/20100101 Firefox/122.0"
66.249.79.33 - - [09/Sep/2026:18:24:17 +0200] "GET /?o=e7n7wcb7cwbxz9s_gkind14524026 HTTP/1.1" 200 20629 "-" "Mozilla/5.0 (Linux; Android 6.0.1; Nexus 5X Build/MMB29P) AppleWebKit/537.36 (KHTML, like Gecko) Chrome/151.0.7922.173 Mobile Safari/537.36 (compatible; Googlebot/2.1; +http://www.google.com/bot.html)"
66.249.79.33 - - [09/Sep/2026:18:27:10 +0200] "GET /?o=fhab7bybnh2og0j HTTP/1.1" 200 20629 "-" "Mozilla/5.0 (Linux; Android 6.0.1; Nexus 5X Build/MMB29P) AppleWebKit/537.36 (KHTML, like Gecko) Chrome/151.0.7922.173 Mobile Safari/537.36 (compatible; Googlebot/2.1; +http://www.google.com/bot.html)"
66.249.79.37 - - [09/Sep/2026:18:27:58 +0200] "GET /?o=enutf7i5vrigw4z HTTP/1.1" 200 20629 "-" "Mozilla/5.0 (Linux; Android 6.0.1; Nexus 5X Build/MMB29P) AppleWebKit/537.36 (KHTML, like Gecko) Chrome/151.0.7922.173 Mobile Safari/537.36 (compatible; Googlebot/2.1; +http://www.google.com/bot.html)"
185.43.220.19 - - [09/Sep/2026:18:37:07 +0200] "POST /wp-cron.php?doing_wp_cron=1788971827.4370760917663574218750 HTTP/1.1" 200 - "-" "WordPress/7.1; https://topbukmekers.ru"
45.131.193.223 - - [09/Sep/2026:18:37:02 +0200] "POST /wp-login.php HTTP/1.1" 200 13500 "-" "Mozilla/5.0 (Windows NT 10.0; Win64; rv:143.0) Gecko/20100101 Firefox/143.0"
185.43.220.19 - - [09/Sep/2026:18:39:35 +0200] "POST /wp-cron.php?doing_wp_cron=1788971975.4382328987121582031250 HTTP/1.1" 200 - "-" "WordPress/7.1; https://topbukmekers.ru"
178.148.240.234 - - [09/Sep/2026:18:39:31 +0200] "GET /wp-login.php HTTP/1.1" 200 13025 "-" "Mozilla/5.0 (X11; Linux x86_64) AppleWebKit/537.36 (KHTML, like Gecko) Chrome/150.0.0.0 Safari/537.36"
178.149.41.232 - - [09/Sep/2026:18:39:36 +0200] "POST /wp-login.php HTTP/1.1" 200 13493 "https://topbukmekers.ru/wp-login.php" "Mozilla/5.0 (X11; Linux x86_64) AppleWebKit/537.36 (KHTML, like Gecko) Chrome/150.0.0.0 Safari/537.36"
185.43.220.19 - - [09/Sep/2026:18:52:13 +0200] "POST /wp-cron.php?doing_wp_cron=1788972733.5272440910339355468750 HTTP/1.1" 200 - "-" "WordPress/7.1; https://topbukmekers.ru"
45.131.193.212 - - [09/Sep/2026:18:52:01 +0200] "POST /wp-login.php HTTP/1.1" 302 - "-" "Mozilla/5.0 (Windows NT 10.0; Win64; rv:143.0) Gecko/20100101 Firefox/143.0"
185.43.220.19 - - [09/Sep/2026:19:06:54 +0200] "POST /wp-cron.php?doing_wp_cron=1788973614.6356840133666992187500 HTTP/1.1" 200 - "-" "WordPress/7.1; https://topbukmekers.ru"
45.131.193.200 - - [09/Sep/2026:19:06:46 +0200] "POST /wp-login.php HTTP/1.1" 200 13500 "-" "Mozilla/5.0 (Windows NT 10.0; Win64; x64) AppleWebKit/537.36 Chrome/129.0.0.0 Safari/537.36"
172.86.74.236 - - [09/Sep/2026:19:12:29 +0200] "GET /.git/config HTTP/1.1" 503 468 "-" "Mozilla/5.0 (X11; Linux x86_64)"
185.43.220.19 - - [09/Sep/2026:19:21:06 +0200] "POST /wp-cron.php?doing_wp_cron=1788974465.7272059917449951171875 HTTP/1.1" 200 - "-" "WordPress/7.1; https://topbukmekers.ru"
45.131.193.206 - - [09/Sep/2026:19:20:58 +0200] "POST /wp-login.php HTTP/1.1" 200 13500 "-" "Mozilla/5.0 (Macintosh; Intel Mac OS X 10_15_7) AppleWebKit/605.1.15 Version/17.0 Safari/605.1.15"
185.43.220.19 - - [09/Sep/2026:19:35:08 +0200] "POST /wp-cron.php?doing_wp_cron=1788975308.6431629657745361328125 HTTP/1.1" 200 - "-" "WordPress/7.1; https://topbukmekers.ru"
45.131.193.219 - - [09/Sep/2026:19:35:04 +0200] "POST /wp-login.php HTTP/1.1" 200 13500 "-" "Mozilla/5.0 (Windows NT 10.0; Win64; x64) AppleWebKit/537.36 Chrome/129.0.0.0 Safari/537.36"
66.249.79.37 - - [09/Sep/2026:19:37:38 +0200] "GET /?o=e0ai7bywnvy8p8f HTTP/1.1" 200 20629 "-" "Mozilla/5.0 (Linux; Android 6.0.1; Nexus 5X Build/MMB29P) AppleWebKit/537.36 (KHTML, like Gecko) Chrome/151.0.7922.173 Mobile Safari/537.36 (compatible; Googlebot/2.1; +http://www.google.com/bot.html)"
216.73.216.150 - - [09/Sep/2026:19:38:27 +0200] "GET /robots.txt HTTP/1.1" 200 95 "-" "Mozilla/5.0 AppleWebKit/537.36 (KHTML, like Gecko; compatible; ClaudeBot/1.0; [email protected])"
185.43.220.19 - - [09/Sep/2026:19:38:29 +0200] "POST /wp-cron.php?doing_wp_cron=1788975509.2287669181823730468750 HTTP/1.1" 200 - "-" "WordPress/7.1; https://topbukmekers.ru"
216.73.216.150 - - [09/Sep/2026:19:38:27 +0200] "GET /index.php/sitemap.xml HTTP/1.1" 200 20629 "-" "Mozilla/5.0 AppleWebKit/537.36 (KHTML, like Gecko; compatible; ClaudeBot/1.0; [email protected])"
66.249.79.33 - - [09/Sep/2026:19:42:07 +0200] "GET /?o=ft50eutbutljn72 HTTP/1.1" 200 20629 "-" "Mozilla/5.0 (Linux; Android 6.0.1; Nexus 5X Build/MMB29P) AppleWebKit/537.36 (KHTML, like Gecko) Chrome/151.0.7922.173 Mobile Safari/537.36 (compatible; Googlebot/2.1; +http://www.google.com/bot.html)"
103.204.210.59 - - [09/Sep/2026:19:45:16 +0200] "GET /1.php HTTP/1.1" 200 26106 "-" "Mozilla/5.0 (Windows NT 10.0; Win64; x64) AppleWebKit/537.36 (KHTML, like Gecko) Chrome/153.0.0.0 Safari/537.36"
103.204.210.59 - - [09/Sep/2026:19:45:17 +0200] "GET /favicon.ico HTTP/1.1" 404 - "https://topbukmekers.ru/1.php" "Mozilla/5.0 (Windows NT 10.0; Win64; x64) AppleWebKit/537.36 (KHTML, like Gecko) Chrome/153.0.0.0 Safari/537.36"
103.204.210.59 - - [09/Sep/2026:19:45:24 +0200] "POST /1.php?option&path=/home/golfb689/topbukmekers.ru HTTP/1.1" 200 25364 "https://topbukmekers.ru/1.php" "Mozilla/5.0 (Windows NT 10.0; Win64; x64) AppleWebKit/537.36 (KHTML, like Gecko) Chrome/153.0.0.0 Safari/537.36"
103.204.210.59 - - [09/Sep/2026:19:45:26 +0200] "POST /1.php?option&path=/home/golfb689/topbukmekers.ru HTTP/1.1" 200 24545 "https://topbukmekers.ru/1.php?option&path=/home/golfb689/topbukmekers.ru" "Mozilla/5.0 (Windows NT 10.0; Win64; x64) AppleWebKit/537.36 (KHTML, like Gecko) Chrome/153.0.0.0 Safari/537.36"
103.204.210.59 - - [09/Sep/2026:19:45:28 +0200] "GET /1.php?path=/home/golfb689/topbukmekers.ru/wp-content HTTP/1.1" 200 15686 "https://topbukmekers.ru/1.php?option&path=/home/golfb689/topbukmekers.ru" "Mozilla/5.0 (Windows NT 10.0; Win64; x64) AppleWebKit/537.36 (KHTML, like Gecko) Chrome/153.0.0.0 Safari/537.36"
103.204.210.59 - - [09/Sep/2026:19:45:29 +0200] "GET /1.php?path=/home/golfb689/topbukmekers.ru/wp-content/plugins HTTP/1.1" 200 15175 "https://topbukmekers.ru/1.php?path=/home/golfb689/topbukmekers.ru/wp-content" "Mozilla/5.0 (Windows NT 10.0; Win64; x64) AppleWebKit/537.36 (KHTML, like Gecko) Chrome/153.0.0.0 Safari/537.36"
103.204.210.59 - - [09/Sep/2026:19:45:40 +0200] "POST /1.php?path=/home/golfb689/topbukmekers.ru/wp-content/plugins HTTP/1.1" 200 16049 "https://topbukmekers.ru/1.php?path=/home/golfb689/topbukmekers.ru/wp-content/plugins" "Mozilla/5.0 (Windows NT 10.0; Win64; x64) AppleWebKit/537.36 (KHTML, like Gecko) Chrome/153.0.0.0 Safari/537.36"
103.204.210.59 - - [09/Sep/2026:19:45:47 +0200] "GET /wp-content/plugins/pa.php HTTP/1.1" 404 - "-" "Mozilla/5.0 (Windows NT 10.0; Win64; x64) AppleWebKit/537.36 (KHTML, like Gecko) Chrome/153.0.0.0 Safari/537.36"
185.43.220.19 - - [09/Sep/2026:19:48:46 +0200] "POST /wp-cron.php?doing_wp_cron=1788976126.8021879196166992187500 HTTP/1.1" 200 - "-" "WordPress/7.1; https://topbukmekers.ru"
45.131.193.209 - - [09/Sep/2026:19:48:45 +0200] "POST /wp-login.php HTTP/1.1" 200 13500 "-" "Mozilla/5.0 (Windows NT 10.0; Win64; rv:143.0) Gecko/20100101 Firefox/143.0"
185.43.220.19 - - [09/Sep/2026:19:51:08 +0200] "POST /wp-cron.php?doing_wp_cron=1788976268.3309750556945800781250 HTTP/1.1" 200 - "-" "WordPress/7.1; https://topbukmekers.ru"
66.249.79.32 - - [09/Sep/2026:19:51:06 +0200] "GET /?o=eaysvzm7bjmwsw3 HTTP/1.1" 200 75314 "-" "Mozilla/5.0 (Linux; Android 6.0.1; Nexus 5X Build/MMB29P) AppleWebKit/537.36 (KHTML, like Gecko) Chrome/151.0.7922.173 Mobile Safari/537.36 (compatible; Googlebot/2.1; +http://www.google.com/bot.html)"
51.81.163.63 - - [09/Sep/2026:19:51:11 +0200] "GET /robots.txt HTTP/1.1" 200 95 "-" "Mozilla/5.0 (compatible; AhrefsBot/7.0; +http://ahrefs.com/robot/)"
66.249.79.32 - - [09/Sep/2026:19:51:09 +0200] "GET /?o=fb6urjub7makxkr HTTP/1.1" 200 75314 "-" "Mozilla/5.0 (Linux; Android 6.0.1; Nexus 5X Build/MMB29P) AppleWebKit/537.36 (KHTML, like Gecko) Chrome/151.0.7922.173 Mobile Safari/537.36 (compatible; Googlebot/2.1; +http://www.google.com/bot.html)"
66.249.79.37 - - [09/Sep/2026:19:51:13 +0200] "GET /?o=e1wc5lk7l5k6wi1 HTTP/1.1" 200 75314 "-" "Mozilla/5.0 (Linux; Android 6.0.1; Nexus 5X Build/MMB29P) AppleWebKit/537.36 (KHTML, like Gecko) Chrome/151.0.7922.173 Mobile Safari/537.36 (compatible; Googlebot/2.1; +http://www.google.com/bot.html)"
66.249.79.37 - - [09/Sep/2026:19:51:18 +0200] "GET /?o=em4r15svhps2a29 HTTP/1.1" 200 75314 "-" "Mozilla/5.0 (Linux; Android 6.0.1; Nexus 5X Build/MMB29P) AppleWebKit/537.36 (KHTML, like Gecko) Chrome/151.0.7922.173 Mobile Safari/537.36 (compatible; Googlebot/2.1; +http://www.google.com/bot.html)"
5.39.1.236 - - [09/Sep/2026:19:51:21 +0200] "GET /kakaya-samaya-luchshaya-bukmekerskaya-kontora-onlayn/ HTTP/1.1" 200 75196 "-" "Mozilla/5.0 (compatible; AhrefsBot/7.0; +http://ahrefs.com/robot/)"
66.249.79.37 - - [09/Sep/2026:19:51:26 +0200] "GET /wp-includes/js/dist/script-modules/block-library/navigation/view.min.js?ver=1bf28ded04f9f188bdcb HTTP/1.1" 200 3033 "https://topbukmekers.ru/?o=em4r15svhps2a29" "Mozilla/5.0 (Linux; Android 6.0.1; Nexus 5X Build/MMB29P) AppleWebKit/537.36 (KHTML, like Gecko) Chrome/151.0.7922.173 Mobile Safari/537.36 (compatible; Googlebot/2.1; +http://www.google.com/bot.html)"
185.43.220.19 - - [09/Sep/2026:19:56:30 +0200] "POST /wp-cron.php?doing_wp_cron=1788976590.4267389774322509765625 HTTP/1.1" 200 - "-" "WordPress/7.1; https://topbukmekers.ru"
66.249.66.41 - - [09/Sep/2026:19:56:24 +0200] "GET /?o=eu5aeut4uetfsra HTTP/1.1" 200 75314 "-" "Mozilla/5.0 (Linux; Android 6.0.1; Nexus 5X Build/MMB29P) AppleWebKit/537.36 (KHTML, like Gecko) Chrome/151.0.7922.173 Mobile Safari/537.36 (compatible; Googlebot/2.1; +http://www.google.com/bot.html)"
66.249.66.195 - - [09/Sep/2026:19:56:34 +0200] "GET /wp-content/plugins/contact-form-7/includes/swv/js/index.js?ver=6.1.6 HTTP/1.1" 200 12512 "https://topbukmekers.ru/?o=eu5aeut4uetfsra" "Mozilla/5.0 (Linux; Android 6.0.1; Nexus 5X Build/MMB29P) AppleWebKit/537.36 (KHTML, like Gecko) Chrome/151.0.7922.173 Mobile Safari/537.36 (compatible; Googlebot/2.1; +http://www.google.com/bot.html)"
185.43.220.19 - - [09/Sep/2026:19:59:58 +0200] "POST /wp-cron.php?doing_wp_cron=1788976798.1694591045379638671875 HTTP/1.1" 200 - "-" "WordPress/7.1; https://topbukmekers.ru"
66.249.66.196 - - [09/Sep/2026:19:59:55 +0200] "GET /?o=ejsbptg95dgqiqx HTTP/1.1" 200 75314 "-" "Mozilla/5.0 (Linux; Android 6.0.1; Nexus 5X Build/MMB29P) AppleWebKit/537.36 (KHTML, like Gecko) Chrome/151.0.7922.173 Mobile Safari/537.36 (compatible; Googlebot/2.1; +http://www.google.com/bot.html)"
66.249.66.68 - - [09/Sep/2026:19:59:58 +0200] "GET /?o=fvzb8onbobfdv1w HTTP/1.1" 200 75314 "-" "Mozilla/5.0 (Linux; Android 6.0.1; Nexus 5X Build/MMB29P) AppleWebKit/537.36 (KHTML, like Gecko) Chrome/151.0.7922.173 Mobile Safari/537.36 (compatible; Googlebot/2.1; +http://www.google.com/bot.html)"
66.249.66.195 - - [09/Sep/2026:20:00:16 +0200] "GET /wp-content/plugins/contact-form-7/includes/js/index.js?ver=6.1.6 HTTP/1.1" 200 13452 "https://topbukmekers.ru/?o=fvzb8onbobfdv1w" "Mozilla/5.0 (Linux; Android 6.0.1; Nexus 5X Build/MMB29P) AppleWebKit/537.36 (KHTML, like Gecko) Chrome/151.0.7922.173 Mobile Safari/537.36 (compatible; Googlebot/2.1; +http://www.google.com/bot.html)"
185.43.220.19 - - [09/Sep/2026:20:02:27 +0200] "POST /wp-cron.php?doing_wp_cron=1788976947.3587460517883300781250 HTTP/1.1" 200 - "-" "WordPress/7.1; https://topbukmekers.ru"
45.131.193.225 - - [09/Sep/2026:20:02:23 +0200] "POST /wp-login.php HTTP/1.1" 200 13500 "-" "Mozilla/5.0 (Windows NT 10.0; Win64; x64) AppleWebKit/537.36 Chrome/129.0.0.0 Safari/537.36"
185.43.220.19 - - [09/Sep/2026:20:03:02 +0200] "POST /wp-cron.php?doing_wp_cron=1788976982.6682629585266113281250 HTTP/1.1" 200 - "-" "WordPress/7.1; https://topbukmekers.ru"
66.249.66.195 - - [09/Sep/2026:20:03:01 +0200] "GET /?o=f2rtc4fbstv5f5c HTTP/1.1" 200 75314 "-" "Mozilla/5.0 (Linux; Android 6.0.1; Nexus 5X Build/MMB29P) AppleWebKit/537.36 (KHTML, like Gecko) Chrome/151.0.7922.173 Mobile Safari/537.36 (compatible; Googlebot/2.1; +http://www.google.com/bot.html)"
66.249.66.196 - - [09/Sep/2026:20:03:03 +0200] "GET /?o=er9zumxza6xv9je HTTP/1.1" 200 75314 "-" "Mozilla/5.0 (Linux; Android 6.0.1; Nexus 5X Build/MMB29P) AppleWebKit/537.36 (KHTML, like Gecko) Chrome/151.0.7922.173 Mobile Safari/537.36 (compatible; Googlebot/2.1; +http://www.google.com/bot.html)"
66.249.66.67 - - [09/Sep/2026:20:03:06 +0200] "GET /?o=e6wz5lk5l5k6wi1 HTTP/1.1" 200 75314 "-" "Mozilla/5.0 (Linux; Android 6.0.1; Nexus 5X Build/MMB29P) AppleWebKit/537.36 (KHTML, like Gecko) Chrome/151.0.7922.173 Mobile Safari/537.36 (compatible; Googlebot/2.1; +http://www.google.com/bot.html)"
66.249.66.195 - - [09/Sep/2026:20:03:09 +0200] "GET /wp-includes/js/dist/script-modules/interactivity/index.min.js?ver=efaa5193bbad9c60ffd1 HTTP/1.1" 200 40106 "https://topbukmekers.ru/?o=er9zumxza6xv9je" "Mozilla/5.0 (Linux; Android 6.0.1; Nexus 5X Build/MMB29P) AppleWebKit/537.36 (KHTML, like Gecko) Chrome/151.0.7922.173 Mobile Safari/537.36 (compatible; Googlebot/2.1; +http://www.google.com/bot.html)"
185.43.220.19 - - [09/Sep/2026:20:04:20 +0200] "POST /wp-cron.php?doing_wp_cron=1788977060.2478621006011962890625 HTTP/1.1" 200 - "-" "WordPress/7.1; https://topbukmekers.ru"
66.249.66.67 - - [09/Sep/2026:20:04:17 +0200] "GET /?o=feid3v6bj1mwiw3 HTTP/1.1" 200 75314 "-" "Mozilla/5.0 (Linux; Android 6.0.1; Nexus 5X Build/MMB29P) AppleWebKit/537.36 (KHTML, like Gecko) Chrome/151.0.7922.173 Mobile Safari/537.36 (compatible; Googlebot/2.1; +http://www.google.com/bot.html)"
66.249.66.195 - - [09/Sep/2026:20:04:36 +0200] "GET /?o=eidjae1wqy1bgbi HTTP/1.1" 200 75314 "-" "Mozilla/5.0 (Linux; Android 6.0.1; Nexus 5X Build/MMB29P) AppleWebKit/537.36 (KHTML, like Gecko) Chrome/151.0.7922.173 Mobile Safari/537.36 (compatible; Googlebot/2.1; +http://www.google.com/bot.html)"
185.43.220.19 - - [09/Sep/2026:20:05:37 +0200] "POST /wp-cron.php?doing_wp_cron=1788977137.0540370941162109375000 HTTP/1.1" 200 - "-" "WordPress/7.1; https://topbukmekers.ru"
66.249.66.66 - - [09/Sep/2026:20:05:35 +0200] "GET /?o=fgaf7bybnq2o30j HTTP/1.1" 200 75314 "-" "Mozilla/5.0 (Linux; Android 6.0.1; Nexus 5X Build/MMB29P) AppleWebKit/537.36 (KHTML, like Gecko) Chrome/151.0.7922.173 Mobile Safari/537.36 (compatible; Googlebot/2.1; +http://www.google.com/bot.html)"
66.249.66.194 - - [09/Sep/2026:20:05:45 +0200] "GET /wp-includes/js/dist/script-modules/block-library/navigation/view.min.js?ver=1bf28ded04f9f188bdcb HTTP/1.1" 200 3033 "https://topbukmekers.ru/?o=fgaf7bybnq2o30j" "Mozilla/5.0 (Linux; Android 6.0.1; Nexus 5X Build/MMB29P) AppleWebKit/537.36 (KHTML, like Gecko) Chrome/151.0.7922.173 Mobile Safari/537.36 (compatible; Googlebot/2.1; +http://www.google.com/bot.html)"
185.43.220.19 - - [09/Sep/2026:20:07:40 +0200] "POST /wp-cron.php?doing_wp_cron=1788977260.5090930461883544921875 HTTP/1.1" 200 - "-" "WordPress/7.1; https://topbukmekers.ru"
66.249.66.41 - - [09/Sep/2026:20:07:38 +0200] "GET /?o=ex7848v6ksv5q5c HTTP/1.1" 200 75314 "-" "Mozilla/5.0 (Linux; Android 6.0.1; Nexus 5X Build/MMB29P) AppleWebKit/537.36 (KHTML, like Gecko) Chrome/151.0.7922.173 Mobile Safari/537.36 (compatible; Googlebot/2.1; +http://www.google.com/bot.html)"
185.43.220.19 - - [09/Sep/2026:20:08:08 +0200] "POST /wp-cron.php?doing_wp_cron=1788977288.4701919555664062500000 HTTP/1.1" 200 - "-" "WordPress/7.1; https://topbukmekers.ru"
66.249.66.196 - - [09/Sep/2026:20:08:05 +0200] "GET /?o=eahbq6596q5r13m HTTP/1.1" 200 75314 "-" "Mozilla/5.0 (Linux; Android 6.0.1; Nexus 5X Build/MMB29P) AppleWebKit/537.36 (KHTML, like Gecko) Chrome/151.0.7922.173 Mobile Safari/537.36 (compatible; Googlebot/2.1; +http://www.google.com/bot.html)"
66.249.66.67 - - [09/Sep/2026:20:08:12 +0200] "GET /wp-includes/js/dist/script-modules/block-library/navigation/view.min.js?ver=1bf28ded04f9f188bdcb HTTP/1.1" 200 3033 "https://topbukmekers.ru/?o=eahbq6596q5r13m" "Mozilla/5.0 (Linux; Android 6.0.1; Nexus 5X Build/MMB29P) AppleWebKit/537.36 (KHTML, like Gecko) Chrome/151.0.7922.173 Mobile Safari/537.36 (compatible; Googlebot/2.1; +http://www.google.com/bot.html)"
185.43.220.19 - - [09/Sep/2026:20:10:42 +0200] "POST /wp-cron.php?doing_wp_cron=1788977442.5266439914703369140625 HTTP/1.1" 200 - "-" "WordPress/7.1; https://topbukmekers.ru"
66.249.67.39 - - [09/Sep/2026:20:10:38 +0200] "GET /?o=et5yeut1uetffra HTTP/1.1" 200 75314 "-" "Mozilla/5.0 (Linux; Android 6.0.1; Nexus 5X Build/MMB29P) AppleWebKit/537.36 (KHTML, like Gecko) Chrome/151.0.7922.173 Mobile Safari/537.36 (compatible; Googlebot/2.1; +http://www.google.com/bot.html)"
185.43.220.19 - - [09/Sep/2026:20:11:30 +0200] "POST /wp-cron.php?doing_wp_cron=1788977490.7387828826904296875000 HTTP/1.1" 200 - "-" "WordPress/7.1; https://topbukmekers.ru"
66.249.66.43 - - [09/Sep/2026:20:11:25 +0200] "GET /?o=etfy0s33gc31rpk HTTP/1.1" 200 75314 "-" "Mozilla/5.0 (Linux; Android 6.0.1; Nexus 5X Build/MMB29P) AppleWebKit/537.36 (KHTML, like Gecko) Chrome/151.0.7922.173 Mobile Safari/537.36 (compatible; Googlebot/2.1; +http://www.google.com/bot.html)"
66.249.66.68 - - [09/Sep/2026:20:12:52 +0200] "GET /wp-includes/js/dist/hooks.min.js?ver=f0f188028580e8dc1255 HTTP/1.1" 200 5107 "https://topbukmekers.ru/?o=ejsbptg95dgqiqx" "Mozilla/5.0 (Linux; Android 6.0.1; Nexus 5X Build/MMB29P) AppleWebKit/537.36 (KHTML, like Gecko) Chrome/151.0.7922.173 Mobile Safari/537.36 (compatible; Googlebot/2.1; +http://www.google.com/bot.html)"
66.249.66.66 - - [09/Sep/2026:20:14:19 +0200] "GET /?o=ep3uogr640rpqd8 HTTP/1.1" 503 468 "-" "Mozilla/5.0 (Linux; Android 6.0.1; Nexus 5X Build/MMB29P) AppleWebKit/537.36 (KHTML, like Gecko) Chrome/151.0.7922.173 Mobile Safari/537.36 (compatible; Googlebot/2.1; +http://www.google.com/bot.html)"
185.43.220.19 - - [09/Sep/2026:20:16:08 +0200] "POST /wp-cron.php?doing_wp_cron=1788977768.7274301052093505859375 HTTP/1.1" 200 - "-" "WordPress/7.1; https://topbukmekers.ru"
45.131.193.223 - - [09/Sep/2026:20:16:05 +0200] "POST /wp-login.php HTTP/1.1" 200 13500 "-" "Mozilla/5.0 (Windows NT 10.0; Win64; x64) AppleWebKit/537.36 Chrome/129.0.0.0 Safari/537.36"
185.43.220.19 - - [09/Sep/2026:20:23:28 +0200] "POST /wp-cron.php?doing_wp_cron=1788978208.7270390987396240234375 HTTP/1.1" 200 - "-" "WordPress/7.1; https://topbukmekers.ru"
66.249.66.42 - - [09/Sep/2026:20:23:25 +0200] "GET /?o=ejaa7by4nvy8j8f HTTP/1.1" 200 75314 "-" "Mozilla/5.0 (Linux; Android 6.0.1; Nexus 5X Build/MMB29P) AppleWebKit/537.36 (KHTML, like Gecko) Chrome/152.0.7977.82 Mobile Safari/537.36 (compatible; Googlebot/2.1; +http://www.google.com/bot.html)"
31.175.182.20 - - [09/Sep/2026:20:24:24 +0200] "GET /robots.txt HTTP/1.1" 200 95 "-" "Mozilla/5.0 (Linux; Android 13; moto g stylus 5G) AppleWebKit/537.36 (KHTML, like Gecko) Chrome/117.0.5938.140 Mobile Safari/537.36"
66.249.66.194 - - [09/Sep/2026:20:29:25 +0200] "GET /robots.txt HTTP/1.1" 200 95 "-" "Mozilla/5.0 (compatible; Googlebot/2.1; +http://www.google.com/bot.html)"
185.43.220.19 - - [09/Sep/2026:20:30:08 +0200] "POST /wp-cron.php?doing_wp_cron=1788978607.9339499473571777343750 HTTP/1.1" 200 - "-" "WordPress/7.1; https://topbukmekers.ru"
45.131.193.225 - - [09/Sep/2026:20:30:02 +0200] "POST /wp-login.php HTTP/1.1" 200 13500 "-" "Mozilla/5.0 (Windows NT 10.0; Win64; x64) AppleWebKit/537.36 Chrome/129.0.0.0 Safari/537.36"
185.43.220.19 - - [09/Sep/2026:20:32:15 +0200] "POST /wp-cron.php?doing_wp_cron=1788978735.5255079269409179687500 HTTP/1.1" 200 - "-" "WordPress/7.1; https://topbukmekers.ru"
47.128.126.126 - - [09/Sep/2026:20:32:12 +0200] "GET / HTTP/1.1" 302 - "-" "Mozilla/5.0 (Linux; Android 5.0) AppleWebKit/537.36 (KHTML, like Gecko) Mobile Safari/537.36 (compatible; Bytespider; [email protected])"
66.249.66.196 - - [09/Sep/2026:20:33:25 +0200] "GET /robots.txt HTTP/1.1" 200 95 "-" "Mozilla/5.0 (compatible; Googlebot/2.1; +http://www.google.com/bot.html)"
185.43.220.19 - - [09/Sep/2026:20:33:38 +0200] "POST /wp-cron.php?doing_wp_cron=1788978818.5367588996887207031250 HTTP/1.1" 200 - "-" "WordPress/7.1; https://topbukmekers.ru"
212.32.212.70 - - [09/Sep/2026:20:33:33 +0200] "GET /wp-login.php HTTP/1.1" 200 13025 "-" "Mozilla/5.0 (X11; Linux x86_64) AppleWebKit/537.36 (KHTML, like Gecko) Chrome/150.0.0.0 Safari/537.36"
85.172.77.147 - - [09/Sep/2026:20:33:39 +0200] "POST /wp-login.php HTTP/1.1" 200 13493 "https://topbukmekers.ru/wp-login.php" "Mozilla/5.0 (X11; Linux x86_64) AppleWebKit/537.36 (KHTML, like Gecko) Chrome/150.0.0.0 Safari/537.36"
66.249.66.68 - - [09/Sep/2026:20:38:25 +0200] "GET /robots.txt HTTP/1.1" 200 95 "-" "Mozilla/5.0 (compatible; Googlebot/2.1; +http://www.google.com/bot.html)"
66.249.66.67 - - [09/Sep/2026:20:39:43 +0200] "GET /robots.txt HTTP/1.1" 200 95 "-" "Mozilla/5.0 (compatible; Googlebot/2.1; +http://www.google.com/bot.html)"
185.43.220.19 - - [09/Sep/2026:20:39:51 +0200] "POST /wp-cron.php?doing_wp_cron=1788979191.3319311141967773437500 HTTP/1.1" 200 - "-" "WordPress/7.1; https://topbukmekers.ru"
66.249.66.41 - - [09/Sep/2026:20:39:43 +0200] "GET /?o=ftiv3v6bj1mwow3 HTTP/1.1" 200 75314 "-" "Mozilla/5.0 (Linux; Android 6.0.1; Nexus 5X Build/MMB29P) AppleWebKit/537.36 (KHTML, like Gecko) Chrome/152.0.7977.82 Mobile Safari/537.36 (compatible; Googlebot/2.1; +http://www.google.com/bot.html)"
185.43.220.19 - - [09/Sep/2026:20:42:58 +0200] "POST /wp-cron.php?doing_wp_cron=1788979378.5262870788574218750000 HTTP/1.1" 200 - "-" "WordPress/7.1; https://topbukmekers.ru"
66.249.66.196 - - [09/Sep/2026:20:42:52 +0200] "GET /?o=ep3uogr640rpqd8 HTTP/1.1" 200 75314 "-" "Mozilla/5.0 (Linux; Android 6.0.1; Nexus 5X Build/MMB29P) AppleWebKit/537.36 (KHTML, like Gecko) Chrome/152.0.7977.82 Mobile Safari/537.36 (compatible; Googlebot/2.1; +http://www.google.com/bot.html)"
66.249.66.43 - - [09/Sep/2026:20:43:25 +0200] "GET /?o=fbmbjnabzke0vcv_gkind14524022 HTTP/1.1" 200 75398 "-" "Mozilla/5.0 (Linux; Android 6.0.1; Nexus 5X Build/MMB29P) AppleWebKit/537.36 (KHTML, like Gecko) Chrome/152.0.7977.82 Mobile Safari/537.36 (compatible; Googlebot/2.1; +http://www.google.com/bot.html)"
185.43.220.19 - - [09/Sep/2026:20:44:13 +0200] "POST /wp-cron.php?doing_wp_cron=1788979453.5375809669494628906250 HTTP/1.1" 200 - "-" "WordPress/7.1; https://topbukmekers.ru"
45.131.193.204 - - [09/Sep/2026:20:44:10 +0200] "POST /wp-login.php HTTP/1.1" 200 13500 "-" "Mozilla/5.0 (Windows NT 10.0; Win64; x64) AppleWebKit/537.36 Chrome/129.0.0.0 Safari/537.36"
66.249.66.68 - - [09/Sep/2026:20:48:25 +0200] "GET /?o=fvbfk0zb0brpvd8 HTTP/1.1" 503 468 "-" "Mozilla/5.0 (Linux; Android 6.0.1; Nexus 5X Build/MMB29P) AppleWebKit/537.36 (KHTML, like Gecko) Chrome/152.0.7977.82 Mobile Safari/537.36 (compatible; Googlebot/2.1; +http://www.google.com/bot.html)"
185.43.220.19 - - [09/Sep/2026:20:53:28 +0200] "POST /wp-cron.php?doing_wp_cron=1788980007.9433300495147705078125 HTTP/1.1" 200 - "-" "WordPress/7.1; https://topbukmekers.ru"
66.249.66.43 - - [09/Sep/2026:20:53:25 +0200] "GET /?o=fgcfxp0bd7gqqqx HTTP/1.1" 200 75314 "-" "Mozilla/5.0 (Linux; Android 6.0.1; Nexus 5X Build/MMB29P) AppleWebKit/537.36 (KHTML, like Gecko) Chrome/152.0.7977.82 Mobile Safari/537.36 (compatible; Googlebot/2.1; +http://www.google.com/bot.html)"
66.249.66.68 - - [09/Sep/2026:20:58:25 +0200] "GET /?o=fo6frjub7sak1kr HTTP/1.1" 503 468 "-" "Mozilla/5.0 (Linux; Android 6.0.1; Nexus 5X Build/MMB29P) AppleWebKit/537.36 (KHTML, like Gecko) Chrome/152.0.7977.82 Mobile Safari/537.36 (compatible; Googlebot/2.1; +http://www.google.com/bot.html)"
185.43.220.19 - - [09/Sep/2026:21:02:22 +0200] "POST /wp-cron.php?doing_wp_cron=1788980542.6547288894653320312500 HTTP/1.1" 200 - "-" "WordPress/7.1; https://topbukmekers.ru"
45.131.193.220 - - [09/Sep/2026:21:02:20 +0200] "POST /wp-login.php HTTP/1.1" 200 13500 "-" "Mozilla/5.0 (Windows NT 10.0; Win64; x64) AppleWebKit/537.36 Chrome/129.0.0.0 Safari/537.36"
185.43.220.19 - - [09/Sep/2026:21:04:22 +0200] "POST /wp-cron.php?doing_wp_cron=1788980662.8856649398803710937500 HTTP/1.1" 200 - "-" "WordPress/7.1; https://topbukmekers.ru"
47.79.206.37 - - [09/Sep/2026:21:04:21 +0200] "GET /?p=1 HTTP/1.1" 200 80153 "https://www.google.com/" "Mozilla/5.0 (Windows NT 10.0; Win64; x64) AppleWebKit/537.36 (KHTML, like Gecko) Chrome/132.0.0.0 Safari/537.36"
185.43.220.19 - - [09/Sep/2026:21:09:27 +0200] "POST /wp-cron.php?doing_wp_cron=1788980967.7956089973449707031250 HTTP/1.1" 200 - "-" "WordPress/7.1; https://topbukmekers.ru"
66.249.66.66 - - [09/Sep/2026:21:09:25 +0200] "GET /?o=eouqf7ivvrigk4z_gkind14524014 HTTP/1.1" 200 75398 "-" "Mozilla/5.0 (Linux; Android 6.0.1; Nexus 5X Build/MMB29P) AppleWebKit/537.36 (KHTML, like Gecko) Chrome/152.0.7977.82 Mobile Safari/537.36 (compatible; Googlebot/2.1; +http://www.google.com/bot.html)"
66.249.66.66 - - [09/Sep/2026:21:09:28 +0200] "GET /?o=edl66y94mi976vq HTTP/1.1" 200 75314 "-" "Mozilla/5.0 (Linux; Android 6.0.1; Nexus 5X Build/MMB29P) AppleWebKit/537.36 (KHTML, like Gecko) Chrome/152.0.7977.82 Mobile Safari/537.36 (compatible; Googlebot/2.1; +http://www.google.com/bot.html)"
66.249.66.194 - - [09/Sep/2026:21:10:35 +0200] "GET /wp-includes/js/dist/hooks.min.js?ver=f0f188028580e8dc1255 HTTP/1.1" 200 5107 "https://topbukmekers.ru/?o=eouqf7ivvrigk4z_gkind14524014" "Mozilla/5.0 (Linux; Android 6.0.1; Nexus 5X Build/MMB29P) AppleWebKit/537.36 (KHTML, like Gecko) Chrome/152.0.7977.82 Mobile Safari/537.36 (compatible; Googlebot/2.1; +http://www.google.com/bot.html)"
185.43.220.19 - - [09/Sep/2026:21:16:27 +0200] "POST /wp-cron.php?doing_wp_cron=1788981387.5719459056854248046875 HTTP/1.1" 200 - "-" "WordPress/7.1; https://topbukmekers.ru"
66.249.66.67 - - [09/Sep/2026:21:16:25 +0200] "GET /?o=egc7xp02d90ypmh HTTP/1.1" 200 75314 "-" "Mozilla/5.0 (Linux; Android 6.0.1; Nexus 5X Build/MMB29P) AppleWebKit/537.36 (KHTML, like Gecko) Chrome/152.0.7977.82 Mobile Safari/537.36 (compatible; Googlebot/2.1; +http://www.google.com/bot.html)"
45.131.193.203 - - [09/Sep/2026:21:16:41 +0200] "POST /wp-login.php HTTP/1.1" 200 13500 "-" "Mozilla/5.0 (Windows NT 10.0; Win64; x64) AppleWebKit/537.36 Chrome/129.0.0.0 Safari/537.36"
185.43.220.19 - - [09/Sep/2026:21:17:07 +0200] "POST /wp-cron.php?doing_wp_cron=1788981427.7287220954895019531250 HTTP/1.1" 200 - "-" "WordPress/7.1; https://topbukmekers.ru"
45.61.184.170 - - [09/Sep/2026:21:17:05 +0200] "POST /wp-admin/admin-ajax.php HTTP/1.1" 400 1 "-" "Mozilla/5.0 (Windows NT 10.0; Win64; x64) AppleWebKit/537.36 (KHTML, like Gecko) Chrome/120.0.0.0 Safari/537.36"
185.43.220.19 - - [09/Sep/2026:21:18:57 +0200] "POST /wp-cron.php?doing_wp_cron=1788981537.1863090991973876953125 HTTP/1.1" 200 - "-" "WordPress/7.1; https://topbukmekers.ru"
66.249.66.68 - - [09/Sep/2026:21:18:55 +0200] "GET /?o=esytvzm8bjmwtw3 HTTP/1.1" 200 75314 "-" "Mozilla/5.0 (Linux; Android 6.0.1; Nexus 5X Build/MMB29P) AppleWebKit/537.36 (KHTML, like Gecko) Chrome/152.0.7977.82 Mobile Safari/537.36 (compatible; Googlebot/2.1; +http://www.google.com/bot.html)"
185.43.220.19 - - [09/Sep/2026:21:23:27 +0200] "POST /wp-cron.php?doing_wp_cron=1788981807.4639129638671875000000 HTTP/1.1" 200 - "-" "WordPress/7.1; https://topbukmekers.ru"
66.249.66.41 - - [09/Sep/2026:21:23:25 +0200] "GET /?o=ei97umxna6xvrje HTTP/1.1" 200 75314 "-" "Mozilla/5.0 (Linux; Android 6.0.1; Nexus 5X Build/MMB29P) AppleWebKit/537.36 (KHTML, like Gecko) Chrome/152.0.7977.82 Mobile Safari/537.36 (compatible; Googlebot/2.1; +http://www.google.com/bot.html)"
185.43.220.19 - - [09/Sep/2026:21:28:33 +0200] "POST /wp-cron.php?doing_wp_cron=1788982113.5335350036621093750000 HTTP/1.1" 200 - "-" "WordPress/7.1; https://topbukmekers.ru"
66.249.66.195 - - [09/Sep/2026:21:28:25 +0200] "GET /?o=fofe0s3bg4jtmt0 HTTP/1.1" 200 75314 "-" "Mozilla/5.0 (Linux; Android 6.0.1; Nexus 5X Build/MMB29P) AppleWebKit/537.36 (KHTML, like Gecko) Chrome/152.0.7977.82 Mobile Safari/537.36 (compatible; Googlebot/2.1; +http://www.google.com/bot.html)"
2.51.100.182 - - [09/Sep/2026:21:28:42 +0200] "GET /wp-login.php HTTP/1.1" 200 13025 "-" "Mozilla/5.0 (Windows NT 10.0; Win64; x64) AppleWebKit/537.36 (KHTML, like Gecko) Chrome/146.0.0.0 Safari/537.36"
185.43.220.19 - - [09/Sep/2026:21:28:53 +0200] "POST /wp-cron.php?doing_wp_cron=1788982132.9371740818023681640625 HTTP/1.1" 200 - "-" "WordPress/7.1; https://topbukmekers.ru"
94.207.204.243 - - [09/Sep/2026:21:28:46 +0200] "POST /wp-login.php HTTP/1.1" 200 13493 "https://topbukmekers.ru/wp-login.php" "Mozilla/5.0 (Windows NT 10.0; Win64; x64) AppleWebKit/537.36 (KHTML, like Gecko) Chrome/146.0.0.0 Safari/537.36"
216.73.216.150 - - [09/Sep/2026:21:28:55 +0200] "GET /robots.txt HTTP/1.1" 200 95 "-" "Mozilla/5.0 AppleWebKit/537.36 (KHTML, like Gecko; compatible; ClaudeBot/1.0; [email protected])"
216.73.216.150 - - [09/Sep/2026:21:28:55 +0200] "GET /index.php/sitemap.xml HTTP/1.1" 301 - "-" "Mozilla/5.0 AppleWebKit/537.36 (KHTML, like Gecko; compatible; ClaudeBot/1.0; [email protected])"
216.73.216.150 - - [09/Sep/2026:21:28:57 +0200] "GET /sitemap.xml/ HTTP/1.1" 302 - "https://topbukmekers.ru/index.php/sitemap.xml" "Mozilla/5.0 AppleWebKit/537.36 (KHTML, like Gecko; compatible; ClaudeBot/1.0; [email protected])"
216.73.216.150 - - [09/Sep/2026:21:28:58 +0200] "GET /sitemap.xml HTTP/1.1" 200 1066 "https://topbukmekers.ru/sitemap.xml/" "Mozilla/5.0 AppleWebKit/537.36 (KHTML, like Gecko; compatible; ClaudeBot/1.0; [email protected])"
185.43.220.19 - - [09/Sep/2026:21:30:32 +0200] "POST /wp-cron.php?doing_wp_cron=1788982232.0265970230102539062500 HTTP/1.1" 200 - "-" "WordPress/7.1; https://topbukmekers.ru"
172.86.74.236 - - [09/Sep/2026:21:30:27 +0200] "GET /.git/config HTTP/1.1" 302 - "-" "Mozilla/5.0 (X11; Linux x86_64)"
185.43.220.19 - - [09/Sep/2026:21:31:04 +0200] "POST /wp-cron.php?doing_wp_cron=1788982263.9591870307922363281250 HTTP/1.1" 200 - "-" "WordPress/7.1; https://topbukmekers.ru"
